000
CDUS44 KJAN 290639
CLIGLH


CLIMATE REPORT
NATIONAL WEATHER SERVICE JACKSON MS
136 AM CDT FRI JUL 29 2016


...................................

...THE GREENVILLE CLIMATE SUMMARY FOR JULY 28 2016...

CLIMATE NORMAL PERIOD 1981 TO 2010
CLIMATE RECORD PERIOD 1920 TO 2016


WEATHER ITEM   OBSERVED TIME   RECORD YEAR NORMAL DEPARTURE LAST
                VALUE   (LST)  VALUE       VALUE  FROM      YEAR
                                                  NORMAL
..................................................................
TEMPERATURE (F)
 YESTERDAY
  MAXIMUM         82    529 PM 106    1930  92    -10       97
  MINIMUM         75   1159 PM  61    2004  72      3       77
  AVERAGE         79                        82     -3       87

PRECIPITATION (IN)
  YESTERDAY        0.06          4.05 1945   0.09  -0.03     0.00
  MONTH TO DATE    4.81                      3.53   1.28     4.08
  SINCE JUN 1      6.06                      7.57  -1.51     5.60
  SINCE JAN 1     34.59                     31.83   2.76    25.57

SNOWFALL (IN)
  YESTERDAY        0.0

DEGREE DAYS
 HEATING
  YESTERDAY        0                         0      0        0
  MONTH TO DATE    0                         0      0        0
  SINCE JUN 1      0                         0      0        0
  SINCE JUL 1      0                         0      0        0

 COOLING
  YESTERDAY       14                        17     -3       22
  MONTH TO DATE  541                       474     67      541
  SINCE JUN 1   1041                       894    147     1017
  SINCE JAN 1   1383                      1216    167     1398
..................................................................


WIND (MPH)
  HIGHEST WIND SPEED    20   HIGHEST WIND DIRECTION    SW (230)
  HIGHEST GUST SPEED    24   HIGHEST GUST DIRECTION    SW (230)
  AVERAGE WIND SPEED     8.5


SKY COVER
  POSSIBLE SUNSHINE  MM
  AVERAGE SKY COVER 0.7


WEATHER CONDITIONS
 THE FOLLOWING WEATHER WAS RECORDED YESTERDAY.
  THUNDERSTORM
  RAIN
  LIGHT RAIN


RELATIVE HUMIDITY (PERCENT)
 HIGHEST    94           900 PM
 LOWEST     69           500 PM
 AVERAGE    82

..........................................................


THE GREENVILLE CLIMATE NORMALS FOR TODAY
                         NORMAL    RECORD    YEAR
 MAXIMUM TEMPERATURE (F)   92       110      1930
 MINIMUM TEMPERATURE (F)   72        63      2014
                                             1994


SUNRISE AND SUNSET
JULY 29 2016..........SUNRISE   615 AM CDT   SUNSET   806 PM CDT
JULY 30 2016..........SUNRISE   615 AM CDT   SUNSET   805 PM CDT


-  INDICATES NEGATIVE NUMBERS.
R  INDICATES RECORD WAS SET OR TIED.
MM INDICATES DATA IS MISSING.
T  INDICATES TRACE AMOUNT.




$$
