000
CDUS44 KJAN 160639
CLIGLH


CLIMATE REPORT
NATIONAL WEATHER SERVICE JACKSON MS
136 AM CDT WED APR 16 2014


...................................

...THE GREENVILLE CLIMATE SUMMARY FOR APRIL 15 2014...

CLIMATE NORMAL PERIOD 1981 TO 2010
CLIMATE RECORD PERIOD 1920 TO 2014


WEATHER ITEM   OBSERVED TIME   RECORD YEAR NORMAL DEPARTURE LAST
                VALUE   (LST)  VALUE       VALUE  FROM      YEAR
                                                  NORMAL
..................................................................
TEMPERATURE (F)
 YESTERDAY
  MAXIMUM         53    330 PM  94    1925  74    -21       81
  MINIMUM         39    549 AM  33    1950  52    -13       59
  AVERAGE         46                        63    -17       70

PRECIPITATION (IN)
  YESTERDAY        0.00          2.34 1927   0.17  -0.17     0.00
  MONTH TO DATE    6.12                      2.58   3.54     2.36
  SINCE MAR 1     11.63                      7.13   4.50     7.11
  SINCE JAN 1     15.93                     17.12  -1.19    19.57

SNOWFALL (IN)
  YESTERDAY        0.0

DEGREE DAYS
 HEATING
  YESTERDAY       19                         4     15        0
  MONTH TO DATE   97                        83     14      104
  SINCE MAR 1    531                       419    112      579
  SINCE JUL 1   3138                      2728    410     2582

 COOLING
  YESTERDAY        0                         2     -2        5
  MONTH TO DATE   29                        21      8       30
  SINCE MAR 1     34                        38     -4       32
  SINCE JAN 1     34                        43     -9       42
..................................................................


WIND (MPH)
  HIGHEST WIND SPEED    24   HIGHEST WIND DIRECTION     N (10)
  HIGHEST GUST SPEED    32   HIGHEST GUST DIRECTION     N (360)
  AVERAGE WIND SPEED    13.8


SKY COVER
  POSSIBLE SUNSHINE  MM
  AVERAGE SKY COVER 0.2


WEATHER CONDITIONS
 THE FOLLOWING WEATHER WAS RECORDED YESTERDAY.
  NO SIGNIFICANT WEATHER WAS OBSERVED.


RELATIVE HUMIDITY (PERCENT)
 HIGHEST    76           600 AM
 LOWEST     44           400 PM
 AVERAGE    60

..........................................................


THE GREENVILLE CLIMATE NORMALS FOR TODAY
                         NORMAL    RECORD    YEAR
 MAXIMUM TEMPERATURE (F)   75        90      1924
 MINIMUM TEMPERATURE (F)   52        32      1926


SUNRISE AND SUNSET
APRIL 16 2014.........SUNRISE   632 AM CDT   SUNSET   736 PM CDT
APRIL 17 2014.........SUNRISE   631 AM CDT   SUNSET   736 PM CDT


-  INDICATES NEGATIVE NUMBERS.
R  INDICATES RECORD WAS SET OR TIED.
MM INDICATES DATA IS MISSING.
T  INDICATES TRACE AMOUNT.




$$
