000
CDUS44 KJAN 180757
CLIGLH


CLIMATE REPORT
NATIONAL WEATHER SERVICE JACKSON MS
255 AM CDT THU SEP 18 2014


...................................

...THE GREENVILLE CLIMATE SUMMARY FOR SEPTEMBER 17 2014...

CLIMATE NORMAL PERIOD 1981 TO 2010
CLIMATE RECORD PERIOD 1920 TO 2014


WEATHER ITEM   OBSERVED TIME   RECORD YEAR NORMAL DEPARTURE LAST
                VALUE   (LST)  VALUE       VALUE  FROM      YEAR
                                                  NORMAL
..................................................................
TEMPERATURE (F)
 YESTERDAY
  MAXIMUM         92    400 PM 100    1980  86      6       95
                                      1925
  MINIMUM         67    626 AM  49    1934  63      4       64
  AVERAGE         80                        75      5       80

PRECIPITATION (IN)
  YESTERDAY        0.00          1.83 1942   0.10  -0.10     0.00
  MONTH TO DATE    0.77                      1.79  -1.02     2.56
  SINCE SEP 1      0.77                      1.79  -1.02     2.56
  SINCE JAN 1     40.49                     36.35   4.14    31.54

SNOWFALL (IN)
  YESTERDAY        0.0

DEGREE DAYS
 HEATING
  YESTERDAY        0                         0      0        0
  MONTH TO DATE    0                         0      0        0
  SINCE SEP 1      0                         0      0        0
  SINCE JUL 1      0                         0      0        0

 COOLING
  YESTERDAY       15                        10      5       15
  MONTH TO DATE  242                       206     36      263
  SINCE SEP 1    242                       206     36      263
  SINCE JAN 1   1909                      1985    -76     1990
..................................................................


WIND (MPH)
  HIGHEST WIND SPEED    10   HIGHEST WIND DIRECTION    NE (50)
  HIGHEST GUST SPEED    13   HIGHEST GUST DIRECTION     N (350)
  AVERAGE WIND SPEED     4.8


SKY COVER
  POSSIBLE SUNSHINE  MM
  AVERAGE SKY COVER 0.1


WEATHER CONDITIONS
 THE FOLLOWING WEATHER WAS RECORDED YESTERDAY.
  FOG
  HAZE


RELATIVE HUMIDITY (PERCENT)
 HIGHEST    93           500 AM
 LOWEST     41           400 PM
 AVERAGE    67

..........................................................


THE GREENVILLE CLIMATE NORMALS FOR TODAY
                         NORMAL    RECORD    YEAR
 MAXIMUM TEMPERATURE (F)   86       101      1925
 MINIMUM TEMPERATURE (F)   62        48      1981


SUNRISE AND SUNSET
SEPTEMBER 18 2014.....SUNRISE   649 AM CDT   SUNSET   706 PM CDT
SEPTEMBER 19 2014.....SUNRISE   650 AM CDT   SUNSET   705 PM CDT


-  INDICATES NEGATIVE NUMBERS.
R  INDICATES RECORD WAS SET OR TIED.
MM INDICATES DATA IS MISSING.
T  INDICATES TRACE AMOUNT.




$$
