000
CDUS44 KJAN 022112
CLIGLH


CLIMATE REPORT
NATIONAL WEATHER SERVICE JACKSON MS
410 PM CDT SUN AUG 2 2015


...................................

...THE GREENVILLE CLIMATE SUMMARY FOR AUGUST 2 2015...
VALID TODAY AS OF 0400 PM LOCAL TIME.

CLIMATE NORMAL PERIOD 1981 TO 2010
CLIMATE RECORD PERIOD 1920 TO 2015


WEATHER ITEM   OBSERVED TIME   RECORD YEAR NORMAL DEPARTURE LAST
                VALUE   (LST)  VALUE       VALUE  FROM      YEAR
                                                  NORMAL
..................................................................
TEMPERATURE (F)
 TODAY
  MAXIMUM         96    238 PM 104    2010  92      4       83
  MINIMUM         68    529 AM  59    1925  72     -4       71
  AVERAGE         82                        82      0       77

PRECIPITATION (IN)
  TODAY            0.00          1.96 1938   0.06  -0.06     0.01
  MONTH TO DATE    0.00                      0.12  -0.12     0.12
  SINCE JUN 1      5.60                      7.96  -2.36    11.81
  SINCE JAN 1     25.57                     32.22  -6.65    35.94

SNOWFALL (IN)
  TODAY            0.0

DEGREE DAYS
 HEATING
  TODAY            0                         0      0        0
  MONTH TO DATE    0                         0      0        0
  SINCE JUN 1      0                         0      0        0
  SINCE JUL 1      0                         0      0        0

 COOLING
  TODAY           17                        17      0       12
  MONTH TO DATE   33                        34     -1       22
  SINCE JUN 1   1109                       981    128      886
  SINCE JAN 1   1490                      1303    187     1201
..................................................................


WIND (MPH)
  HIGHEST WIND SPEED    10   HIGHEST WIND DIRECTION     N (350)
  HIGHEST GUST SPEED    13   HIGHEST GUST DIRECTION     N (360)
  AVERAGE WIND SPEED     2.5


SKY COVER
  POSSIBLE SUNSHINE  MM
  AVERAGE SKY COVER 0.0


WEATHER CONDITIONS
 THE FOLLOWING WEATHER WAS RECORDED TODAY.
  NO SIGNIFICANT WEATHER WAS OBSERVED.


RELATIVE HUMIDITY (PERCENT)
 HIGHEST   100           400 AM
 LOWEST     39           300 PM
 AVERAGE    70

..........................................................


THE GREENVILLE CLIMATE NORMALS FOR TOMORROW
                         NORMAL    RECORD    YEAR
 MAXIMUM TEMPERATURE (F)   92       106      2011
 MINIMUM TEMPERATURE (F)   72        61      1920


SUNRISE AND SUNSET
AUGUST  2 2015........SUNRISE   617 AM CDT   SUNSET   803 PM CDT
AUGUST  3 2015........SUNRISE   618 AM CDT   SUNSET   802 PM CDT


-  INDICATES NEGATIVE NUMBERS.
R  INDICATES RECORD WAS SET OR TIED.
MM INDICATES DATA IS MISSING.
T  INDICATES TRACE AMOUNT.




$$
