000
CDUS44 KJAN 220627
CLIGLH


CLIMATE REPORT
NATIONAL WEATHER SERVICE JACKSON MS
1225 AM CST SUN JAN 22 2017


...................................

...THE GREENVILLE CLIMATE SUMMARY FOR JANUARY 21 2017...

CLIMATE NORMAL PERIOD 1981 TO 2010
CLIMATE RECORD PERIOD 1920 TO 2017


WEATHER ITEM   OBSERVED TIME   RECORD YEAR NORMAL DEPARTURE LAST
                VALUE   (LST)  VALUE       VALUE  FROM      YEAR
                                                  NORMAL
..................................................................
TEMPERATURE (F)
 YESTERDAY
  MAXIMUM         71    336 PM  77    1937  52     19       44
                                      1933
  MINIMUM         55   1159 PM  13    1984  32     23       36
  AVERAGE         63                        42     21       40

PRECIPITATION (IN)
  YESTERDAY        0.47          3.75 1935   0.16   0.31     0.94
  MONTH TO DATE    4.87                      3.21   1.66     2.23
  SINCE DEC 1      7.73                      8.83  -1.10     6.04
  SINCE JAN 1      4.87                      3.21   1.66     2.23

SNOWFALL (IN)
  YESTERDAY        0.0

DEGREE DAYS
 HEATING
  YESTERDAY        2                        23    -21       25
  MONTH TO DATE  276                       480   -204      484
  SINCE DEC 1    830                      1102   -272      818
  SINCE JUL 1   1099                      1564   -465     1068

 COOLING
  YESTERDAY        0                         0      0        0
  MONTH TO DATE   11                         0     11        0
  SINCE DEC 1     23                         3     20       35
  SINCE JAN 1     11                         0     11        0
..................................................................


WIND (MPH)
  HIGHEST WIND SPEED    30   HIGHEST WIND DIRECTION     W (280)
  HIGHEST GUST SPEED    38   HIGHEST GUST DIRECTION     W (290)
  AVERAGE WIND SPEED     8.8


SKY COVER
  POSSIBLE SUNSHINE  MM
  AVERAGE SKY COVER 0.3


WEATHER CONDITIONS
 THE FOLLOWING WEATHER WAS RECORDED YESTERDAY.
  THUNDERSTORM
  HEAVY RAIN
  RAIN
  LIGHT RAIN
  FOG


RELATIVE HUMIDITY (PERCENT)
 HIGHEST    86           700 AM
 LOWEST     53           300 PM
 AVERAGE    70

..........................................................


THE GREENVILLE CLIMATE NORMALS FOR TODAY
                         NORMAL    RECORD    YEAR
 MAXIMUM TEMPERATURE (F)   52        79      1943
                                             1970
                                             1920
 MINIMUM TEMPERATURE (F)   32        11      1970


SUNRISE AND SUNSET
JANUARY 22 2017.......SUNRISE   706 AM CST   SUNSET   526 PM CST
JANUARY 23 2017.......SUNRISE   705 AM CST   SUNSET   527 PM CST


-  INDICATES NEGATIVE NUMBERS.
R  INDICATES RECORD WAS SET OR TIED.
MM INDICATES DATA IS MISSING.
T  INDICATES TRACE AMOUNT.




$$
