000
CDUS44 KJAN 020824
CLIGLH


CLIMATE REPORT
NATIONAL WEATHER SERVICE JACKSON MS
322 AM CDT WED SEP 2 2015


...................................

...THE GREENVILLE CLIMATE SUMMARY FOR SEPTEMBER 1 2015...

CLIMATE NORMAL PERIOD 1981 TO 2010
CLIMATE RECORD PERIOD 1920 TO 2015


WEATHER ITEM   OBSERVED TIME   RECORD YEAR NORMAL DEPARTURE LAST
                VALUE   (LST)  VALUE       VALUE  FROM      YEAR
                                                  NORMAL
..................................................................
TEMPERATURE (F)
 YESTERDAY
  MAXIMUM         93    242 PM 101    1952  91      2       91
                                      1947
  MINIMUM         70    556 AM  55    1987  68      2       74
  AVERAGE         82                        79      3       83

PRECIPITATION (IN)
  YESTERDAY        0.00          1.28 1921   0.10  -0.10     0.07
  MONTH TO DATE    0.00                      0.10  -0.10     0.07
  SINCE SEP 1      0.00                      0.10  -0.10     0.07
  SINCE JAN 1     27.33                     34.66  -7.33    39.79

SNOWFALL (IN)
  YESTERDAY        0.0

DEGREE DAYS
 HEATING
  YESTERDAY        0                         0      0        0
  MONTH TO DATE    0                         0      0        0
  SINCE SEP 1      0                         0      0        0
  SINCE JUL 1      0                         0      0        0

 COOLING
  YESTERDAY       17                        14      3       18
  MONTH TO DATE   17                        14      3       18
  SINCE SEP 1     17                        14      3       18
  SINCE JAN 1   1981                      1793    188     1685
..................................................................


WIND (MPH)
  HIGHEST WIND SPEED    14   HIGHEST WIND DIRECTION    NE (50)
  HIGHEST GUST SPEED    20   HIGHEST GUST DIRECTION     N (10)
  AVERAGE WIND SPEED     3.6


SKY COVER
  POSSIBLE SUNSHINE  MM
  AVERAGE SKY COVER 0.2


WEATHER CONDITIONS
 THE FOLLOWING WEATHER WAS RECORDED YESTERDAY.
  FOG
  HAZE


RELATIVE HUMIDITY (PERCENT)
 HIGHEST    90           400 AM
 LOWEST     38           300 PM
 AVERAGE    64

..........................................................


THE GREENVILLE CLIMATE NORMALS FOR TODAY
                         NORMAL    RECORD    YEAR
 MAXIMUM TEMPERATURE (F)   91       100      1930
                                             1925
 MINIMUM TEMPERATURE (F)   68        55      1967


SUNRISE AND SUNSET
SEPTEMBER  2 2015.....SUNRISE   638 AM CDT   SUNSET   728 PM CDT
SEPTEMBER  3 2015.....SUNRISE   639 AM CDT   SUNSET   727 PM CDT


-  INDICATES NEGATIVE NUMBERS.
R  INDICATES RECORD WAS SET OR TIED.
MM INDICATES DATA IS MISSING.
T  INDICATES TRACE AMOUNT.




$$
