461
CDUS44 KJAN 252111
CLIGLH


CLIMATE REPORT
NATIONAL WEATHER SERVICE JACKSON MS
409 PM CDT THU AUG 25 2016


...................................

...THE GREENVILLE CLIMATE SUMMARY FOR AUGUST 25 2016...
VALID TODAY AS OF 0400 PM LOCAL TIME.

CLIMATE NORMAL PERIOD 1981 TO 2010
CLIMATE RECORD PERIOD 1920 TO 2016


WEATHER ITEM   OBSERVED TIME   RECORD YEAR NORMAL DEPARTURE LAST
                VALUE   (LST)  VALUE       VALUE  FROM      YEAR
                                                  NORMAL
..................................................................
TEMPERATURE (F)
 TODAY
  MAXIMUM         96    249 PM 102    1938  92      4       86
  MINIMUM         75    506 AM  57    1923  70      5       63
  AVERAGE         86                        81      5       75

PRECIPITATION (IN)
  TODAY            0.00          0.80 1958   0.10  -0.10     0.00
  MONTH TO DATE    6.43                      1.86   4.57     1.76
  SINCE JUN 1     12.83                      9.70   3.13     7.36
  SINCE JAN 1     41.36                     33.96   7.40    27.33

SNOWFALL (IN)
  TODAY            0.0

DEGREE DAYS
 HEATING
  TODAY            0                         0      0        0
  MONTH TO DATE    0                         0      0        0
  SINCE JUN 1      0                         0      0        0
  SINCE JUL 1      0                         0      0        0

 COOLING
  TODAY           21                        16      5       10
  MONTH TO DATE  458                       419     39      434
  SINCE JUN 1   1553                      1366    187     1510
  SINCE JAN 1   1895                      1688    207     1891
..................................................................


WIND (MPH)
  HIGHEST WIND SPEED     8   HIGHEST WIND DIRECTION     E (110)
  HIGHEST GUST SPEED    11   HIGHEST GUST DIRECTION     S (160)
  AVERAGE WIND SPEED     3.1


SKY COVER
  POSSIBLE SUNSHINE  MM
  AVERAGE SKY COVER 0.1


WEATHER CONDITIONS
 THE FOLLOWING WEATHER WAS RECORDED TODAY.
  FOG


RELATIVE HUMIDITY (PERCENT)
 HIGHEST    94           500 AM
 LOWEST     56           100 PM
 AVERAGE    75

..........................................................


THE GREENVILLE CLIMATE NORMALS FOR TOMORROW
                         NORMAL    RECORD    YEAR
 MAXIMUM TEMPERATURE (F)   92       102      1983
                                             1943
                                             1938
 MINIMUM TEMPERATURE (F)   70        57      1958


SUNRISE AND SUNSET
AUGUST 25 2016........SUNRISE   634 AM CDT   SUNSET   737 PM CDT
AUGUST 26 2016........SUNRISE   634 AM CDT   SUNSET   736 PM CDT


-  INDICATES NEGATIVE NUMBERS.
R  INDICATES RECORD WAS SET OR TIED.
MM INDICATES DATA IS MISSING.
T  INDICATES TRACE AMOUNT.




$$
