000
CDUS44 KJAN 282110
CLIGLH


CLIMATE REPORT
NATIONAL WEATHER SERVICE JACKSON MS
408 PM CDT SAT MAY 28 2016


...................................

...THE GREENVILLE CLIMATE SUMMARY FOR MAY 28 2016...
VALID TODAY AS OF 0400 PM LOCAL TIME.

CLIMATE NORMAL PERIOD 1981 TO 2010
CLIMATE RECORD PERIOD 1920 TO 2016


WEATHER ITEM   OBSERVED TIME   RECORD YEAR NORMAL DEPARTURE LAST
                VALUE   (LST)  VALUE       VALUE  FROM      YEAR
                                                  NORMAL
..................................................................
TEMPERATURE (F)
 TODAY
  MAXIMUM         84    259 PM  96    2012  85     -1       85
                                      1953
                                      1926
  MINIMUM         68    549 AM  45    1961  65      3       66
  AVERAGE         76                        75      1       76

PRECIPITATION (IN)
  TODAY            0.00          4.80 1998   0.13  -0.13      T
  MONTH TO DATE    1.21                      4.58  -3.37     3.82
  SINCE MAR 1     21.50                     13.94   7.56    12.71
  SINCE JAN 1     28.01                     23.93   4.08    19.16

SNOWFALL (IN)
  TODAY            0.0

DEGREE DAYS
 HEATING
  TODAY            0                         0      0        0
  MONTH TO DATE    7                        10     -3        8
  SINCE MAR 1    245                       462   -217      382
  SINCE JUL 1   1925                      2771   -846     2869

 COOLING
  TODAY           11                        10      1       11
  MONTH TO DATE  175                       205    -30      250
  SINCE MAR 1    297                       286     11      348
  SINCE JAN 1    301                       291     10      348
..................................................................


WIND (MPH)
  HIGHEST WIND SPEED    16   HIGHEST WIND DIRECTION     S (160)
  HIGHEST GUST SPEED    22   HIGHEST GUST DIRECTION     S (160)
  AVERAGE WIND SPEED     6.8


SKY COVER
  POSSIBLE SUNSHINE  MM
  AVERAGE SKY COVER 0.4


WEATHER CONDITIONS
 THE FOLLOWING WEATHER WAS RECORDED TODAY.
  FOG


RELATIVE HUMIDITY (PERCENT)
 HIGHEST    93           400 AM
 LOWEST     62           200 PM
 AVERAGE    78

..........................................................


THE GREENVILLE CLIMATE NORMALS FOR TOMORROW
                         NORMAL    RECORD    YEAR
 MAXIMUM TEMPERATURE (F)   85        97      1977
                                             1953
 MINIMUM TEMPERATURE (F)   65        52      1971


SUNRISE AND SUNSET
MAY 28 2016...........SUNRISE   556 AM CDT   SUNSET   807 PM CDT
MAY 29 2016...........SUNRISE   556 AM CDT   SUNSET   807 PM CDT


-  INDICATES NEGATIVE NUMBERS.
R  INDICATES RECORD WAS SET OR TIED.
MM INDICATES DATA IS MISSING.
T  INDICATES TRACE AMOUNT.




$$
