000
CDUS44 KJAN 240700
CLIGLH


CLIMATE REPORT
NATIONAL WEATHER SERVICE JACKSON MS
156 AM CDT MON APR 24 2017


...................................

...THE GREENVILLE CLIMATE SUMMARY FOR APRIL 23 2017...

CLIMATE NORMAL PERIOD 1981 TO 2010
CLIMATE RECORD PERIOD 1920 TO 2017


WEATHER ITEM   OBSERVED TIME   RECORD YEAR NORMAL DEPARTURE LAST
                VALUE   (LST)  VALUE       VALUE  FROM      YEAR
                                                  NORMAL
..................................................................
TEMPERATURE (F)
 YESTERDAY
  MAXIMUM         66    350 PM  90    1925  77    -11       81
  MINIMUM         51   1140 PM  39    1931  55     -4       54
  AVERAGE         59                        66     -7       68

PRECIPITATION (IN)
  YESTERDAY        0.00          2.35 1995   0.14  -0.14     0.00
  MONTH TO DATE    2.79                      3.82  -1.03     1.61
  SINCE MAR 1      4.65                      8.37  -3.72    18.93
  SINCE JAN 1     12.68                     18.36  -5.68    25.44

SNOWFALL (IN)
  YESTERDAY        0.0

DEGREE DAYS
 HEATING
  YESTERDAY        6                         2      4        0
  MONTH TO DATE   33                       105    -72       52
  SINCE MAR 1    270                       441   -171      238
  SINCE JUL 1   1803                      2750   -947     1918

 COOLING
  YESTERDAY        0                         3     -3        3
  MONTH TO DATE   90                        39     51       34
  SINCE MAR 1    135                        56     79       69
  SINCE JAN 1    164                        61    103       73
..................................................................


WIND (MPH)
  HIGHEST WIND SPEED    21   HIGHEST WIND DIRECTION    NW (320)
  HIGHEST GUST SPEED    24   HIGHEST GUST DIRECTION    NW (320)
  AVERAGE WIND SPEED    10.5


SKY COVER
  POSSIBLE SUNSHINE  MM
  AVERAGE SKY COVER 0.8


WEATHER CONDITIONS
 THE FOLLOWING WEATHER WAS RECORDED YESTERDAY.
  FOG


RELATIVE HUMIDITY (PERCENT)
 HIGHEST    89           500 AM
 LOWEST     52           400 PM
 AVERAGE    71

..........................................................


THE GREENVILLE CLIMATE NORMALS FOR TODAY
                         NORMAL    RECORD    YEAR
 MAXIMUM TEMPERATURE (F)   77        91      1953
 MINIMUM TEMPERATURE (F)   55        43      2013
                                             2012
                                             2005


SUNRISE AND SUNSET
APRIL 24 2017.........SUNRISE   623 AM CDT   SUNSET   742 PM CDT
APRIL 25 2017.........SUNRISE   622 AM CDT   SUNSET   743 PM CDT


-  INDICATES NEGATIVE NUMBERS.
R  INDICATES RECORD WAS SET OR TIED.
MM INDICATES DATA IS MISSING.
T  INDICATES TRACE AMOUNT.




$$
