000
CDUS44 KJAN 230815
CLIGLH


CLIMATE REPORT
NATIONAL WEATHER SERVICE JACKSON MS
209 AM CST FRI FEB 23 2018


...................................

...THE GREENVILLE CLIMATE SUMMARY FOR FEBRUARY 22 2018...

CLIMATE NORMAL PERIOD 1981 TO 2010
CLIMATE RECORD PERIOD 1903 TO 2018


WEATHER ITEM   OBSERVED TIME   RECORD YEAR NORMAL DEPARTURE LAST
                VALUE   (LST)  VALUE       VALUE  FROM      YEAR
                                                  NORMAL
..................................................................
TEMPERATURE (F)
 YESTERDAY
  MAXIMUM         54    949 PM  81    1909  59     -5       67
  MINIMUM         44    931 AM  14    1963  38      6       49
  AVERAGE         49                        49      0       58

PRECIPITATION (IN)
  YESTERDAY        1.75          1.86 1971   0.14   1.61     0.00
  MONTH TO DATE    7.34                      4.15   3.19     2.19
  SINCE DEC 1     14.32                     14.74  -0.42    10.16
  SINCE JAN 1      9.46                      9.12   0.34     7.30

SNOWFALL (IN)
  YESTERDAY       MM

DEGREE DAYS
 HEATING
  YESTERDAY       16                        17     -1        7
  MONTH TO DATE  348                       428    -80      235
  SINCE DEC 1   1771                      1755     16     1215
  SINCE JUL 1   2185                      2217    -32     1484

 COOLING
  YESTERDAY        0                         0      0        0
  MONTH TO DATE   18                         0     18       12
  SINCE DEC 1     22                         4     18       35
  SINCE JAN 1     18                         1     17       23
..................................................................


WIND (MPH)
  HIGHEST WIND SPEED    21   HIGHEST WIND DIRECTION     N (360)
  HIGHEST GUST SPEED    25   HIGHEST GUST DIRECTION     N (360)
  AVERAGE WIND SPEED     8.0


SKY COVER
  POSSIBLE SUNSHINE  MM
  AVERAGE SKY COVER 0.9


WEATHER CONDITIONS
 THE FOLLOWING WEATHER WAS RECORDED YESTERDAY.
  THUNDERSTORM
  HEAVY RAIN
  RAIN
  LIGHT RAIN


RELATIVE HUMIDITY (PERCENT)
 HIGHEST   100          1000 AM
 LOWEST     89           400 PM
 AVERAGE    95

..........................................................


THE GREENVILLE CLIMATE NORMALS FOR TODAY
                         NORMAL    RECORD    YEAR
 MAXIMUM TEMPERATURE (F)   59        82      2012
                                             1930
 MINIMUM TEMPERATURE (F)   39        20      1968
                                             1963


SUNRISE AND SUNSET
FEBRUARY 23 2018......SUNRISE   639 AM CST   SUNSET   556 PM CST
FEBRUARY 24 2018......SUNRISE   638 AM CST   SUNSET   557 PM CST


-  INDICATES NEGATIVE NUMBERS.
R  INDICATES RECORD WAS SET OR TIED.
MM INDICATES DATA IS MISSING.
T  INDICATES TRACE AMOUNT.




$$
