000
CDUS44 KJAN 220830
CLIGLH


CLIMATE REPORT
NATIONAL WEATHER SERVICE JACKSON MS
222 AM CST MON DEC 22 2014


...................................

...THE GREENVILLE CLIMATE SUMMARY FOR DECEMBER 21 2014...

CLIMATE NORMAL PERIOD 1981 TO 2010
CLIMATE RECORD PERIOD 1920 TO 2014


WEATHER ITEM   OBSERVED TIME   RECORD YEAR NORMAL DEPARTURE LAST
                VALUE   (LST)  VALUE       VALUE  FROM      YEAR
                                                  NORMAL
..................................................................
TEMPERATURE (F)
 YESTERDAY
  MAXIMUM         58    252 PM  77    2013  53      5       77
                                      1967
  MINIMUM         32    654 AM  18    1958  35     -3       57
  AVERAGE         45                        44      1       67

PRECIPITATION (IN)
  YESTERDAY        0.00          3.60 1990   0.17  -0.17     1.00
  MONTH TO DATE    1.53                      4.04  -2.51     4.49
  SINCE DEC 1      1.53                      4.04  -2.51     4.49
  SINCE JAN 1     50.45                     51.06  -0.61    52.80

SNOWFALL (IN)
  YESTERDAY        0.0

DEGREE DAYS
 HEATING
  YESTERDAY       20                        21     -1        0
  MONTH TO DATE  344                       405    -61      394
  SINCE DEC 1    344                       405    -61      394
  SINCE JUL 1    884                       867     17      928

 COOLING
  YESTERDAY        0                         0      0        2
  MONTH TO DATE    0                         0      0        9
  SINCE DEC 1      0                         0      0        9
  SINCE JAN 1   2177                      2186     -9     2256
..................................................................


WIND (MPH)
  HIGHEST WIND SPEED    16   HIGHEST WIND DIRECTION    SE (150)
  HIGHEST GUST SPEED    23   HIGHEST GUST DIRECTION    SE (150)
  AVERAGE WIND SPEED     5.7


SKY COVER
  POSSIBLE SUNSHINE  MM
  AVERAGE SKY COVER 0.0


WEATHER CONDITIONS
 THE FOLLOWING WEATHER WAS RECORDED YESTERDAY.
  FOG
  HAZE


RELATIVE HUMIDITY (PERCENT)
 HIGHEST    96           300 AM
 LOWEST     43           200 PM
 AVERAGE    70

..........................................................


THE GREENVILLE CLIMATE NORMALS FOR TODAY
                         NORMAL    RECORD    YEAR
 MAXIMUM TEMPERATURE (F)   53        75      1984
                                             1967
 MINIMUM TEMPERATURE (F)   35         1      1989


SUNRISE AND SUNSET
DECEMBER 22 2014......SUNRISE   705 AM CST   SUNSET   501 PM CST
DECEMBER 23 2014......SUNRISE   705 AM CST   SUNSET   501 PM CST


-  INDICATES NEGATIVE NUMBERS.
R  INDICATES RECORD WAS SET OR TIED.
MM INDICATES DATA IS MISSING.
T  INDICATES TRACE AMOUNT.




$$
