000
CDUS44 KJAN 300621
CLIGLH


CLIMATE REPORT
NATIONAL WEATHER SERVICE JACKSON MS
120 AM CDT FRI SEP 30 2016


...................................

...THE GREENVILLE CLIMATE SUMMARY FOR SEPTEMBER 29 2016...

CLIMATE NORMAL PERIOD 1981 TO 2010
CLIMATE RECORD PERIOD 1920 TO 2016


WEATHER ITEM   OBSERVED TIME   RECORD YEAR NORMAL DEPARTURE LAST
                VALUE   (LST)  VALUE       VALUE  FROM      YEAR
                                                  NORMAL
..................................................................
TEMPERATURE (F)
 YESTERDAY
  MAXIMUM         78    257 PM  96    1986  82     -4       86
  MINIMUM         54    607 AM  37    1942  58     -4       70
  AVERAGE         66                        70     -4       78

PRECIPITATION (IN)
  YESTERDAY        0.00          1.90 1944   0.12  -0.12     0.00
  MONTH TO DATE    0.68                      2.96  -2.28     0.50
  SINCE SEP 1      0.68                      2.96  -2.28     0.50
  SINCE JAN 1     42.57                     37.52   5.05    27.83

SNOWFALL (IN)
  YESTERDAY        0.0

DEGREE DAYS
 HEATING
  YESTERDAY        0                         1     -1        0
  MONTH TO DATE    0                         4     -4        0
  SINCE SEP 1      0                         4     -4        0
  SINCE JUL 1      0                         4     -4        0

 COOLING
  YESTERDAY        1                         6     -5       13
  MONTH TO DATE  451                       296    155      379
  SINCE SEP 1    451                       296    155      379
  SINCE JAN 1   2463                      2075    388     2343
..................................................................


WIND (MPH)
  HIGHEST WIND SPEED    20   HIGHEST WIND DIRECTION    NE (40)
  HIGHEST GUST SPEED    24   HIGHEST GUST DIRECTION    NW (330)
  AVERAGE WIND SPEED    10.0


SKY COVER
  POSSIBLE SUNSHINE  MM
  AVERAGE SKY COVER 0.2


WEATHER CONDITIONS
 THE FOLLOWING WEATHER WAS RECORDED YESTERDAY.
  NO SIGNIFICANT WEATHER WAS OBSERVED.


RELATIVE HUMIDITY (PERCENT)
 HIGHEST    72           600 AM
 LOWEST     33           200 PM
 AVERAGE    53

..........................................................


THE GREENVILLE CLIMATE NORMALS FOR TODAY
                         NORMAL    RECORD    YEAR
 MAXIMUM TEMPERATURE (F)   82        96      1986
 MINIMUM TEMPERATURE (F)   57        41      1967


SUNRISE AND SUNSET
SEPTEMBER 30 2016.....SUNRISE   658 AM CDT   SUNSET   649 PM CDT
OCTOBER  1 2016.......SUNRISE   659 AM CDT   SUNSET   648 PM CDT


-  INDICATES NEGATIVE NUMBERS.
R  INDICATES RECORD WAS SET OR TIED.
MM INDICATES DATA IS MISSING.
T  INDICATES TRACE AMOUNT.




$$
