000
CDUS44 KHGX 202231
CLIGLS


CLIMATE REPORT
NATIONAL WEATHER SERVICE HOUSTON/GALVESTON TX
428 PM CST THU NOV 20 2014


...................................

...THE GALVESTON CLIMATE SUMMARY FOR NOVEMBER 20 2014...
VALID TODAY AS OF 400 PM LOCAL TIME.

CLIMATE NORMAL PERIOD 1981 TO 2010
CLIMATE RECORD PERIOD 1875 TO 2014


WEATHER ITEM   OBSERVED TIME   RECORD YEAR NORMAL DEPARTURE LAST
                VALUE   (LST)  VALUE       VALUE  FROM      YEAR
                                                  NORMAL
..................................................................
TEMPERATURE (F)
 TODAY
  MAXIMUM         72    113 PM  82    1986  70      2       74
  MINIMUM         58    535 AM  33    1937  57      1       60
  AVERAGE         65                        64      1       67

PRECIPITATION (IN)
  TODAY            0.00          2.45 2009   0.14  -0.14     0.01
  MONTH TO DATE    1.74                      3.06  -1.32     0.31
  SINCE SEP 1      9.60                     14.61  -5.01    12.22
  SINCE JAN 1     25.85                     45.79 -19.94    36.45

SNOWFALL (IN)
  TODAY            0.0           0.0  2002  MM     MM        0.0
                                      2001
  MONTH TO DATE    0.0                      MM     MM        0.0
  SINCE SEP 1      0.0                      MM     MM        0.0
  SINCE JUL 1      0.0                      MM     MM        0.0
  SNOW DEPTH       0

DEGREE DAYS
 HEATING
  TODAY            0                         4     -4        0
  MONTH TO DATE  127                        44     83       45
  SINCE SEP 1    127                        53     74       45
  SINCE JUL 1    127                        53     74       45

 COOLING
  TODAY            0                         3     -3        2
  MONTH TO DATE   42                        80    -38       57
  SINCE SEP 1    900                       878     22      908
  SINCE JAN 1   3227                      3272    -45     3302
..................................................................


WIND (MPH)
  RESULTANT WIND SPEED  10   RESULTANT WIND DIRECTION  SE (150)
  HIGHEST WIND SPEED    17   HIGHEST WIND DIRECTION    SE (140)
  HIGHEST GUST SPEED    21   HIGHEST GUST DIRECTION    SE (140)
  AVERAGE WIND SPEED    10.0


SKY COVER
  AVERAGE SKY COVER 0.3


WEATHER CONDITIONS
 THE FOLLOWING WEATHER WAS RECORDED TODAY.
  NO SIGNIFICANT WEATHER WAS OBSERVED.


RELATIVE HUMIDITY (PERCENT)
 HIGHEST    93           800 AM
 LOWEST     66          1200 PM
 AVERAGE    80

..........................................................


THE GALVESTON CLIMATE NORMALS FOR TOMORROW
                         NORMAL    RECORD    YEAR
 MAXIMUM TEMPERATURE (F)   70        81      2004
 MINIMUM TEMPERATURE (F)   57        36      1906


SUNRISE AND SUNSET
NOVEMBER 20 2014......SUNRISE   647 AM CST   SUNSET   523 PM CST
NOVEMBER 21 2014......SUNRISE   648 AM CST   SUNSET   522 PM CST


-  INDICATES NEGATIVE NUMBERS.
R  INDICATES RECORD WAS SET OR TIED.
MM INDICATES DATA IS MISSING.
T  INDICATES TRACE AMOUNT.


$$
