000
CDUS44 KHGX 282234
CLIGLS


CLIMATE REPORT
NATIONAL WEATHER SERVICE HOUSTON/GALVESTON TX
433 PM CST FRI NOV 28 2014


...................................

...THE GALVESTON CLIMATE SUMMARY FOR NOVEMBER 28 2014...
VALID TODAY AS OF 400 PM LOCAL TIME.

CLIMATE NORMAL PERIOD 1981 TO 2010
CLIMATE RECORD PERIOD 1875 TO 2014


WEATHER ITEM   OBSERVED TIME   RECORD YEAR NORMAL DEPARTURE LAST
                VALUE   (LST)  VALUE       VALUE  FROM      YEAR
                                                  NORMAL
..................................................................
TEMPERATURE (F)
 TODAY
  MAXIMUM         69    318 PM  78    2006  68      1       55
                                      1960
  MINIMUM         53   1206 AM  31    1976  55     -2       41
  AVERAGE         61                        61      0       48

PRECIPITATION (IN)
  TODAY            0.00          2.72 1942   0.15  -0.15     0.00
  MONTH TO DATE    3.91                      4.17  -0.26     2.45
  SINCE SEP 1     11.77                     15.72  -3.95    14.36
  SINCE JAN 1     28.02                     46.90 -18.88    38.59

SNOWFALL (IN)
  TODAY            0.0          MM      MM  MM     MM        0.0
  MONTH TO DATE    0.0                      MM     MM        0.0
  SINCE SEP 1      0.0                      MM     MM        0.0
  SINCE JUL 1      0.0                      MM     MM        0.0
  SNOW DEPTH       0

DEGREE DAYS
 HEATING
  TODAY            4                         5     -1       17
  MONTH TO DATE  151                        81     70      157
  SINCE SEP 1    151                        90     61      157
  SINCE JUL 1    151                        90     61      157

 COOLING
  TODAY            0                         2     -2        0
  MONTH TO DATE   45                        96    -51       66
  SINCE SEP 1    903                       894      9      917
  SINCE JAN 1   3230                      3288    -58     3311
..................................................................


WIND (MPH)
  RESULTANT WIND SPEED   9   RESULTANT WIND DIRECTION  SE (120)
  HIGHEST WIND SPEED    15   HIGHEST WIND DIRECTION    SE (120)
  HIGHEST GUST SPEED    20   HIGHEST GUST DIRECTION    SE (130)
  AVERAGE WIND SPEED     9.0


SKY COVER
  AVERAGE SKY COVER 0.2


WEATHER CONDITIONS
 THE FOLLOWING WEATHER WAS RECORDED TODAY.
  NO SIGNIFICANT WEATHER WAS OBSERVED.


RELATIVE HUMIDITY (PERCENT)
 HIGHEST    78           800 AM
 LOWEST     66          1200 AM
 AVERAGE    72

..........................................................


THE GALVESTON CLIMATE NORMALS FOR TOMORROW
                         NORMAL    RECORD    YEAR
 MAXIMUM TEMPERATURE (F)   67        79      2004
                                             1916
 MINIMUM TEMPERATURE (F)   54        26      1911


SUNRISE AND SUNSET
NOVEMBER 28 2014......SUNRISE   654 AM CST   SUNSET   521 PM CST
NOVEMBER 29 2014......SUNRISE   655 AM CST   SUNSET   521 PM CST


-  INDICATES NEGATIVE NUMBERS.
R  INDICATES RECORD WAS SET OR TIED.
MM INDICATES DATA IS MISSING.
T  INDICATES TRACE AMOUNT.


$$
