000
CDUS44 KHGX 262123
CLIGLS


CLIMATE REPORT
NATIONAL WEATHER SERVICE HOUSTON/GALVESTON TX
422 PM CDT THU MAY 26 2016


...................................

...THE GALVESTON CLIMATE SUMMARY FOR MAY 26 2016...
VALID TODAY AS OF 400 PM LOCAL TIME.

CLIMATE NORMAL PERIOD 1981 TO 2010
CLIMATE RECORD PERIOD 1875 TO 2016


WEATHER ITEM   OBSERVED TIME   RECORD YEAR NORMAL DEPARTURE LAST
                VALUE   (LST)  VALUE       VALUE  FROM      YEAR
                                                  NORMAL
..................................................................
TEMPERATURE (F)
 TODAY
  MAXIMUM         84   1143 AM  93    2011  85     -1       83
  MINIMUM         79    327 AM  62    1901  75      4       69
  AVERAGE         82                        80      2       76

PRECIPITATION (IN)
  TODAY            T             1.91 1883   0.24  -0.24     0.02
  MONTH TO DATE    5.97                      3.26   2.71     2.28
  SINCE MAR 1     14.88                      9.47   5.41    15.27
  SINCE JAN 1     18.84                     16.24   2.60    21.41

SNOWFALL (IN)
  TODAY            0.0          MM      MM  MM     MM        0.0
  MONTH TO DATE    0.0                      MM     MM        0.0
  SINCE MAR 1      0.0                      MM     MM        0.0
  SINCE JUL 1      0.0                       0.0    0.0      0.0
  SNOW DEPTH       0

DEGREE DAYS
 HEATING
  TODAY            0                         0      0        0
  MONTH TO DATE    0                         0      0        0
  SINCE MAR 1     41                       121    -80      120
  SINCE JUL 1    745                      1009   -264     1182

 COOLING
  TODAY           17                        15      2       11
  MONTH TO DATE  295                       316    -21      351
  SINCE MAR 1    587                       542     45      628
  SINCE JAN 1    599                       559     40      634
..................................................................


WIND (MPH)
  RESULTANT WIND SPEED  15   RESULTANT WIND DIRECTION   S (160)
  HIGHEST WIND SPEED    23   HIGHEST WIND DIRECTION    SE (150)
  HIGHEST GUST SPEED    28   HIGHEST GUST DIRECTION    SE (150)
  AVERAGE WIND SPEED    15.1


SKY COVER
  AVERAGE SKY COVER 0.9


WEATHER CONDITIONS
 THE FOLLOWING WEATHER WAS RECORDED TODAY.
  LIGHT RAIN
  FOG
  HAZE


RELATIVE HUMIDITY (PERCENT)
 HIGHEST    94          1200 AM
 LOWEST     85          1200 PM
 AVERAGE    90

..........................................................


THE GALVESTON CLIMATE NORMALS FOR TOMORROW
                         NORMAL    RECORD    YEAR
 MAXIMUM TEMPERATURE (F)   86        90      1922
 MINIMUM TEMPERATURE (F)   75        57      1961


SUNRISE AND SUNSET
MAY 26 2016...........SUNRISE   622 AM CDT   SUNSET   811 PM CDT
MAY 27 2016...........SUNRISE   622 AM CDT   SUNSET   812 PM CDT


-  INDICATES NEGATIVE NUMBERS.
R  INDICATES RECORD WAS SET OR TIED.
MM INDICATES DATA IS MISSING.
T  INDICATES TRACE AMOUNT.




$$
