000
CDUS44 KHGX 062136
CLIGLS


CLIMATE REPORT
NATIONAL WEATHER SERVICE HOUSTON/GALVESTON TX
434 PM CDT FRI MAY 6 2016


...................................

...THE GALVESTON CLIMATE SUMMARY FOR MAY 6 2016...
VALID TODAY AS OF 400 PM LOCAL TIME.

CLIMATE NORMAL PERIOD 1981 TO 2010
CLIMATE RECORD PERIOD 1875 TO 2016


WEATHER ITEM   OBSERVED TIME   RECORD YEAR NORMAL DEPARTURE LAST
                VALUE   (LST)  VALUE       VALUE  FROM      YEAR
                                                  NORMAL
..................................................................
TEMPERATURE (F)
 TODAY
  MAXIMUM         79    222 PM  85    2012  81     -2       83
                                      2009
                                      2002
  MINIMUM         65    549 AM  53    1917  70     -5       74
  AVERAGE         72                        75     -3       79

PRECIPITATION (IN)
  TODAY            0.00          2.10 1987   0.13  -0.13     0.00
  MONTH TO DATE    1.60                      0.81   0.79      T
  SINCE MAR 1     10.51                      7.02   3.49    12.99
  SINCE JAN 1     14.47                     13.79   0.68    19.13

SNOWFALL (IN)
  TODAY            0.0          MM      MM  MM     MM        0.0
  MONTH TO DATE    0.0                      MM     MM        0.0
  SINCE MAR 1      0.0                      MM     MM        0.0
  SINCE JUL 1      0.0                       0.0    0.0      0.0
  SNOW DEPTH       0

DEGREE DAYS
 HEATING
  TODAY            0                         0      0        0
  MONTH TO DATE    0                         0      0        0
  SINCE MAR 1     41                       121    -80      120
  SINCE JUL 1    745                      1009   -264     1182

 COOLING
  TODAY            7                        10     -3       14
  MONTH TO DATE   44                        58    -14       64
  SINCE MAR 1    336                       284     52      341
  SINCE JAN 1    348                       301     47      347
..................................................................


WIND (MPH)
  RESULTANT WIND SPEED   5   RESULTANT WIND DIRECTION   E (80)
  HIGHEST WIND SPEED    12   HIGHEST WIND DIRECTION    SE (140)
  HIGHEST GUST SPEED    15   HIGHEST GUST DIRECTION    SE (150)
  AVERAGE WIND SPEED     7.3


SKY COVER
  AVERAGE SKY COVER 0.0


WEATHER CONDITIONS
 THE FOLLOWING WEATHER WAS RECORDED TODAY.
  NO SIGNIFICANT WEATHER WAS OBSERVED.


RELATIVE HUMIDITY (PERCENT)
 HIGHEST    81           300 AM
 LOWEST     37          1100 AM
 AVERAGE    59

..........................................................


THE GALVESTON CLIMATE NORMALS FOR TOMORROW
                         NORMAL    RECORD    YEAR
 MAXIMUM TEMPERATURE (F)   81        87      1934
                                             1876
 MINIMUM TEMPERATURE (F)   70        53      1917


SUNRISE AND SUNSET
MAY  6 2016...........SUNRISE   633 AM CDT   SUNSET   759 PM CDT
MAY  7 2016...........SUNRISE   632 AM CDT   SUNSET   800 PM CDT


-  INDICATES NEGATIVE NUMBERS.
R  INDICATES RECORD WAS SET OR TIED.
MM INDICATES DATA IS MISSING.
T  INDICATES TRACE AMOUNT.


$$
