000
CDUS44 KHGX 090818
CLIGLS


CLIMATE REPORT
NATIONAL WEATHER SERVICE HOUSTON/GALVESTON TX
217 AM CST TUE FEB 9 2016


...................................

...THE GALVESTON CLIMATE SUMMARY FOR FEBRUARY 8 2016...

CLIMATE NORMAL PERIOD 1981 TO 2010
CLIMATE RECORD PERIOD 1875 TO 2016


WEATHER ITEM   OBSERVED TIME   RECORD YEAR NORMAL DEPARTURE LAST
                VALUE   (LST)  VALUE       VALUE  FROM      YEAR
                                                  NORMAL
..................................................................
TEMPERATURE (F)
 YESTERDAY
  MAXIMUM         63    341 PM  76    1950  63      0       70
  MINIMUM         49   1159 PM  15    1895  50     -1       59
  AVERAGE         56                        56      0       65

PRECIPITATION (IN)
  YESTERDAY        0.00          1.69 1934   0.09  -0.09     0.00
  MONTH TO DATE    0.03                      0.71  -0.68     0.44
  SINCE DEC 1      6.59                      8.43  -1.84     9.75
  SINCE JAN 1      3.10                      4.91  -1.81     5.88

SNOWFALL (IN)
  YESTERDAY        0.0           T    1941  MM     MM        0.0
                                      1933
  MONTH TO DATE    0.0                      MM     MM        0.0
  SINCE DEC 1      0.0                      MM     MM        0.0
  SINCE JUL 1      0.0                      MM     MM        0.0
  SNOW DEPTH       0

DEGREE DAYS
 HEATING
  YESTERDAY        9                         9      0        0
  MONTH TO DATE   76                        72      4       86
  SINCE DEC 1    566                       638    -72      704
  SINCE JUL 1    619                       741   -122      855

 COOLING
  YESTERDAY        0                         0      0        0
  MONTH TO DATE    1                         0      1        0
  SINCE DEC 1     52                        24     28       21
  SINCE JAN 1      2                         5     -3        0
..................................................................


WIND (MPH)
  RESULTANT WIND SPEED  14   RESULTANT WIND DIRECTION  NW (320)
  HIGHEST WIND SPEED    30   HIGHEST WIND DIRECTION    NW (320)
  HIGHEST GUST SPEED    37   HIGHEST GUST DIRECTION     N (350)
  AVERAGE WIND SPEED    15.0


SKY COVER
  AVERAGE SKY COVER 0.0


WEATHER CONDITIONS
 THE FOLLOWING WEATHER WAS RECORDED YESTERDAY.
  NO SIGNIFICANT WEATHER WAS OBSERVED.


RELATIVE HUMIDITY (PERCENT)
 HIGHEST    93
 LOWEST     21
 AVERAGE    57

..........................................................


THE GALVESTON CLIMATE NORMALS FOR TODAY
                         NORMAL    RECORD    YEAR
 MAXIMUM TEMPERATURE (F)   63        79      2015
 MINIMUM TEMPERATURE (F)   50        21      1933


SUNRISE AND SUNSET
FEBRUARY  9 2016......SUNRISE   704 AM CST   SUNSET   604 PM CST
FEBRUARY 10 2016......SUNRISE   703 AM CST   SUNSET   605 PM CST


-  INDICATES NEGATIVE NUMBERS.
R  INDICATES RECORD WAS SET OR TIED.
MM INDICATES DATA IS MISSING.
T  INDICATES TRACE AMOUNT.




$$
