000
CDUS42 KJAX 192228
CLIGNV


CLIMATE REPORT
NATIONAL WEATHER SERVICE JACKSONVILLE FL
528 PM EST THU JAN 19 2017


...................................

...THE GAINESVILLE CLIMATE SUMMARY FOR JANUARY 19 2017...
VALID TODAY AS OF 0500 PM LOCAL TIME.

CLIMATE NORMAL PERIOD 1981 TO 2010
CLIMATE RECORD PERIOD 1890 TO 2017


WEATHER ITEM   OBSERVED TIME   RECORD YEAR NORMAL DEPARTURE LAST
                VALUE   (LST)  VALUE       VALUE  FROM      YEAR
                                                  NORMAL
..................................................................
TEMPERATURE (F)
 TODAY
  MAXIMUM         80    231 PM  85    1937  66     14       53
  MINIMUM         56    600 AM  20    1977  42     14       29
  AVERAGE         68                        54     14       41

PRECIPITATION (IN)
  TODAY            0.00          2.83 1978   0.11  -0.11     0.00
  MONTH TO DATE    1.02                      1.86  -0.84     2.15
  SINCE DEC 1      3.71                      4.34  -0.63     4.12
  SINCE JAN 1      1.02                      1.86  -0.84     2.15

SNOWFALL (IN)
  TODAY            0.0           0.0    MM   0.0    0.0      0.0
  MONTH TO DATE    0.0                       0.0    0.0      0.0
  SINCE DEC 1      0.0                       0.0    0.0      0.0
  SINCE JUL 1      0.0                       0.0    0.0      0.0
  SNOW DEPTH       0

DEGREE DAYS
 HEATING
  TODAY            0                        11    -11       24
  MONTH TO DATE   91                       217   -126      232
  SINCE DEC 1    229                       513   -284      304
  SINCE JUL 1    335                       674   -339      343

 COOLING
  TODAY            3                         0      3        0
  MONTH TO DATE   22                         0     22        2
  SINCE DEC 1     98                        22     76      148
  SINCE JAN 1     22                         0     22        2
..................................................................


WIND (MPH)
  HIGHEST WIND SPEED     9   HIGHEST WIND DIRECTION    SW (230)
  HIGHEST GUST SPEED    15   HIGHEST GUST DIRECTION     W (260)
  AVERAGE WIND SPEED     1.7


SKY COVER
  POSSIBLE SUNSHINE  MM
  AVERAGE SKY COVER 0.6


WEATHER CONDITIONS
 THE FOLLOWING WEATHER WAS RECORDED TODAY.
  FOG
  FOG W/VISIBILITY <= 1/4 MILE


RELATIVE HUMIDITY (PERCENT)
 HIGHEST   100           100 AM
 LOWEST     54           300 PM
 AVERAGE    77

..........................................................


THE GAINESVILLE CLIMATE NORMALS FOR TOMORROW
                         NORMAL    RECORD    YEAR
 MAXIMUM TEMPERATURE (F)   66        85      1937
 MINIMUM TEMPERATURE (F)   42        19      1977


SUNRISE AND SUNSET
JANUARY 19 2017.......SUNRISE   724 AM EST   SUNSET   556 PM EST
JANUARY 20 2017.......SUNRISE   724 AM EST   SUNSET   557 PM EST


-  INDICATES NEGATIVE NUMBERS.
R  INDICATES RECORD WAS SET OR TIED.
MM INDICATES DATA IS MISSING.
T  INDICATES TRACE AMOUNT.




$$
