000
CDUS42 KJAX 022230
CLIGNV


CLIMATE REPORT
NATIONAL WEATHER SERVICE JACKSONVILLE FL
529 PM EST MON MAR 2 2015


...................................

...THE GAINESVILLE CLIMATE SUMMARY FOR MARCH 2 2015...
VALID TODAY AS OF 0500 PM LOCAL TIME.

CLIMATE NORMAL PERIOD 1981 TO 2010
CLIMATE RECORD PERIOD 1890 TO 2015


WEATHER ITEM   OBSERVED TIME   RECORD YEAR NORMAL DEPARTURE LAST
                VALUE   (LST)  VALUE       VALUE  FROM      YEAR
                                                  NORMAL
..................................................................
TEMPERATURE (F)
 TODAY
  MAXIMUM         82    406 PM  88    1918  72     10       77
  MINIMUM         57    720 AM  26    1920  48      9       47
  AVERAGE         70                        60     10       62

PRECIPITATION (IN)
  TODAY            0.00          3.31 1991   0.15  -0.15     0.00
  MONTH TO DATE    0.11                      0.29  -0.18     0.00
  SINCE MAR 1      0.11                      0.29  -0.18     0.00
  SINCE JAN 1      5.37                      6.80  -1.43     9.57

SNOWFALL (IN)
  TODAY            0.0           0.0    MM   0.0    0.0      0.0
  MONTH TO DATE    0.0                       0.0    0.0      0.0
  SINCE MAR 1      0.0                       0.0    0.0      0.0
  SINCE JUL 1      0.0                       0.0    0.0      0.0
  SNOW DEPTH       0

DEGREE DAYS
 HEATING
  TODAY            0                         6     -6        3
  MONTH TO DATE    1                        12    -11       11
  SINCE MAR 1      1                        12    -11       11
  SINCE JUL 1   1152                      1046    106      921

 COOLING
  TODAY            5                         1      4        0
  MONTH TO DATE    5                         2      3        0
  SINCE MAR 1      5                         2      3        0
  SINCE JAN 1     20                        34    -14       37
..................................................................


WIND (MPH)
  HIGHEST WIND SPEED    10   HIGHEST WIND DIRECTION     S (160)
  HIGHEST GUST SPEED    14   HIGHEST GUST DIRECTION    SE (150)
  AVERAGE WIND SPEED     3.5


SKY COVER
  POSSIBLE SUNSHINE  MM
  AVERAGE SKY COVER 0.7


WEATHER CONDITIONS
 THE FOLLOWING WEATHER WAS RECORDED TODAY.
  FOG
  FOG W/VISIBILITY <= 1/4 MILE


RELATIVE HUMIDITY (PERCENT)
 HIGHEST   100          1200 AM
 LOWEST     51           400 PM
 AVERAGE    76

..........................................................


THE GAINESVILLE CLIMATE NORMALS FOR TOMORROW
                         NORMAL    RECORD    YEAR
 MAXIMUM TEMPERATURE (F)   72        89      1951
 MINIMUM TEMPERATURE (F)   48        22      1980


SUNRISE AND SUNSET
MARCH  2 2015.........SUNRISE   654 AM EST   SUNSET   629 PM EST
MARCH  3 2015.........SUNRISE   653 AM EST   SUNSET   630 PM EST


-  INDICATES NEGATIVE NUMBERS.
R  INDICATES RECORD WAS SET OR TIED.
MM INDICATES DATA IS MISSING.
T  INDICATES TRACE AMOUNT.




$$
