000
CDUS42 KJAX 260534
CLIGNV


CLIMATE REPORT
NATIONAL WEATHER SERVICE JACKSONVILLE FL
1232 AM EST SUN FEB 26 2017


...................................

...THE GAINESVILLE CLIMATE SUMMARY FOR FEBRUARY 25 2017...

CLIMATE NORMAL PERIOD 1981 TO 2010
CLIMATE RECORD PERIOD 1890 TO 2017


WEATHER ITEM   OBSERVED TIME   RECORD YEAR NORMAL DEPARTURE LAST
                VALUE   (LST)  VALUE       VALUE  FROM      YEAR
                                                  NORMAL
..................................................................
TEMPERATURE (F)
 YESTERDAY
  MAXIMUM         82    256 PM  85    1962  71     11       63
                                      1922
  MINIMUM         59    348 AM  23    1989  47     12       44
  AVERAGE         71                        59     12       54

PRECIPITATION (IN)
  YESTERDAY        0.00          1.82 1960   0.12  -0.12     0.00
  MONTH TO DATE    0.39                      2.84  -2.45     4.12
  SINCE DEC 1      4.53                      8.63  -4.10     8.82
  SINCE JAN 1      1.84                      6.15  -4.31     6.85

SNOWFALL (IN)
  YESTERDAY        0.0           0.0    MM   0.0    0.0      0.0
  MONTH TO DATE    0.0                       0.0    0.0      0.0
  SINCE DEC 1      0.0                       0.0    0.0      0.0
  SINCE JUL 1      0.0                       0.0    0.0      0.0
  SNOW DEPTH       0

DEGREE DAYS
 HEATING
  YESTERDAY        0                         7     -7       11
  MONTH TO DATE   78                       212   -134      216
  SINCE DEC 1    391                       853   -462      674
  SINCE JUL 1    497                      1014   -517      713

 COOLING
  YESTERDAY        6                         1      5        0
  MONTH TO DATE   33                        21     12       23
  SINCE DEC 1    155                        55    100      171
  SINCE JAN 1     79                        33     46       25
..................................................................


WIND (MPH)
  HIGHEST WIND SPEED    17   HIGHEST WIND DIRECTION     W (260)
  HIGHEST GUST SPEED    23   HIGHEST GUST DIRECTION     W (250)
  AVERAGE WIND SPEED     7.9


SKY COVER
  POSSIBLE SUNSHINE  MM
  AVERAGE SKY COVER 0.4


WEATHER CONDITIONS
 THE FOLLOWING WEATHER WAS RECORDED YESTERDAY.
  FOG


RELATIVE HUMIDITY (PERCENT)
 HIGHEST   100           100 AM
 LOWEST     43           300 PM
 AVERAGE    72

..........................................................


THE GAINESVILLE CLIMATE NORMALS FOR TODAY
                         NORMAL    RECORD    YEAR
 MAXIMUM TEMPERATURE (F)   72        88      1971
                                             1929
 MINIMUM TEMPERATURE (F)   47        19      1967


SUNRISE AND SUNSET
FEBRUARY 26 2017......SUNRISE   658 AM EST   SUNSET   626 PM EST
FEBRUARY 27 2017......SUNRISE   657 AM EST   SUNSET   627 PM EST


-  INDICATES NEGATIVE NUMBERS.
R  INDICATES RECORD WAS SET OR TIED.
MM INDICATES DATA IS MISSING.
T  INDICATES TRACE AMOUNT.




$$
