000
CDUS42 KJAX 250537
CLIGNV


CLIMATE REPORT
NATIONAL WEATHER SERVICE JACKSONVILLE FL
136 AM EDT MON MAY 25 2015


...................................

...THE GAINESVILLE CLIMATE SUMMARY FOR MAY 24 2015...

CLIMATE NORMAL PERIOD 1981 TO 2010
CLIMATE RECORD PERIOD 1890 TO 2015


WEATHER ITEM   OBSERVED TIME   RECORD YEAR NORMAL DEPARTURE LAST
                VALUE   (LST)  VALUE       VALUE  FROM      YEAR
                                                  NORMAL
..................................................................
TEMPERATURE (F)
 YESTERDAY
  MAXIMUM         87    355 PM  98    1893  88     -1       93
  MINIMUM         68    525 AM  50    2001  65      3       70
  AVERAGE         78                        76      2       82

PRECIPITATION (IN)
  YESTERDAY        0.00          1.90 1984   0.10  -0.10     0.00
  MONTH TO DATE    2.53                      1.69   0.84     2.37
  SINCE MAR 1      6.92                      8.69  -1.77    10.50
  SINCE JAN 1     12.18                     15.20  -3.02    20.07

SNOWFALL (IN)
  YESTERDAY        0.0           0.0    MM   0.0    0.0      0.0
  MONTH TO DATE    0.0                       0.0    0.0      0.0
  SINCE MAR 1      0.0                       0.0    0.0      0.0
  SINCE JUL 1      0.0                       0.0    0.0      0.0
  SNOW DEPTH       0

DEGREE DAYS
 HEATING
  YESTERDAY        0                         0      0        0
  MONTH TO DATE    2                         0      2        5
  SINCE MAR 1     62                       180   -118      188
  SINCE JUL 1   1213                      1214     -1     1098

 COOLING
  YESTERDAY       13                        12      1       17
  MONTH TO DATE  239                       217     22      210
  SINCE MAR 1    624                       392    232      376
  SINCE JAN 1    639                       424    215      413
..................................................................


WIND (MPH)
  HIGHEST WIND SPEED    18   HIGHEST WIND DIRECTION    NE (60)
  HIGHEST GUST SPEED    25   HIGHEST GUST DIRECTION     E (70)
  AVERAGE WIND SPEED     9.3


SKY COVER
  POSSIBLE SUNSHINE  MM
  AVERAGE SKY COVER 0.5


WEATHER CONDITIONS
 THE FOLLOWING WEATHER WAS RECORDED YESTERDAY.
  NO SIGNIFICANT WEATHER WAS OBSERVED.


RELATIVE HUMIDITY (PERCENT)
 HIGHEST    93           200 AM
 LOWEST     50           200 PM
 AVERAGE    72

..........................................................


THE GAINESVILLE CLIMATE NORMALS FOR TODAY
                         NORMAL    RECORD    YEAR
 MAXIMUM TEMPERATURE (F)   89        98      2011
                                             1956
                                             1953
 MINIMUM TEMPERATURE (F)   65        52      1931


SUNRISE AND SUNSET
MAY 25 2015...........SUNRISE   631 AM EDT   SUNSET   821 PM EDT
MAY 26 2015...........SUNRISE   631 AM EDT   SUNSET   821 PM EDT


-  INDICATES NEGATIVE NUMBERS.
R  INDICATES RECORD WAS SET OR TIED.
MM INDICATES DATA IS MISSING.
T  INDICATES TRACE AMOUNT.




$$
