000
CDUS42 KJAX 290530
CLIGNV


CLIMATE REPORT
NATIONAL WEATHER SERVICE JACKSONVILLE FL
130 AM EDT MON AUG 29 2016


...................................

...THE GAINESVILLE CLIMATE SUMMARY FOR AUGUST 28 2016...

CLIMATE NORMAL PERIOD 1981 TO 2010
CLIMATE RECORD PERIOD 1890 TO 2016


WEATHER ITEM   OBSERVED TIME   RECORD YEAR NORMAL DEPARTURE LAST
                VALUE   (LST)  VALUE       VALUE  FROM      YEAR
                                                  NORMAL
..................................................................
TEMPERATURE (F)
 YESTERDAY
  MAXIMUM         94    320 PM  98    2011  90      4       91
                                      1954
  MINIMUM         76    545 AM  63    2014  71      5       72
                                      1891
  AVERAGE         85                        80      5       82

PRECIPITATION (IN)
  YESTERDAY        0.05          3.53 1949   0.21  -0.16      T
  MONTH TO DATE    2.87                      5.79  -2.92     9.47
  SINCE JUN 1     14.35                     18.98  -4.63    21.17
  SINCE JAN 1     29.29                     34.97  -5.68    33.36

SNOWFALL (IN)
  YESTERDAY        0.0           0.0    MM   0.0    0.0      0.0
  MONTH TO DATE    0.0                       0.0    0.0      0.0
  SINCE JUN 1      0.0                       0.0    0.0      0.0
  SINCE JUL 1      0.0                       0.0    0.0      0.0
  SNOW DEPTH       0

DEGREE DAYS
 HEATING
  YESTERDAY        0                         0      0        0
  MONTH TO DATE    0                         0      0        0
  SINCE JUN 1      0                         0      0        0
  SINCE JUL 1      0                         0      0        0

 COOLING
  YESTERDAY       20                        15      5       17
  MONTH TO DATE  506                       446     60      465
  SINCE JUN 1   1590                      1387    203     1494
  SINCE JAN 1   2195                      1897    298     2230
..................................................................


WIND (MPH)
  HIGHEST WIND SPEED    24   HIGHEST WIND DIRECTION     E (70)
  HIGHEST GUST SPEED    28   HIGHEST GUST DIRECTION     E (70)
  AVERAGE WIND SPEED     8.6


SKY COVER
  POSSIBLE SUNSHINE  MM
  AVERAGE SKY COVER 0.2


WEATHER CONDITIONS
 THE FOLLOWING WEATHER WAS RECORDED YESTERDAY.
  THUNDERSTORM
  HEAVY RAIN


RELATIVE HUMIDITY (PERCENT)
 HIGHEST   100           500 AM
 LOWEST     44           400 PM
 AVERAGE    72

..........................................................


THE GAINESVILLE CLIMATE NORMALS FOR TODAY
                         NORMAL    RECORD    YEAR
 MAXIMUM TEMPERATURE (F)   90        99      1954
 MINIMUM TEMPERATURE (F)   71        62      1984


SUNRISE AND SUNSET
AUGUST 29 2016........SUNRISE   705 AM EDT   SUNSET   754 PM EDT
AUGUST 30 2016........SUNRISE   706 AM EDT   SUNSET   753 PM EDT


-  INDICATES NEGATIVE NUMBERS.
R  INDICATES RECORD WAS SET OR TIED.
MM INDICATES DATA IS MISSING.
T  INDICATES TRACE AMOUNT.




$$
