000
CDUS45 KMSO 280740
CLIGPI


CLIMATE REPORT
NATIONAL WEATHER SERVICE MISSOULA, MT
138 AM MDT SAT MAR 28 2015


...................................

...THE KALISPELL MT CLIMATE SUMMARY FOR MARCH 27 2015...

CLIMATE NORMAL PERIOD 1981 TO 2010
CLIMATE RECORD PERIOD 1894 TO 2015


WEATHER ITEM   OBSERVED TIME   RECORD YEAR NORMAL DEPARTURE LAST
                VALUE   (LST)  VALUE       VALUE  FROM      YEAR
                                                  NORMAL
..................................................................
TEMPERATURE (F)
 YESTERDAY
  MAXIMUM         67    540 PM  72    1986  50     17       38
  MINIMUM         29    447 AM   1    1944  28      1       28
  AVERAGE         48                        39      9       33

PRECIPITATION (IN)
  YESTERDAY        0.00          1.00 1936   0.04  -0.04     0.13
  MONTH TO DATE    1.57                      0.95   0.62     2.30
  SINCE OCT 1     11.18                      7.25   3.93     9.19
  SINCE JAN 1      5.10                      3.25   1.85     4.74

SNOWFALL (IN)
  YESTERDAY        0.0
  MONTH TO DATE    T
  SINCE JAN 1     32.9
  SINCE JUL 1     59.4
  SNOW DEPTH       0

DEGREE DAYS
 HEATING
  YESTERDAY       17                        26     -9       32
  MONTH TO DATE  720                       818    -98      858
  SINCE MAR 1    720                       818    -98      858
  SINCE JUL 1   6170                      6670   -500     6792

 COOLING
  YESTERDAY        0                         0      0        0
  MONTH TO DATE    0                         0      0        0
  SINCE MAR 1      0                         0      0        0
  SINCE JAN 1      0                         0      0        0
..................................................................


WIND (MPH)
  HIGHEST WIND SPEED    16   HIGHEST WIND DIRECTION     S (170)
  HIGHEST GUST SPEED    20   HIGHEST GUST DIRECTION     S (170)
  AVERAGE WIND SPEED     3.8


SKY COVER
  POSSIBLE SUNSHINE  MM
  AVERAGE SKY COVER 0.4


WEATHER CONDITIONS
 THE FOLLOWING WEATHER WAS RECORDED YESTERDAY.
  FOG
  FOG W/VISIBILITY <= 1/4 MILE


RELATIVE HUMIDITY (PERCENT)
 HIGHEST   100          1200 AM
 LOWEST     40           500 PM
 AVERAGE    70

..........................................................


THE KALISPELL MT CLIMATE NORMALS FOR TODAY
                         NORMAL    RECORD    YEAR
 MAXIMUM TEMPERATURE (F)   50        65      1986
 MINIMUM TEMPERATURE (F)   29         1      1954


SUNRISE AND SUNSET
MARCH 28 2015.........SUNRISE   724 AM MDT   SUNSET   801 PM MDT
MARCH 29 2015.........SUNRISE   722 AM MDT   SUNSET   803 PM MDT


-  INDICATES NEGATIVE NUMBERS.
R  INDICATES RECORD WAS SET OR TIED.
MM INDICATES DATA IS MISSING.
T  INDICATES TRACE AMOUNT.




$$
