000
CDUS45 KMSO 290742
CLIGPI


CLIMATE REPORT
NATIONAL WEATHER SERVICE MISSOULA, MT
142 AM MDT TUE JUL 29 2014


...................................

...THE KALISPELL MT CLIMATE SUMMARY FOR JULY 28 2014...

CLIMATE NORMAL PERIOD 1981 TO 2010
CLIMATE RECORD PERIOD 1894 TO 2014


WEATHER ITEM   OBSERVED TIME   RECORD YEAR NORMAL DEPARTURE LAST
                VALUE   (LST)  VALUE       VALUE  FROM      YEAR
                                                  NORMAL
..................................................................
TEMPERATURE (F)
 YESTERDAY
  MAXIMUM         93    643 PM 101    1934  84      9       85
  MINIMUM         51    524 AM  36    1957  49      2       43
  AVERAGE         72                        67      5       64

PRECIPITATION (IN)
  YESTERDAY        0.00          0.81 1948   0.03  -0.03      T
  MONTH TO DATE    0.39                      1.36  -0.97     0.31
  SINCE OCT 1     17.33                     14.53   2.80    14.70
  SINCE JAN 1     12.88                     10.53   2.35     9.32

SNOWFALL (IN)
  YESTERDAY        0.0
  MONTH TO DATE    0.0
  SINCE JAN 1     38.2
  SINCE JUL 1      0.0
  SNOW DEPTH       0

DEGREE DAYS
 HEATING
  YESTERDAY        0                         1     -1        1
  MONTH TO DATE   14                        74    -60       19
  SINCE JUN 1    267                       290    -23      205
  SINCE JUL 1     14                        74    -60       19

 COOLING
  YESTERDAY        7                         3      4        0
  MONTH TO DATE  106                        58     48      111
  SINCE JUN 1    106                        71     35      130
  SINCE JAN 1    106                        74     32      130
..................................................................


WIND (MPH)
  HIGHEST WIND SPEED    17   HIGHEST WIND DIRECTION    NE (40)
  HIGHEST GUST SPEED    21   HIGHEST GUST DIRECTION    NE (40)
  AVERAGE WIND SPEED     5.1


SKY COVER
  POSSIBLE SUNSHINE  MM
  AVERAGE SKY COVER 0.0


WEATHER CONDITIONS
 THE FOLLOWING WEATHER WAS RECORDED YESTERDAY.
  NO SIGNIFICANT WEATHER WAS OBSERVED.


RELATIVE HUMIDITY (PERCENT)
 HIGHEST    83           100 AM
 LOWEST     16           600 PM
 AVERAGE    50

..........................................................


THE KALISPELL MT CLIMATE NORMALS FOR TODAY
                         NORMAL    RECORD    YEAR
 MAXIMUM TEMPERATURE (F)   84        98      1934
 MINIMUM TEMPERATURE (F)   49        33      1959


SUNRISE AND SUNSET
JULY 29 2014..........SUNRISE   609 AM MDT   SUNSET   918 PM MDT
JULY 30 2014..........SUNRISE   610 AM MDT   SUNSET   916 PM MDT


-  INDICATES NEGATIVE NUMBERS.
R  INDICATES RECORD WAS SET OR TIED.
MM INDICATES DATA IS MISSING.
T  INDICATES TRACE AMOUNT.




$$
