134
CDUS45 KMSO 240738
CLIGPI


CLIMATE REPORT
NATIONAL WEATHER SERVICE MISSOULA, MT
1237 AM MST FRI NOV 24 2017


...................................

...THE KALISPELL MT CLIMATE SUMMARY FOR NOVEMBER 23 2017...

CLIMATE NORMAL PERIOD 1981 TO 2010
CLIMATE RECORD PERIOD 1894 TO 2017


WEATHER ITEM   OBSERVED TIME   RECORD YEAR NORMAL DEPARTURE LAST
                VALUE   (LST)  VALUE       VALUE  FROM      YEAR
                                                  NORMAL
..................................................................
TEMPERATURE (F)
 YESTERDAY
  MAXIMUM         58R   227 PM  57    1919  36     22       40
  MINIMUM         40   1143 PM -15    1985  22     18       24
  AVERAGE         49                        29     20       32

PRECIPITATION (IN)
  YESTERDAY        0.21          0.44 1948   0.05   0.16     0.01
  MONTH TO DATE    1.42                      1.09   0.33     0.58
  SINCE OCT 1      2.65                      2.10   0.55     5.44
  SINCE JAN 1     14.50                     15.09  -0.59    18.53

SNOWFALL (IN)
  YESTERDAY        0.0
  MONTH TO DATE    8.3
  SINCE JAN 1     62.8
  SINCE JUL 1      8.3
  SNOW DEPTH       0

DEGREE DAYS
 HEATING
  YESTERDAY       16                        36    -20       33
  MONTH TO DATE  745                       736      9      577
  SINCE SEP 1   1771                      1774     -3     1586
  SINCE JUL 1   1820                      1944   -124     1733

 COOLING
  YESTERDAY        0                         0      0        0
  MONTH TO DATE    0                         0      0        0
  SINCE SEP 1      4                         4      0        1
  SINCE JAN 1    228                       147     81      157
..................................................................


WIND (MPH)
  HIGHEST WIND SPEED    23   HIGHEST WIND DIRECTION     S (200)
  HIGHEST GUST SPEED    33   HIGHEST GUST DIRECTION     S (200)
  AVERAGE WIND SPEED    10.5


SKY COVER
  POSSIBLE SUNSHINE  MM
  AVERAGE SKY COVER 0.9


WEATHER CONDITIONS
 THE FOLLOWING WEATHER WAS RECORDED YESTERDAY.
  LIGHT RAIN
  FOG


RELATIVE HUMIDITY (PERCENT)
 HIGHEST   100          1200 AM
 LOWEST     71           600 AM
 AVERAGE    86

..........................................................


THE KALISPELL MT CLIMATE NORMALS FOR TODAY
                         NORMAL    RECORD    YEAR
 MAXIMUM TEMPERATURE (F)   36        56      1933
 MINIMUM TEMPERATURE (F)   22       -14      1993


SUNRISE AND SUNSET
NOVEMBER 24 2017......SUNRISE   758 AM MST   SUNSET   449 PM MST
NOVEMBER 25 2017......SUNRISE   759 AM MST   SUNSET   449 PM MST


-  INDICATES NEGATIVE NUMBERS.
R  INDICATES RECORD WAS SET OR TIED.
MM INDICATES DATA IS MISSING.
T  INDICATES TRACE AMOUNT.




$$
