000
CDUS45 KMSO 030739
CLIGPI


CLIMATE REPORT
NATIONAL WEATHER SERVICE MISSOULA, MT
139 AM MDT THU SEP 3 2015


...................................

...THE KALISPELL MT CLIMATE SUMMARY FOR SEPTEMBER 2 2015...

CLIMATE NORMAL PERIOD 1981 TO 2010
CLIMATE RECORD PERIOD 1894 TO 2015


WEATHER ITEM   OBSERVED TIME   RECORD YEAR NORMAL DEPARTURE LAST
                VALUE   (LST)  VALUE       VALUE  FROM      YEAR
                                                  NORMAL
..................................................................
TEMPERATURE (F)
 YESTERDAY
  MAXIMUM         71   1054 AM  96    1998  76     -5       75
  MINIMUM         50    307 AM  29    1959  43      7       41
  AVERAGE         61                        59      2       58

PRECIPITATION (IN)
  YESTERDAY        0.00          0.48 1980   0.05  -0.05      T
  MONTH TO DATE    0.00                      0.09  -0.09     0.01
  SINCE OCT 1     12.93                     15.70  -2.77    18.80
  SINCE JAN 1      6.85                     11.70  -4.85    14.35

SNOWFALL (IN)
  YESTERDAY        0.0
  MONTH TO DATE    0.0
  SINCE JAN 1     32.9
  SINCE JUL 1      0.0
  SNOW DEPTH       0

DEGREE DAYS
 HEATING
  YESTERDAY        4                         6     -2        7
  MONTH TO DATE    7                        12     -5       12
  SINCE SEP 1      7                        12     -5       12
  SINCE JUL 1    140                       182    -42       89

 COOLING
  YESTERDAY        0                         0      0        0
  MONTH TO DATE    0                         1     -1        0
  SINCE SEP 1      0                         1     -1        0
  SINCE JAN 1    246                       144    102      215
..................................................................


WIND (MPH)
  HIGHEST WIND SPEED    24   HIGHEST WIND DIRECTION    SW (220)
  HIGHEST GUST SPEED    30   HIGHEST GUST DIRECTION    SW (230)
  AVERAGE WIND SPEED     6.9


SKY COVER
  POSSIBLE SUNSHINE  MM
  AVERAGE SKY COVER 0.8


WEATHER CONDITIONS
 THE FOLLOWING WEATHER WAS RECORDED YESTERDAY.
  NO SIGNIFICANT WEATHER WAS OBSERVED.


RELATIVE HUMIDITY (PERCENT)
 HIGHEST    68           700 AM
 LOWEST     31          1000 AM
 AVERAGE    50

..........................................................


THE KALISPELL MT CLIMATE NORMALS FOR TODAY
                         NORMAL    RECORD    YEAR
 MAXIMUM TEMPERATURE (F)   75        97      1988
 MINIMUM TEMPERATURE (F)   42        31      1974


SUNRISE AND SUNSET
SEPTEMBER  3 2015.....SUNRISE   657 AM MDT   SUNSET   815 PM MDT
SEPTEMBER  4 2015.....SUNRISE   659 AM MDT   SUNSET   813 PM MDT


-  INDICATES NEGATIVE NUMBERS.
R  INDICATES RECORD WAS SET OR TIED.
MM INDICATES DATA IS MISSING.
T  INDICATES TRACE AMOUNT.




$$
