000
CDUS45 KMSO 222236
CLIGPI


CLIMATE REPORT
NATIONAL WEATHER SERVICE MISSOULA, MT
435 PM MDT WED MAR 22 2017


...................................

...THE KALISPELL MT CLIMATE SUMMARY FOR MARCH 22 2017...
VALID TODAY AS OF 0400 PM LOCAL TIME.

CLIMATE NORMAL PERIOD 1981 TO 2010
CLIMATE RECORD PERIOD 1894 TO 2017


WEATHER ITEM   OBSERVED TIME   RECORD YEAR NORMAL DEPARTURE LAST
                VALUE   (LST)  VALUE       VALUE  FROM      YEAR
                                                  NORMAL
..................................................................
TEMPERATURE (F)
 TODAY
  MAXIMUM         53    253 PM  66    1972  48      5       42
  MINIMUM         31    642 AM   4    2002  27      4       28
                                      1965
  AVERAGE         42                        38      4       35

PRECIPITATION (IN)
  TODAY            0.06          0.50 1910   0.04   0.02     0.05
  MONTH TO DATE    2.01                      0.77   1.24     1.08
  SINCE OCT 1     12.99                      7.07   5.92     7.43
  SINCE JAN 1      5.76                      3.07   2.69     3.38

SNOWFALL (IN)
  TODAY            0.0
  MONTH TO DATE   10.0
  SINCE JAN 1     53.0
  SINCE JUL 1     88.3
  SNOW DEPTH       0

DEGREE DAYS
 HEATING
  TODAY           23                        27     -4       30
  MONTH TO DATE  663                       686    -23      605
  SINCE MAR 1    663                       686    -23      605
  SINCE JUL 1   6863                      6538    325     5907

 COOLING
  TODAY            0                         0      0        0
  MONTH TO DATE    0                         0      0        0
  SINCE MAR 1      0                         0      0        0
  SINCE JAN 1      0                         0      0        0
..................................................................


WIND (MPH)
  HIGHEST WIND SPEED    18   HIGHEST WIND DIRECTION    SE (150)
  HIGHEST GUST SPEED    23   HIGHEST GUST DIRECTION    SE (140)
  AVERAGE WIND SPEED     7.5


SKY COVER
  POSSIBLE SUNSHINE  MM
  AVERAGE SKY COVER 0.9


WEATHER CONDITIONS
 THE FOLLOWING WEATHER WAS RECORDED TODAY.
  RAIN
  LIGHT RAIN
  FOG
  FOG W/VISIBILITY <= 1/4 MILE


RELATIVE HUMIDITY (PERCENT)
 HIGHEST   100           500 AM
 LOWEST     63           200 PM
 AVERAGE    82

..........................................................


THE KALISPELL MT CLIMATE NORMALS FOR TOMORROW
                         NORMAL    RECORD    YEAR
 MAXIMUM TEMPERATURE (F)   48        63      1940
 MINIMUM TEMPERATURE (F)   27        -3      1964


SUNRISE AND SUNSET
MARCH 22 2017.........SUNRISE   735 AM MDT   SUNSET   753 PM MDT
MARCH 23 2017.........SUNRISE   733 AM MDT   SUNSET   755 PM MDT


-  INDICATES NEGATIVE NUMBERS.
R  INDICATES RECORD WAS SET OR TIED.
MM INDICATES DATA IS MISSING.
T  INDICATES TRACE AMOUNT.




$$
