000
CDUS45 KMSO 062331
CLIGPI


CLIMATE REPORT
NATIONAL WEATHER SERVICE MISSOULA, MT
431 PM MST SAT FEB 6 2016


...................................

...THE KALISPELL MT CLIMATE SUMMARY FOR FEBRUARY 6 2016...
VALID TODAY AS OF 0400 PM LOCAL TIME.

CLIMATE NORMAL PERIOD 1981 TO 2010
CLIMATE RECORD PERIOD 1894 TO 2016


WEATHER ITEM   OBSERVED TIME   RECORD YEAR NORMAL DEPARTURE LAST
                VALUE   (LST)  VALUE       VALUE  FROM      YEAR
                                                  NORMAL
..................................................................
TEMPERATURE (F)
 TODAY
  MAXIMUM         43    401 AM  49    1944  34      9       46
  MINIMUM         31   1239 AM -23    2014  18     13       33
  AVERAGE         37                        26     11       40

PRECIPITATION (IN)
  TODAY            0.01          0.52 1980   0.04  -0.03      T
  MONTH TO DATE    0.19                      0.21  -0.02     0.29
  SINCE OCT 1      5.72                      5.54   0.18     8.78
  SINCE JAN 1      1.67                      1.54   0.13     2.70

SNOWFALL (IN)
  TODAY            0.0
  MONTH TO DATE    2.5
  SINCE JAN 1     14.1
  SINCE JUL 1     40.9
  SNOW DEPTH       6

DEGREE DAYS
 HEATING
  TODAY           28                        39    -11       25
  MONTH TO DATE  231                       234     -3      197
  SINCE DEC 1   2610                      2821   -211     2728
  SINCE JUL 1   4629                      5025   -396     4726

 COOLING
  TODAY            0                         0      0        0
  MONTH TO DATE    0                         0      0        0
  SINCE DEC 1      0                         0      0        0
  SINCE JAN 1      0                         0      0        0
..................................................................


WIND (MPH)
  HIGHEST WIND SPEED    30   HIGHEST WIND DIRECTION    SW (220)
  HIGHEST GUST SPEED    38   HIGHEST GUST DIRECTION    SW (220)
  AVERAGE WIND SPEED    14.6


SKY COVER
  POSSIBLE SUNSHINE  MM
  AVERAGE SKY COVER 0.6


WEATHER CONDITIONS
 THE FOLLOWING WEATHER WAS RECORDED TODAY.
  LIGHT RAIN


RELATIVE HUMIDITY (PERCENT)
 HIGHEST    85          1200 AM
 LOWEST     37           400 PM
 AVERAGE    61

..........................................................


THE KALISPELL MT CLIMATE NORMALS FOR TOMORROW
                         NORMAL    RECORD    YEAR
 MAXIMUM TEMPERATURE (F)   34        52      1963
 MINIMUM TEMPERATURE (F)   18       -27      1936


SUNRISE AND SUNSET
FEBRUARY  6 2016......SUNRISE   759 AM MST   SUNSET   544 PM MST
FEBRUARY  7 2016......SUNRISE   758 AM MST   SUNSET   545 PM MST


-  INDICATES NEGATIVE NUMBERS.
R  INDICATES RECORD WAS SET OR TIED.
MM INDICATES DATA IS MISSING.
T  INDICATES TRACE AMOUNT.




$$
