000
CDUS45 KMSO 120737
CLIGPI


CLIMATE REPORT
NATIONAL WEATHER SERVICE MISSOULA, MT
137 AM MDT SAT JUL 12 2014


...................................

...THE KALISPELL MT CLIMATE SUMMARY FOR JULY 11 2014...

CLIMATE NORMAL PERIOD 1981 TO 2010
CLIMATE RECORD PERIOD 1894 TO 2014


WEATHER ITEM   OBSERVED TIME   RECORD YEAR NORMAL DEPARTURE LAST
                VALUE   (LST)  VALUE       VALUE  FROM      YEAR
                                                  NORMAL
..................................................................
TEMPERATURE (F)
 YESTERDAY
  MAXIMUM         86    640 PM  95    1898  80      6       83
  MINIMUM         51   1201 AM  38    1994  48      3       54
  AVERAGE         69                        64      5       69

PRECIPITATION (IN)
  YESTERDAY        0.00          0.55 1942   0.06  -0.06      T
  MONTH TO DATE    0.10                      0.68  -0.58     0.30
  SINCE OCT 1     17.04                     13.85   3.19    14.69
  SINCE JAN 1     12.59                      9.85   2.74     9.31

SNOWFALL (IN)
  YESTERDAY        0.0
  MONTH TO DATE    0.0
  SINCE JAN 1     38.2
  SINCE JUL 1      0.0
  SNOW DEPTH       0

DEGREE DAYS
 HEATING
  YESTERDAY        0                         3     -3        0
  MONTH TO DATE    0                        40    -40        7
  SINCE JUN 1    253                       256     -3      193
  SINCE JUL 1      0                        40    -40        7

 COOLING
  YESTERDAY        4                         2      2        4
  MONTH TO DATE   42                        14     28       46
  SINCE JUN 1     42                        27     15       65
  SINCE JAN 1     42                        30     12       65
..................................................................


WIND (MPH)
  HIGHEST WIND SPEED    24   HIGHEST WIND DIRECTION    NE (30)
  HIGHEST GUST SPEED    33   HIGHEST GUST DIRECTION    NE (30)
  AVERAGE WIND SPEED     6.0


SKY COVER
  POSSIBLE SUNSHINE  MM
  AVERAGE SKY COVER 0.0


WEATHER CONDITIONS
 THE FOLLOWING WEATHER WAS RECORDED YESTERDAY.
  NO SIGNIFICANT WEATHER WAS OBSERVED.


RELATIVE HUMIDITY (PERCENT)
 HIGHEST    83          1200 AM
 LOWEST     27           400 PM
 AVERAGE    55

..........................................................


THE KALISPELL MT CLIMATE NORMALS FOR TODAY
                         NORMAL    RECORD    YEAR
 MAXIMUM TEMPERATURE (F)   81       100      1940
 MINIMUM TEMPERATURE (F)   48        37      2008
                                             2004
                                             1973


SUNRISE AND SUNSET
JULY 12 2014..........SUNRISE   549 AM MDT   SUNSET   936 PM MDT
JULY 13 2014..........SUNRISE   550 AM MDT   SUNSET   935 PM MDT


-  INDICATES NEGATIVE NUMBERS.
R  INDICATES RECORD WAS SET OR TIED.
MM INDICATES DATA IS MISSING.
T  INDICATES TRACE AMOUNT.




$$
