000
CDUS45 KMSO 202332
CLIGPI


CLIMATE REPORT
NATIONAL WEATHER SERVICE MISSOULA, MT
431 PM MST TUE FEB 20 2018


...................................

...THE KALISPELL MT CLIMATE SUMMARY FOR FEBRUARY 20 2018...
VALID TODAY AS OF 0400 PM LOCAL TIME.

CLIMATE NORMAL PERIOD 1981 TO 2010
CLIMATE RECORD PERIOD 1894 TO 2018


WEATHER ITEM   OBSERVED TIME   RECORD YEAR NORMAL DEPARTURE LAST
                VALUE   (LST)  VALUE       VALUE  FROM      YEAR
                                                  NORMAL
..................................................................
TEMPERATURE (F)
 TODAY
  MAXIMUM         15    301 PM  57    1995  37    -22       41
  MINIMUM        -16R   134 AM -13    1936  18    -34       28
  AVERAGE          0                        28    -28       35

PRECIPITATION (IN)
  TODAY            T             0.70 1921   0.03  -0.03     0.11
  MONTH TO DATE    1.37                      0.68   0.69     2.15
  SINCE OCT 1      7.94                      6.01   1.93    10.35
  SINCE JAN 1      2.79                      2.01   0.78     3.12

SNOWFALL (IN)
  TODAY            T
  MONTH TO DATE   20.2
  SINCE JAN 1     30.7
  SINCE JUL 1     72.7
  SNOW DEPTH      17

DEGREE DAYS
 HEATING
  TODAY           65                        37     28       30
  MONTH TO DATE  891                       770    121      850
  SINCE DEC 1   3270                      3357    -87     3920
  SINCE JUL 1   5283                      5561   -278     5879

 COOLING
  TODAY            0                         0      0        0
  MONTH TO DATE    0                         0      0        0
  SINCE DEC 1      0                         0      0        0
  SINCE JAN 1      0                         0      0        0
..................................................................


WIND (MPH)
  HIGHEST WIND SPEED     8   HIGHEST WIND DIRECTION     S (160)
  HIGHEST GUST SPEED    10   HIGHEST GUST DIRECTION    SE (150)
  AVERAGE WIND SPEED     1.4


SKY COVER
  POSSIBLE SUNSHINE  MM
  AVERAGE SKY COVER 0.8


WEATHER CONDITIONS
 THE FOLLOWING WEATHER WAS RECORDED TODAY.
  LIGHT SNOW
  FOG
  HAZE


RELATIVE HUMIDITY (PERCENT)
 HIGHEST    86           400 AM
 LOWEST     61           300 PM
 AVERAGE    74

..........................................................


THE KALISPELL MT CLIMATE NORMALS FOR TOMORROW
                         NORMAL    RECORD    YEAR
 MAXIMUM TEMPERATURE (F)   37        56      1995
 MINIMUM TEMPERATURE (F)   19       -13      1910


SUNRISE AND SUNSET
FEBRUARY 20 2018......SUNRISE   735 AM MST   SUNSET   607 PM MST
FEBRUARY 21 2018......SUNRISE   733 AM MST   SUNSET   609 PM MST


-  INDICATES NEGATIVE NUMBERS.
R  INDICATES RECORD WAS SET OR TIED.
MM INDICATES DATA IS MISSING.
T  INDICATES TRACE AMOUNT.




$$
