000
CDUS45 KMSO 172232
CLIGPI


CLIMATE REPORT
NATIONAL WEATHER SERVICE MISSOULA, MT
431 PM MDT THU AUG 17 2017


...................................

...THE KALISPELL MT CLIMATE SUMMARY FOR AUGUST 17 2017...
VALID TODAY AS OF 0400 PM LOCAL TIME.

CLIMATE NORMAL PERIOD 1981 TO 2010
CLIMATE RECORD PERIOD 1894 TO 2017


WEATHER ITEM   OBSERVED TIME   RECORD YEAR NORMAL DEPARTURE LAST
                VALUE   (LST)  VALUE       VALUE  FROM      YEAR
                                                  NORMAL
..................................................................
TEMPERATURE (F)
 TODAY
  MAXIMUM         84    236 PM  99    2008  82      2       90
  MINIMUM         44    423 AM  32    1969  47     -3       50
  AVERAGE         64                        64      0       70

PRECIPITATION (IN)
  TODAY            0.00          1.25 1914   0.03  -0.03     0.00
  MONTH TO DATE    0.08                      0.50  -0.42     1.06
  SINCE OCT 1     18.48                     15.12   3.36    16.25
  SINCE JAN 1     11.25                     11.12   0.13    12.20

SNOWFALL (IN)
  TODAY            0.0
  MONTH TO DATE    0.0
  SINCE JAN 1     54.5
  SINCE JUL 1      0.0
  SNOW DEPTH       0

DEGREE DAYS
 HEATING
  TODAY            1                         3     -2        0
  MONTH TO DATE   18                        38    -20       32
  SINCE JUN 1    182                       331   -149      290
  SINCE JUL 1     24                       115    -91      111

 COOLING
  TODAY            0                         2     -2        5
  MONTH TO DATE   57                        45     12       42
  SINCE JUN 1    201                       125     76      143
  SINCE JAN 1    206                       128     78      143
..................................................................


WIND (MPH)
  HIGHEST WIND SPEED    17   HIGHEST WIND DIRECTION    SE (150)
  HIGHEST GUST SPEED    23   HIGHEST GUST DIRECTION    SE (140)
  AVERAGE WIND SPEED     4.7


SKY COVER
  POSSIBLE SUNSHINE  MM
  AVERAGE SKY COVER 0.2


WEATHER CONDITIONS
 THE FOLLOWING WEATHER WAS RECORDED TODAY.
  NO SIGNIFICANT WEATHER WAS OBSERVED.


RELATIVE HUMIDITY (PERCENT)
 HIGHEST    82           400 AM
 LOWEST     26           200 PM
 AVERAGE    54

..........................................................


THE KALISPELL MT CLIMATE NORMALS FOR TOMORROW
                         NORMAL    RECORD    YEAR
 MAXIMUM TEMPERATURE (F)   81        99      2008
 MINIMUM TEMPERATURE (F)   46        33      1998


SUNRISE AND SUNSET
AUGUST 17 2017........SUNRISE   634 AM MDT   SUNSET   847 PM MDT
AUGUST 18 2017........SUNRISE   636 AM MDT   SUNSET   845 PM MDT


-  INDICATES NEGATIVE NUMBERS.
R  INDICATES RECORD WAS SET OR TIED.
MM INDICATES DATA IS MISSING.
T  INDICATES TRACE AMOUNT.




$$
