000
CDUS45 KMSO 230838
CLIGPI


CLIMATE REPORT
NATIONAL WEATHER SERVICE MISSOULA, MT
137 AM MST MON JAN 23 2017


...................................

...THE KALISPELL MT CLIMATE SUMMARY FOR JANUARY 22 2017...

CLIMATE NORMAL PERIOD 1981 TO 2010
CLIMATE RECORD PERIOD 1894 TO 2017


WEATHER ITEM   OBSERVED TIME   RECORD YEAR NORMAL DEPARTURE LAST
                VALUE   (LST)  VALUE       VALUE  FROM      YEAR
                                                  NORMAL
..................................................................
TEMPERATURE (F)
 YESTERDAY
  MAXIMUM         37    208 PM  49    1910  32      5       38
  MINIMUM         18    621 PM -19    1962  17      1       26
  AVERAGE         28                        25      3       32

PRECIPITATION (IN)
  YESTERDAY        T             0.60 1901   0.03  -0.03      T
  MONTH TO DATE    0.83                      1.01  -0.18     0.86
  SINCE OCT 1      8.06                      5.01   3.05     4.91
  SINCE JAN 1      0.83                      1.01  -0.18     0.86

SNOWFALL (IN)
  YESTERDAY        T
  MONTH TO DATE    9.5
  SINCE JAN 1      9.5
  SINCE JUL 1     44.8
  SNOW DEPTH      11

DEGREE DAYS
 HEATING
  YESTERDAY       37                        40     -3       33
  MONTH TO DATE 1184                       919    265      883
  SINCE DEC 1   2665                      2229    436     2075
  SINCE JUL 1   4624                      4433    191     4094

 COOLING
  YESTERDAY        0                         0      0        0
  MONTH TO DATE    0                         0      0        0
  SINCE DEC 1      0                         0      0        0
  SINCE JAN 1      0                         0      0        0
..................................................................


WIND (MPH)
  HIGHEST WIND SPEED     8   HIGHEST WIND DIRECTION    SE (130)
  HIGHEST GUST SPEED     9   HIGHEST GUST DIRECTION    SE (140)
  AVERAGE WIND SPEED     1.3


SKY COVER
  POSSIBLE SUNSHINE  MM
  AVERAGE SKY COVER 0.7


WEATHER CONDITIONS
 THE FOLLOWING WEATHER WAS RECORDED YESTERDAY.
  LIGHT SNOW
  FOG
  FOG W/VISIBILITY <= 1/4 MILE


RELATIVE HUMIDITY (PERCENT)
 HIGHEST   100           800 PM
 LOWEST     72           100 PM
 AVERAGE    86

..........................................................


THE KALISPELL MT CLIMATE NORMALS FOR TODAY
                         NORMAL    RECORD    YEAR
 MAXIMUM TEMPERATURE (F)   32        52      1923
 MINIMUM TEMPERATURE (F)   17       -23      1929


SUNRISE AND SUNSET
JANUARY 23 2017.......SUNRISE   816 AM MST   SUNSET   523 PM MST
JANUARY 24 2017.......SUNRISE   815 AM MST   SUNSET   524 PM MST


-  INDICATES NEGATIVE NUMBERS.
R  INDICATES RECORD WAS SET OR TIED.
MM INDICATES DATA IS MISSING.
T  INDICATES TRACE AMOUNT.




$$
