000
CDUS43 KGRB 300643
CLIGRB


CLIMATE REPORT
NATIONAL WEATHER SERVICE GREEN BAY
1242 AM CST FRI JAN 30 2015


...................................

...THE GREEN BAY WI CLIMATE SUMMARY FOR JANUARY 29 2015...

CLIMATE NORMAL PERIOD 1981 TO 2010
CLIMATE RECORD PERIOD 1886 TO 2015


WEATHER ITEM   OBSERVED TIME   RECORD YEAR NORMAL DEPARTURE LAST
                VALUE   (LST)  VALUE       VALUE  FROM      YEAR
                                                  NORMAL
..................................................................
TEMPERATURE (F)
 YESTERDAY
  MAXIMUM         35    213 PM  50    1914  25     10       22
  MINIMUM         21   1159 PM -26    1899   9     12       -4
  AVERAGE         28                        17     11        9

PRECIPITATION (IN)
  YESTERDAY        T             0.60 1891   0.03  -0.03     0.00
  MONTH TO DATE    0.56                      1.06  -0.50     1.11
  SINCE DEC 1      2.24                      2.57  -0.33     3.00
  SINCE JAN 1      0.56                      1.06  -0.50     1.11

SNOWFALL (IN)
  YESTERDAY        T             6.0  1891   0.4   -0.4      0.0
  MONTH TO DATE    8.8                      12.2   -3.4     14.4
  SINCE DEC 1     12.3                      25.3  -13.0     40.8
  SINCE JUL 1     20.5                      29.5   -9.0     42.0
  SNOW DEPTH       2

DEGREE DAYS
 HEATING
  YESTERDAY       37                        48    -11       56
  MONTH TO DATE 1371                      1406    -35     1625
  SINCE DEC 1   2579                      2756   -177     3169
  SINCE JUL 1   4416                      4496    -80     4780

 COOLING
  YESTERDAY        0                         0      0        0
  MONTH TO DATE    0                         0      0        0
  SINCE DEC 1      0                         0      0        0
  SINCE JAN 1      0                         0      0        0
..................................................................


WIND (MPH)
  HIGHEST WIND SPEED    25   HIGHEST WIND DIRECTION     N (350)
  HIGHEST GUST SPEED    37   HIGHEST GUST DIRECTION     N (350)
  AVERAGE WIND SPEED    12.6


SKY COVER
  POSSIBLE SUNSHINE  MM
  AVERAGE SKY COVER 1.0


WEATHER CONDITIONS
 THE FOLLOWING WEATHER WAS RECORDED YESTERDAY.
  LIGHT SNOW
  FOG
  HAZE


RELATIVE HUMIDITY (PERCENT)
 HIGHEST    78           100 AM
 LOWEST     50           900 PM
 AVERAGE    64

..........................................................


THE GREEN BAY WI CLIMATE NORMALS FOR TODAY
                         NORMAL    RECORD    YEAR
 MAXIMUM TEMPERATURE (F)   25        42      1989
 MINIMUM TEMPERATURE (F)    9       -31      1951


SUNRISE AND SUNSET
JANUARY 30 2015.......SUNRISE   713 AM CST   SUNSET   459 PM CST
JANUARY 31 2015.......SUNRISE   712 AM CST   SUNSET   500 PM CST


-  INDICATES NEGATIVE NUMBERS.
R  INDICATES RECORD WAS SET OR TIED.
MM INDICATES DATA IS MISSING.
T  INDICATES TRACE AMOUNT.




$$
