000
CDUS43 KGRB 290708
CLIGRB


CLIMATE REPORT
NATIONAL WEATHER SERVICE GREEN BAY
206 AM CDT FRI MAY 29 2015


...................................

...THE GREEN BAY WI CLIMATE SUMMARY FOR MAY 28 2015...

CLIMATE NORMAL PERIOD 1981 TO 2010
CLIMATE RECORD PERIOD 1886 TO 2015


WEATHER ITEM   OBSERVED TIME   RECORD YEAR NORMAL DEPARTURE LAST
                VALUE   (LST)  VALUE       VALUE  FROM      YEAR
                                                  NORMAL
..................................................................
TEMPERATURE (F)
 YESTERDAY
  MAXIMUM         83    328 PM  89    1991  70     13       71
  MINIMUM         55    428 AM  31    1949  48      7       51
                                      1889
  AVERAGE         69                        59     10       61

PRECIPITATION (IN)
  YESTERDAY        0.00          1.56 2006   0.11  -0.11     0.00
  MONTH TO DATE    2.75                      2.58   0.17     2.95
  SINCE MAR 1      5.28                      7.06  -1.78     7.87
  SINCE JAN 1      6.25                      9.30  -3.05    10.66

SNOWFALL (IN)
  YESTERDAY        0.0           3.0  1947   0.0    0.0      0.0
  MONTH TO DATE    0.0                       0.2   -0.2      0.0
  SINCE MAR 1      4.2                      11.2   -7.0      9.8
  SINCE JUL 1     32.7                      51.4  -18.7     72.1
  SNOW DEPTH       0

DEGREE DAYS
 HEATING
  YESTERDAY        0                         7     -7        4
  MONTH TO DATE  184                       306   -122      266
  SINCE MAR 1   1716                      2003   -287     2256
  SINCE JUL 1   7754                      7843    -89     8737

 COOLING
  YESTERDAY        4                         1      3        0
  MONTH TO DATE   21                        11     10        9
  SINCE MAR 1     21                        13      8        9
  SINCE JAN 1     21                        13      8        9
..................................................................


WIND (MPH)
  HIGHEST WIND SPEED    22   HIGHEST WIND DIRECTION    SE (150)
  HIGHEST GUST SPEED    27   HIGHEST GUST DIRECTION     S (160)
  AVERAGE WIND SPEED     7.3


SKY COVER
  POSSIBLE SUNSHINE  MM
  AVERAGE SKY COVER 0.0


WEATHER CONDITIONS
 THE FOLLOWING WEATHER WAS RECORDED YESTERDAY.
  FOG


RELATIVE HUMIDITY (PERCENT)
 HIGHEST    93           400 AM
 LOWEST     47           200 PM
 AVERAGE    70

..........................................................


THE GREEN BAY WI CLIMATE NORMALS FOR TODAY
                         NORMAL    RECORD    YEAR
 MAXIMUM TEMPERATURE (F)   70        91      1895
 MINIMUM TEMPERATURE (F)   48        32      1965


SUNRISE AND SUNSET
MAY 29 2015...........SUNRISE   513 AM CDT   SUNSET   827 PM CDT
MAY 30 2015...........SUNRISE   512 AM CDT   SUNSET   828 PM CDT


-  INDICATES NEGATIVE NUMBERS.
R  INDICATES RECORD WAS SET OR TIED.
MM INDICATES DATA IS MISSING.
T  INDICATES TRACE AMOUNT.

$$
