000
CDUS43 KGRB 050808
CLIGRB


CLIMATE REPORT
NATIONAL WEATHER SERVICE GREEN BAY
206 AM CST THU MAR 5 2015


...................................

...THE GREEN BAY WI CLIMATE SUMMARY FOR MARCH 4 2015...

CLIMATE NORMAL PERIOD 1981 TO 2010
CLIMATE RECORD PERIOD 1886 TO 2015


WEATHER ITEM   OBSERVED TIME   RECORD YEAR NORMAL DEPARTURE LAST
                VALUE   (LST)  VALUE       VALUE  FROM      YEAR
                                                  NORMAL
..................................................................
TEMPERATURE (F)
 YESTERDAY
  MAXIMUM         23   1220 AM  57    2000  34    -11       19
                                      1894
  MINIMUM         -2   1159 PM -13    2002  18    -20       -4
  AVERAGE         11                        26    -15        8

PRECIPITATION (IN)
  YESTERDAY        0.00          0.70 1976   0.05  -0.05     0.10
  MONTH TO DATE    0.16                      0.22  -0.06     0.15
  SINCE MAR 1      0.16                      0.22  -0.06     0.15
  SINCE JAN 1      1.13                      2.46  -1.33     2.94

SNOWFALL (IN)
  YESTERDAY        0.0           7.0  1920   0.3   -0.3      2.0
  MONTH TO DATE    1.4                       1.4    0.0      2.9
  SINCE MAR 1      1.4                       1.4    0.0      2.9
  SINCE JUL 1     29.9                      41.6  -11.7     65.2
  SNOW DEPTH       4

DEGREE DAYS
 HEATING
  YESTERDAY       54                        39     15       57
  MONTH TO DATE  185                       158     27      247
  SINCE MAR 1    185                       158     27      247
  SINCE JUL 1   6223                      5998    225     6728

 COOLING
  YESTERDAY        0                         0      0        0
  MONTH TO DATE    0                         0      0        0
  SINCE MAR 1      0                         0      0        0
  SINCE JAN 1      0                         0      0        0
..................................................................


WIND (MPH)
  HIGHEST WIND SPEED    28   HIGHEST WIND DIRECTION     W (270)
  HIGHEST GUST SPEED    35   HIGHEST GUST DIRECTION     W (260)
  AVERAGE WIND SPEED    13.3


SKY COVER
  POSSIBLE SUNSHINE  MM
  AVERAGE SKY COVER 0.0


WEATHER CONDITIONS
 THE FOLLOWING WEATHER WAS RECORDED YESTERDAY.
  NO SIGNIFICANT WEATHER WAS OBSERVED.


RELATIVE HUMIDITY (PERCENT)
 HIGHEST    69           700 AM
 LOWEST     42           400 PM
 AVERAGE    56

..........................................................


THE GREEN BAY WI CLIMATE NORMALS FOR TODAY
                         NORMAL    RECORD    YEAR
 MAXIMUM TEMPERATURE (F)   34        57      2000
                                             1894
 MINIMUM TEMPERATURE (F)   18       -23      1890


SUNRISE AND SUNSET
MARCH  5 2015.........SUNRISE   623 AM CST   SUNSET   545 PM CST
MARCH  6 2015.........SUNRISE   622 AM CST   SUNSET   547 PM CST


-  INDICATES NEGATIVE NUMBERS.
R  INDICATES RECORD WAS SET OR TIED.
MM INDICATES DATA IS MISSING.
T  INDICATES TRACE AMOUNT.

$$
