000
CDUS43 KGRB 140731
CLIGRB


CLIMATE REPORT
NATIONAL WEATHER SERVICE GREEN BAY
130 AM CST THU DEC 14 2017


...................................

...THE GREEN BAY WI CLIMATE SUMMARY FOR DECEMBER 13 2017...

CLIMATE NORMAL PERIOD 1981 TO 2010
CLIMATE RECORD PERIOD 1886 TO 2017


WEATHER ITEM   OBSERVED TIME   RECORD YEAR NORMAL DEPARTURE LAST
                VALUE   (LST)  VALUE       VALUE  FROM      YEAR
                                                  NORMAL
..................................................................
TEMPERATURE (F)
 YESTERDAY
  MAXIMUM         30   1118 AM  55    2015  29      1       18
  MINIMUM          5   1149 PM -20    1903  15    -10        3
  AVERAGE         18                        22     -4       11

PRECIPITATION (IN)
  YESTERDAY        0.63          1.60 2015   0.05   0.58      T
  MONTH TO DATE    1.08                      0.73   0.35     0.64
  SINCE DEC 1      1.08                      0.73   0.35     0.64
  SINCE JAN 1     31.74                     28.74   3.00    31.50

SNOWFALL (IN)
  YESTERDAY        7.1 R         4.7  1909   0.5    6.6       T
  MONTH TO DATE    8.8                       5.4    3.4      9.3
  SINCE DEC 1      8.8                       5.4    3.4      9.3
  SINCE JUL 1      9.4                       9.6   -0.2     10.2
  SNOW DEPTH       7

DEGREE DAYS
 HEATING
  YESTERDAY       47                        43      4       54
  MONTH TO DATE  473                       529    -56      481
  SINCE DEC 1    473                       529    -56      481
  SINCE JUL 1   1889                      2269   -380     1543

 COOLING
  YESTERDAY        0                         0      0        0
  MONTH TO DATE    0                         0      0        0
  SINCE DEC 1      0                         0      0        0
  SINCE JAN 1    477                       398     79      577
..................................................................


WIND (MPH)
  HIGHEST WIND SPEED    26   HIGHEST WIND DIRECTION     N (10)
  HIGHEST GUST SPEED    33   HIGHEST GUST DIRECTION    NE (40)
  AVERAGE WIND SPEED    12.7


SKY COVER
  POSSIBLE SUNSHINE  MM
  AVERAGE SKY COVER 0.9


WEATHER CONDITIONS
 THE FOLLOWING WEATHER WAS RECORDED YESTERDAY.
  HEAVY SNOW
  SNOW
  LIGHT SNOW
  FOG
  FOG W/VISIBILITY <= 1/4 MILE
  HAZE


RELATIVE HUMIDITY (PERCENT)
 HIGHEST    92          1000 AM
 LOWEST     59          1200 AM
 AVERAGE    76

..........................................................


THE GREEN BAY WI CLIMATE NORMALS FOR TODAY
                         NORMAL    RECORD    YEAR
 MAXIMUM TEMPERATURE (F)   29        55      2015
                                             1975
 MINIMUM TEMPERATURE (F)   15       -17      1985


SUNRISE AND SUNSET
DECEMBER 14 2017......SUNRISE   721 AM CST   SUNSET   413 PM CST
DECEMBER 15 2017......SUNRISE   722 AM CST   SUNSET   413 PM CST


-  INDICATES NEGATIVE NUMBERS.
R  INDICATES RECORD WAS SET OR TIED.
MM INDICATES DATA IS MISSING.
T  INDICATES TRACE AMOUNT.




$$
