000
CDUS43 KGID 012227
CLIGRI


CLIMATE REPORT
NATIONAL WEATHER SERVICE HASTINGS NE
527 PM CDT FRI AUG 1 2014


...................................

...THE GRAND ISLAND NE CLIMATE SUMMARY FOR AUGUST 1 2014...
VALID TODAY AS OF 0500 PM LOCAL TIME.

CLIMATE NORMAL PERIOD 1981 TO 2010
CLIMATE RECORD PERIOD 1895 TO 2014


WEATHER ITEM   OBSERVED TIME   RECORD YEAR NORMAL DEPARTURE LAST
                VALUE   (LST)  VALUE       VALUE  FROM      YEAR
                                                  NORMAL
..................................................................
TEMPERATURE (F)
 TODAY
  MAXIMUM         85    301 PM 106    1935  87     -2       89
  MINIMUM         58    548 AM  51    1995  65     -7       64
                                      1898
  AVERAGE         72                        76     -4       77

PRECIPITATION (IN)
  TODAY            0.00          2.14 1970   0.11  -0.11     0.72
  MONTH TO DATE    0.00                      0.11  -0.11     0.72
  SINCE JUN 1     11.84                      7.81   4.03     3.74
  SINCE JAN 1     16.33                     17.76  -1.43    17.11

SNOWFALL (IN)
  TODAY            0.0                       0.0    0.0      0.0
  MONTH TO DATE    0.0                       0.0    0.0      0.0
  SINCE JUN 1      0.0                       0.0    0.0      0.0
  SINCE JUL 1      0.0                       0.0    0.0      0.0
  SNOW DEPTH       0

DEGREE DAYS
 HEATING
  TODAY            0                         0      0        0
  MONTH TO DATE    0                         0      0        0
  SINCE JUN 1     14                        26    -12       24
  SINCE JUL 1      4                         2      2        3

 COOLING
  TODAY            7                        11     -4       12
  MONTH TO DATE    7                        11     -4       12
  SINCE JUN 1    529                       573    -44      632
  SINCE JAN 1    648                       638     10      727
..................................................................


WIND (MPH)
  HIGHEST WIND SPEED    14   HIGHEST WIND DIRECTION    NE (50)
  HIGHEST GUST SPEED    18   HIGHEST GUST DIRECTION    NE (40)
  AVERAGE WIND SPEED     7.2


SKY COVER
  POSSIBLE SUNSHINE  MM
  AVERAGE SKY COVER 0.0


WEATHER CONDITIONS
 THE FOLLOWING WEATHER WAS RECORDED TODAY.
  FOG


RELATIVE HUMIDITY (PERCENT)
 HIGHEST    93           100 AM
 LOWEST     40           200 PM
 AVERAGE    67

..........................................................


THE GRAND ISLAND NE CLIMATE NORMALS FOR TOMORROW
                         NORMAL    RECORD    YEAR
 MAXIMUM TEMPERATURE (F)   87       106      1964
 MINIMUM TEMPERATURE (F)   65        46      1898


SUNRISE AND SUNSET
AUGUST  1 2014........SUNRISE   629 AM CDT   SUNSET   849 PM CDT
AUGUST  2 2014........SUNRISE   630 AM CDT   SUNSET   848 PM CDT


-  INDICATES NEGATIVE NUMBERS.
R  INDICATES RECORD WAS SET OR TIED.
MM INDICATES DATA IS MISSING.
T  INDICATES TRACE AMOUNT.




$$
