000
CDUS43 KGID 190625
CLIGRI


CLIMATE REPORT
NATIONAL WEATHER SERVICE HASTINGS NE
124 AM CDT THU OCT 19 2017


...................................

...THE GRAND ISLAND NE CLIMATE SUMMARY FOR OCTOBER 18 2017...

CLIMATE NORMAL PERIOD 1981 TO 2010
CLIMATE RECORD PERIOD 1895 TO 2017


WEATHER ITEM   OBSERVED TIME   RECORD YEAR NORMAL DEPARTURE LAST
                VALUE   (LST)  VALUE       VALUE  FROM      YEAR
                                                  NORMAL
..................................................................
TEMPERATURE (F)
 YESTERDAY
  MAXIMUM         77    255 PM  90    1926  64     13       69
  MINIMUM         43   1159 PM  18    1922  39      4       44
  AVERAGE         60                        51      9       57

PRECIPITATION (IN)
  YESTERDAY        0.00          1.53 1897   0.06  -0.06     0.00
  MONTH TO DATE    5.28                      1.19   4.09     0.12
  SINCE SEP 1      7.96                      3.42   4.54     2.65
  SINCE JAN 1     29.35                     24.19   5.16    22.05

SNOWFALL (IN)
  YESTERDAY        0.0           T    2006   0.0    0.0      0.0
                                      1984
                                      1976
  MONTH TO DATE    0.0                       0.3   -0.3      0.0
  SINCE SEP 1      0.0                       0.4   -0.4      0.0
  SINCE JUL 1      0.0                       0.4   -0.4      0.0
  SNOW DEPTH       0

DEGREE DAYS
 HEATING
  YESTERDAY        5                        14     -9        8
  MONTH TO DATE  146                       194    -48      153
  SINCE SEP 1    202                       299    -97      218
  SINCE JUL 1    206                       309   -103      225

 COOLING
  YESTERDAY        0                         0      0        0
  MONTH TO DATE    3                        10     -7        3
  SINCE SEP 1    150                       119     31      130
  SINCE JAN 1   1061                      1033     28     1144
..................................................................


WIND (MPH)
  HIGHEST WIND SPEED    23   HIGHEST WIND DIRECTION     N (10)
  HIGHEST GUST SPEED    29   HIGHEST GUST DIRECTION     N (10)
  AVERAGE WIND SPEED     9.3


SKY COVER
  AVERAGE SKY COVER 0.0


WEATHER CONDITIONS
 THE FOLLOWING WEATHER WAS RECORDED YESTERDAY.
  NO SIGNIFICANT WEATHER WAS OBSERVED.


RELATIVE HUMIDITY (PERCENT)
 HIGHEST    86           500 AM
 LOWEST     21           400 PM
 AVERAGE    54

..........................................................


THE GRAND ISLAND NE CLIMATE NORMALS FOR TODAY
                         NORMAL    RECORD    YEAR
 MAXIMUM TEMPERATURE (F)   64        90      2003
 MINIMUM TEMPERATURE (F)   39        16      1972


SUNRISE AND SUNSET
OCTOBER 19 2017.......SUNRISE   749 AM CDT   SUNSET   646 PM CDT
OCTOBER 20 2017.......SUNRISE   751 AM CDT   SUNSET   645 PM CDT


-  INDICATES NEGATIVE NUMBERS.
R  INDICATES RECORD WAS SET OR TIED.
MM INDICATES DATA IS MISSING.
T  INDICATES TRACE AMOUNT.




$$
