000
CDUS43 KGID 260634
CLIGRI


CLIMATE REPORT
NATIONAL WEATHER SERVICE HASTINGS NE
133 AM CDT THU MAY 26 2016


...................................

...THE GRAND ISLAND NE CLIMATE SUMMARY FOR MAY 25 2016...

CLIMATE NORMAL PERIOD 1981 TO 2010
CLIMATE RECORD PERIOD 1895 TO 2016


WEATHER ITEM   OBSERVED TIME   RECORD YEAR NORMAL DEPARTURE LAST
                VALUE   (LST)  VALUE       VALUE  FROM      YEAR
                                                  NORMAL
..................................................................
TEMPERATURE (F)
 YESTERDAY
  MAXIMUM         79    406 PM 100    1967  76      3       76
  MINIMUM         58   1001 PM  33    1925  53      5       55
  AVERAGE         69                        64      5       66

PRECIPITATION (IN)
  YESTERDAY        0.49          2.82 2013   0.16   0.33     0.02
  MONTH TO DATE    5.26                      3.51   1.75     3.43
  SINCE MAR 1     10.92                      7.84   3.08     5.73
  SINCE JAN 1     13.10                      9.05   4.05     6.90

SNOWFALL (IN)
  YESTERDAY        0.0           T    1955   0.0    0.0      0.0
  MONTH TO DATE    0.0                       0.1   -0.1      0.0
  SINCE MAR 1      2.6                       7.0   -4.4      1.4
  SINCE JUL 1     33.8                      29.1    4.7     24.3
  6 AM SNOW DEPTH  0

DEGREE DAYS
 HEATING
  YESTERDAY        0                         3     -3        0
  MONTH TO DATE  175                       156     19      182
  SINCE MAR 1   1132                      1397   -265     1208
  SINCE JUL 1   5130                      6158  -1028     5945

 COOLING
  YESTERDAY        4                         3      1        1
  MONTH TO DATE   21                        36    -15       17
  SINCE MAR 1     21                        47    -26       21
  SINCE JAN 1     21                        47    -26       21
..................................................................


WIND (MPH)
  HIGHEST WIND SPEED    37   HIGHEST WIND DIRECTION     W (280)
  HIGHEST GUST SPEED    46   HIGHEST GUST DIRECTION     W (270)
  AVERAGE WIND SPEED     9.7


SKY COVER
  AVERAGE SKY COVER 0.3


WEATHER CONDITIONS
 THE FOLLOWING WEATHER WAS RECORDED YESTERDAY.
  THUNDERSTORM
  HEAVY RAIN
  RAIN
  LIGHT RAIN
  FOG


RELATIVE HUMIDITY (PERCENT)
 HIGHEST    97           700 AM
 LOWEST     54           400 PM
 AVERAGE    76

..........................................................


THE GRAND ISLAND NE CLIMATE NORMALS FOR TODAY
                         NORMAL    RECORD    YEAR
 MAXIMUM TEMPERATURE (F)   76       100      2012
 MINIMUM TEMPERATURE (F)   53        34      1901


SUNRISE AND SUNSET
MAY 26 2016...........SUNRISE   606 AM CDT   SUNSET   855 PM CDT
MAY 27 2016...........SUNRISE   606 AM CDT   SUNSET   856 PM CDT


-  INDICATES NEGATIVE NUMBERS.
R  INDICATES RECORD WAS SET OR TIED.
MM INDICATES DATA IS MISSING.
T  INDICATES TRACE AMOUNT.




$$

JMBW
