000
CDUS43 KGID 280626
CLIGRI


CLIMATE REPORT
NATIONAL WEATHER SERVICE HASTINGS NE
126 AM CDT WED SEP 28 2016


...................................

...THE GRAND ISLAND NE CLIMATE SUMMARY FOR SEPTEMBER 27 2016...

CLIMATE NORMAL PERIOD 1981 TO 2010
CLIMATE RECORD PERIOD 1895 TO 2016


WEATHER ITEM   OBSERVED TIME   RECORD YEAR NORMAL DEPARTURE LAST
                VALUE   (LST)  VALUE       VALUE  FROM      YEAR
                                                  NORMAL
..................................................................
TEMPERATURE (F)
 YESTERDAY
  MAXIMUM         83    437 PM  95    1956  73     10       84
  MINIMUM         45    606 AM  30    1964  47     -2       57
  AVERAGE         64                        60      4       71

PRECIPITATION (IN)
  YESTERDAY        0.00          3.00 1945   0.07  -0.07     0.00
  MONTH TO DATE    2.53                      2.03   0.50     3.23
  SINCE SEP 1      2.53                      2.03   0.50     3.23
  SINCE JAN 1     21.93                     22.80  -0.87    19.88

SNOWFALL (IN)
  YESTERDAY        0.0                       0.0    0.0      0.0
  MONTH TO DATE    0.0                       0.1   -0.1      0.0
  SINCE SEP 1      0.0                       0.1   -0.1      0.0
  SINCE JUL 1      0.0                       0.1   -0.1      0.0
  6 AM SNOW DEPTH  0

DEGREE DAYS
 HEATING
  YESTERDAY        1                         6     -5        0
  MONTH TO DATE   36                        84    -48       16
  SINCE SEP 1     36                        84    -48       16
  SINCE JUL 1     43                        94    -51       29

 COOLING
  YESTERDAY        0                         2     -2        6
  MONTH TO DATE  127                       106     21      195
  SINCE SEP 1    127                       106     21      195
  SINCE JAN 1   1141                      1020    121     1017
..................................................................


WIND (MPH)
  HIGHEST WIND SPEED    18   HIGHEST WIND DIRECTION    NW (300)
  HIGHEST GUST SPEED    22   HIGHEST GUST DIRECTION     W (270)
  AVERAGE WIND SPEED     7.2


SKY COVER
  AVERAGE SKY COVER 0.0


WEATHER CONDITIONS
 THE FOLLOWING WEATHER WAS RECORDED YESTERDAY.
  HAZE


RELATIVE HUMIDITY (PERCENT)
 HIGHEST    86           300 AM
 LOWEST     26           300 PM
 AVERAGE    56

..........................................................


THE GRAND ISLAND NE CLIMATE NORMALS FOR TODAY
                         NORMAL    RECORD    YEAR
 MAXIMUM TEMPERATURE (F)   73        97      1953
 MINIMUM TEMPERATURE (F)   47        25      1984


SUNRISE AND SUNSET
SEPTEMBER 28 2016.....SUNRISE   727 AM CDT   SUNSET   719 PM CDT
SEPTEMBER 29 2016.....SUNRISE   728 AM CDT   SUNSET   718 PM CDT


-  INDICATES NEGATIVE NUMBERS.
R  INDICATES RECORD WAS SET OR TIED.
MM INDICATES DATA IS MISSING.
T  INDICATES TRACE AMOUNT.




$$
