000
CDUS43 KGID 250625
CLIGRI


CLIMATE REPORT
NATIONAL WEATHER SERVICE HASTINGS NE
124 AM CDT MON MAY 25 2015


...................................

...THE GRAND ISLAND NE CLIMATE SUMMARY FOR MAY 24 2015...

CLIMATE NORMAL PERIOD 1981 TO 2010
CLIMATE RECORD PERIOD 1895 TO 2015


WEATHER ITEM   OBSERVED TIME   RECORD YEAR NORMAL DEPARTURE LAST
                VALUE   (LST)  VALUE       VALUE  FROM      YEAR
                                                  NORMAL
..................................................................
TEMPERATURE (F)
 YESTERDAY
  MAXIMUM         67    602 PM 101    1967  75     -8       80
  MINIMUM         57   1116 PM  29    1924  52      5       63
  AVERAGE         62                        64     -2       72

PRECIPITATION (IN)
  YESTERDAY        0.01          2.08 1982   0.15  -0.14     0.04
  MONTH TO DATE    3.41                      3.35   0.06     0.67
  SINCE MAR 1      5.71                      7.68  -1.97     3.77
  SINCE JAN 1      6.88                      8.89  -2.01     4.42

SNOWFALL (IN)
  YESTERDAY        0.0           T    1951   0.0    0.0      0.0
  MONTH TO DATE    0.0                       0.1   -0.1      0.0
  SINCE MAR 1      1.4                       7.0   -5.6      2.9
  SINCE JUL 1     24.3                      29.1   -4.8     16.4
  SNOW DEPTH       0

DEGREE DAYS
 HEATING
  YESTERDAY        3                         4     -1        0
  MONTH TO DATE  182                       153     29      171
  SINCE MAR 1   1208                      1394   -186     1421
  SINCE JUL 1   5945                      6155   -210     6256

 COOLING
  YESTERDAY        0                         2     -2        7
  MONTH TO DATE   16                        33    -17       39
  SINCE MAR 1     20                        44    -24       43
  SINCE JAN 1     20                        44    -24       43
..................................................................


WIND (MPH)
  HIGHEST WIND SPEED    12   HIGHEST WIND DIRECTION     E (90)
  HIGHEST GUST SPEED    15   HIGHEST GUST DIRECTION     E (110)
  AVERAGE WIND SPEED     4.7


SKY COVER
  AVERAGE SKY COVER 0.9


WEATHER CONDITIONS
 THE FOLLOWING WEATHER WAS RECORDED YESTERDAY.
  LIGHT RAIN
  FOG
  FOG W/VISIBILITY <= 1/4 MILE


RELATIVE HUMIDITY (PERCENT)
 HIGHEST   100           800 AM
 LOWEST     73          1100 AM
 AVERAGE    87

..........................................................


THE GRAND ISLAND NE CLIMATE NORMALS FOR TODAY
                         NORMAL    RECORD    YEAR
 MAXIMUM TEMPERATURE (F)   76       100      1967
 MINIMUM TEMPERATURE (F)   53        33      1925


SUNRISE AND SUNSET
MAY 25 2015...........SUNRISE   608 AM CDT   SUNSET   853 PM CDT
MAY 26 2015...........SUNRISE   607 AM CDT   SUNSET   854 PM CDT


-  INDICATES NEGATIVE NUMBERS.
R  INDICATES RECORD WAS SET OR TIED.
MM INDICATES DATA IS MISSING.
T  INDICATES TRACE AMOUNT.




$$
