000
CDUS43 KGID 300635
CLIGRI


CLIMATE REPORT
NATIONAL WEATHER SERVICE HASTINGS NE
134 AM CDT TUE AUG 30 2016


...................................

...THE GRAND ISLAND NE CLIMATE SUMMARY FOR AUGUST 29 2016...

CLIMATE NORMAL PERIOD 1981 TO 2010
CLIMATE RECORD PERIOD 1895 TO 2016


WEATHER ITEM   OBSERVED TIME   RECORD YEAR NORMAL DEPARTURE LAST
                VALUE   (LST)  VALUE       VALUE  FROM      YEAR
                                                  NORMAL
..................................................................
TEMPERATURE (F)
 YESTERDAY
  MAXIMUM         85    327 PM 102    1945  84      1       82
  MINIMUM         64    623 AM  40    1946  60      4       55
  AVERAGE         75                        72      3       69

PRECIPITATION (IN)
  YESTERDAY        0.01          2.28 1965   0.09  -0.08     0.00
  MONTH TO DATE    0.46                      2.95  -2.49     1.24
  SINCE JUN 1      4.61                     10.65  -6.04     9.49
  SINCE JAN 1     19.29                     20.60  -1.31    16.65

SNOWFALL (IN)
  YESTERDAY        0.0                       0.0    0.0      0.0
  MONTH TO DATE    0.0                       0.0    0.0      0.0
  SINCE JUN 1      0.0                       0.0    0.0      0.0
  SINCE JUL 1      0.0                       0.0    0.0      0.0
  SNOW DEPTH       0

DEGREE DAYS
 HEATING
  YESTERDAY        0                         1     -1        0
  MONTH TO DATE    1                         2     -1        8
  SINCE JUN 1      7                        28    -21       18
  SINCE JUL 1      7                         4      3       13

 COOLING
  YESTERDAY       10                         7      3        4
  MONTH TO DATE  262                       273    -11      225
  SINCE JUN 1    968                       835    133      778
  SINCE JAN 1   1002                       900    102      805
..................................................................


WIND (MPH)
  HIGHEST WIND SPEED    22   HIGHEST WIND DIRECTION     S (170)
  HIGHEST GUST SPEED    28   HIGHEST GUST DIRECTION     S (170)
  AVERAGE WIND SPEED     8.4


SKY COVER
  AVERAGE SKY COVER 0.2


WEATHER CONDITIONS
 THE FOLLOWING WEATHER WAS RECORDED YESTERDAY.
  THUNDERSTORM
  LIGHT RAIN


RELATIVE HUMIDITY (PERCENT)
 HIGHEST    93           600 AM
 LOWEST     55           300 PM
 AVERAGE    74

..........................................................


THE GRAND ISLAND NE CLIMATE NORMALS FOR TODAY
                         NORMAL    RECORD    YEAR
 MAXIMUM TEMPERATURE (F)   84       102      1947
                                             1898
 MINIMUM TEMPERATURE (F)   59        40      1935


SUNRISE AND SUNSET
AUGUST 30 2016........SUNRISE   659 AM CDT   SUNSET   808 PM CDT
AUGUST 31 2016........SUNRISE   700 AM CDT   SUNSET   806 PM CDT


-  INDICATES NEGATIVE NUMBERS.
R  INDICATES RECORD WAS SET OR TIED.
MM INDICATES DATA IS MISSING.
T  INDICATES TRACE AMOUNT.




$$
