418
CDUS43 KGID 240637
CLIGRI


CLIMATE REPORT
NATIONAL WEATHER SERVICE HASTINGS NE
1235 AM CST SAT FEB 24 2018


...................................

...THE GRAND ISLAND NE CLIMATE SUMMARY FOR FEBRUARY 23 2018...

CLIMATE NORMAL PERIOD 1981 TO 2010
CLIMATE RECORD PERIOD 1895 TO 2018


WEATHER ITEM   OBSERVED TIME   RECORD YEAR NORMAL DEPARTURE LAST
                VALUE   (LST)  VALUE       VALUE  FROM      YEAR
                                                  NORMAL
..................................................................
TEMPERATURE (F)
 YESTERDAY
  MAXIMUM         27   1232 AM  74    2002  42    -15       41
  MINIMUM         15    729 AM -10    1993  21     -6       28
  AVERAGE         21                        32    -11       35

PRECIPITATION (IN)
  YESTERDAY        0.00          0.58 2000   0.04  -0.04     0.08
                                      1914
  MONTH TO DATE    0.70                      0.53   0.17     0.11
  SINCE DEC 1      2.23                      1.69   0.54     1.99
  SINCE JAN 1      1.78                      1.06   0.72     1.18

SNOWFALL (IN)
  YESTERDAY        0.0           7.0  1994   0.2   -0.2      0.6
  MONTH TO DATE   10.3                       5.3    5.0      1.2
  SINCE DEC 1     27.7                      16.9   10.8      5.0
  SINCE JUL 1     28.8                      21.1    7.7      5.4
  SNOW DEPTH       T

DEGREE DAYS
 HEATING
  YESTERDAY       44                        34     10       30
  MONTH TO DATE 1019                       844    175      587
  SINCE DEC 1   3477                      3270    207     2979
  SINCE JUL 1   4626                      4600     26     3899

 COOLING
  YESTERDAY        0                         0      0        0
  MONTH TO DATE    0                         0      0        0
  SINCE DEC 1      0                         0      0        0
  SINCE JAN 1      0                         0      0        0
..................................................................


WIND (MPH)
  HIGHEST WIND SPEED    15   HIGHEST WIND DIRECTION     N (350)
  HIGHEST GUST SPEED    20   HIGHEST GUST DIRECTION    NW (320)
  AVERAGE WIND SPEED     7.6


SKY COVER
  AVERAGE SKY COVER 0.7


WEATHER CONDITIONS
 THE FOLLOWING WEATHER WAS RECORDED YESTERDAY.
  FOG


RELATIVE HUMIDITY (PERCENT)
 HIGHEST    92          1200 AM
 LOWEST     80           700 AM
 AVERAGE    86

..........................................................


THE GRAND ISLAND NE CLIMATE NORMALS FOR TODAY
                         NORMAL    RECORD    YEAR
 MAXIMUM TEMPERATURE (F)   43        74      1918
 MINIMUM TEMPERATURE (F)   21       -17      1965


SUNRISE AND SUNSET
FEBRUARY 24 2018......SUNRISE   715 AM CST   SUNSET   619 PM CST
FEBRUARY 25 2018......SUNRISE   713 AM CST   SUNSET   620 PM CST


-  INDICATES NEGATIVE NUMBERS.
R  INDICATES RECORD WAS SET OR TIED.
MM INDICATES DATA IS MISSING.
T  INDICATES TRACE AMOUNT.




$$

Thies
