000
CDUS43 KGID 200717
CLIGRI


CLIMATE REPORT
NATIONAL WEATHER SERVICE HASTINGS NE
216 AM CDT SUN APR 20 2014


...................................

...THE GRAND ISLAND NE CLIMATE SUMMARY FOR APRIL 19 2014...

CLIMATE NORMAL PERIOD 1981 TO 2010
CLIMATE RECORD PERIOD 1895 TO 2014


WEATHER ITEM   OBSERVED TIME   RECORD YEAR NORMAL DEPARTURE LAST
                VALUE   (LST)  VALUE       VALUE  FROM      YEAR
                                                  NORMAL
..................................................................
TEMPERATURE (F)
 YESTERDAY
  MAXIMUM         77    501 PM  89    1987  65     12       48
  MINIMUM         53    619 AM  22    1907  39     14       27
  AVERAGE         65                        52     13       38

PRECIPITATION (IN)
  YESTERDAY        0.00          1.42 1968   0.09  -0.09     0.00
  MONTH TO DATE    0.96                      1.43  -0.47     2.95
  SINCE MAR 1      1.15                      3.23  -2.08     4.59
  SINCE JAN 1      1.80                      4.44  -2.64     5.72

SNOWFALL (IN)
  YESTERDAY        0.0           2.0  1941   0.1   -0.1      0.0
  MONTH TO DATE    1.7                       1.3    0.4      6.9
  SINCE MAR 1      2.9                       6.7   -3.8     13.1
  SINCE JUL 1     16.4                      28.8  -12.4     34.5
  SNOW DEPTH       0

DEGREE DAYS
 HEATING
  YESTERDAY        0                        14    -14       27
  MONTH TO DATE  308                       317     -9      422
  SINCE MAR 1   1162                      1113     49     1310
  SINCE JUL 1   5997                      5874    123     5779

 COOLING
  YESTERDAY        0                         0      0        0
  MONTH TO DATE    1                         0      1        0
  SINCE MAR 1      1                         0      1        0
  SINCE JAN 1      1                         0      1        0
..................................................................


WIND (MPH)
  HIGHEST WIND SPEED    24   HIGHEST WIND DIRECTION     S (170)
  HIGHEST GUST SPEED    31   HIGHEST GUST DIRECTION     S (180)
  AVERAGE WIND SPEED    11.6


SKY COVER
  AVERAGE SKY COVER 0.3


WEATHER CONDITIONS
 THE FOLLOWING WEATHER WAS RECORDED YESTERDAY.
  NO SIGNIFICANT WEATHER WAS OBSERVED.


RELATIVE HUMIDITY (PERCENT)
 HIGHEST    72          1100 PM
 LOWEST     38           300 PM
 AVERAGE    55

..........................................................


THE GRAND ISLAND NE CLIMATE NORMALS FOR TODAY
                         NORMAL    RECORD    YEAR
 MAXIMUM TEMPERATURE (F)   65        98      1902
 MINIMUM TEMPERATURE (F)   40        21      1953


SUNRISE AND SUNSET
APRIL 20 2014.........SUNRISE   647 AM CDT   SUNSET   818 PM CDT
APRIL 21 2014.........SUNRISE   645 AM CDT   SUNSET   819 PM CDT


-  INDICATES NEGATIVE NUMBERS.
R  INDICATES RECORD WAS SET OR TIED.
MM INDICATES DATA IS MISSING.
T  INDICATES TRACE AMOUNT.




$$
