576
CDUS42 KRAH 232051
CLIGSO


CLIMATE REPORT
NATIONAL WEATHER SERVICE RALEIGH NC
449 PM EDT SUN APR 23 2017


...................................

...THE PIEDMONT TRIAD INTL AIRPORT NC CLIMATE SUMMARY FOR APRIL 23 2017...
VALID TODAY AS OF 0449 PM LOCAL TIME.

CLIMATE NORMAL PERIOD 1981 TO 2010
CLIMATE RECORD PERIOD 1903 TO 2017


WEATHER ITEM   OBSERVED TIME   RECORD YEAR NORMAL DEPARTURE LAST
                VALUE   (LST)  VALUE       VALUE  FROM      YEAR
                                                  NORMAL
..................................................................
TEMPERATURE (F)
 TODAY
  MAXIMUM         52   1217 PM  90    1980  72    -20       77
                                      1965
                                      1925
  MINIMUM         48    608 AM  30    1986  49     -1       55
  AVERAGE         50                        61    -11       66

PRECIPITATION (IN)
  TODAY            1.05          2.02 1907   0.12   0.93     0.02
  MONTH TO DATE    2.50                      2.77  -0.27     0.99
  SINCE MAR 1      5.06                      6.50  -1.44     2.95
  SINCE JAN 1     10.67                     12.52  -1.85     9.09

SNOWFALL (IN)
  TODAY           MM             0.0    MM   0.0   MM        0.0
  MONTH TO DATE    0.0                       0.1   -0.1      0.0
  SINCE MAR 1      T                         0.9   -0.9      0.0
  SINCE JUL 1      8.0                       7.6    0.4      4.5
  SNOW DEPTH       0

DEGREE DAYS
 HEATING
  TODAY           15                         6      9        0
  MONTH TO DATE   94                       187    -93      179
  SINCE MAR 1    530                       657   -127      447
  SINCE JUL 1   2700                      3512   -812     2833

 COOLING
  TODAY            0                         2     -2        1
  MONTH TO DATE   48                        23     25       18
  SINCE MAR 1     56                        28     28       44
  SINCE JAN 1     60                        28     32       44
..................................................................


WIND (MPH)
  HIGHEST WIND SPEED    22   HIGHEST WIND DIRECTION    NE (60)
  HIGHEST GUST SPEED    27   HIGHEST GUST DIRECTION    NE (50)
  AVERAGE WIND SPEED    12.8


SKY COVER
  POSSIBLE SUNSHINE  MM
  AVERAGE SKY COVER 1.0


WEATHER CONDITIONS
 THE FOLLOWING WEATHER WAS RECORDED TODAY.
  RAIN
  LIGHT RAIN
  FOG


RELATIVE HUMIDITY (PERCENT)
 HIGHEST   100           100 AM
 LOWEST     96          1200 AM
 AVERAGE    98

..........................................................


THE PIEDMONT TRIAD INTL AIRPORT NC CLIMATE NORMALS FOR TOMORROW
                         NORMAL    RECORD    YEAR
 MAXIMUM TEMPERATURE (F)   73        94      1925
 MINIMUM TEMPERATURE (F)   50        27      1986


SUNRISE AND SUNSET
APRIL 23 2017.........SUNRISE   636 AM EDT   SUNSET   801 PM EDT
APRIL 24 2017.........SUNRISE   635 AM EDT   SUNSET   801 PM EDT


-  INDICATES NEGATIVE NUMBERS.
R  INDICATES RECORD WAS SET OR TIED.
MM INDICATES DATA IS MISSING.
T  INDICATES TRACE AMOUNT.




$$
