000
CDUS42 KRAH 060645
CLIGSO


CLIMATE REPORT
NATIONAL WEATHER SERVICE RALEIGH NC
142 AM EST FRI MAR 6 2015


...................................

...THE PIEDMONT TRIAD INTL AIRPORT NC CLIMATE SUMMARY FOR MARCH 5 2015...

CLIMATE NORMAL PERIOD 1981 TO 2010
CLIMATE RECORD PERIOD 1903 TO 2015


WEATHER ITEM   OBSERVED TIME   RECORD YEAR NORMAL DEPARTURE LAST
                VALUE   (LST)  VALUE       VALUE  FROM      YEAR
                                                  NORMAL
..................................................................
TEMPERATURE (F)
 YESTERDAY
  MAXIMUM         65    210 AM  81    1967  57      8       49
  MINIMUM         30   1159 PM  12    1960  36     -6       28
  AVERAGE         48                        47      1       39

PRECIPITATION (IN)
  YESTERDAY        0.94          1.95 1917   0.12   0.82     0.00
  MONTH TO DATE    1.23                      0.58   0.65     0.42
  SINCE MAR 1      1.23                      0.58   0.65     0.42
  SINCE JAN 1      5.91                      6.60  -0.69     6.64

SNOWFALL (IN)
  YESTERDAY        T             2.8  1962   0.0    0.0      0.0
  MONTH TO DATE    T                         0.2   -0.2      1.2
  SINCE MAR 1      T                         0.2   -0.2      1.2
  SINCE JUL 1      9.6                       6.9    2.7     11.8
  SNOW DEPTH       0

DEGREE DAYS
 HEATING
  YESTERDAY       17                        18     -1       26
  MONTH TO DATE  100                        94      6      131
  SINCE MAR 1    100                        94      6      131
  SINCE JUL 1   3185                      2949    236     3108

 COOLING
  YESTERDAY        0                         0      0        0
  MONTH TO DATE    0                         0      0        0
  SINCE MAR 1      0                         0      0        0
  SINCE JAN 1      0                         0      0        0
..................................................................


WIND (MPH)
  HIGHEST WIND SPEED    24   HIGHEST WIND DIRECTION    NE (50)
  HIGHEST GUST SPEED    30   HIGHEST GUST DIRECTION    NE (50)
  AVERAGE WIND SPEED    11.1


SKY COVER
  POSSIBLE SUNSHINE  MM
  AVERAGE SKY COVER 1.0


WEATHER CONDITIONS
 THE FOLLOWING WEATHER WAS RECORDED YESTERDAY.
  HEAVY RAIN
  RAIN
  LIGHT RAIN
  LIGHT SNOW
  FOG


RELATIVE HUMIDITY (PERCENT)
 HIGHEST    96           500 AM
 LOWEST     78          1200 AM
 AVERAGE    87

..........................................................


THE PIEDMONT TRIAD INTL AIRPORT NC CLIMATE NORMALS FOR TODAY
                         NORMAL    RECORD    YEAR
 MAXIMUM TEMPERATURE (F)   58        77      1956
 MINIMUM TEMPERATURE (F)   37         5      1960


SUNRISE AND SUNSET
MARCH  6 2015.........SUNRISE   644 AM EST   SUNSET   619 PM EST
MARCH  7 2015.........SUNRISE   642 AM EST   SUNSET   620 PM EST


-  INDICATES NEGATIVE NUMBERS.
R  INDICATES RECORD WAS SET OR TIED.
MM INDICATES DATA IS MISSING.
T  INDICATES TRACE AMOUNT.




$$
