000
CDUS42 KRAH 250822
CLIGSO


CLIMATE REPORT
NATIONAL WEATHER SERVICE RALEIGH NC
421 AM EDT SAT MAR 25 2017


...................................

...THE PIEDMONT TRIAD INTL AIRPORT NC CLIMATE SUMMARY FOR MARCH 24 2017...

CLIMATE NORMAL PERIOD 1981 TO 2010
CLIMATE RECORD PERIOD 1903 TO 2017


WEATHER ITEM   OBSERVED TIME   RECORD YEAR NORMAL DEPARTURE LAST
                VALUE   (LST)  VALUE       VALUE  FROM      YEAR
                                                  NORMAL
..................................................................
TEMPERATURE (F)
 YESTERDAY
  MAXIMUM         68    501 PM  91    1907  64      4       76
  MINIMUM         37    647 AM  19    1940  41     -4       53
  AVERAGE         53                        52      1       65

PRECIPITATION (IN)
  YESTERDAY        0.00          1.60 1908   0.11  -0.11     0.00
  MONTH TO DATE    1.55                      2.86  -1.31     0.54
  SINCE MAR 1      1.55                      2.86  -1.31     0.54
  SINCE JAN 1      7.16                      8.88  -1.72     6.68

SNOWFALL (IN)
  YESTERDAY        0.0           4.3  1940   0.0    0.0      0.0
  MONTH TO DATE    T                         0.7   -0.7      0.0
  SINCE MAR 1      T                         0.7   -0.7      0.0
  SINCE JUL 1      8.0                       7.4    0.6      4.5
  SNOW DEPTH       0

DEGREE DAYS
 HEATING
  YESTERDAY       12                        13     -1        0
  MONTH TO DATE  425                       387     38      222
  SINCE MAR 1    425                       387     38      222
  SINCE JUL 1   2595                      3242   -647     2608

 COOLING
  YESTERDAY        0                         0      0        0
  MONTH TO DATE    3                         0      3       23
  SINCE MAR 1      3                         0      3       23
  SINCE JAN 1      7                         0      7       23
..................................................................


WIND (MPH)
  HIGHEST WIND SPEED    23   HIGHEST WIND DIRECTION    SW (240)
  HIGHEST GUST SPEED    30   HIGHEST GUST DIRECTION    SW (240)
  AVERAGE WIND SPEED    10.1


SKY COVER
  POSSIBLE SUNSHINE  MM
  AVERAGE SKY COVER 0.4


WEATHER CONDITIONS
 THE FOLLOWING WEATHER WAS RECORDED YESTERDAY.
  NO SIGNIFICANT WEATHER WAS OBSERVED.


RELATIVE HUMIDITY (PERCENT)
 HIGHEST    82           700 AM
 LOWEST     45           300 PM
 AVERAGE    64

..........................................................


THE PIEDMONT TRIAD INTL AIRPORT NC CLIMATE NORMALS FOR TODAY
                         NORMAL    RECORD    YEAR
 MAXIMUM TEMPERATURE (F)   64        87      1929
 MINIMUM TEMPERATURE (F)   42        14      1940


SUNRISE AND SUNSET
MARCH 25 2017.........SUNRISE   716 AM EDT   SUNSET   736 PM EDT
MARCH 26 2017.........SUNRISE   714 AM EDT   SUNSET   737 PM EDT


-  INDICATES NEGATIVE NUMBERS.
R  INDICATES RECORD WAS SET OR TIED.
MM INDICATES DATA IS MISSING.
T  INDICATES TRACE AMOUNT.




$$
