000
CDUS42 KRAH 142140
CLIGSO


CLIMATE REPORT
NATIONAL WEATHER SERVICE RALEIGH NC
438 PM EST SUN FEB 14 2016


...................................

...THE PIEDMONT TRIAD INTL AIRPORT NC CLIMATE SUMMARY FOR FEBRUARY 14 2016...
VALID TODAY AS OF 0438 PM LOCAL TIME.

CLIMATE NORMAL PERIOD 1981 TO 2010
CLIMATE RECORD PERIOD 1903 TO 2016


WEATHER ITEM   OBSERVED TIME   RECORD YEAR NORMAL DEPARTURE LAST
                VALUE   (LST)  VALUE       VALUE  FROM      YEAR
                                                  NORMAL
..................................................................
TEMPERATURE (F)
 TODAY
  MAXIMUM         28    114 PM  76    1951  52    -24       52
  MINIMUM         15    340 AM   6    1905  32    -17       19
  AVERAGE         22                        42    -20       36

PRECIPITATION (IN)
  TODAY            0.00          1.04 1944   0.11  -0.11      T
  MONTH TO DATE    1.00                      1.38  -0.38     0.97
  SINCE DEC 1      9.56                      7.42   2.14     5.22
  SINCE JAN 1      2.91                      4.44  -1.53     3.01

SNOWFALL (IN)
  TODAY            0.0           3.3  1965   0.0    0.0       T
  MONTH TO DATE    T                         1.2   -1.2       T
  SINCE DEC 1      2.5                       5.4   -2.9       T
  SINCE JUL 1      2.5                       5.5   -3.0       T
  SNOW DEPTH       0

DEGREE DAYS
 HEATING
  TODAY           43                        23     20       29
  MONTH TO DATE  361                       336     25      354
  SINCE DEC 1   1586                      1879   -293     1825
  SINCE JUL 1   2100                      2559   -459     2575

 COOLING
  TODAY            0                         0      0        0
  MONTH TO DATE    0                         0      0        0
  SINCE DEC 1     15                         1     14        0
  SINCE JAN 1      0                         0      0        0
..................................................................


WIND (MPH)
  HIGHEST WIND SPEED    14   HIGHEST WIND DIRECTION    NE (50)
  HIGHEST GUST SPEED    16   HIGHEST GUST DIRECTION    NE (50)
  AVERAGE WIND SPEED     5.6


SKY COVER
  POSSIBLE SUNSHINE  MM
  AVERAGE SKY COVER 0.7


WEATHER CONDITIONS
 THE FOLLOWING WEATHER WAS RECORDED TODAY.
  NO SIGNIFICANT WEATHER WAS OBSERVED.


RELATIVE HUMIDITY (PERCENT)
 HIGHEST    53           400 AM
 LOWEST     25           200 PM
 AVERAGE    39

..........................................................


THE PIEDMONT TRIAD INTL AIRPORT NC CLIMATE NORMALS FOR TOMORROW
                         NORMAL    RECORD    YEAR
 MAXIMUM TEMPERATURE (F)   52        78      1989
 MINIMUM TEMPERATURE (F)   32         6      1943


SUNRISE AND SUNSET
FEBRUARY 14 2016......SUNRISE   709 AM EST   SUNSET   600 PM EST
FEBRUARY 15 2016......SUNRISE   708 AM EST   SUNSET   601 PM EST


-  INDICATES NEGATIVE NUMBERS.
R  INDICATES RECORD WAS SET OR TIED.
MM INDICATES DATA IS MISSING.
T  INDICATES TRACE AMOUNT.




$$
