000
CDUS42 KRAH 290523
CLIGSO


CLIMATE REPORT
NATIONAL WEATHER SERVICE RALEIGH NC
123 AM EDT FRI AUG 29 2014


...................................

...THE PIEDMONT TRIAD INTL AIRPORT NC CLIMATE SUMMARY FOR AUGUST 28 2014...

CLIMATE NORMAL PERIOD 1981 TO 2010
CLIMATE RECORD PERIOD 1903 TO 2014


WEATHER ITEM   OBSERVED TIME   RECORD YEAR NORMAL DEPARTURE LAST
                VALUE   (LST)  VALUE       VALUE  FROM      YEAR
                                                  NORMAL
..................................................................
TEMPERATURE (F)
 YESTERDAY
  MAXIMUM         92    349 PM 100    1924  85      7       85
  MINIMUM         68    605 AM  52    1969  67      1       71
  AVERAGE         80                        76      4       78

PRECIPITATION (IN)
  YESTERDAY        0.00          3.28 1915   0.13  -0.13     0.01
  MONTH TO DATE    2.66                      3.51  -0.85     5.63
  SINCE JUN 1      8.39                     11.72  -3.33    20.02
  SINCE JAN 1     25.88                     28.42  -2.54    38.37

DEGREE DAYS
 HEATING
  YESTERDAY        0                         0      0        0
  MONTH TO DATE    0                         0      0        2
  SINCE JUN 1      0                         6     -6        2
  SINCE JUL 1      0                         0      0        2

 COOLING
  YESTERDAY       15                        11      4       13
  MONTH TO DATE  272                       346    -74      271
  SINCE JUN 1   1013                      1072    -59      970
  SINCE JAN 1   1210                      1231    -21     1120
..................................................................


WIND (MPH)
  HIGHEST WIND SPEED    10   HIGHEST WIND DIRECTION     W (250)
  HIGHEST GUST SPEED    14   HIGHEST GUST DIRECTION    SW (220)
  AVERAGE WIND SPEED     3.5


SKY COVER
  POSSIBLE SUNSHINE  MM
  AVERAGE SKY COVER 0.4


WEATHER CONDITIONS
 THE FOLLOWING WEATHER WAS RECORDED YESTERDAY.
  NO SIGNIFICANT WEATHER WAS OBSERVED.


RELATIVE HUMIDITY (PERCENT)
 HIGHEST    81           500 AM
 LOWEST     44           300 PM
 AVERAGE    63

..........................................................


THE PIEDMONT TRIAD INTL AIRPORT NC CLIMATE NORMALS FOR TODAY
                         NORMAL    RECORD    YEAR
 MAXIMUM TEMPERATURE (F)   85       100      1948
 MINIMUM TEMPERATURE (F)   66        47      1986


SUNRISE AND SUNSET
AUGUST 29 2014........SUNRISE   649 AM EDT   SUNSET   752 PM EDT
AUGUST 30 2014........SUNRISE   650 AM EDT   SUNSET   750 PM EDT


-  INDICATES NEGATIVE NUMBERS.
R  INDICATES RECORD WAS SET OR TIED.
MM INDICATES DATA IS MISSING.
T  INDICATES TRACE AMOUNT.




$$
