000
CDUS42 KRAH 022055
CLIGSO


CLIMATE REPORT
NATIONAL WEATHER SERVICE RALEIGH NC
453 PM EDT SUN AUG 2 2015


...................................

...THE PIEDMONT TRIAD INTL AIRPORT NC CLIMATE SUMMARY FOR AUGUST 2 2015...
VALID TODAY AS OF 0453 PM LOCAL TIME.

CLIMATE NORMAL PERIOD 1981 TO 2010
CLIMATE RECORD PERIOD 1903 TO 2015


WEATHER ITEM   OBSERVED TIME   RECORD YEAR NORMAL DEPARTURE LAST
                VALUE   (LST)  VALUE       VALUE  FROM      YEAR
                                                  NORMAL
..................................................................
TEMPERATURE (F)
 TODAY
  MAXIMUM         90    247 PM 101    1915  87      3       71
  MINIMUM         68    557 AM  57    1912  69     -1       62
  AVERAGE         79                        78      1       67

PRECIPITATION (IN)
  TODAY            0.00          1.75 1933   0.14  -0.14      T
  MONTH TO DATE    0.00                      0.27  -0.27     1.30
  SINCE JUN 1      5.40                      8.48  -3.08     7.03
  SINCE JAN 1     18.36                     25.18  -6.82    24.52

DEGREE DAYS
 HEATING
  TODAY            0                         0      0        0
  MONTH TO DATE    0                         0      0        0
  SINCE JUN 1      3                         6     -3        0
  SINCE JUL 1      0                         0      0        0

 COOLING
  TODAY           14                        13      1        2
  MONTH TO DATE   27                        26      1        3
  SINCE JUN 1    914                       752    162      744
  SINCE JAN 1   1148                       911    237      941
..................................................................


WIND (MPH)
  HIGHEST WIND SPEED    10   HIGHEST WIND DIRECTION     W (290)
  HIGHEST GUST SPEED    20   HIGHEST GUST DIRECTION    NW (330)
  AVERAGE WIND SPEED     4.2


SKY COVER
  POSSIBLE SUNSHINE  MM
  AVERAGE SKY COVER 0.5


WEATHER CONDITIONS
 THE FOLLOWING WEATHER WAS RECORDED TODAY.
  NO SIGNIFICANT WEATHER WAS OBSERVED.


RELATIVE HUMIDITY (PERCENT)
 HIGHEST    68           500 AM
 LOWEST     29           300 PM
 AVERAGE    49

..........................................................


THE PIEDMONT TRIAD INTL AIRPORT NC CLIMATE NORMALS FOR TOMORROW
                         NORMAL    RECORD    YEAR
 MAXIMUM TEMPERATURE (F)   87        98      1942
 MINIMUM TEMPERATURE (F)   69        55      1985


SUNRISE AND SUNSET
AUGUST  2 2015........SUNRISE   628 AM EDT   SUNSET   824 PM EDT
AUGUST  3 2015........SUNRISE   628 AM EDT   SUNSET   823 PM EDT


-  INDICATES NEGATIVE NUMBERS.
R  INDICATES RECORD WAS SET OR TIED.
MM INDICATES DATA IS MISSING.
T  INDICATES TRACE AMOUNT.




$$
