000
CDUS42 KRAH 240830
CLIGSO


CLIMATE REPORT
NATIONAL WEATHER SERVICE RALEIGH NC
326 AM EST MON NOV 24 2014


...................................

...THE PIEDMONT TRIAD INTL AIRPORT NC CLIMATE SUMMARY FOR NOVEMBER 23 2014...

CLIMATE NORMAL PERIOD 1981 TO 2010
CLIMATE RECORD PERIOD 1903 TO 2014


WEATHER ITEM   OBSERVED TIME   RECORD YEAR NORMAL DEPARTURE LAST
                VALUE   (LST)  VALUE       VALUE  FROM      YEAR
                                                  NORMAL
..................................................................
TEMPERATURE (F)
 YESTERDAY
  MAXIMUM         63   1159 PM  80    1921  58      5       61
  MINIMUM         36   1201 AM  15    1937  37     -1       39
  AVERAGE         50                        48      2       50

PRECIPITATION (IN)
  YESTERDAY        0.74          0.99 1957   0.10   0.64     0.00
  MONTH TO DATE    2.13                      2.39  -0.26     0.72
  SINCE SEP 1      7.07                      9.71  -2.64     3.96
  SINCE JAN 1     32.95                     38.50  -5.55    42.35

SNOWFALL (IN)
  YESTERDAY        0.0           0.3  1929   0.0    0.0      0.0
  MONTH TO DATE    0.0                       0.1   -0.1       T
  SINCE SEP 1      0.0                       0.1   -0.1       T
  SINCE JUL 1      0.0                       0.1   -0.1       T
  SNOW DEPTH       0

DEGREE DAYS
 HEATING
  YESTERDAY       15                        17     -2       15
  MONTH TO DATE  456                       316    140      345
  SINCE SEP 1    624                       548     76      519
  SINCE JUL 1    624                       549     75      521

 COOLING
  YESTERDAY        0                         0      0        0
  MONTH TO DATE    0                         0      0        0
  SINCE SEP 1    246                       218     28      222
  SINCE JAN 1   1499                      1480     19     1381
..................................................................


WIND (MPH)
  HIGHEST WIND SPEED    23   HIGHEST WIND DIRECTION     S (160)
  HIGHEST GUST SPEED    31   HIGHEST GUST DIRECTION    SE (150)
  AVERAGE WIND SPEED     5.8


SKY COVER
  POSSIBLE SUNSHINE  MM
  AVERAGE SKY COVER 1.0


WEATHER CONDITIONS
 THE FOLLOWING WEATHER WAS RECORDED YESTERDAY.
  HEAVY RAIN
  RAIN
  LIGHT RAIN
  FOG
  HAZE


RELATIVE HUMIDITY (PERCENT)
 HIGHEST   100           700 PM
 LOWEST     42          1000 AM
 AVERAGE    71

..........................................................


THE PIEDMONT TRIAD INTL AIRPORT NC CLIMATE NORMALS FOR TODAY
                         NORMAL    RECORD    YEAR
 MAXIMUM TEMPERATURE (F)   58        77      1913
 MINIMUM TEMPERATURE (F)   37        12      1970


SUNRISE AND SUNSET
NOVEMBER 24 2014......SUNRISE   705 AM EST   SUNSET   507 PM EST
NOVEMBER 25 2014......SUNRISE   706 AM EST   SUNSET   507 PM EST


-  INDICATES NEGATIVE NUMBERS.
R  INDICATES RECORD WAS SET OR TIED.
MM INDICATES DATA IS MISSING.
T  INDICATES TRACE AMOUNT.




$$
