000
CDUS42 KRAH 290700
CLIGSO


CLIMATE REPORT
NATIONAL WEATHER SERVICE RALEIGH NC
259 AM EDT SUN MAR 29 2015


...................................

...THE PIEDMONT TRIAD INTL AIRPORT NC CLIMATE SUMMARY FOR MARCH 28 2015...

CLIMATE NORMAL PERIOD 1981 TO 2010
CLIMATE RECORD PERIOD 1903 TO 2015


WEATHER ITEM   OBSERVED TIME   RECORD YEAR NORMAL DEPARTURE LAST
                VALUE   (LST)  VALUE       VALUE  FROM      YEAR
                                                  NORMAL
..................................................................
TEMPERATURE (F)
 YESTERDAY
  MAXIMUM         46    405 PM  87    1907  65    -19       64
  MINIMUM         30   1159 PM  20    1982  42    -12       47
  AVERAGE         38                        54    -16       56

PRECIPITATION (IN)
  YESTERDAY        0.00          2.86 2010   0.13  -0.13     0.10
  MONTH TO DATE    2.68                      3.36  -0.68     4.21
  SINCE MAR 1      2.68                      3.36  -0.68     4.21
  SINCE JAN 1      7.36                      9.38  -2.02    10.43

SNOWFALL (IN)
  YESTERDAY        0.0           T    2011   0.0    0.0      0.0
                                      1947
  MONTH TO DATE    T                         0.8   -0.8      4.7
  SINCE MAR 1      T                         0.8   -0.8      4.7
  SINCE JUL 1      9.6                       7.5    2.1     15.3
  SNOW DEPTH       0

DEGREE DAYS
 HEATING
  YESTERDAY       27                        12     15        9
  MONTH TO DATE  381                       436    -55      589
  SINCE MAR 1    381                       436    -55      589
  SINCE JUL 1   3466                      3291    175     3566

 COOLING
  YESTERDAY        0                         0      0        0
  MONTH TO DATE    2                         0      2        0
  SINCE MAR 1      2                         0      2        0
  SINCE JAN 1      2                         0      2        0
..................................................................


WIND (MPH)
  HIGHEST WIND SPEED    22   HIGHEST WIND DIRECTION    NW (320)
  HIGHEST GUST SPEED    30   HIGHEST GUST DIRECTION    NW (320)
  AVERAGE WIND SPEED    10.2


SKY COVER
  POSSIBLE SUNSHINE  MM
  AVERAGE SKY COVER 0.3


WEATHER CONDITIONS
 THE FOLLOWING WEATHER WAS RECORDED YESTERDAY.
  NO SIGNIFICANT WEATHER WAS OBSERVED.


RELATIVE HUMIDITY (PERCENT)
 HIGHEST    67          1200 AM
 LOWEST     22           300 PM
 AVERAGE    45

..........................................................


THE PIEDMONT TRIAD INTL AIRPORT NC CLIMATE NORMALS FOR TODAY
                         NORMAL    RECORD    YEAR
 MAXIMUM TEMPERATURE (F)   65        91      1907
 MINIMUM TEMPERATURE (F)   43        20      1966


SUNRISE AND SUNSET
MARCH 29 2015.........SUNRISE   711 AM EDT   SUNSET   739 PM EDT
MARCH 30 2015.........SUNRISE   709 AM EDT   SUNSET   740 PM EDT


-  INDICATES NEGATIVE NUMBERS.
R  INDICATES RECORD WAS SET OR TIED.
MM INDICATES DATA IS MISSING.
T  INDICATES TRACE AMOUNT.




$$
