000
CDUS42 KRAH 030746
CLIGSO


CLIMATE REPORT
NATIONAL WEATHER SERVICE RALEIGH NC
343 AM EDT THU SEP 3 2015


...................................

...THE PIEDMONT TRIAD INTL AIRPORT NC CLIMATE SUMMARY FOR SEPTEMBER 2 2015...

CLIMATE NORMAL PERIOD 1981 TO 2010
CLIMATE RECORD PERIOD 1903 TO 2015


WEATHER ITEM   OBSERVED TIME   RECORD YEAR NORMAL DEPARTURE LAST
                VALUE   (LST)  VALUE       VALUE  FROM      YEAR
                                                  NORMAL
..................................................................
TEMPERATURE (F)
 YESTERDAY
  MAXIMUM         93    350 PM 101    1921  84      9       95
  MINIMUM         70    323 AM  48    1948  65      5       71
  AVERAGE         82                        75      7       83

PRECIPITATION (IN)
  YESTERDAY        0.00          1.01 2000   0.15  -0.15     0.00
                                      1945
  MONTH TO DATE    0.00                      0.30  -0.30     0.00
  SINCE SEP 1      0.00                      0.30  -0.30     0.00
  SINCE JAN 1     25.21                     29.09  -3.88    25.88

DEGREE DAYS
 HEATING
  YESTERDAY        0                         0      0        0
  MONTH TO DATE    0                         0      0        0
  SINCE SEP 1      0                         0      0        0
  SINCE JUL 1      0                         1     -1        0

 COOLING
  YESTERDAY       17                        10      7       18
  MONTH TO DATE   31                        20     11       35
  SINCE SEP 1     31                        20     11       35
  SINCE JAN 1   1545                      1282    263     1288
..................................................................


WIND (MPH)
  HIGHEST WIND SPEED    12   HIGHEST WIND DIRECTION     W (260)
  HIGHEST GUST SPEED    16   HIGHEST GUST DIRECTION     W (260)
  AVERAGE WIND SPEED     2.9


SKY COVER
  POSSIBLE SUNSHINE  MM
  AVERAGE SKY COVER 0.7


WEATHER CONDITIONS
 THE FOLLOWING WEATHER WAS RECORDED YESTERDAY.
  NO SIGNIFICANT WEATHER WAS OBSERVED.


RELATIVE HUMIDITY (PERCENT)
 HIGHEST    84           400 AM
 LOWEST     36           400 PM
 AVERAGE    60

..........................................................


THE PIEDMONT TRIAD INTL AIRPORT NC CLIMATE NORMALS FOR TODAY
                         NORMAL    RECORD    YEAR
 MAXIMUM TEMPERATURE (F)   84       101      1921
 MINIMUM TEMPERATURE (F)   65        50      1967
                                             1909


SUNRISE AND SUNSET
SEPTEMBER  3 2015.....SUNRISE   653 AM EDT   SUNSET   745 PM EDT
SEPTEMBER  4 2015.....SUNRISE   654 AM EDT   SUNSET   743 PM EDT


-  INDICATES NEGATIVE NUMBERS.
R  INDICATES RECORD WAS SET OR TIED.
MM INDICATES DATA IS MISSING.
T  INDICATES TRACE AMOUNT.




$$
