000
CDUS42 KRAH 220737
CLIGSO


CLIMATE REPORT
NATIONAL WEATHER SERVICE RALEIGH NC
233 AM EST MON JAN 22 2018


...................................

...THE PIEDMONT TRIAD INTL AIRPORT NC CLIMATE SUMMARY FOR JANUARY 21 2018...

CLIMATE NORMAL PERIOD 1981 TO 2010
CLIMATE RECORD PERIOD 1903 TO 2018


WEATHER ITEM   OBSERVED TIME   RECORD YEAR NORMAL DEPARTURE LAST
                VALUE   (LST)  VALUE       VALUE  FROM      YEAR
                                                  NORMAL
..................................................................
TEMPERATURE (F)
 YESTERDAY
  MAXIMUM         65    342 PM  73    1927  48     17       55
  MINIMUM         30    638 AM  -8    1985  29      1       51
  AVERAGE         48                        39      9       53

PRECIPITATION (IN)
  YESTERDAY        0.00          1.70 1903   0.10  -0.10     1.09
  MONTH TO DATE    1.98                      2.11  -0.13     3.69
  SINCE DEC 1      3.58                      5.09  -1.51     5.39
  SINCE JAN 1      1.98                      2.11  -0.13     3.69

SNOWFALL (IN)
  YESTERDAY        0.0           0.4  2014   0.1   -0.1      0.0
                                      1983
  MONTH TO DATE    7.0                       2.3    4.7      8.0
  SINCE DEC 1      9.2                       3.1    6.1      8.0
  SINCE JUL 1      9.2                       3.2    6.0      8.0
  SNOW DEPTH       0

DEGREE DAYS
 HEATING
  YESTERDAY       17                        26     -9       12
  MONTH TO DATE  694                       546    148      450
  SINCE DEC 1   1424                      1280    144     1135
  SINCE JUL 1   2051                      1960     91     1585

 COOLING
  YESTERDAY        0                         0      0        0
  MONTH TO DATE    0                         0      0        0
  SINCE DEC 1      0                         1     -1        0
  SINCE JAN 1      0                         0      0        0
..................................................................


WIND (MPH)
  HIGHEST WIND SPEED    13   HIGHEST WIND DIRECTION     W (260)
  HIGHEST GUST SPEED    14   HIGHEST GUST DIRECTION    SW (240)
  AVERAGE WIND SPEED     4.2


SKY COVER
  POSSIBLE SUNSHINE  MM
  AVERAGE SKY COVER 0.3


WEATHER CONDITIONS
 THE FOLLOWING WEATHER WAS RECORDED YESTERDAY.
  FOG


RELATIVE HUMIDITY (PERCENT)
 HIGHEST    96           500 AM
 LOWEST     44           300 PM
 AVERAGE    70

..........................................................


THE PIEDMONT TRIAD INTL AIRPORT NC CLIMATE NORMALS FOR TODAY
                         NORMAL    RECORD    YEAR
 MAXIMUM TEMPERATURE (F)   49        72      1967
                                             1932
 MINIMUM TEMPERATURE (F)   30         4      1985


SUNRISE AND SUNSET
JANUARY 22 2018.......SUNRISE   727 AM EST   SUNSET   536 PM EST
JANUARY 23 2018.......SUNRISE   727 AM EST   SUNSET   537 PM EST


-  INDICATES NEGATIVE NUMBERS.
R  INDICATES RECORD WAS SET OR TIED.
MM INDICATES DATA IS MISSING.
T  INDICATES TRACE AMOUNT.




$$
