000
CDUS42 KRAH 040856
CLIGSO


CLIMATE REPORT
NATIONAL WEATHER SERVICE RALEIGH NC
455 AM EDT SAT JUL 4 2015


...................................

...THE PIEDMONT TRIAD INTL AIRPORT NC CLIMATE SUMMARY FOR JULY 3 2015...

CLIMATE NORMAL PERIOD 1981 TO 2010
CLIMATE RECORD PERIOD 1903 TO 2015


WEATHER ITEM   OBSERVED TIME   RECORD YEAR NORMAL DEPARTURE LAST
                VALUE   (LST)  VALUE       VALUE  FROM      YEAR
                                                  NORMAL
..................................................................
TEMPERATURE (F)
 YESTERDAY
  MAXIMUM         78    532 PM  98    1911  88    -10       92
  MINIMUM         68    506 AM  52    1932  69     -1       73
  AVERAGE         73                        78     -5       83

PRECIPITATION (IN)
  YESTERDAY        0.39          1.55 1987   0.13   0.26     0.01
  MONTH TO DATE    0.45                      0.37   0.08     0.01
  SINCE JUN 1      2.51                      4.10  -1.59     3.01
  SINCE JAN 1     15.47                     20.80  -5.33    20.50

DEGREE DAYS
 HEATING
  YESTERDAY        0                         0      0        0
  MONTH TO DATE    0                         0      0        0
  SINCE JUN 1      3                         6     -3        0
  SINCE JUL 1      0                         0      0        0

 COOLING
  YESTERDAY        8                        13     -5       18
  MONTH TO DATE   34                        39     -5       54
  SINCE JUN 1    453                       346    107      411
  SINCE JAN 1    687                       505    182      608
..................................................................


WIND (MPH)
  HIGHEST WIND SPEED    16   HIGHEST WIND DIRECTION    SE (140)
  HIGHEST GUST SPEED    31   HIGHEST GUST DIRECTION     E (100)
  AVERAGE WIND SPEED     4.2


SKY COVER
  POSSIBLE SUNSHINE  MM
  AVERAGE SKY COVER 0.9


WEATHER CONDITIONS
 THE FOLLOWING WEATHER WAS RECORDED YESTERDAY.
  HEAVY RAIN
  RAIN
  LIGHT RAIN
  FOG


RELATIVE HUMIDITY (PERCENT)
 HIGHEST   100           200 AM
 LOWEST     76           500 PM
 AVERAGE    88

..........................................................


THE PIEDMONT TRIAD INTL AIRPORT NC CLIMATE NORMALS FOR TODAY
                         NORMAL    RECORD    YEAR
 MAXIMUM TEMPERATURE (F)   88        98      1970
 MINIMUM TEMPERATURE (F)   69        52      1933


SUNRISE AND SUNSET
JULY  4 2015..........SUNRISE   608 AM EDT   SUNSET   840 PM EDT
JULY  5 2015..........SUNRISE   608 AM EDT   SUNSET   840 PM EDT


-  INDICATES NEGATIVE NUMBERS.
R  INDICATES RECORD WAS SET OR TIED.
MM INDICATES DATA IS MISSING.
T  INDICATES TRACE AMOUNT.




$$
