000
CDUS42 KGSP 202130
CLIGSP

CLIMATE REPORT
NATIONAL WEATHER SERVICE GREENVILLE-SPARTANBURG SC
430 PM EST MON FEB 20 2017


...................................

...THE GREENVILLE-SPARTANBURG SC CLIMATE SUMMARY FOR FEBRUARY 20 2017...
VALID TODAY AS OF 0400 PM LOCAL TIME.

CLIMATE NORMAL PERIOD 1981 TO 2010
CLIMATE RECORD PERIOD 1884 TO 2017


WEATHER ITEM   OBSERVED TIME   RECORD YEAR NORMAL DEPARTURE LAST
                VALUE   (LST)  VALUE       VALUE  FROM      YEAR
                                                  NORMAL
..................................................................
TEMPERATURE (F)
 TODAY
  MAXIMUM         72    237 PM  75    2014  58     14       58
                                      1986
  MINIMUM         41    644 AM   9    2015  36      5       42
  AVERAGE         57                        47     10       50

PRECIPITATION (IN)
  TODAY            0.00          2.56 1953   0.15  -0.15     0.00
  MONTH TO DATE    1.03                      2.77  -1.74     2.23
  SINCE DEC 1      8.24                     10.70  -2.46    15.85
  SINCE JAN 1      5.55                      6.59  -1.04     5.77

SNOWFALL (IN)
  TODAY            0.0           2.0  1905   0.0    0.0      0.0
  MONTH TO DATE    0.0                       0.7   -0.7      0.4
  SINCE DEC 1      3.1                       3.4   -0.3      2.6
  SINCE JUL 1      3.1                       3.5   -0.4      2.6
  SNOW DEPTH       0

DEGREE DAYS
 HEATING
  TODAY            8                        18    -10       15
  MONTH TO DATE  246                       401   -155      458
  SINCE DEC 1   1338                      1758   -420     1526
  SINCE JUL 1   1664                      2311   -647     1971

 COOLING
  TODAY            0                         0      0        0
  MONTH TO DATE    6                         0      6        0
  SINCE DEC 1      6                         1      5       11
  SINCE JAN 1      6                         0      6        0
..................................................................


WIND (MPH)
  HIGHEST WIND SPEED     8   HIGHEST WIND DIRECTION    SE (120)
  HIGHEST GUST SPEED    14   HIGHEST GUST DIRECTION    SE (120)
  AVERAGE WIND SPEED     2.0


SKY COVER
  POSSIBLE SUNSHINE  MM
  AVERAGE SKY COVER 0.0


WEATHER CONDITIONS
 THE FOLLOWING WEATHER WAS RECORDED TODAY.
  NO SIGNIFICANT WEATHER WAS OBSERVED.


RELATIVE HUMIDITY (PERCENT)
 HIGHEST    89           600 AM
 LOWEST     25           400 PM
 AVERAGE    57

..........................................................


THE GREENVILLE-SPARTANBURG SC CLIMATE NORMALS FOR TOMORROW
                         NORMAL    RECORD    YEAR
 MAXIMUM TEMPERATURE (F)   58        75      1917
 MINIMUM TEMPERATURE (F)   36         9      1896


SUNRISE AND SUNSET
FEBRUARY 20 2017......SUNRISE   709 AM EST   SUNSET   617 PM EST
FEBRUARY 21 2017......SUNRISE   708 AM EST   SUNSET   618 PM EST


-  INDICATES NEGATIVE NUMBERS.
R  INDICATES RECORD WAS SET OR TIED.
MM INDICATES DATA IS MISSING.
T  INDICATES TRACE AMOUNT.




$$
