000
CDUS42 KGSP 270629
CLIGSP

CLIMATE REPORT
NATIONAL WEATHER SERVICE GREENVILLE-SPARTANBURG SC
228 AM EDT TUE JUN 27 2017


...................................

...THE GREENVILLE-SPARTANBURG SC CLIMATE SUMMARY FOR JUNE 26 2017...

CLIMATE NORMAL PERIOD 1981 TO 2010
CLIMATE RECORD PERIOD 1884 TO 2017


WEATHER ITEM   OBSERVED TIME   RECORD YEAR NORMAL DEPARTURE LAST
                VALUE   (LST)  VALUE       VALUE  FROM      YEAR
                                                  NORMAL
..................................................................
TEMPERATURE (F)
 YESTERDAY
  MAXIMUM         85    323 PM 100    1952  89     -4       91
                                      1934
                                      1914
  MINIMUM         61    412 AM  55    1979  68     -7       73
                                      1974
  AVERAGE         73                        79     -6       82

PRECIPITATION (IN)
  YESTERDAY        0.00          2.36 1974   0.13  -0.13     0.00
  MONTH TO DATE    2.90                      3.27  -0.37     1.06
  SINCE JUN 1      2.90                      3.27  -0.37     1.06
  SINCE JAN 1     28.27                     22.70   5.57    18.61

SNOWFALL (IN)
  YESTERDAY        0.0           0.0    MM   0.0    0.0      0.0
  MONTH TO DATE    0.0                       0.0    0.0      0.0
  SINCE JUN 1      0.0                       0.0    0.0      0.0
  SINCE JUL 1      3.6                       4.7   -1.1      2.6
  SNOW DEPTH       0

DEGREE DAYS
 HEATING
  YESTERDAY        0                         0      0        0
  MONTH TO DATE    0                         0      0        0
  SINCE JUN 1      0                         0      0        0
  SINCE JUL 1   2186                      3044   -858     2498

 COOLING
  YESTERDAY        8                        14     -6       17
  MONTH TO DATE  278                       295    -17      371
  SINCE JUN 1    278                       295    -17      371
  SINCE JAN 1    543                       496     47      610
..................................................................


WIND (MPH)
  HIGHEST WIND SPEED    10   HIGHEST WIND DIRECTION     S (180)
  HIGHEST GUST SPEED    14   HIGHEST GUST DIRECTION    NW (330)
  AVERAGE WIND SPEED     3.9


SKY COVER
  POSSIBLE SUNSHINE  MM
  AVERAGE SKY COVER 0.2


WEATHER CONDITIONS
 THE FOLLOWING WEATHER WAS RECORDED YESTERDAY.
  NO SIGNIFICANT WEATHER WAS OBSERVED.


RELATIVE HUMIDITY (PERCENT)
 HIGHEST    78           200 AM
 LOWEST     29           300 PM
 AVERAGE    54

..........................................................


THE GREENVILLE-SPARTANBURG SC CLIMATE NORMALS FOR TODAY
                         NORMAL    RECORD    YEAR
 MAXIMUM TEMPERATURE (F)   90       102      1952
 MINIMUM TEMPERATURE (F)   68        57      1979


SUNRISE AND SUNSET
JUNE 27 2017..........SUNRISE   617 AM EDT   SUNSET   847 PM EDT
JUNE 28 2017..........SUNRISE   618 AM EDT   SUNSET   847 PM EDT


-  INDICATES NEGATIVE NUMBERS.
R  INDICATES RECORD WAS SET OR TIED.
MM INDICATES DATA IS MISSING.
T  INDICATES TRACE AMOUNT.




$$
JPT
