000
CDUS42 KGSP 240630
CLIGSP

CLIMATE REPORT
NATIONAL WEATHER SERVICE GREENVILLE-SPARTANBURG SC
228 AM EDT WED MAY 24 2017

...THE GREENVILLE-SPARTANBURG SC CLIMATE SUMMARY FOR MAY 23 2017...

CLIMATE NORMAL PERIOD 1981 TO 2010
CLIMATE RECORD PERIOD 1884 TO 2017


WEATHER ITEM   OBSERVED TIME   RECORD YEAR NORMAL DEPARTURE LAST
                VALUE   (LST)  VALUE       VALUE  FROM      YEAR
                                                  NORMAL
..................................................................
TEMPERATURE (F)
 YESTERDAY
  MAXIMUM         70    556 PM  97    1941  82    -12       77
  MINIMUM         65   1159 PM  43    2002  59      6       54
                                      1889
  AVERAGE         68                        71     -3       66

PRECIPITATION (IN)
  YESTERDAY        0.68          3.71 1916   0.12   0.56      T
  MONTH TO DATE    4.15                      2.79   1.36     4.77
  SINCE MAR 1     18.80                     10.67   8.13     8.78
  SINCE JAN 1     24.52                     18.46   6.06    17.04

SNOWFALL (IN)
  YESTERDAY        0.0           0.0    MM   0.0    0.0      0.0
  MONTH TO DATE    0.0                       0.0    0.0      0.0
  SINCE MAR 1      0.5                       0.9   -0.4       T
  SINCE JUL 1      3.6                       4.7   -1.1      2.6
  SNOW DEPTH       0

DEGREE DAYS
 HEATING
  YESTERDAY        0                         1     -1        0
  MONTH TO DATE   30                        36     -6       34
  SINCE MAR 1    459                       593   -134      401
  SINCE JUL 1   2185                      3042   -857     2498

 COOLING
  YESTERDAY        3                         6     -3        1
  MONTH TO DATE  103                        94      9       91
  SINCE MAR 1    208                       142     66      176
  SINCE JAN 1    214                       142     72      176
..................................................................


WIND (MPH)
  HIGHEST WIND SPEED    16   HIGHEST WIND DIRECTION     S (200)
  HIGHEST GUST SPEED    20   HIGHEST GUST DIRECTION    SW (220)
  AVERAGE WIND SPEED     5.8


SKY COVER
  POSSIBLE SUNSHINE  MM
  AVERAGE SKY COVER 0.9


WEATHER CONDITIONS
 THE FOLLOWING WEATHER WAS RECORDED YESTERDAY.
  HEAVY RAIN
  RAIN
  LIGHT RAIN
  FOG


RELATIVE HUMIDITY (PERCENT)
 HIGHEST   100           100 AM
 LOWEST     78           700 PM
 AVERAGE    89

..........................................................


THE GREENVILLE-SPARTANBURG SC CLIMATE NORMALS FOR TODAY
                         NORMAL    RECORD    YEAR
 MAXIMUM TEMPERATURE (F)   82        94      1962
 MINIMUM TEMPERATURE (F)   60        41      1917


SUNRISE AND SUNSET
MAY 24 2017...........SUNRISE   620 AM EDT   SUNSET   832 PM EDT
MAY 25 2017...........SUNRISE   619 AM EDT   SUNSET   833 PM EDT


-  INDICATES NEGATIVE NUMBERS.
R  INDICATES RECORD WAS SET OR TIED.
MM INDICATES DATA IS MISSING.
T  INDICATES TRACE AMOUNT.

$$
