000
CDUS42 KGSP 120644
CLIGSP

CLIMATE REPORT
NATIONAL WEATHER SERVICE GREENVILLE-SPARTANBURG SC
144 AM EST TUE DEC 12 2017


...................................

...THE GREENVILLE-SPARTANBURG SC CLIMATE SUMMARY FOR DECEMBER 11 2017...

CLIMATE NORMAL PERIOD 1981 TO 2010
CLIMATE RECORD PERIOD 1884 TO 2017


WEATHER ITEM   OBSERVED TIME   RECORD YEAR NORMAL DEPARTURE LAST
                VALUE   (LST)  VALUE       VALUE  FROM      YEAR
                                                  NORMAL
..................................................................
TEMPERATURE (F)
 YESTERDAY
  MAXIMUM         57    328 PM  79    2007  55      2       41
  MINIMUM         28    752 AM  14    1957  35     -7       24
  AVERAGE         43                        45     -2       33

PRECIPITATION (IN)
  YESTERDAY        0.00          2.00 1961   0.15  -0.15     0.00
  MONTH TO DATE    1.34                      1.56  -0.22     1.43
  SINCE DEC 1      1.34                      1.56  -0.22     1.43
  SINCE JAN 1     51.54                     44.64   6.90    33.17

SNOWFALL (IN)
  YESTERDAY        0.0           5.0  1917   0.1   -0.1      0.0
  MONTH TO DATE    1.6                       0.1    1.5      0.0
  SINCE DEC 1      1.6                       0.1    1.5      0.0
  SINCE JUL 1      1.6                       0.2    1.4      0.0
  SNOW DEPTH       T

DEGREE DAYS
 HEATING
  YESTERDAY       22                        20      2       32
  MONTH TO DATE  191                       210    -19      236
  SINCE DEC 1    191                       210    -19      236
  SINCE JUL 1    685                       763    -78      562

 COOLING
  YESTERDAY        0                         0      0        0
  MONTH TO DATE    0                         0      0        0
  SINCE DEC 1      0                         0      0        0
  SINCE JAN 1   1802                      1715     87     2188
..................................................................


WIND (MPH)
  HIGHEST WIND SPEED    14   HIGHEST WIND DIRECTION    SW (210)
  HIGHEST GUST SPEED    17   HIGHEST GUST DIRECTION    SW (230)
  AVERAGE WIND SPEED     6.5


SKY COVER
  POSSIBLE SUNSHINE  MM
  AVERAGE SKY COVER 0.0


WEATHER CONDITIONS
 THE FOLLOWING WEATHER WAS RECORDED YESTERDAY.
  NO SIGNIFICANT WEATHER WAS OBSERVED.


RELATIVE HUMIDITY (PERCENT)
 HIGHEST    85           700 AM
 LOWEST     35           100 PM
 AVERAGE    60

..........................................................


THE GREENVILLE-SPARTANBURG SC CLIMATE NORMALS FOR TODAY
                         NORMAL    RECORD    YEAR
 MAXIMUM TEMPERATURE (F)   55        78      2007
 MINIMUM TEMPERATURE (F)   34         9      1962


SUNRISE AND SUNSET
DECEMBER 12 2017......SUNRISE   727 AM EST   SUNSET   518 PM EST
DECEMBER 13 2017......SUNRISE   728 AM EST   SUNSET   518 PM EST


-  INDICATES NEGATIVE NUMBERS.
R  INDICATES RECORD WAS SET OR TIED.
MM INDICATES DATA IS MISSING.
T  INDICATES TRACE AMOUNT.

$$

OUTLAW
