000
CDUS42 KGSP 232042
CLIGSP

CLIMATE REPORT
NATIONAL WEATHER SERVICE GREENVILLE-SPARTANBURG SC
442 PM EDT TUE AUG 23 2016


...................................

...THE GREENVILLE-SPARTANBURG SC CLIMATE SUMMARY FOR AUGUST 23 2016...
VALID TODAY AS OF 0440 PM LOCAL TIME.

CLIMATE NORMAL PERIOD 1981 TO 2010
CLIMATE RECORD PERIOD 1884 TO 2016


WEATHER ITEM   OBSERVED TIME   RECORD YEAR NORMAL DEPARTURE LAST
                VALUE   (LST)  VALUE       VALUE  FROM      YEAR
                                                  NORMAL
..................................................................
TEMPERATURE (F)
 TODAY
  MAXIMUM         86    331 PM 101    1983  88     -2       84
  MINIMUM         69    629 AM  54    1930  68      1       69
  AVERAGE         78                        78      0       77

PRECIPITATION (IN)
  TODAY            0.00          2.81 1967   0.14  -0.14     0.38
  MONTH TO DATE    4.24                      3.40   0.84     2.20
  SINCE JUN 1     10.55                     12.00  -1.45     6.74
  SINCE JAN 1     28.10                     31.43  -3.33    25.33

SNOWFALL (IN)
  TODAY            0.0           0.0    MM   0.0    0.0      0.0
  MONTH TO DATE    0.0                       0.0    0.0      0.0
  SINCE JUN 1      0.0                       0.0    0.0      0.0
  SINCE JUL 1      0.0                       0.0    0.0      0.0
  SNOW DEPTH       0

DEGREE DAYS
 HEATING
  TODAY            0                         0      0        0
  MONTH TO DATE    0                         0      0        0
  SINCE JUN 1      0                         2     -2        0
  SINCE JUL 1      0                         0      0        0

 COOLING
  TODAY           13                        13      0       12
  MONTH TO DATE  363                       324     39      348
  SINCE JUN 1   1351                      1135    216     1302
  SINCE JAN 1   1590                      1336    254     1577
..................................................................


WIND (MPH)
  HIGHEST WIND SPEED    10   HIGHEST WIND DIRECTION    NE (50)
  HIGHEST GUST SPEED    14   HIGHEST GUST DIRECTION     E (70)
  AVERAGE WIND SPEED     5.3


SKY COVER
  POSSIBLE SUNSHINE  MM
  AVERAGE SKY COVER 0.4


WEATHER CONDITIONS
 THE FOLLOWING WEATHER WAS RECORDED TODAY.
  NO SIGNIFICANT WEATHER WAS OBSERVED.


RELATIVE HUMIDITY (PERCENT)
 HIGHEST    90           200 AM
 LOWEST     51           100 PM
 AVERAGE    71

..........................................................


THE GREENVILLE-SPARTANBURG SC CLIMATE NORMALS FOR TOMORROW
                         NORMAL    RECORD    YEAR
 MAXIMUM TEMPERATURE (F)   88       100      1938
 MINIMUM TEMPERATURE (F)   68        51      1888


SUNRISE AND SUNSET
AUGUST 23 2016........SUNRISE   655 AM EDT   SUNSET   807 PM EDT
AUGUST 24 2016........SUNRISE   656 AM EDT   SUNSET   805 PM EDT


-  INDICATES NEGATIVE NUMBERS.
R  INDICATES RECORD WAS SET OR TIED.
MM INDICATES DATA IS MISSING.
T  INDICATES TRACE AMOUNT.

$$

OUTLAW
