000
CDUS42 KGSP 010630
CLIGSP

CLIMATE REPORT
NATIONAL WEATHER SERVICE GREENVILLE-SPARTANBURG SC
230 AM EDT FRI AUG 1 2014


...................................

...THE GREENVILLE-SPARTANBURG SC CLIMATE SUMMARY FOR JULY 31 2014...

CLIMATE NORMAL PERIOD 1981 TO 2010
CLIMATE RECORD PERIOD 1884 TO 2014


WEATHER ITEM   OBSERVED TIME   RECORD YEAR NORMAL DEPARTURE LAST
                VALUE   (LST)  VALUE       VALUE  FROM      YEAR
                                                  NORMAL
..................................................................
TEMPERATURE (F)
 YESTERDAY
  MAXIMUM         71    109 AM 104    1999  90    -19       81
  MINIMUM         64    928 AM  56    1936  70     -6       72
  AVERAGE         68                        80    -12       77

PRECIPITATION (IN)
  YESTERDAY        2.94R         2.60 1936   0.17   2.77     0.05
  MONTH TO DATE    6.73                      4.80   1.93    14.45
  SINCE JUN 1      9.55                      8.60   0.95    23.88
  SINCE JAN 1     29.36                     28.03   1.33    47.04

SNOWFALL (IN)
  YESTERDAY        0.0           0.0    MM   0.0    0.0      0.0
  MONTH TO DATE    0.0                       0.0    0.0      0.0
  SINCE JUN 1      0.0                       0.0    0.0      0.0
  SINCE JUL 1      0.0                       0.0    0.0      0.0
  SNOW DEPTH       0

DEGREE DAYS
 HEATING
  YESTERDAY        0                         0      0        0
  MONTH TO DATE    0                         0      0        0
  SINCE JUN 1      0                         2     -2        0
  SINCE JUL 1      0                         0      0        0

 COOLING
  YESTERDAY        3                        15    -12       12
  MONTH TO DATE  386                       460    -74      389
  SINCE JUN 1    770                       811    -41      736
  SINCE JAN 1   1026                      1012     14      898
..................................................................


WIND (MPH)
  HIGHEST WIND SPEED    13   HIGHEST WIND DIRECTION    SE (140)
  HIGHEST GUST SPEED    15   HIGHEST GUST DIRECTION    SE (150)
  AVERAGE WIND SPEED     6.8


SKY COVER
  POSSIBLE SUNSHINE  MM
  AVERAGE SKY COVER 0.8


WEATHER CONDITIONS
 THE FOLLOWING WEATHER WAS RECORDED YESTERDAY.
  HEAVY RAIN
  RAIN
  LIGHT RAIN
  FOG


RELATIVE HUMIDITY (PERCENT)
 HIGHEST   100           800 AM
 LOWEST     73          1200 AM
 AVERAGE    87

..........................................................


THE GREENVILLE-SPARTANBURG SC CLIMATE NORMALS FOR TODAY
                         NORMAL    RECORD    YEAR
 MAXIMUM TEMPERATURE (F)   90       101      1999
 MINIMUM TEMPERATURE (F)   70        57      1997
                                             1936


SUNRISE AND SUNSET
AUGUST  1 2014........SUNRISE   638 AM EDT   SUNSET   831 PM EDT
AUGUST  2 2014........SUNRISE   639 AM EDT   SUNSET   831 PM EDT


-  INDICATES NEGATIVE NUMBERS.
R  INDICATES RECORD WAS SET OR TIED.
MM INDICATES DATA IS MISSING.
T  INDICATES TRACE AMOUNT.

$$

OUTLAW
