000
CDUS45 KTFX 031033
CLIGTF


CLIMATE REPORT
NATIONAL WEATHER SERVICE GREAT FALLS MT
428 AM MDT FRI JUL 3 2015


...................................

...THE GREAT FALLS MT CLIMATE SUMMARY FOR JULY 2 2015...

CLIMATE NORMAL PERIOD 1981 TO 2010
CLIMATE RECORD PERIOD 1886 TO 2015


WEATHER ITEM   OBSERVED TIME   RECORD YEAR NORMAL DEPARTURE LAST
                VALUE   (LST)  VALUE       VALUE  FROM      YEAR
                                                  NORMAL
..................................................................
TEMPERATURE (F)
 YESTERDAY
  MAXIMUM         85    458 PM  99    2013  79      6       86
                                      1985
  MINIMUM         54    440 AM  40    2011  49      5       52
                                      1992
                                      1915
  AVERAGE         70                        64      6       69

PRECIPITATION (IN)
  YESTERDAY        0.00          1.28 1903   0.06  -0.06     0.00
  MONTH TO DATE    0.00                      0.12  -0.12     0.00
  SINCE OCT 1      9.19                     10.38  -1.19    13.34
  SINCE JAN 1      6.24                      8.38  -2.14    11.29

SNOWFALL (IN)
  YESTERDAY        0.0           T    1990   0.0    0.0      0.0
  MONTH TO DATE    0.0                       0.0    0.0      0.0
  SINCE JUN 1      0.0                       0.3   -0.3      0.0
  SINCE JUL 1      0.0                       0.0    0.0      0.0
  SNOW DEPTH       0

DEGREE DAYS
 HEATING
  YESTERDAY        0                         3     -3        0
  MONTH TO DATE    0                         6     -6        3
  SINCE JUN 1     82                       197   -115      226
  SINCE JUL 1      0                         6     -6        3

 COOLING
  YESTERDAY        5                         2      3        4
  MONTH TO DATE   12                         4      8        4
  SINCE JUN 1    106                        36     70        4
  SINCE JAN 1    106                        43     63        4
..................................................................


WIND (MPH)
  HIGHEST WIND SPEED    15   HIGHEST WIND DIRECTION     E (70)
  HIGHEST GUST SPEED    19   HIGHEST GUST DIRECTION     E (70)
  AVERAGE WIND SPEED     7.3


SKY COVER
  AVERAGE SKY COVER 0.2


WEATHER CONDITIONS
 THE FOLLOWING WEATHER WAS RECORDED YESTERDAY.
  NO SIGNIFICANT WEATHER WAS OBSERVED.


RELATIVE HUMIDITY (PERCENT)
 HIGHEST    83           300 AM
 LOWEST     27           300 PM
 AVERAGE    55

..........................................................


THE GREAT FALLS MT CLIMATE NORMALS FOR TODAY
                         NORMAL    RECORD    YEAR
 MAXIMUM TEMPERATURE (F)   80        98      2013
                                             1996
                                             1985
 MINIMUM TEMPERATURE (F)   49        41      1971


SUNRISE AND SUNSET
JULY  3 2015..........SUNRISE   533 AM MDT   SUNSET   926 PM MDT
JULY  4 2015..........SUNRISE   534 AM MDT   SUNSET   925 PM MDT


-  INDICATES NEGATIVE NUMBERS.
R  INDICATES RECORD WAS SET OR TIED.
MM INDICATES DATA IS MISSING.
T  INDICATES TRACE AMOUNT.




$$
