000
CDUS45 KTFX 282234
CLIGTF


CLIMATE REPORT
NATIONAL WEATHER SERVICE GREAT FALLS MT
432 PM MDT FRI AUG 28 2015


...................................

...THE GREAT FALLS MT CLIMATE SUMMARY FOR AUGUST 28 2015...
VALID TODAY AS OF 0400 PM LOCAL TIME.

CLIMATE NORMAL PERIOD 1981 TO 2010
CLIMATE RECORD PERIOD 1886 TO 2015


WEATHER ITEM   OBSERVED TIME   RECORD YEAR NORMAL DEPARTURE LAST
                VALUE   (LST)  VALUE       VALUE  FROM      YEAR
                                                  NORMAL
..................................................................
TEMPERATURE (F)
 TODAY
  MAXIMUM         93    259 PM  99    2012  78     15       86
  MINIMUM         57    446 AM  35    1918  48      9       53
  AVERAGE         75                        63     12       70

PRECIPITATION (IN)
  TODAY            0.00          0.60 1951   0.05  -0.05     0.00
  MONTH TO DATE    0.36                      1.40  -1.04     4.39
  SINCE OCT 1     10.98                     13.16  -2.18    18.51
  SINCE JAN 1      8.03                     11.16  -3.13    16.46

SNOWFALL (IN)
  TODAY            0.0           0.0  2002   0.1   -0.1      0.0
  MONTH TO DATE    0.0                       0.3   -0.3      0.0
  SINCE JUN 1      0.0                       0.6   -0.6      0.0
  SINCE JUL 1      0.0                       0.3   -0.3      0.0
  SNOW DEPTH       0

DEGREE DAYS
 HEATING
  TODAY            0                         4     -4        0
  MONTH TO DATE   48                        58    -10       57
  SINCE JUN 1    177                       299   -122      285
  SINCE JUL 1     95                       108    -13       62

 COOLING
  TODAY           10                         2      8        5
  MONTH TO DATE  153                       107     46      145
  SINCE JUN 1    377                       263    114      324
  SINCE JAN 1    377                       270    107      324
..................................................................


WIND (MPH)
  HIGHEST WIND SPEED    21   HIGHEST WIND DIRECTION    SW (230)
  HIGHEST GUST SPEED    26   HIGHEST GUST DIRECTION    SW (230)
  AVERAGE WIND SPEED    13.2


SKY COVER
  AVERAGE SKY COVER 0.6


WEATHER CONDITIONS
 THE FOLLOWING WEATHER WAS RECORDED TODAY.
  HAZE


RELATIVE HUMIDITY (PERCENT)
 HIGHEST    46           200 AM
 LOWEST      9           200 PM
 AVERAGE    28

..........................................................


THE GREAT FALLS MT CLIMATE NORMALS FOR TOMORROW
                         NORMAL    RECORD    YEAR
 MAXIMUM TEMPERATURE (F)   78        97      2005
 MINIMUM TEMPERATURE (F)   47        34      1992


SUNRISE AND SUNSET
AUGUST 28 2015........SUNRISE   639 AM MDT   SUNSET   814 PM MDT
AUGUST 29 2015........SUNRISE   640 AM MDT   SUNSET   812 PM MDT


-  INDICATES NEGATIVE NUMBERS.
R  INDICATES RECORD WAS SET OR TIED.
MM INDICATES DATA IS MISSING.
T  INDICATES TRACE AMOUNT.




$$
