000
CDUS45 KTFX 271016
CLIGTF


CLIMATE REPORT
NATIONAL WEATHER SERVICE GREAT FALLS MT
414 AM MDT SAT AUG 27 2016


...................................

...THE GREAT FALLS MT CLIMATE SUMMARY FOR AUGUST 26 2016...

CLIMATE NORMAL PERIOD 1981 TO 2010
CLIMATE RECORD PERIOD 1886 TO 2016


WEATHER ITEM   OBSERVED TIME   RECORD YEAR NORMAL DEPARTURE LAST
                VALUE   (LST)  VALUE       VALUE  FROM      YEAR
                                                  NORMAL
..................................................................
TEMPERATURE (F)
 YESTERDAY
  MAXIMUM         72    445 PM  96    2010  79     -7       91
                                      1894
  MINIMUM         45    435 AM  35    1892  48     -3       51
  AVERAGE         59                        64     -5       71

PRECIPITATION (IN)
  YESTERDAY        0.00          0.55 1892   0.05  -0.05     0.00
  MONTH TO DATE    1.12                      1.29  -0.17     0.36
  SINCE OCT 1     14.40                     13.05   1.35    10.98
  SINCE JAN 1      9.30                     11.05  -1.75     8.03

SNOWFALL (IN)
  YESTERDAY        0.0           0.0  2002   0.0    0.0      0.0
  MONTH TO DATE    T                         0.2   -0.2      0.0
  SINCE JUN 1      T                         0.5   -0.5      0.0
  SINCE JUL 1      T                         0.2   -0.2      0.0
  SNOW DEPTH       0

DEGREE DAYS
 HEATING
  YESTERDAY        6                         4      2        0
  MONTH TO DATE   57                        50      7       48
  SINCE JUN 1    209                       291    -82      177
  SINCE JUL 1    101                       100      1       95

 COOLING
  YESTERDAY        0                         2     -2        6
  MONTH TO DATE   54                       103    -49      135
  SINCE JUN 1    218                       259    -41      359
  SINCE JAN 1    218                       266    -48      359
..................................................................


WIND (MPH)
  HIGHEST WIND SPEED    10   HIGHEST WIND DIRECTION     S (200)
  HIGHEST GUST SPEED    13   HIGHEST GUST DIRECTION     E (100)
  AVERAGE WIND SPEED     5.9


SKY COVER
  AVERAGE SKY COVER 0.4


WEATHER CONDITIONS
 THE FOLLOWING WEATHER WAS RECORDED YESTERDAY.
  NO SIGNIFICANT WEATHER WAS OBSERVED.


RELATIVE HUMIDITY (PERCENT)
 HIGHEST    80           400 AM
 LOWEST     31           400 PM
 AVERAGE    56

..........................................................


THE GREAT FALLS MT CLIMATE NORMALS FOR TODAY
                         NORMAL    RECORD    YEAR
 MAXIMUM TEMPERATURE (F)   79        98      1971
 MINIMUM TEMPERATURE (F)   48        39      1911


SUNRISE AND SUNSET
AUGUST 27 2016........SUNRISE   638 AM MDT   SUNSET   814 PM MDT
AUGUST 28 2016........SUNRISE   640 AM MDT   SUNSET   812 PM MDT


-  INDICATES NEGATIVE NUMBERS.
R  INDICATES RECORD WAS SET OR TIED.
MM INDICATES DATA IS MISSING.
T  INDICATES TRACE AMOUNT.




$$
