000
CDUS45 KTFX 301004
CLIGTF


CLIMATE REPORT
NATIONAL WEATHER SERVICE GREAT FALLS MT
403 AM MDT THU JUL 30 2015


...................................

...THE GREAT FALLS MT CLIMATE SUMMARY FOR JULY 29 2015...

CLIMATE NORMAL PERIOD 1981 TO 2010
CLIMATE RECORD PERIOD 1886 TO 2015


WEATHER ITEM   OBSERVED TIME   RECORD YEAR NORMAL DEPARTURE LAST
                VALUE   (LST)  VALUE       VALUE  FROM      YEAR
                                                  NORMAL
..................................................................
TEMPERATURE (F)
 YESTERDAY
  MAXIMUM         83    411 PM 102    1934  86     -3       94
  MINIMUM         50    451 AM  45    1971  53     -3       57
                                      1924
                                      1896
  AVERAGE         67                        69     -2       76

PRECIPITATION (IN)
  YESTERDAY        0.00          0.24 1905   0.04  -0.04     0.00
  MONTH TO DATE    1.43                      1.43   0.00     0.78
  SINCE OCT 1     10.62                     11.69  -1.07    14.12
  SINCE JAN 1      7.67                      9.69  -2.02    12.07

SNOWFALL (IN)
  YESTERDAY        0.0           0.0  2002   0.0    0.0      0.0
  MONTH TO DATE    0.0                       0.0    0.0      0.0
  SINCE JUN 1      0.0                       0.3   -0.3      0.0
  SINCE JUL 1      0.0                       0.0    0.0      0.0
  SNOW DEPTH       0

DEGREE DAYS
 HEATING
  YESTERDAY        0                         1     -1        0
  MONTH TO DATE   47                        48     -1        5
  SINCE JUN 1    129                       239   -110      228
  SINCE JUL 1     47                        48     -1        5

 COOLING
  YESTERDAY        2                         5     -3       11
  MONTH TO DATE  119                       115      4      155
  SINCE JUN 1    213                       147     66      155
  SINCE JAN 1    213                       154     59      155
..................................................................


WIND (MPH)
  HIGHEST WIND SPEED    22   HIGHEST WIND DIRECTION    SW (230)
  HIGHEST GUST SPEED    26   HIGHEST GUST DIRECTION     W (250)
  AVERAGE WIND SPEED    10.5


SKY COVER
  AVERAGE SKY COVER 0.0


WEATHER CONDITIONS
 THE FOLLOWING WEATHER WAS RECORDED YESTERDAY.
  NO SIGNIFICANT WEATHER WAS OBSERVED.


RELATIVE HUMIDITY (PERCENT)
 HIGHEST    63          1200 AM
 LOWEST     18           300 PM
 AVERAGE    41

..........................................................


THE GREAT FALLS MT CLIMATE NORMALS FOR TODAY
                         NORMAL    RECORD    YEAR
 MAXIMUM TEMPERATURE (F)   86       102      1934
 MINIMUM TEMPERATURE (F)   53        43      1892


SUNRISE AND SUNSET
JULY 30 2015..........SUNRISE   601 AM MDT   SUNSET   902 PM MDT
JULY 31 2015..........SUNRISE   602 AM MDT   SUNSET   901 PM MDT


-  INDICATES NEGATIVE NUMBERS.
R  INDICATES RECORD WAS SET OR TIED.
MM INDICATES DATA IS MISSING.
T  INDICATES TRACE AMOUNT.




$$
