000
CDUS45 KTFX 242226
CLIGTF


CLIMATE REPORT
NATIONAL WEATHER SERVICE GREAT FALLS MT
426 PM MDT THU APR 24 2014


...................................

...THE GREAT FALLS MT CLIMATE SUMMARY FOR APRIL 24 2014...
VALID TODAY AS OF 0400 PM LOCAL TIME.

CLIMATE NORMAL PERIOD 1981 TO 2010
CLIMATE RECORD PERIOD 1886 TO 2014


WEATHER ITEM   OBSERVED TIME   RECORD YEAR NORMAL DEPARTURE LAST
                VALUE   (LST)  VALUE       VALUE  FROM      YEAR
                                                  NORMAL
..................................................................
TEMPERATURE (F)
 TODAY
  MAXIMUM         57    205 PM  83    1910  58     -1       59
  MINIMUM         32    401 AM  11    2009  32      0       28
  AVERAGE         45                        45      0       44

PRECIPITATION (IN)
  TODAY            T             0.50 1906   0.05  -0.05     0.09
  MONTH TO DATE    1.34                      1.10   0.24     0.97
  SINCE OCT 1      7.12                      4.99   2.13     5.59
  SINCE JAN 1      5.07                      2.99   2.08     2.25

SNOWFALL (IN)
  TODAY            0.0           4.4  1964   0.2   -0.2      1.2
  MONTH TO DATE    2.4                       7.2   -4.8     15.6
  SINCE MAR 1     15.2                      19.1   -3.9     19.6
  SINCE JUL 1     72.7                      59.1   13.6     75.4
  SNOW DEPTH       0

DEGREE DAYS
 HEATING
  TODAY           20                        20      0       21
  MONTH TO DATE  519                       547    -28      667
  SINCE MAR 1   1603                      1500    103     1559
  SINCE JUL 1   7257                      7005    252     6372

 COOLING
  TODAY            0                         0      0        0
  MONTH TO DATE    0                         0      0        0
  SINCE MAR 1      0                         0      0        0
  SINCE JAN 1      0                         0      0        0
..................................................................


WIND (MPH)
  HIGHEST WIND SPEED    28   HIGHEST WIND DIRECTION    SW (220)
  HIGHEST GUST SPEED    37   HIGHEST GUST DIRECTION    SW (210)
  AVERAGE WIND SPEED    15.2


SKY COVER
  AVERAGE SKY COVER 0.6


WEATHER CONDITIONS
 THE FOLLOWING WEATHER WAS RECORDED TODAY.
  NO SIGNIFICANT WEATHER WAS OBSERVED.


RELATIVE HUMIDITY (PERCENT)
 HIGHEST    85           400 AM
 LOWEST     43           100 PM
 AVERAGE    64

..........................................................


THE GREAT FALLS MT CLIMATE NORMALS FOR TOMORROW
                         NORMAL    RECORD    YEAR
 MAXIMUM TEMPERATURE (F)   59        88      1897
 MINIMUM TEMPERATURE (F)   33        18      1924


SUNRISE AND SUNSET
APRIL 24 2014.........SUNRISE   620 AM MDT   SUNSET   828 PM MDT
APRIL 25 2014.........SUNRISE   619 AM MDT   SUNSET   829 PM MDT


-  INDICATES NEGATIVE NUMBERS.
R  INDICATES RECORD WAS SET OR TIED.
MM INDICATES DATA IS MISSING.
T  INDICATES TRACE AMOUNT.




$$
