000
CDUS45 KTFX 072330
CLIGTF


CLIMATE REPORT
NATIONAL WEATHER SERVICE GREAT FALLS MT
430 PM MST SUN FEB 7 2016


...................................

...THE GREAT FALLS MT CLIMATE SUMMARY FOR FEBRUARY 7 2016...
VALID TODAY AS OF 0400 PM LOCAL TIME.

CLIMATE NORMAL PERIOD 1981 TO 2010
CLIMATE RECORD PERIOD 1886 TO 2016


WEATHER ITEM   OBSERVED TIME   RECORD YEAR NORMAL DEPARTURE LAST
                VALUE   (LST)  VALUE       VALUE  FROM      YEAR
                                                  NORMAL
..................................................................
TEMPERATURE (F)
 TODAY
  MAXIMUM         45    307 PM  64    1954  37      8       56
  MINIMUM         19    649 AM -32    1936  16      3       41
  AVERAGE         32                        26      6       49

PRECIPITATION (IN)
  TODAY            0.00          0.42 1923   0.02  -0.02     0.00
  MONTH TO DATE    0.03                      0.11  -0.08     0.01
  SINCE OCT 1      5.75                      2.62   3.13     3.97
  SINCE JAN 1      0.65                      0.62   0.03     1.02

SNOWFALL (IN)
  TODAY            0.0           9.4  2011   0.3   -0.3      0.0
  MONTH TO DATE    0.1                       2.0   -1.9      0.1
  SINCE DEC 1     22.0                      20.1    1.9     33.2
  SINCE JUL 1     37.9                      33.8    4.1     50.6

DEGREE DAYS
 HEATING
  TODAY           33                        39     -6       16
  MONTH TO DATE  239                       273    -34      221
  SINCE DEC 1   2582                      2755   -173     2524
  SINCE JUL 1   4403                      4724   -321     4413

 COOLING
  TODAY            0                         0      0        0
  MONTH TO DATE    0                         0      0        0
  SINCE DEC 1      0                         0      0        0
  SINCE JAN 1      0                         0      0        0
..................................................................


WIND (MPH)
  HIGHEST WIND SPEED    15   HIGHEST WIND DIRECTION     W (280)
  HIGHEST GUST SPEED    20   HIGHEST GUST DIRECTION    SW (230)
  AVERAGE WIND SPEED    10.9


SKY COVER
  AVERAGE SKY COVER 0.0


WEATHER CONDITIONS
 THE FOLLOWING WEATHER WAS RECORDED TODAY.
  NO SIGNIFICANT WEATHER WAS OBSERVED.


RELATIVE HUMIDITY (PERCENT)
 HIGHEST    77           300 AM
 LOWEST     22           300 PM
 AVERAGE    50

..........................................................


THE GREAT FALLS MT CLIMATE NORMALS FOR TOMORROW
                         NORMAL    RECORD    YEAR
 MAXIMUM TEMPERATURE (F)   37        63      1987
 MINIMUM TEMPERATURE (F)   16       -34      1994


SUNRISE AND SUNSET
FEBRUARY  7 2016......SUNRISE   744 AM MST   SUNSET   536 PM MST
FEBRUARY  8 2016......SUNRISE   742 AM MST   SUNSET   537 PM MST


-  INDICATES NEGATIVE NUMBERS.
R  INDICATES RECORD WAS SET OR TIED.
MM INDICATES DATA IS MISSING.
T  INDICATES TRACE AMOUNT.




$$
