000
CDUS45 KTFX 300759
CLIGTF


CLIMATE REPORT
NATIONAL WEATHER SERVICE GREAT FALLS MT
159 AM MDT SAT APR 30 2016


...................................

...THE GREAT FALLS MT CLIMATE SUMMARY FOR APRIL 29 2016...

CLIMATE NORMAL PERIOD 1981 TO 2010
CLIMATE RECORD PERIOD 1886 TO 2016


WEATHER ITEM   OBSERVED TIME   RECORD YEAR NORMAL DEPARTURE LAST
                VALUE   (LST)  VALUE       VALUE  FROM      YEAR
                                                  NORMAL
..................................................................
TEMPERATURE (F)
 YESTERDAY
  MAXIMUM         54    148 PM  87    1939  60     -6       77
  MINIMUM         35    554 AM  14    1954  34      1       46
  AVERAGE         45                        47     -2       62

PRECIPITATION (IN)
  YESTERDAY        0.00          1.02 2010   0.05  -0.05     0.00
  MONTH TO DATE    2.83                      1.37   1.46     0.89
  SINCE OCT 1      9.08                      5.26   3.82     5.33
  SINCE JAN 1      3.98                      3.26   0.72     2.38

SNOWFALL (IN)
  YESTERDAY        0.0          16.1  2009   0.2   -0.2      0.0
  MONTH TO DATE    7.2                       8.4   -1.2      0.8
  SINCE MAR 1      9.0                      20.3  -11.3      1.6
  SINCE JUL 1     46.9                      60.3  -13.4     57.9
  SNOW DEPTH       0

DEGREE DAYS
 HEATING
  YESTERDAY       20                        18      2        3
  MONTH TO DATE  528                       641   -113      602
  SINCE MAR 1   1310                      1594   -284     1258
  SINCE JUL 1   6248                      7099   -851     6396

 COOLING
  YESTERDAY        0                         0      0        0
  MONTH TO DATE    0                         0      0        0
  SINCE MAR 1      0                         0      0        0
  SINCE JAN 1      0                         0      0        0
..................................................................


WIND (MPH)
  HIGHEST WIND SPEED    17   HIGHEST WIND DIRECTION     N (20)
  HIGHEST GUST SPEED    19   HIGHEST GUST DIRECTION    NE (30)
  AVERAGE WIND SPEED     5.7


SKY COVER
  AVERAGE SKY COVER 0.9


WEATHER CONDITIONS
 THE FOLLOWING WEATHER WAS RECORDED YESTERDAY.
  NO SIGNIFICANT WEATHER WAS OBSERVED.


RELATIVE HUMIDITY (PERCENT)
 HIGHEST    92           300 AM
 LOWEST     41           200 PM
 AVERAGE    67

..........................................................


THE GREAT FALLS MT CLIMATE NORMALS FOR TODAY
                         NORMAL    RECORD    YEAR
 MAXIMUM TEMPERATURE (F)   60        85      1987
 MINIMUM TEMPERATURE (F)   34        17      1909


SUNRISE AND SUNSET
APRIL 30 2016.........SUNRISE   609 AM MDT   SUNSET   837 PM MDT
MAY  1 2016...........SUNRISE   608 AM MDT   SUNSET   838 PM MDT


-  INDICATES NEGATIVE NUMBERS.
R  INDICATES RECORD WAS SET OR TIED.
MM INDICATES DATA IS MISSING.
T  INDICATES TRACE AMOUNT.




$$
