000
CDGM40 PGUM 310741
CLIGUM


CLIMATE REPORT
NATIONAL WEATHER SERVICE TIYAN, GUAM
541 PM CHST SUN AUG 31 2014


...................................

...THE GUAM INTERNATIONAL AIRPORT GU CLIMATE SUMMARY FOR AUGUST 31 2014...
VALID TODAY AS OF 0500 PM LOCAL TIME.

CLIMATE NORMAL PERIOD 1981 TO 2010
CLIMATE RECORD PERIOD 1945 TO 2014


WEATHER ITEM   OBSERVED TIME   RECORD YEAR NORMAL DEPARTURE LAST
                VALUE   (LST)  VALUE       VALUE  FROM      YEAR
                                                  NORMAL
..................................................................
TEMPERATURE (F)
 TODAY
  MAXIMUM         89   1235 PM  92    1994  87      2       90
                                      1969
                                      1965
  MINIMUM         77    632 AM  70    1949  76      1       77
  AVERAGE         83                        81      2       84

PRECIPITATION (IN)
  TODAY            0.00          4.33 2005   0.60  -0.60     0.00
  MONTH TO DATE    9.08                     17.15  -8.07    10.84
  SINCE JUN 1     44.55                     36.38   8.17    22.55
  SINCE JAN 1     75.59                     56.52  19.07    39.22

SNOWFALL (IN)
  TODAY            0.0
  MONTH TO DATE    0.0
  SINCE JUN 1      0.0
  SINCE JUL 1      0.0
  SNOW DEPTH       0

DEGREE DAYS
 HEATING
  TODAY            0
  MONTH TO DATE    0
  SINCE JUN 1      0
  SINCE JUL 1      0

 COOLING
  TODAY           18                        16      2       19
  MONTH TO DATE  541                       508     33      554
  SINCE JUN 1   1664                      1559    105     1808
  SINCE JAN 1   4300                      3987    313     4513
..................................................................


WIND (MPH)
  RESULTANT WIND SPEED   1   RESULTANT WIND DIRECTION   E (100)
  HIGHEST WIND SPEED     9   HIGHEST WIND DIRECTION     N (360)
  HIGHEST GUST SPEED    13   HIGHEST GUST DIRECTION    SE (130)
  AVERAGE WIND SPEED     3.7


SKY COVER
  POSSIBLE SUNSHINE  MM
  AVERAGE SKY COVER 0.4


WEATHER CONDITIONS
 THE FOLLOWING WEATHER WAS RECORDED TODAY.
  NO SIGNIFICANT WEATHER WAS OBSERVED.


RELATIVE HUMIDITY (PERCENT)
 HIGHEST    94           600 AM
 LOWEST     72          1000 AM
 AVERAGE    83

..........................................................


THE GUAM INTERNATIONAL AIRPORT GU CLIMATE NORMALS FOR TOMORROW
                         NORMAL    RECORD    YEAR
 MAXIMUM TEMPERATURE (F)   87        93      1987
 MINIMUM TEMPERATURE (F)   76        73      2010
                                             1957


SUNRISE AND SUNSET
AUGUST 31 2014........SUNRISE   609 AM CHST  SUNSET   633 PM CHST
SEPTEMBER  1 2014.....SUNRISE   609 AM CHST  SUNSET   632 PM CHST


-  INDICATES NEGATIVE NUMBERS.
R  INDICATES RECORD WAS SET OR TIED.
MM INDICATES DATA IS MISSING.
T  INDICATES TRACE AMOUNT.




$$
