000
CDGM40 PGUM 030701
CLIGUM


CLIMATE REPORT
NATIONAL WEATHER SERVICE TIYAN, GUAM
451 PM CHST WED JUN 3 2015


...................................

...THE GUAM INTERNATIONAL AIRPORT GU CLIMATE SUMMARY FOR JUNE 3 2015...
VALID TODAY AS OF 0400 PM LOCAL TIME.

CLIMATE NORMAL PERIOD 1981 TO 2010
CLIMATE RECORD PERIOD 1945 TO 2015


WEATHER ITEM   OBSERVED TIME   RECORD YEAR NORMAL DEPARTURE LAST
                VALUE   (LST)  VALUE       VALUE  FROM      YEAR
                                                  NORMAL
..................................................................
TEMPERATURE (F)
 TODAY
  MAXIMUM         83   1015 AM  92    2001  88     -5       89
                                      1990
                                      1987
  MINIMUM         76    337 PM  73    1995  78     -2       81
  AVERAGE         80                        83     -3       85

PRECIPITATION (IN)
  TODAY            1.07          1.60 1988   0.18   0.89     0.00
  MONTH TO DATE    1.20                      0.54   0.66     0.03
  SINCE JUN 1      1.20                      0.54   0.66     0.03
  SINCE JAN 1     30.59                     20.68   9.91    31.07

SNOWFALL (IN)
  TODAY            0.0
  MONTH TO DATE    0.0
  SINCE JUN 1      0.0
  SINCE JUL 1      0.0
  SNOW DEPTH       0

DEGREE DAYS
 HEATING
  TODAY            0
  MONTH TO DATE    0
  SINCE JUN 1      0
  SINCE JUL 1      0

 COOLING
  TODAY           15                        18     -3       20
  MONTH TO DATE   51                        54     -3       58
  SINCE JUN 1     51                        54     -3       58
  SINCE JAN 1   2556                      2482     74     2694
..................................................................


WIND (MPH)
  RESULTANT WIND SPEED  10   RESULTANT WIND DIRECTION   E (90)
  HIGHEST WIND SPEED    21   HIGHEST WIND DIRECTION     E (70)
  HIGHEST GUST SPEED    28   HIGHEST GUST DIRECTION    NE (60)
  AVERAGE WIND SPEED    10.8


SKY COVER
  POSSIBLE SUNSHINE  MM
  AVERAGE SKY COVER 0.7


WEATHER CONDITIONS
 THE FOLLOWING WEATHER WAS RECORDED TODAY.
  HEAVY RAIN
  RAIN
  LIGHT RAIN
  FOG


RELATIVE HUMIDITY (PERCENT)
 HIGHEST    94           600 AM
 LOWEST     74          1000 AM
 AVERAGE    84

..........................................................


THE GUAM INTERNATIONAL AIRPORT GU CLIMATE NORMALS FOR TOMORROW
                         NORMAL    RECORD    YEAR
 MAXIMUM TEMPERATURE (F)   88        94      1987
 MINIMUM TEMPERATURE (F)   78        71      1962


SUNRISE AND SUNSET
JUNE  3 2015..........SUNRISE   553 AM CHST  SUNSET   645 PM CHST
JUNE  4 2015..........SUNRISE   553 AM CHST  SUNSET   645 PM CHST


-  INDICATES NEGATIVE NUMBERS.
R  INDICATES RECORD WAS SET OR TIED.
MM INDICATES DATA IS MISSING.
T  INDICATES TRACE AMOUNT.




$$
