000
CDUS44 KAMA 230643
CLIGUY


CLIMATE REPORT
NATIONAL WEATHER SERVICE AMARILLO TX
138 AM CDT WED APR 23 2014


...................................

...THE GUYMON CLIMATE SUMMARY FOR APRIL 22 2014...

CLIMATE NORMAL PERIOD 1981 TO 2010
CLIMATE RECORD PERIOD 1998 TO 2014


WEATHER ITEM   OBSERVED TIME   NORMAL DEPARTURE LAST
                VALUE   (LST)  VALUE  FROM      YEAR
                                      NORMAL
......................................................
TEMPERATURE (F)
 YESTERDAY
  MAXIMUM         84    500 PM  72     12       81
  MINIMUM         48    639 AM  42      6       31
  AVERAGE         66            57      9       56

PRECIPITATION (IN)
  YESTERDAY        T             0.05  -0.05      T
  MONTH TO DATE    0.53          1.09  -0.56     0.18
  SINCE MAR 1      0.74          2.52  -1.78     0.32
  SINCE JAN 1      1.08          3.39  -2.31     1.88

SNOWFALL (IN)
  YESTERDAY       MM                              T
  MONTH TO DATE    2.0                            T
  SINCE MAR 1      3.5                           2.5
  SINCE JUL 1     16.2                          22.0
  SNOW DEPTH       0

DEGREE DAYS
 HEATING
  YESTERDAY        0             8     -8        9
  MONTH TO DATE  230           250    -20      340
  SINCE MAR 1    835           831      4      898
  SINCE JUL 1   4401          4298    103     4131

 COOLING
  YESTERDAY        1             1      0        0
  MONTH TO DATE    7             2      5        6
  SINCE MAR 1      8             4      4        6
  SINCE JAN 1      8             4      4        6
......................................................


WIND (MPH)
  RESULTANT WIND SPEED  13   RESULTANT WIND DIRECTION   S (180)
  HIGHEST WIND SPEED    31   HIGHEST WIND DIRECTION     S (200)
  HIGHEST GUST SPEED    42   HIGHEST GUST DIRECTION    SW (210)
  AVERAGE WIND SPEED    14.2


SKY COVER
  AVERAGE SKY COVER 0.1


WEATHER CONDITIONS
 THE FOLLOWING WEATHER WAS RECORDED YESTERDAY.
  LIGHT RAIN


RELATIVE HUMIDITY (PERCENT)
 HIGHEST    80           400 AM
 LOWEST     23           400 PM
 AVERAGE    52

..........................................................


THE GUYMON CLIMATE NORMALS FOR TODAY
                         NORMAL
 MAXIMUM TEMPERATURE (F)   73
 MINIMUM TEMPERATURE (F)   42


SUNRISE AND SUNSET
APRIL 23 2014.........SUNRISE   702 AM CDT   SUNSET   827 PM CDT
APRIL 24 2014.........SUNRISE   700 AM CDT   SUNSET   828 PM CDT


-  INDICATES NEGATIVE NUMBERS.
R  INDICATES RECORD WAS SET OR TIED.
MM INDICATES DATA IS MISSING.
T  INDICATES TRACE AMOUNT.




$$
