000
CDUS44 KAMA 300633
CLIGUY


CLIMATE REPORT
NATIONAL WEATHER SERVICE AMARILLO TX
130 AM CDT THU OCT 30 2014


...................................

...THE GUYMON CLIMATE SUMMARY FOR OCTOBER 29 2014...

CLIMATE NORMAL PERIOD 1981 TO 2010
CLIMATE RECORD PERIOD 1998 TO 2014


WEATHER ITEM   OBSERVED TIME   NORMAL DEPARTURE LAST
                VALUE   (LST)  VALUE  FROM      YEAR
                                      NORMAL
......................................................
TEMPERATURE (F)
 YESTERDAY
  MAXIMUM         74    414 PM  68      6       59
  MINIMUM         33    333 AM  38     -5       42
  AVERAGE         54            53      1       51

PRECIPITATION (IN)
  YESTERDAY        0.00          0.02  -0.02     0.00
  MONTH TO DATE    1.88          1.52   0.36     0.70
  SINCE SEP 1      3.73          3.31   0.42     3.47
  SINCE JAN 1     12.17         18.08  -5.91    14.02

SNOWFALL (IN)
  YESTERDAY        0.0                           0.0
  MONTH TO DATE    T                              T
  SINCE SEP 1      T                              T
  SINCE JUL 1      T                              T
  SNOW DEPTH       0

DEGREE DAYS
 HEATING
  YESTERDAY       11            13     -2       14
  MONTH TO DATE  117           240   -123      246
  SINCE SEP 1    143           282   -139      254
  SINCE JUL 1    147           283   -136      254

 COOLING
  YESTERDAY        0             0      0        0
  MONTH TO DATE   33            25      8       25
  SINCE SEP 1    260           230     30      295
  SINCE JAN 1   1706          1479    227     1846
......................................................


WIND (MPH)
  RESULTANT WIND SPEED   9   RESULTANT WIND DIRECTION  SW (210)
  HIGHEST WIND SPEED    24   HIGHEST WIND DIRECTION    SW (210)
  HIGHEST GUST SPEED    29   HIGHEST GUST DIRECTION    SW (220)
  AVERAGE WIND SPEED     9.2


SKY COVER
  AVERAGE SKY COVER 0.0


WEATHER CONDITIONS
 THE FOLLOWING WEATHER WAS RECORDED YESTERDAY.
  NO SIGNIFICANT WEATHER WAS OBSERVED.


RELATIVE HUMIDITY (PERCENT)
 HIGHEST    82           400 AM
 LOWEST     25           400 PM
 AVERAGE    54

..........................................................


THE GUYMON CLIMATE NORMALS FOR TODAY
                         NORMAL
 MAXIMUM TEMPERATURE (F)   67
 MINIMUM TEMPERATURE (F)   37


SUNRISE AND SUNSET
OCTOBER 30 2014.......SUNRISE   808 AM CDT   SUNSET   651 PM CDT
OCTOBER 31 2014.......SUNRISE   809 AM CDT   SUNSET   650 PM CDT


-  INDICATES NEGATIVE NUMBERS.
R  INDICATES RECORD WAS SET OR TIED.
MM INDICATES DATA IS MISSING.
T  INDICATES TRACE AMOUNT.




$$
