000
CDUS44 KAMA 050625
CLIGUY


CLIMATE REPORT
NATIONAL WEATHER SERVICE AMARILLO TX
125 AM CDT THU MAY 5 2016


...................................

...THE GUYMON CLIMATE SUMMARY FOR MAY 4 2016...

CLIMATE NORMAL PERIOD 1981 TO 2010
CLIMATE RECORD PERIOD 1998 TO 2016


WEATHER ITEM   OBSERVED TIME   RECORD YEAR NORMAL DEPARTURE LAST
                VALUE   (LST)  VALUE       VALUE  FROM      YEAR
                                                  NORMAL
..................................................................
TEMPERATURE (F)
 YESTERDAY
  MAXIMUM         79    602 PM  MM      MM  76      3       79
  MINIMUM         42    120 AM  MM      MM  46     -4       58
  AVERAGE         61                        61      0       69

PRECIPITATION (IN)
  YESTERDAY        0.00         MM      MM   0.06  -0.06     0.14
  MONTH TO DATE    0.19                      0.19   0.00     0.28
  SINCE MAR 1      5.71                      3.13   2.58     2.75
  SINCE JAN 1      6.14                      4.00   2.14     4.70

SNOWFALL (IN)
  YESTERDAY        0.0          MM      MM  MM     MM        0.0
  MONTH TO DATE    0.0                      MM     MM        0.0
  SINCE MAR 1      T                        MM     MM        2.0
  SINCE JUL 1      T                        MM     MM       23.3
  SNOW DEPTH       0

DEGREE DAYS
 HEATING
  YESTERDAY        4                         5     -1        0
  MONTH TO DATE   50                        22     28        0
  SINCE MAR 1    733                       908   -175      666
  SINCE JUL 1   3700                      4375   -675     3883

 COOLING
  YESTERDAY        0                         1     -1        4
  MONTH TO DATE    0                         4     -4       17
  SINCE MAR 1     17                        19     -2       34
  SINCE JAN 1     20                        19      1       34
..................................................................


WIND (MPH)
  RESULTANT WIND SPEED   4   RESULTANT WIND DIRECTION  NW (310)
  HIGHEST WIND SPEED    15   HIGHEST WIND DIRECTION     N (10)
  HIGHEST GUST SPEED    21   HIGHEST GUST DIRECTION     W (260)
  AVERAGE WIND SPEED     7.3


SKY COVER
  AVERAGE SKY COVER 0.0


WEATHER CONDITIONS
 THE FOLLOWING WEATHER WAS RECORDED YESTERDAY.
  NO SIGNIFICANT WEATHER WAS OBSERVED.


RELATIVE HUMIDITY (PERCENT)
 HIGHEST    76           100 AM
 LOWEST     21           400 PM
 AVERAGE    49

..........................................................


THE GUYMON CLIMATE NORMALS FOR TODAY
                         NORMAL    RECORD    YEAR
 MAXIMUM TEMPERATURE (F)   76        MM        MM
 MINIMUM TEMPERATURE (F)   47        MM        MM


SUNRISE AND SUNSET
MAY  5 2016...........SUNRISE   647 AM CDT   SUNSET   838 PM CDT
MAY  6 2016...........SUNRISE   646 AM CDT   SUNSET   839 PM CDT


-  INDICATES NEGATIVE NUMBERS.
R  INDICATES RECORD WAS SET OR TIED.
MM INDICATES DATA IS MISSING.
T  INDICATES TRACE AMOUNT.




$$
