000
CDUS44 KAMA 301412
CLIGUY


CLIMATE REPORT
NATIONAL WEATHER SERVICE AMARILLO TX
910 AM CDT TUE AUG 30 2016


...................................

...THE GUYMON CLIMATE SUMMARY FOR AUGUST 30 2016...
VALID AS OF 0910 AM LOCAL TIME.

CLIMATE NORMAL PERIOD 1981 TO 2010
CLIMATE RECORD PERIOD 1998 TO 2016


WEATHER ITEM   OBSERVED TIME   RECORD YEAR NORMAL DEPARTURE LAST
                VALUE   (LST)  VALUE       VALUE  FROM      YEAR
                                                  NORMAL
..................................................................
TEMPERATURE (F)
 TODAY
  MINIMUM         65    204 AM  MM      MM  63      2       53

PRECIPITATION (IN)
  TODAY            0.04         MM      MM   0.10  -0.06     0.00
  MONTH TO DATE    3.05                      2.82   0.23     4.87
  SINCE JUN 1      7.46                      8.42  -0.96    11.66
  SINCE JAN 1     14.42                     14.67  -0.25    22.61

SNOWFALL (IN)
  TODAY            0.0          MM      MM  MM     MM        0.0
  MONTH TO DATE    0.0                      MM     MM        0.0
  SINCE JUN 1      0.0                      MM     MM        0.0
  SINCE JUL 1      0.0                      MM     MM        0.0
  SNOW DEPTH       0

..................................................................


WIND (MPH)
  RESULTANT WIND SPEED   2   RESULTANT WIND DIRECTION  SW (210)
  HIGHEST WIND SPEED     7   HIGHEST WIND DIRECTION    SW (220)
  HIGHEST GUST SPEED     7   HIGHEST GUST DIRECTION    SW (220)
  AVERAGE WIND SPEED     2.3


SKY COVER
  AVERAGE SKY COVER 0.7


WEATHER CONDITIONS
 THE FOLLOWING WEATHER WAS RECORDED TODAY.
  LIGHT RAIN
  FOG


RELATIVE HUMIDITY (PERCENT)
 HIGHEST    93           200 AM
 LOWEST     87           500 AM
 AVERAGE    90

..........................................................


THE GUYMON CLIMATE NORMALS FOR TOMORROW
                         NORMAL    RECORD    YEAR
 MAXIMUM TEMPERATURE (F)   90        MM        MM
 MINIMUM TEMPERATURE (F)   62        MM        MM


SUNRISE AND SUNSET
AUGUST 30 2016........SUNRISE   716 AM CDT   SUNSET   816 PM CDT
AUGUST 31 2016........SUNRISE   717 AM CDT   SUNSET   815 PM CDT


-  INDICATES NEGATIVE NUMBERS.
R  INDICATES RECORD WAS SET OR TIED.
MM INDICATES DATA IS MISSING.
T  INDICATES TRACE AMOUNT.




$$
