000
CDUS44 KAMA 240626
CLIGUY


CLIMATE REPORT
NATIONAL WEATHER SERVICE AMARILLO TX
125 AM CDT THU JUL 24 2014


...................................

...THE GUYMON CLIMATE SUMMARY FOR JULY 23 2014...

CLIMATE NORMAL PERIOD 1981 TO 2010
CLIMATE RECORD PERIOD 1998 TO 2014


WEATHER ITEM   OBSERVED TIME   NORMAL DEPARTURE LAST
                VALUE   (LST)  VALUE  FROM      YEAR
                                      NORMAL
......................................................
TEMPERATURE (F)
 YESTERDAY
  MAXIMUM         99    341 PM  94      5      105
  MINIMUM         66    611 AM  66      0       74
  AVERAGE         83            80      3       90

PRECIPITATION (IN)
  YESTERDAY        0.00          0.07  -0.07      T
  MONTH TO DATE    1.25          1.94  -0.69     0.72
  SINCE JUN 1      3.59          4.88  -1.29     3.65
  SINCE JAN 1      6.98         11.13  -4.15     6.00

SNOWFALL (IN)
  YESTERDAY        0.0                           0.0
  MONTH TO DATE    0.0                           0.0
  SINCE JUN 1      0.0                            T
  SINCE JUL 1      0.0                           0.0
  SNOW DEPTH       0

DEGREE DAYS
 HEATING
  YESTERDAY        0             0      0        0
  MONTH TO DATE    4             0      4        0
  SINCE JUN 1      9             8      1        0
  SINCE JUL 1      4             0      4        0

 COOLING
  YESTERDAY       18            15      3       25
  MONTH TO DATE  323           335    -12      355
  SINCE JUN 1    672           615     57      791
  SINCE JAN 1    850           723    127      995
......................................................


WIND (MPH)
  RESULTANT WIND SPEED   5   RESULTANT WIND DIRECTION   S (180)
  HIGHEST WIND SPEED    14   HIGHEST WIND DIRECTION    SW (210)
  HIGHEST GUST SPEED    18   HIGHEST GUST DIRECTION     S (160)
  AVERAGE WIND SPEED     6.4


SKY COVER
  AVERAGE SKY COVER 0.0


WEATHER CONDITIONS
 THE FOLLOWING WEATHER WAS RECORDED YESTERDAY.
  NO SIGNIFICANT WEATHER WAS OBSERVED.


RELATIVE HUMIDITY (PERCENT)
 HIGHEST    93           500 AM
 LOWEST     21           600 PM
 AVERAGE    57

..........................................................


THE GUYMON CLIMATE NORMALS FOR TODAY
                         NORMAL
 MAXIMUM TEMPERATURE (F)   94
 MINIMUM TEMPERATURE (F)   66


SUNRISE AND SUNSET
JULY 24 2014..........SUNRISE   646 AM CDT   SUNSET   859 PM CDT
JULY 25 2014..........SUNRISE   646 AM CDT   SUNSET   858 PM CDT


-  INDICATES NEGATIVE NUMBERS.
R  INDICATES RECORD WAS SET OR TIED.
MM INDICATES DATA IS MISSING.
T  INDICATES TRACE AMOUNT.




$$
