000
CDUS44 KAMA 172226
CLIGUY


CLIMATE REPORT
NATIONAL WEATHER SERVICE AMARILLO TX
425 PM CST SUN DEC 17 2017


...................................

...THE GUYMON CLIMATE SUMMARY FOR DECEMBER 17 2017...
VALID TODAY AS OF 0400 PM LOCAL TIME.

CLIMATE NORMAL PERIOD 1981 TO 2010
CLIMATE RECORD PERIOD 1998 TO 2017


WEATHER ITEM   OBSERVED TIME   RECORD YEAR NORMAL DEPARTURE LAST
                VALUE   (LST)  VALUE       VALUE  FROM      YEAR
                                                  NORMAL
..................................................................
TEMPERATURE (F)
 TODAY
  MAXIMUM         48    229 PM  67    2001  47      1       28
  MINIMUM         24    344 AM  -6    2016  21      3       -6
  AVERAGE         36                        34      2       11

PRECIPITATION (IN)
  TODAY            0.00         MM      MM   0.01  -0.01     0.05
  MONTH TO DATE    0.03                      0.39  -0.36     0.19
  SINCE DEC 1      0.03                      0.39  -0.36     0.19
  SINCE JAN 1     21.72                     19.05   2.67    15.31

SNOWFALL (IN)
  TODAY            0.0          MM      MM  MM     MM        0.8
  MONTH TO DATE    T                        MM     MM        0.8
  SINCE DEC 1      T                        MM     MM        0.8
  SINCE JUL 1      T                        MM     MM        0.8
  SNOW DEPTH       0

DEGREE DAYS
 HEATING
  TODAY           29                        31     -2       54
  MONTH TO DATE  388                       491   -103      550
  SINCE DEC 1    388                       491   -103      550
  SINCE JUL 1   1116                      1382   -266     1088

 COOLING
  TODAY            0                         0      0        0
  MONTH TO DATE    0                         0      0        0
  SINCE DEC 1      0                         0      0        0
  SINCE JAN 1   1592                      1482    110     1807
..................................................................


WIND (MPH)
  RESULTANT WIND SPEED  11   RESULTANT WIND DIRECTION   N (340)
  HIGHEST WIND SPEED    26   HIGHEST WIND DIRECTION     N (350)
  HIGHEST GUST SPEED    34   HIGHEST GUST DIRECTION     N (340)
  AVERAGE WIND SPEED    13.9


SKY COVER
  AVERAGE SKY COVER 0.2


WEATHER CONDITIONS
 THE FOLLOWING WEATHER WAS RECORDED TODAY.
  NO SIGNIFICANT WEATHER WAS OBSERVED.


RELATIVE HUMIDITY (PERCENT)
 HIGHEST    92           600 AM
 LOWEST     49           300 PM
 AVERAGE    71

..........................................................


THE GUYMON CLIMATE NORMALS FOR TOMORROW
                         NORMAL    RECORD    YEAR
 MAXIMUM TEMPERATURE (F)   47        68      2008
 MINIMUM TEMPERATURE (F)   21       -11      2016


SUNRISE AND SUNSET
DECEMBER 17 2017......SUNRISE   753 AM CST   SUNSET   532 PM CST
DECEMBER 18 2017......SUNRISE   753 AM CST   SUNSET   532 PM CST


-  INDICATES NEGATIVE NUMBERS.
R  INDICATES RECORD WAS SET OR TIED.
MM INDICATES DATA IS MISSING.
T  INDICATES TRACE AMOUNT.




$$
