000
CDUS44 KAMA 262137
CLIGUY


CLIMATE REPORT
NATIONAL WEATHER SERVICE AMARILLO TX
437 PM CDT WED APR 26 2017


...................................

...THE GUYMON CLIMATE SUMMARY FOR APRIL 26 2017...
VALID TODAY AS OF 0400 PM LOCAL TIME.

CLIMATE NORMAL PERIOD 1981 TO 2010
CLIMATE RECORD PERIOD 1998 TO 2017


WEATHER ITEM   OBSERVED TIME   RECORD YEAR NORMAL DEPARTURE LAST
                VALUE   (LST)  VALUE       VALUE  FROM      YEAR
                                                  NORMAL
..................................................................
TEMPERATURE (F)
 TODAY
  MAXIMUM         62    243 PM  MM      MM  74    -12       75
  MINIMUM         40    732 AM  MM      MM  43     -3       45
  AVERAGE         51                        58     -7       60

PRECIPITATION (IN)
  TODAY            0.04         MM      MM   0.05  -0.01     0.01
  MONTH TO DATE    1.96                      1.30   0.66     3.73
  SINCE MAR 1      3.91                      2.73   1.18     3.99
  SINCE JAN 1      5.93                      3.60   2.33     4.42

SNOWFALL (IN)
  TODAY            0.0          MM      MM  MM     MM        0.0
  MONTH TO DATE    2.0                      MM     MM        0.0
  SINCE MAR 1      2.0                      MM     MM        0.0
  SINCE JUL 1      2.8                      MM     MM        0.0
  SNOW DEPTH       0

DEGREE DAYS
 HEATING
  TODAY           14                         7      7        5
  MONTH TO DATE  207                       280    -73      183
  SINCE MAR 1    621                       861   -240      627
  SINCE JUL 1   3524                      4328   -804     3594

 COOLING
  TODAY            0                         1     -1        0
  MONTH TO DATE   42                         6     36       11
  SINCE MAR 1     57                         8     49       17
  SINCE JAN 1     65                         8     57       20
..................................................................


WIND (MPH)
  RESULTANT WIND SPEED  20   RESULTANT WIND DIRECTION   N (350)
  HIGHEST WIND SPEED    30   HIGHEST WIND DIRECTION     N (340)
  HIGHEST GUST SPEED    40   HIGHEST GUST DIRECTION    NW (330)
  AVERAGE WIND SPEED    21.7


SKY COVER
  AVERAGE SKY COVER 0.6


WEATHER CONDITIONS
 THE FOLLOWING WEATHER WAS RECORDED TODAY.
  LIGHT RAIN


RELATIVE HUMIDITY (PERCENT)
 HIGHEST   100          1200 AM
 LOWEST     36           300 PM
 AVERAGE    68

..........................................................


THE GUYMON CLIMATE NORMALS FOR TOMORROW
                         NORMAL    RECORD    YEAR
 MAXIMUM TEMPERATURE (F)   74        MM        MM
 MINIMUM TEMPERATURE (F)   44        MM        MM


SUNRISE AND SUNSET
APRIL 26 2017.........SUNRISE   658 AM CDT   SUNSET   830 PM CDT
APRIL 27 2017.........SUNRISE   657 AM CDT   SUNSET   831 PM CDT


-  INDICATES NEGATIVE NUMBERS.
R  INDICATES RECORD WAS SET OR TIED.
MM INDICATES DATA IS MISSING.
T  INDICATES TRACE AMOUNT.




$$
