000
CDUS44 KAMA 280642
CLIGUY


CLIMATE REPORT
NATIONAL WEATHER SERVICE AMARILLO TX
140 AM CDT THU MAY 28 2015


...THE GUYMON CLIMATE SUMMARY FOR MAY 27 2015...

CLIMATE NORMAL PERIOD 1981 TO 2010
CLIMATE RECORD PERIOD 1998 TO 2015


WEATHER ITEM   OBSERVED TIME   RECORD YEAR NORMAL DEPARTURE LAST
                VALUE   (LST)  VALUE       VALUE  FROM      YEAR
                                                  NORMAL
..................................................................
TEMPERATURE (F)
 YESTERDAY
  MAXIMUM         88    353 PM  MM      MM  82      6       83
  MINIMUM         59    613 AM  MM      MM  55      4       56
  AVERAGE         74                        68      6       70

PRECIPITATION (IN)
  YESTERDAY        0.01         MM      MM   0.10  -0.09     0.00
  MONTH TO DATE    6.33                      1.98   4.35     1.79
  SINCE MAR 1      8.80                      4.92   3.88     2.55
  SINCE JAN 1     10.75                      5.79   4.96     2.89

SNOWFALL (IN)
  YESTERDAY        0.0          MM      MM  MM     MM        0.0
  MONTH TO DATE    0.0                      MM     MM        0.0
  SINCE MAR 1      2.0                      MM     MM        3.5
  SINCE JUL 1     23.3                      MM     MM       16.2
  SNOW DEPTH       0

DEGREE DAYS
 HEATING
  YESTERDAY        0                         1     -1        0
  MONTH TO DATE  113                        91     22       77
  SINCE MAR 1    779                       977   -198      966
  SINCE JUL 1   3996                      4444   -448     4532

 COOLING
  YESTERDAY        9                         5      4        5
  MONTH TO DATE   40                        73    -33      111
  SINCE MAR 1     57                        88    -31      139
  SINCE JAN 1     57                        88    -31      139
..................................................................


WIND (MPH)
  RESULTANT WIND SPEED   6   RESULTANT WIND DIRECTION   S (160)
  HIGHEST WIND SPEED    36   HIGHEST WIND DIRECTION    SW (210)
  HIGHEST GUST SPEED    45   HIGHEST GUST DIRECTION     S (200)
  AVERAGE WIND SPEED   9.0


SKY COVER
  AVERAGE SKY COVER 0.2


WEATHER CONDITIONS
 THE FOLLOWING WEATHER WAS RECORDED YESTERDAY.
  LIGHT RAIN


RELATIVE HUMIDITY (PERCENT)
 HIGHEST    93           700 AM
 LOWEST     29           300 PM
 AVERAGE    61

..................................................................


THE GUYMON CLIMATE NORMALS FOR TODAY
                         NORMAL    RECORD    YEAR
 MAXIMUM TEMPERATURE (F)   82        MM        MM
 MINIMUM TEMPERATURE (F)   55        MM        MM


SUNRISE AND SUNSET
MAY 28 2015...........SUNRISE   631 AM CDT   SUNSET   856 PM CDT
MAY 29 2015...........SUNRISE   630 AM CDT   SUNSET   857 PM CDT


-  INDICATES NEGATIVE NUMBERS.
R  INDICATES RECORD WAS SET OR TIED.
MM INDICATES DATA IS MISSING.
T  INDICATES TRACE AMOUNT.


$$
