000
CDUS42 KFFC 270820
CLIGVL


CLIMATE REPORT
NATIONAL WEATHER SERVICE PEACHTREE CITY GA
420 AM EDT MON MAR 27 2017


...................................

...THE GAINESVILLE   CLIMATE SUMMARY FOR MARCH 26 2017...

CLIMATE NORMAL PERIOD 1981 TO 2010
CLIMATE RECORD PERIOD 9999 TO 9999


WEATHER ITEM   OBSERVED TIME   RECORD YEAR NORMAL DEPARTURE LAST
                VALUE   (LST)  VALUE       VALUE  FROM      YEAR
                                                  NORMAL
..................................................................
TEMPERATURE (F)
 YESTERDAY
  MAXIMUM         77    342 PM  MM      MM  65     12       60
  MINIMUM         58    805 AM  MM      MM  45     13       50
  AVERAGE         68                        55     13       55

PRECIPITATION (IN)
  YESTERDAY        0.21         MM      MM   0.15   0.06     0.03
  MONTH TO DATE    2.71                      4.66  -1.95     1.45
  SINCE MAR 1      2.71                      4.66  -1.95     1.45
  SINCE JAN 1     10.46                     14.56  -4.10    11.40

SNOWFALL (IN)
  YESTERDAY        0.0          MM      MM  MM     MM        0.0
  MONTH TO DATE    0.0                      MM     MM        0.0
  SINCE MAR 1      0.0                      MM     MM        0.0
  SINCE JUL 1      0.0                      MM     MM         T
  SNOW DEPTH       0

DEGREE DAYS
 HEATING
  YESTERDAY        0                        10    -10       10
  MONTH TO DATE  322                       341    -19      209
  SINCE MAR 1    322                       341    -19      209
  SINCE JUL 1   2052                      2805   -753     2261

 COOLING
  YESTERDAY        3                         0      3        0
  MONTH TO DATE   11                         0     11       21
  SINCE MAR 1     11                         0     11       21
  SINCE JAN 1     11                         0     11       21
..................................................................


WIND (MPH)
  RESULTANT WIND SPEED   5   RESULTANT WIND DIRECTION   S (190)
  HIGHEST WIND SPEED    17   HIGHEST WIND DIRECTION    SW (230)
  HIGHEST GUST SPEED    24   HIGHEST GUST DIRECTION    SE (140)
  AVERAGE WIND SPEED     5.9


SKY COVER
  AVERAGE SKY COVER 0.7


WEATHER CONDITIONS
 THE FOLLOWING WEATHER WAS RECORDED YESTERDAY.
  HEAVY RAIN
  RAIN
  LIGHT RAIN
  FOG


RELATIVE HUMIDITY (PERCENT)
 HIGHEST   100           500 AM
 LOWEST     43           600 PM
 AVERAGE    72

..........................................................


THE GAINESVILLE   CLIMATE NORMALS FOR TODAY
                         NORMAL    RECORD    YEAR
 MAXIMUM TEMPERATURE (F)   66        MM        MM
 MINIMUM TEMPERATURE (F)   45        MM        MM


SUNRISE AND SUNSET
MARCH 27 2017.........SUNRISE   729 AM EDT   SUNSET   753 PM EDT
MARCH 28 2017.........SUNRISE   728 AM EDT   SUNSET   753 PM EDT


-  INDICATES NEGATIVE NUMBERS.
R  INDICATES RECORD WAS SET OR TIED.
MM INDICATES DATA IS MISSING.
T  INDICATES TRACE AMOUNT.




$$
