000
CDUS44 KJAN 300715
CLIGWO


CLIMATE REPORT
NATIONAL WEATHER SERVICE JACKSON MS
212 AM CDT SAT AUG 30 2014


...................................

...THE GREENWOOD CLIMATE SUMMARY FOR AUGUST 29 2014...

CLIMATE NORMAL PERIOD 1981 TO 2010
CLIMATE RECORD PERIOD 1948 TO 2014


WEATHER ITEM   OBSERVED TIME   RECORD YEAR NORMAL DEPARTURE LAST
                VALUE   (LST)  VALUE       VALUE  FROM      YEAR
                                                  NORMAL
..................................................................
TEMPERATURE (F)
 YESTERDAY
  MAXIMUM         93    338 PM 102    2000  91      2       94
  MINIMUM         68    223 AM  52    1986  68      0       64
  AVERAGE         81                        80      1       79

PRECIPITATION (IN)
  YESTERDAY        0.00          3.40 2005   0.10  -0.10     0.00
  MONTH TO DATE    2.26                      2.61  -0.35     2.53
  SINCE JUN 1     16.88                     10.52   6.36     7.84
  SINCE JAN 1     40.00                     33.85   6.15    38.25

SNOWFALL (IN)
  YESTERDAY        0.0

DEGREE DAYS
 HEATING
  YESTERDAY        0                         0      0        0
  MONTH TO DATE    0                         0      0        0
  SINCE JUN 1      0                         0      0        0
  SINCE JUL 1      0                         0      0        0

 COOLING
  YESTERDAY       16                        15      1       14
  MONTH TO DATE  437                       459    -22      455
  SINCE JUN 1   1233                      1377   -144     1313
  SINCE JAN 1   1527                      1707   -180     1589
..................................................................


WIND (MPH)
  HIGHEST WIND SPEED    13   HIGHEST WIND DIRECTION     S (170)
  HIGHEST GUST SPEED    17   HIGHEST GUST DIRECTION     S (160)
  AVERAGE WIND SPEED     3.8


SKY COVER
  POSSIBLE SUNSHINE  MM
  AVERAGE SKY COVER 0.0


WEATHER CONDITIONS
 THE FOLLOWING WEATHER WAS RECORDED YESTERDAY.
  FOG


RELATIVE HUMIDITY (PERCENT)
 HIGHEST    94           900 PM
 LOWEST     44           300 PM
 AVERAGE    69

..........................................................


THE GREENWOOD CLIMATE NORMALS FOR TODAY
                         NORMAL    RECORD    YEAR
 MAXIMUM TEMPERATURE (F)   91       106      2000
 MINIMUM TEMPERATURE (F)   68        58      1992
                                             1986


SUNRISE AND SUNSET
AUGUST 30 2014........SUNRISE   633 AM CDT   SUNSET   728 PM CDT
AUGUST 31 2014........SUNRISE   634 AM CDT   SUNSET   727 PM CDT


-  INDICATES NEGATIVE NUMBERS.
R  INDICATES RECORD WAS SET OR TIED.
MM INDICATES DATA IS MISSING.
T  INDICATES TRACE AMOUNT.




$$
