000
CDUS44 KJAN 290938
CLIGWO


CLIMATE REPORT
NATIONAL WEATHER SERVICE JACKSON MS
436 AM CDT FRI MAY 29 2015


...................................

...THE GREENWOOD CLIMATE SUMMARY FOR MAY 28 2015...

CLIMATE NORMAL PERIOD 1981 TO 2010
CLIMATE RECORD PERIOD 1948 TO 2015


WEATHER ITEM   OBSERVED TIME   RECORD YEAR NORMAL DEPARTURE LAST
                VALUE   (LST)  VALUE       VALUE  FROM      YEAR
                                                  NORMAL
..................................................................
TEMPERATURE (F)
 YESTERDAY
  MAXIMUM         85    354 PM  96    1962  86     -1       78
  MINIMUM         67    556 AM  44    1961  64      3       67
  AVERAGE         76                        75      1       73

PRECIPITATION (IN)
  YESTERDAY        0.00          3.61 1979   0.15  -0.15     0.55
  MONTH TO DATE    5.56                      4.52   1.04     2.35
  SINCE MAR 1     17.10                     13.96   3.14    16.05
  SINCE JAN 1     26.49                     22.90   3.59    22.33

SNOWFALL (IN)
  YESTERDAY        0.0

DEGREE DAYS
 HEATING
  YESTERDAY        0                         0      0        0
  MONTH TO DATE   14                        15     -1       34
  SINCE MAR 1    348                       455   -107      617
  SINCE JUL 1   2869                      2686    183     3271

 COOLING
  YESTERDAY       11                        10      1        8
  MONTH TO DATE  223                       196     27      199
  SINCE MAR 1    334                       293     41      262
  SINCE JAN 1    334                       298     36      262
..................................................................


WIND (MPH)
  HIGHEST WIND SPEED     8   HIGHEST WIND DIRECTION     E (110)
  HIGHEST GUST SPEED    12   HIGHEST GUST DIRECTION     E (110)
  AVERAGE WIND SPEED     3.7


SKY COVER
  POSSIBLE SUNSHINE  MM
  AVERAGE SKY COVER 0.5


WEATHER CONDITIONS
 THE FOLLOWING WEATHER WAS RECORDED YESTERDAY.
  NO SIGNIFICANT WEATHER WAS OBSERVED.


RELATIVE HUMIDITY (PERCENT)
 HIGHEST    93           500 AM
 LOWEST     55           400 PM
 AVERAGE    74

..........................................................


THE GREENWOOD CLIMATE NORMALS FOR TODAY
                         NORMAL    RECORD    YEAR
 MAXIMUM TEMPERATURE (F)   86        96      1953
 MINIMUM TEMPERATURE (F)   64        50      1984


SUNRISE AND SUNSET
MAY 29 2015...........SUNRISE   552 AM CDT   SUNSET   803 PM CDT
MAY 30 2015...........SUNRISE   552 AM CDT   SUNSET   804 PM CDT


-  INDICATES NEGATIVE NUMBERS.
R  INDICATES RECORD WAS SET OR TIED.
MM INDICATES DATA IS MISSING.
T  INDICATES TRACE AMOUNT.




$$
