000
CDUS44 KJAN 272108
CLIGWO


CLIMATE REPORT
NATIONAL WEATHER SERVICE JACKSON MS
407 PM CDT SUN JUL 27 2014


...................................

...THE GREENWOOD CLIMATE SUMMARY FOR JULY 27 2014...
VALID TODAY AS OF 0400 PM LOCAL TIME.

CLIMATE NORMAL PERIOD 1981 TO 2010
CLIMATE RECORD PERIOD 1948 TO 2014


WEATHER ITEM   OBSERVED TIME   RECORD YEAR NORMAL DEPARTURE LAST
                VALUE   (LST)  VALUE       VALUE  FROM      YEAR
                                                  NORMAL
..................................................................
TEMPERATURE (F)
 TODAY
  MAXIMUM         92    259 PM 104    1952  92      0       86
  MINIMUM         74    457 AM  65    2004  71      3       67
  AVERAGE         83                        81      2       77

PRECIPITATION (IN)
  TODAY            0.00          2.56 1989   0.10  -0.10     0.16
  MONTH TO DATE    5.57                      3.22   2.35     2.27
  SINCE JUN 1     14.60                      7.53   7.07     5.31
  SINCE JAN 1     37.72                     30.86   6.86    35.72

DEGREE DAYS
 HEATING
  TODAY            0                         0      0        0
  MONTH TO DATE    0                         0      0        0
  SINCE JUN 1      0                         0      0        0
  SINCE JUL 1      0                         0      0        0

 COOLING
  TODAY           18                        16      2       12
  MONTH TO DATE  333                       432    -99      377
  SINCE JUN 1    757                       845    -88      796
  SINCE JAN 1   1051                      1175   -124     1072
..................................................................


WIND (MPH)
  HIGHEST WIND SPEED    14   HIGHEST WIND DIRECTION    SW (220)
  HIGHEST GUST SPEED    20   HIGHEST GUST DIRECTION    SW (210)
  AVERAGE WIND SPEED     6.1


SKY COVER
  POSSIBLE SUNSHINE  MM
  AVERAGE SKY COVER 0.1


WEATHER CONDITIONS
 THE FOLLOWING WEATHER WAS RECORDED TODAY.
  FOG


RELATIVE HUMIDITY (PERCENT)
 HIGHEST   100           500 AM
 LOWEST     60           200 PM
 AVERAGE    80

..........................................................


THE GREENWOOD CLIMATE NORMALS FOR TOMORROW
                         NORMAL    RECORD    YEAR
 MAXIMUM TEMPERATURE (F)   92       104      1952
 MINIMUM TEMPERATURE (F)   71        61      2004


SUNRISE AND SUNSET
JULY 27 2014..........SUNRISE   609 AM CDT   SUNSET   804 PM CDT
JULY 28 2014..........SUNRISE   610 AM CDT   SUNSET   803 PM CDT


-  INDICATES NEGATIVE NUMBERS.
R  INDICATES RECORD WAS SET OR TIED.
MM INDICATES DATA IS MISSING.
T  INDICATES TRACE AMOUNT.




$$
