000
CDUS44 KJAN 010743
CLIGWO


CLIMATE REPORT
NATIONAL WEATHER SERVICE JACKSON MS
238 AM CDT WED OCT 1 2014


...................................

...THE GREENWOOD CLIMATE SUMMARY FOR SEPTEMBER 30 2014...

CLIMATE NORMAL PERIOD 1981 TO 2010
CLIMATE RECORD PERIOD 1948 TO 2014


WEATHER ITEM   OBSERVED TIME   RECORD YEAR NORMAL DEPARTURE LAST
                VALUE   (LST)  VALUE       VALUE  FROM      YEAR
                                                  NORMAL
..................................................................
TEMPERATURE (F)
 YESTERDAY
  MAXIMUM         89    337 PM  95    1953  82      7       83
  MINIMUM         60    617 AM  39    1967  57      3       67
  AVERAGE         75                        70      5       75

PRECIPITATION (IN)
  YESTERDAY        0.00          4.95 2012   0.13  -0.13     0.08
  MONTH TO DATE    0.38                      3.66  -3.28     8.09
  SINCE SEP 1      0.38                      3.66  -3.28     8.09
  SINCE JAN 1     41.14                     37.73   3.41    46.34

SNOWFALL (IN)
  YESTERDAY        0.0

DEGREE DAYS
 HEATING
  YESTERDAY        0                         1     -1        0
  MONTH TO DATE    0                        11    -11        0
  SINCE SEP 1      0                        12    -12        0
  SINCE JUL 1      0                        12    -12        0

 COOLING
  YESTERDAY       10                         6      4       10
  MONTH TO DATE  364                       305     59      358
  SINCE SEP 1    364                       305     59      358
  SINCE JAN 1   1920                      2047   -127     1980
..................................................................


WIND (MPH)
  HIGHEST WIND SPEED     8   HIGHEST WIND DIRECTION    SE (140)
  HIGHEST GUST SPEED    10   HIGHEST GUST DIRECTION    SE (120)
  AVERAGE WIND SPEED     2.8


SKY COVER
  POSSIBLE SUNSHINE  MM
  AVERAGE SKY COVER 0.1


WEATHER CONDITIONS
 THE FOLLOWING WEATHER WAS RECORDED YESTERDAY.
  FOG


RELATIVE HUMIDITY (PERCENT)
 HIGHEST   100           500 AM
 LOWEST     43          1200 PM
 AVERAGE    72

..........................................................


THE GREENWOOD CLIMATE NORMALS FOR TODAY
                         NORMAL    RECORD    YEAR
 MAXIMUM TEMPERATURE (F)   82        93      2006
 MINIMUM TEMPERATURE (F)   57        35      1984


SUNRISE AND SUNSET
OCTOBER  1 2014.......SUNRISE   655 AM CDT   SUNSET   645 PM CDT
OCTOBER  2 2014.......SUNRISE   655 AM CDT   SUNSET   643 PM CDT


-  INDICATES NEGATIVE NUMBERS.
R  INDICATES RECORD WAS SET OR TIED.
MM INDICATES DATA IS MISSING.
T  INDICATES TRACE AMOUNT.




$$
