000
CDUS44 KJAN 232113
CLIGWO


CLIMATE REPORT
NATIONAL WEATHER SERVICE JACKSON MS
413 PM CDT TUE SEP 23 2014


...................................

...THE GREENWOOD CLIMATE SUMMARY FOR SEPTEMBER 23 2014...
VALID TODAY AS OF 0400 PM LOCAL TIME.

CLIMATE NORMAL PERIOD 1981 TO 2010
CLIMATE RECORD PERIOD 1948 TO 2014


WEATHER ITEM   OBSERVED TIME   RECORD YEAR NORMAL DEPARTURE LAST
                VALUE   (LST)  VALUE       VALUE  FROM      YEAR
                                                  NORMAL
..................................................................
TEMPERATURE (F)
 TODAY
  MAXIMUM         83    257 PM  95    2010  85     -2       87
                                      1993
  MINIMUM         48    556 AM  40    1999  60    -12       53
  AVERAGE         66                        72     -6       70

PRECIPITATION (IN)
  TODAY            0.00          2.44 2006   0.13  -0.13     0.00
  MONTH TO DATE    0.38                      2.73  -2.35     2.69
  SINCE SEP 1      0.38                      2.73  -2.35     2.69
  SINCE JAN 1     41.14                     36.80   4.34    40.94

DEGREE DAYS
 HEATING
  TODAY            0                         1     -1        0
  MONTH TO DATE    0                         4     -4        0
  SINCE SEP 1      0                         4     -4        0
  SINCE JUL 1      0                         4     -4        0

 COOLING
  TODAY            1                         8     -7        5
  MONTH TO DATE  305                       257     48      302
  SINCE SEP 1    305                       257     48      302
  SINCE JAN 1   1861                      1999   -138     1924
..................................................................


WIND (MPH)
  HIGHEST WIND SPEED    12   HIGHEST WIND DIRECTION     E (80)
  HIGHEST GUST SPEED    14   HIGHEST GUST DIRECTION    NE (40)
  AVERAGE WIND SPEED     5.1


SKY COVER
  POSSIBLE SUNSHINE  MM
  AVERAGE SKY COVER 0.0


WEATHER CONDITIONS
 THE FOLLOWING WEATHER WAS RECORDED TODAY.
  NO SIGNIFICANT WEATHER WAS OBSERVED.


RELATIVE HUMIDITY (PERCENT)
 HIGHEST    93           100 AM
 LOWEST     31           200 PM
 AVERAGE    62

..........................................................


THE GREENWOOD CLIMATE NORMALS FOR TOMORROW
                         NORMAL    RECORD    YEAR
 MAXIMUM TEMPERATURE (F)   84        96      1993
 MINIMUM TEMPERATURE (F)   59        45      1990


SUNRISE AND SUNSET
SEPTEMBER 23 2014.....SUNRISE   649 AM CDT   SUNSET   656 PM CDT
SEPTEMBER 24 2014.....SUNRISE   650 AM CDT   SUNSET   654 PM CDT


-  INDICATES NEGATIVE NUMBERS.
R  INDICATES RECORD WAS SET OR TIED.
MM INDICATES DATA IS MISSING.
T  INDICATES TRACE AMOUNT.




$$
