000
CDUS44 KJAN 150719
CLIGWO


CLIMATE REPORT
NATIONAL WEATHER SERVICE JACKSON MS
117 AM CST FRI DEC 15 2017


...................................

...THE GREENWOOD CLIMATE SUMMARY FOR DECEMBER 14 2017...

CLIMATE NORMAL PERIOD 1981 TO 2010
CLIMATE RECORD PERIOD 1948 TO 2017


WEATHER ITEM   OBSERVED TIME   RECORD YEAR NORMAL DEPARTURE LAST
                VALUE   (LST)  VALUE       VALUE  FROM      YEAR
                                                  NORMAL
..................................................................
TEMPERATURE (F)
 YESTERDAY
  MAXIMUM         61    153 PM  79    1984  56      5       56
  MINIMUM         32    725 AM  10    1958  36     -4       35
  AVERAGE         47                        46      1       46

PRECIPITATION (IN)
  YESTERDAY        0.00          2.68 1951   0.19  -0.19     0.00
  MONTH TO DATE    1.22                      2.76  -1.54     2.75
  SINCE DEC 1      1.22                      2.76  -1.54     2.75
  SINCE JAN 1     42.04                     48.88  -6.84    45.56

SNOWFALL (IN)
  YESTERDAY        0.0

DEGREE DAYS
 HEATING
  YESTERDAY       18                        19     -1       19
  MONTH TO DATE  248                       248      0      269
  SINCE DEC 1    248                       248      0      269
  SINCE JUL 1    662                       716    -54      561

 COOLING
  YESTERDAY        0                         0      0        0
  MONTH TO DATE    0                         0      0        0
  SINCE DEC 1      0                         0      0        0
  SINCE JAN 1   2341                      2159    182     2559
..................................................................


WIND (MPH)
  HIGHEST WIND SPEED    12   HIGHEST WIND DIRECTION     N (360)
  HIGHEST GUST SPEED    16   HIGHEST GUST DIRECTION     N (20)
  AVERAGE WIND SPEED     5.0


SKY COVER
  POSSIBLE SUNSHINE  MM
  AVERAGE SKY COVER 0.0


WEATHER CONDITIONS
 THE FOLLOWING WEATHER WAS RECORDED YESTERDAY.
  NO SIGNIFICANT WEATHER WAS OBSERVED.


RELATIVE HUMIDITY (PERCENT)
 HIGHEST    89           700 AM
 LOWEST     35           200 PM
 AVERAGE    62

..........................................................


THE GREENWOOD CLIMATE NORMALS FOR TODAY
                         NORMAL    RECORD    YEAR
 MAXIMUM TEMPERATURE (F)   56        78      1948
 MINIMUM TEMPERATURE (F)   35        12      1958


SUNRISE AND SUNSET
DECEMBER 15 2017......SUNRISE   657 AM CST   SUNSET   454 PM CST
DECEMBER 16 2017......SUNRISE   658 AM CST   SUNSET   454 PM CST


-  INDICATES NEGATIVE NUMBERS.
R  INDICATES RECORD WAS SET OR TIED.
MM INDICATES DATA IS MISSING.
T  INDICATES TRACE AMOUNT.




$$
