000
CDUS44 KJAN 290631
CLIGWO


CLIMATE REPORT
NATIONAL WEATHER SERVICE JACKSON MS
130 AM CDT MON AUG 29 2016


...................................

...THE GREENWOOD CLIMATE SUMMARY FOR AUGUST 28 2016...

CLIMATE NORMAL PERIOD 1981 TO 2010
CLIMATE RECORD PERIOD 1948 TO 2016


WEATHER ITEM   OBSERVED TIME   RECORD YEAR NORMAL DEPARTURE LAST
                VALUE   (LST)  VALUE       VALUE  FROM      YEAR
                                                  NORMAL
..................................................................
TEMPERATURE (F)
 YESTERDAY
  MAXIMUM         95    312 PM 102    1990  92      3       91
                                      1954
  MINIMUM         74    537 AM  57    2015  68      6       57
  AVERAGE         85                        80      5       74

PRECIPITATION (IN)
  YESTERDAY        0.00          0.90 1950   0.09  -0.09     0.00
  MONTH TO DATE    4.02                      2.51   1.51     1.76
  SINCE JUN 1     10.71                     10.42   0.29     6.13
  SINCE JAN 1     36.50                     33.75   2.75    34.06

SNOWFALL (IN)
  YESTERDAY        0.0

DEGREE DAYS
 HEATING
  YESTERDAY        0                         0      0        0
  MONTH TO DATE    0                         0      0        0
  SINCE JUN 1      0                         0      0        0
  SINCE JUL 1      0                         0      0        0

 COOLING
  YESTERDAY       20                        15      5        9
  MONTH TO DATE  518                       444     74      433
  SINCE JUN 1   1558                      1362    196     1435
  SINCE JAN 1   1887                      1692    195     1799
..................................................................


WIND (MPH)
  HIGHEST WIND SPEED    13   HIGHEST WIND DIRECTION    SE (120)
  HIGHEST GUST SPEED    15   HIGHEST GUST DIRECTION     E (70)
  AVERAGE WIND SPEED     4.5


SKY COVER
  POSSIBLE SUNSHINE  MM
  AVERAGE SKY COVER 0.0


WEATHER CONDITIONS
 THE FOLLOWING WEATHER WAS RECORDED YESTERDAY.
  NO SIGNIFICANT WEATHER WAS OBSERVED.


RELATIVE HUMIDITY (PERCENT)
 HIGHEST    87          1200 AM
 LOWEST     42           200 PM
 AVERAGE    65

..........................................................


THE GREENWOOD CLIMATE NORMALS FOR TODAY
                         NORMAL    RECORD    YEAR
 MAXIMUM TEMPERATURE (F)   91       102      2000
 MINIMUM TEMPERATURE (F)   68        52      1986


SUNRISE AND SUNSET
AUGUST 29 2016........SUNRISE   633 AM CDT   SUNSET   729 PM CDT
AUGUST 30 2016........SUNRISE   633 AM CDT   SUNSET   728 PM CDT


-  INDICATES NEGATIVE NUMBERS.
R  INDICATES RECORD WAS SET OR TIED.
MM INDICATES DATA IS MISSING.
T  INDICATES TRACE AMOUNT.




$$
