000
CDUS44 KJAN 020824
CLIGWO


CLIMATE REPORT
NATIONAL WEATHER SERVICE JACKSON MS
322 AM CDT WED SEP 2 2015


...................................

...THE GREENWOOD CLIMATE SUMMARY FOR SEPTEMBER 1 2015...

CLIMATE NORMAL PERIOD 1981 TO 2010
CLIMATE RECORD PERIOD 1948 TO 2015


WEATHER ITEM   OBSERVED TIME   RECORD YEAR NORMAL DEPARTURE LAST
                VALUE   (LST)  VALUE       VALUE  FROM      YEAR
                                                  NORMAL
..................................................................
TEMPERATURE (F)
 YESTERDAY
  MAXIMUM         95    208 PM 103    2000  91      4       92
  MINIMUM         70    519 AM  57    2009  68      2       71
                                      1954
  AVERAGE         83                        79      4       82

PRECIPITATION (IN)
  YESTERDAY        T             2.54 1962   0.11  -0.11     0.00
  MONTH TO DATE    T                         0.11  -0.11     0.00
  SINCE SEP 1      T                         0.11  -0.11     0.00
  SINCE JAN 1     34.06                     34.18  -0.12    40.76

SNOWFALL (IN)
  YESTERDAY        0.0

DEGREE DAYS
 HEATING
  YESTERDAY        0                         0      0        0
  MONTH TO DATE    0                         0      0        0
  SINCE SEP 1      0                         0      0        0
  SINCE JUL 1      0                         0      0        0

 COOLING
  YESTERDAY       18                        14      4       17
  MONTH TO DATE   18                        14      4       17
  SINCE SEP 1     18                        14      4       17
  SINCE JAN 1   1867                      1756    111     1573
..................................................................


WIND (MPH)
  HIGHEST WIND SPEED    10   HIGHEST WIND DIRECTION    NE (40)
  HIGHEST GUST SPEED    13   HIGHEST GUST DIRECTION     E (70)
  AVERAGE WIND SPEED     3.5


SKY COVER
  POSSIBLE SUNSHINE  MM
  AVERAGE SKY COVER 0.2


WEATHER CONDITIONS
 THE FOLLOWING WEATHER WAS RECORDED YESTERDAY.
  LIGHT RAIN


RELATIVE HUMIDITY (PERCENT)
 HIGHEST    84           400 AM
 LOWEST     41           200 PM
 AVERAGE    63

..........................................................


THE GREENWOOD CLIMATE NORMALS FOR TODAY
                         NORMAL    RECORD    YEAR
 MAXIMUM TEMPERATURE (F)   91       101      2000
 MINIMUM TEMPERATURE (F)   67        52      1987


SUNRISE AND SUNSET
SEPTEMBER  2 2015.....SUNRISE   635 AM CDT   SUNSET   725 PM CDT
SEPTEMBER  3 2015.....SUNRISE   636 AM CDT   SUNSET   723 PM CDT


-  INDICATES NEGATIVE NUMBERS.
R  INDICATES RECORD WAS SET OR TIED.
MM INDICATES DATA IS MISSING.
T  INDICATES TRACE AMOUNT.




$$
