000
CDUS41 KGYX 210917
CLIGYX


CLIMATE REPORT
NATIONAL WEATHER SERVICE GRAY ME
417 AM EST SAT JAN 21 2017


...................................

...THE GRAY ME CLIMATE SUMMARY FOR JANUARY 20 2017...

CLIMATE NORMAL PERIOD 1981 TO 2010
CLIMATE RECORD PERIOD 1995 TO 2017


WEATHER ITEM   OBSERVED TIME   RECORD YEAR NORMAL DEPARTURE LAST
                VALUE   (LST)  VALUE       VALUE  FROM      YEAR
                                                  NORMAL
..................................................................
TEMPERATURE (F)
 YESTERDAY
  MAXIMUM         36        MM  MM      MM  29      7       24
  MINIMUM         29        MM  MM      MM  12     17       16
  AVERAGE         33                        20     13       20

PRECIPITATION (IN)
  YESTERDAY        0.00         MM      MM   0.12  -0.12     0.00
  MONTH TO DATE    1.53                      2.30  -0.77     3.71
  SINCE DEC 1      6.35                      6.36  -0.01     8.27
  SINCE JAN 1      1.53                      2.30  -0.77     3.71

SNOWFALL (IN)
  YESTERDAY        0.0          MM      MM   0.7   -0.7      0.0
  MONTH TO DATE    6.5                      14.0   -7.5     15.5
  SINCE DEC 1     42.0                      32.3    9.7     20.7
  SINCE JUL 1     43.3                      35.4    7.9     20.9
  SNOW DEPTH       9

DEGREE DAYS
 HEATING
  YESTERDAY       32                        45    -13       45
  MONTH TO DATE  784                       878    -94      810
  SINCE DEC 1   2005                      2047    -42     1711
  SINCE JUL 1   3284                      3544   -260     3010

 COOLING
  YESTERDAY        0                         0      0        0
  MONTH TO DATE    0                         0      0        0
  SINCE DEC 1      0                         0      0        0
  SINCE JAN 1      0                         0      0        0
..................................................................







THE GRAY ME CLIMATE NORMALS FOR TODAY
                         NORMAL
 MAXIMUM TEMPERATURE (F)   29
 MINIMUM TEMPERATURE (F)   12


SUNRISE AND SUNSET
JANUARY 21 2017.......SUNRISE   708 AM EST   SUNSET   437 PM EST
JANUARY 22 2017.......SUNRISE   707 AM EST   SUNSET   438 PM EST


-  INDICATES NEGATIVE NUMBERS.
R  INDICATES RECORD WAS SET OR TIED.
MM INDICATES DATA IS MISSING.
T  INDICATES TRACE AMOUNT.




$$
