000
CDUS41 KGYX 240937
CLIGYX


CLIMATE REPORT
NATIONAL WEATHER SERVICE GRAY ME
436 AM EST FRI FEB 24 2017


...................................

...THE GRAY ME CLIMATE SUMMARY FOR FEBRUARY 23 2017...

CLIMATE NORMAL PERIOD 1981 TO 2010
CLIMATE RECORD PERIOD 1995 TO 2017


WEATHER ITEM   OBSERVED TIME   RECORD YEAR NORMAL DEPARTURE LAST
                VALUE   (LST)  VALUE       VALUE  FROM      YEAR
                                                  NORMAL
..................................................................
TEMPERATURE (F)
 YESTERDAY
  MAXIMUM         52        MM  MM      MM  36     16       30
  MINIMUM         29        MM  MM      MM  18     11       11
  AVERAGE         41                        27     14       21

PRECIPITATION (IN)
  YESTERDAY        0.00         MM      MM   0.13  -0.13     0.00
  MONTH TO DATE    3.28                      2.64   0.64     3.17
  SINCE DEC 1     11.08                     10.23   0.85    11.46
  SINCE JAN 1      6.26                      6.17   0.09     6.90

SNOWFALL (IN)
  YESTERDAY       MM            MM      MM   0.6   MM        0.0
  MONTH TO DATE   44.6                      13.2   31.4     15.3
  SINCE DEC 1     88.5                      52.7   35.8     36.4
  SINCE JUL 1     89.8                      55.8   34.0     36.6
  SNOW DEPTH      19

DEGREE DAYS
 HEATING
  YESTERDAY       24                        38    -14       44
  MONTH TO DATE  910                       943    -33      906
  SINCE DEC 1   3287                      3476   -189     3033
  SINCE JUL 1   4566                      4973   -407     4332

 COOLING
  YESTERDAY        0                         0      0        0
  MONTH TO DATE    0                         0      0        0
  SINCE DEC 1      0                         0      0        0
  SINCE JAN 1      0                         0      0        0
..................................................................







THE GRAY ME CLIMATE NORMALS FOR TODAY
                         NORMAL
 MAXIMUM TEMPERATURE (F)   36
 MINIMUM TEMPERATURE (F)   18


SUNRISE AND SUNSET
FEBRUARY 24 2017......SUNRISE   626 AM EST   SUNSET   523 PM EST
FEBRUARY 25 2017......SUNRISE   624 AM EST   SUNSET   525 PM EST


-  INDICATES NEGATIVE NUMBERS.
R  INDICATES RECORD WAS SET OR TIED.
MM INDICATES DATA IS MISSING.
T  INDICATES TRACE AMOUNT.




$$
