000
CDUS41 KGYX 010802
CLIGYX


CLIMATE REPORT
NATIONAL WEATHER SERVICE GRAY ME
402 AM EDT WED OCT 1 2014


...................................

...THE GRAY ME CLIMATE SUMMARY FOR SEPTEMBER 30 2014...

CLIMATE NORMAL PERIOD 1981 TO 2010
CLIMATE RECORD PERIOD 1995 TO 2014


WEATHER ITEM   OBSERVED NORMAL DEPARTURE LAST
                VALUE   VALUE  FROM      YEAR
                               NORMAL
...............................................
TEMPERATURE (F)
 YESTERDAY
  MAXIMUM         60     64     -4       64
  MINIMUM         49     45      4       42
  AVERAGE         55     54      1       53

PRECIPITATION (IN)
  YESTERDAY        0.01   0.16  -0.15     0.00
  MONTH TO DATE    1.06   4.19  -3.13     7.40
  SINCE SEP 1      1.06   4.19  -3.13     7.40
  SINCE JAN 1     36.47  35.67   0.80    34.69

SNOWFALL (IN)
  YESTERDAY        0.0    0.0    0.0      0.0
  MONTH TO DATE    0.0    0.0    0.0      0.0
  SINCE SEP 1      0.0    0.0    0.0      0.0
  SINCE JUL 1      0.0    0.0    0.0      0.0
  SNOW DEPTH       0

DEGREE DAYS
 HEATING
  YESTERDAY       10     11     -1       12
  MONTH TO DATE  182    169     13      187
  SINCE SEP 1    182    168     14      187
  SINCE JUL 1    196    204     -8      199

 COOLING
  YESTERDAY        0      0      0        0
  MONTH TO DATE   55     28     27       36
  SINCE SEP 1     55     28     27       36
  SINCE JAN 1    367    387    -20      484
...............................................





WEATHER CONDITIONS
 THE FOLLOWING WEATHER WAS RECORDED YESTERDAY.
  NO SIGNIFICANT WEATHER WAS OBSERVED.


..........................................................


THE GRAY ME CLIMATE NORMALS FOR TODAY
                         NORMAL
 MAXIMUM TEMPERATURE (F)   64
 MINIMUM TEMPERATURE (F)   45


SUNRISE AND SUNSET
OCTOBER  1 2014.......SUNRISE   639 AM EDT   SUNSET   622 PM EDT
OCTOBER  2 2014.......SUNRISE   640 AM EDT   SUNSET   620 PM EDT


-  INDICATES NEGATIVE NUMBERS.
R  INDICATES RECORD WAS SET OR TIED.
MM INDICATES DATA IS MISSING.
T  INDICATES TRACE AMOUNT.




$$
