000
CDUS41 KGYX 280805
CLIGYX


CLIMATE REPORT
NATIONAL WEATHER SERVICE GRAY ME
405 AM EDT SAT MAR 28 2015


...................................

...THE GRAY ME CLIMATE SUMMARY FOR MARCH 27 2015...

CLIMATE NORMAL PERIOD 1981 TO 2010
CLIMATE RECORD PERIOD 1995 TO 2015


WEATHER ITEM   OBSERVED TIME   RECORD YEAR NORMAL DEPARTURE LAST
                VALUE   (LST)  VALUE       VALUE  FROM      YEAR
                                                  NORMAL
..................................................................
TEMPERATURE (F)
 YESTERDAY
  MAXIMUM         46        MM  MM      MM  45      1       38
  MINIMUM         35        MM  MM      MM  27      8       13
  AVERAGE         41                        36      5       26

PRECIPITATION (IN)
  YESTERDAY        0.02         MM      MM   0.13  -0.11     0.00
  MONTH TO DATE    1.50                      3.63  -2.13     1.99
  SINCE MAR 1      1.50                      3.63  -2.13     1.99
  SINCE JAN 1      7.47                     10.47  -3.00     8.98

SNOWFALL (IN)
  YESTERDAY        0.0          MM      MM   0.5   -0.5      0.0
  MONTH TO DATE    4.9                      18.2  -13.3      7.6
  SINCE MAR 1      4.9                      18.2  -13.3      7.6
  SINCE JUL 1    104.0                      77.3   26.7     81.7
  SNOW DEPTH      14

DEGREE DAYS
 HEATING
  YESTERDAY       24                        29     -5       39
  MONTH TO DATE 1004                       882    122     1115
  SINCE MAR 1   1004                       882    122     1115
  SINCE JUL 1   6480                      6040    440     6525

 COOLING
  YESTERDAY        0                         0      0        0
  MONTH TO DATE    0                         0      0        0
  SINCE MAR 1      0                         0      0        0
  SINCE JAN 1      0                         0      0        0
..................................................................







THE GRAY ME CLIMATE NORMALS FOR TODAY
                         NORMAL
 MAXIMUM TEMPERATURE (F)   46
 MINIMUM TEMPERATURE (F)   28


SUNRISE AND SUNSET
MARCH 28 2015.........SUNRISE   630 AM EDT   SUNSET   703 PM EDT
MARCH 29 2015.........SUNRISE   628 AM EDT   SUNSET   704 PM EDT


-  INDICATES NEGATIVE NUMBERS.
R  INDICATES RECORD WAS SET OR TIED.
MM INDICATES DATA IS MISSING.
T  INDICATES TRACE AMOUNT.




$$
