000
CDUS41 KGYX 280910
CLIGYX


CLIMATE REPORT
NATIONAL WEATHER SERVICE GRAY ME
410 AM EST SUN DEC 28 2014


...................................

...THE GRAY ME CLIMATE SUMMARY FOR DECEMBER 27 2014...

CLIMATE NORMAL PERIOD 1981 TO 2010
CLIMATE RECORD PERIOD 1995 TO 2014


WEATHER ITEM   OBSERVED TIME   RECORD YEAR NORMAL DEPARTURE LAST
                VALUE   (LST)  VALUE       VALUE  FROM      YEAR
                                                  NORMAL
..................................................................
TEMPERATURE (F)
 YESTERDAY
  MAXIMUM         47        MM  MM      MM  32     15       31
  MINIMUM         31        MM  MM      MM  16     15       16
  AVERAGE         39                        24     15       24

PRECIPITATION (IN)
  YESTERDAY        0.00         MM      MM   0.12  -0.12      T
  MONTH TO DATE    5.75                      3.60   2.15     3.01
  SINCE DEC 1      5.75                      3.60   2.15     3.01
  SINCE JAN 1     52.38                     49.76   2.62    43.59

SNOWFALL (IN)
  YESTERDAY        0.0          MM      MM   0.7   -0.7       T
  MONTH TO DATE    6.5                      15.5   -9.0     21.5
  SINCE DEC 1      6.5                      15.5   -9.0     21.5
  SINCE JUL 1     21.5                      18.6    2.9     22.6
  SNOW DEPTH       T

DEGREE DAYS
 HEATING
  YESTERDAY       26                        41    -15       41
  MONTH TO DATE  930                      1003    -73     1141
  SINCE DEC 1    930                      1003    -73     1141
  SINCE JUL 1   2380                      2500   -120     2612

 COOLING
  YESTERDAY        0                         0      0        0
  MONTH TO DATE    0                         0      0        0
  SINCE DEC 1      0                         0      0        0
  SINCE JAN 1    369                       389    -20      486
..................................................................







THE GRAY ME CLIMATE NORMALS FOR TODAY
                         NORMAL
 MAXIMUM TEMPERATURE (F)   32
 MINIMUM TEMPERATURE (F)   16


SUNRISE AND SUNSET
DECEMBER 28 2014......SUNRISE   715 AM EST   SUNSET   411 PM EST
DECEMBER 29 2014......SUNRISE   715 AM EST   SUNSET   411 PM EST


-  INDICATES NEGATIVE NUMBERS.
R  INDICATES RECORD WAS SET OR TIED.
MM INDICATES DATA IS MISSING.
T  INDICATES TRACE AMOUNT.




$$
