000
CDUS41 KGYX 200810
CLIGYX


CLIMATE REPORT
NATIONAL WEATHER SERVICE GRAY ME
410 AM EDT WED SEP 20 2017


...................................

...THE GRAY ME CLIMATE SUMMARY FOR SEPTEMBER 19 2017...

CLIMATE NORMAL PERIOD 1981 TO 2010
CLIMATE RECORD PERIOD 1995 TO 2017


WEATHER ITEM   OBSERVED TIME   RECORD YEAR NORMAL DEPARTURE LAST
                VALUE   (LST)  VALUE       VALUE  FROM      YEAR
                                                  NORMAL
..................................................................
TEMPERATURE (F)
 YESTERDAY
  MAXIMUM         69        MM  MM      MM  69      0       71
  MINIMUM         59        MM  MM      MM  49     10       65
  AVERAGE         64                        59      5       68

PRECIPITATION (IN)
  YESTERDAY        0.03         MM      MM   0.14  -0.11     0.26
  MONTH TO DATE    2.57                      2.54   0.03     0.77
  SINCE SEP 1      2.57                      2.54   0.03     0.77
  SINCE JAN 1     30.50                     34.02  -3.52    29.94

SNOWFALL (IN)
  YESTERDAY        0.0          MM      MM   0.0    0.0      0.0
  MONTH TO DATE    0.0                       0.0    0.0      0.0
  SINCE SEP 1      0.0                       0.0    0.0      0.0
  SINCE JUL 1      0.0                       0.0    0.0      0.0
  SNOW DEPTH       0

DEGREE DAYS
 HEATING
  YESTERDAY        1                         6     -5        0
  MONTH TO DATE   36                        72    -36       17
  SINCE SEP 1     36                        72    -36       17
  SINCE JUL 1     67                       108    -41       36

 COOLING
  YESTERDAY        0                         0      0        3
  MONTH TO DATE   32                        25      7       62
  SINCE SEP 1     32                        25      7       62
  SINCE JAN 1    470                       384     86      589
..................................................................







THE GRAY ME CLIMATE NORMALS FOR TODAY
                         NORMAL
 MAXIMUM TEMPERATURE (F)   68
 MINIMUM TEMPERATURE (F)   49


SUNRISE AND SUNSET
SEPTEMBER 20 2017.....SUNRISE   626 AM EDT   SUNSET   642 PM EDT
SEPTEMBER 21 2017.....SUNRISE   627 AM EDT   SUNSET   640 PM EDT


-  INDICATES NEGATIVE NUMBERS.
R  INDICATES RECORD WAS SET OR TIED.
MM INDICATES DATA IS MISSING.
T  INDICATES TRACE AMOUNT.




$$
