000
CDUS41 KGYX 280811
CLIGYX


CLIMATE REPORT
NATIONAL WEATHER SERVICE GRAY ME
411 AM EDT TUE JUL 28 2015


...................................

...THE GRAY ME CLIMATE SUMMARY FOR JULY 27 2015...

CLIMATE NORMAL PERIOD 1981 TO 2010
CLIMATE RECORD PERIOD 1995 TO 2015


WEATHER ITEM   OBSERVED TIME   RECORD YEAR NORMAL DEPARTURE LAST
                VALUE   (LST)  VALUE       VALUE  FROM      YEAR
                                                  NORMAL
..................................................................
TEMPERATURE (F)
 YESTERDAY
  MAXIMUM         78        MM  MM      MM  80     -2       76
  MINIMUM         61        MM  50    2001  60      1       59
  AVERAGE         70                        70      0       68

PRECIPITATION (IN)
  YESTERDAY        0.00         MM      MM   0.13  -0.13     1.09
  MONTH TO DATE    2.26                      3.80  -1.54     5.79
  SINCE JUN 1      8.33                      8.10   0.23     8.79
  SINCE JAN 1     21.38                     27.39  -6.01    27.14

SNOWFALL (IN)
  YESTERDAY        0.0          MM      MM   0.0    0.0      0.0
  MONTH TO DATE    0.0                       0.0    0.0      0.0
  SINCE JUN 1      0.0                       0.0    0.0      0.0
  SINCE JUL 1      0.0                       0.0    0.0      0.0
  SNOW DEPTH       0

DEGREE DAYS
 HEATING
  YESTERDAY        0                         0      0        0
  MONTH TO DATE   13                         7      6        0
  SINCE JUN 1    170                       101     69       74
  SINCE JUL 1     13                         7      6        0

 COOLING
  YESTERDAY        5                         5      0        3
  MONTH TO DATE   95                       128    -33      159
  SINCE JUN 1    130                       193    -63      224
  SINCE JAN 1    170                       204    -34      225
..................................................................







THE GRAY ME CLIMATE NORMALS FOR TODAY
                         NORMAL
 MAXIMUM TEMPERATURE (F)   80
 MINIMUM TEMPERATURE (F)   60


SUNRISE AND SUNSET
JULY 28 2015..........SUNRISE   525 AM EDT   SUNSET   810 PM EDT
JULY 29 2015..........SUNRISE   526 AM EDT   SUNSET   808 PM EDT


-  INDICATES NEGATIVE NUMBERS.
R  INDICATES RECORD WAS SET OR TIED.
MM INDICATES DATA IS MISSING.
T  INDICATES TRACE AMOUNT.




$$
