000
CDUS44 KJAN 292114
CLIHBG


CLIMATE REPORT
NATIONAL WEATHER SERVICE JACKSON MS
412 PM CDT FRI JUL 29 2016


...................................

...THE HATTIESBURG CLIMATE SUMMARY FOR JULY 29 2016...
VALID TODAY AS OF 0400 PM LOCAL TIME.

CLIMATE NORMAL PERIOD 1981 TO 2010
CLIMATE RECORD PERIOD 1948 TO 2016


WEATHER ITEM   OBSERVED TIME   RECORD YEAR NORMAL DEPARTURE LAST
                VALUE   (LST)  VALUE       VALUE  FROM      YEAR
                                                  NORMAL
..................................................................
TEMPERATURE (F)
 TODAY
  MAXIMUM         91   1204 PM  99    1987  93     -2       98
  MINIMUM         71    508 AM  64    1994  72     -1       77
  AVERAGE         81                        82     -1       88

PRECIPITATION (IN)
  TODAY            T             2.52 1976   0.16  -0.16     0.06
  MONTH TO DATE    5.82                      5.09   0.73     5.52
  SINCE JUN 1     13.95                     10.59   3.36    10.25
  SINCE JAN 1     45.11                     37.13   7.98    34.07

SNOWFALL (IN)
  TODAY            0.0

DEGREE DAYS
 HEATING
  TODAY            0                         0      0        0
  MONTH TO DATE    0                         0      0        0
  SINCE JUN 1      0                         0      0        0
  SINCE JUL 1      0                         0      0        0

 COOLING
  TODAY           16                        17     -1       23
  MONTH TO DATE  534                       488     46      579
  SINCE JUN 1   1041                       911    130     1058
  SINCE JAN 1   1505                      1326    179     1635
..................................................................


WIND (MPH)
  HIGHEST WIND SPEED    14   HIGHEST WIND DIRECTION    SW (220)
  HIGHEST GUST SPEED    18   HIGHEST GUST DIRECTION    SW (230)
  AVERAGE WIND SPEED     3.0


SKY COVER
  POSSIBLE SUNSHINE  MM
  AVERAGE SKY COVER 0.2


WEATHER CONDITIONS
 THE FOLLOWING WEATHER WAS RECORDED TODAY.
  THUNDERSTORM
  LIGHT RAIN


RELATIVE HUMIDITY (PERCENT)
 HIGHEST    93          1200 AM
 LOWEST     56          1100 AM
 AVERAGE    75

..........................................................


THE HATTIESBURG CLIMATE NORMALS FOR TOMORROW
                         NORMAL    RECORD    YEAR
 MAXIMUM TEMPERATURE (F)   93        99      1987
                                             1986
 MINIMUM TEMPERATURE (F)   72        62      2014


SUNRISE AND SUNSET
JULY 29 2016..........SUNRISE   612 AM CDT   SUNSET   754 PM CDT
JULY 30 2016..........SUNRISE   613 AM CDT   SUNSET   754 PM CDT


-  INDICATES NEGATIVE NUMBERS.
R  INDICATES RECORD WAS SET OR TIED.
MM INDICATES DATA IS MISSING.
T  INDICATES TRACE AMOUNT.




$$
