000
CDUS44 KJAN 152113
CLIHBG


CLIMATE REPORT
NATIONAL WEATHER SERVICE JACKSON MS
412 PM CDT MON SEP 15 2014


...................................

...THE HATTIESBURG CLIMATE SUMMARY FOR SEPTEMBER 15 2014...
VALID TODAY AS OF 0400 PM LOCAL TIME.

CLIMATE NORMAL PERIOD 1981 TO 2010
CLIMATE RECORD PERIOD 1948 TO 2014


WEATHER ITEM   OBSERVED TIME   RECORD YEAR NORMAL DEPARTURE LAST
                VALUE   (LST)  VALUE       VALUE  FROM      YEAR
                                                  NORMAL
..................................................................
TEMPERATURE (F)
 TODAY
  MAXIMUM         92    259 PM  97    1972  88      4       93
  MINIMUM         71    536 AM  53    1969  66      5       63
  AVERAGE         82                        77      5       78

PRECIPITATION (IN)
  TODAY            T             0.88 1981   0.15  -0.15     0.00
  MONTH TO DATE    1.35                      2.19  -0.84     2.13
  SINCE SEP 1      1.35                      2.19  -0.84     2.13
  SINCE JAN 1     38.63                     44.35  -5.72    54.30

SNOWFALL (IN)
  TODAY            0.0

DEGREE DAYS
 HEATING
  TODAY            0                         0      0        0
  MONTH TO DATE    0                         0      0        0
  SINCE SEP 1      0                         0      0        0
  SINCE JUL 1      0                         0      0        0

 COOLING
  TODAY           17                        12      5       13
  MONTH TO DATE  257                       208     49      251
  SINCE SEP 1    257                       208     49      251
  SINCE JAN 1   2136                      2079     57     2030
..................................................................


WIND (MPH)
  HIGHEST WIND SPEED    15   HIGHEST WIND DIRECTION    NW (330)
  HIGHEST GUST SPEED    MM   HIGHEST GUST DIRECTION    MM
  AVERAGE WIND SPEED     1.2


SKY COVER
  POSSIBLE SUNSHINE  MM
  AVERAGE SKY COVER 0.2


WEATHER CONDITIONS
 THE FOLLOWING WEATHER WAS RECORDED TODAY.
  LIGHT RAIN
  FOG


RELATIVE HUMIDITY (PERCENT)
 HIGHEST    94          1200 AM
 LOWEST     52           100 PM
 AVERAGE    73

..........................................................


THE HATTIESBURG CLIMATE NORMALS FOR TOMORROW
                         NORMAL    RECORD    YEAR
 MAXIMUM TEMPERATURE (F)   88        98      1980
                                             1972
 MINIMUM TEMPERATURE (F)   66        49      1961


SUNRISE AND SUNSET
SEPTEMBER 15 2014.....SUNRISE   641 AM CDT   SUNSET   703 PM CDT
SEPTEMBER 16 2014.....SUNRISE   642 AM CDT   SUNSET   701 PM CDT


-  INDICATES NEGATIVE NUMBERS.
R  INDICATES RECORD WAS SET OR TIED.
MM INDICATES DATA IS MISSING.
T  INDICATES TRACE AMOUNT.




$$
