000
CDUS44 KJAN 200658
CLIHBG


CLIMATE REPORT
NATIONAL WEATHER SERVICE JACKSON MS
1255 AM CST FRI JAN 20 2017


...................................

...THE HATTIESBURG CLIMATE SUMMARY FOR JANUARY 19 2017...

CLIMATE NORMAL PERIOD 1981 TO 2010
CLIMATE RECORD PERIOD 1948 TO 2017


WEATHER ITEM   OBSERVED TIME   RECORD YEAR NORMAL DEPARTURE LAST
                VALUE   (LST)  VALUE       VALUE  FROM      YEAR
                                                  NORMAL
..................................................................
TEMPERATURE (F)
 YESTERDAY
  MAXIMUM         72   1114 AM  79    1950  60     12       56
  MINIMUM         62   1026 PM  11    1977  37     25       28
  AVERAGE         67                        48     19       42

PRECIPITATION (IN)
  YESTERDAY        1.57          2.69 1992   0.20   1.37     0.00
  MONTH TO DATE    6.48                      3.39   3.09     0.84
  SINCE DEC 1     13.54                      8.30   5.24    10.85
  SINCE JAN 1      6.48                      3.39   3.09     0.84

SNOWFALL (IN)
  YESTERDAY        0.0

DEGREE DAYS
 HEATING
  YESTERDAY        0                        17    -17       23
  MONTH TO DATE  166                       316   -150      347
  SINCE DEC 1    504                       773   -269      577
  SINCE JUL 1    700                      1101   -401      755

 COOLING
  YESTERDAY        2                         0      2        0
  MONTH TO DATE   24                         0     24        0
  SINCE DEC 1     63                        13     50       71
  SINCE JAN 1     24                         0     24        0
..................................................................


WIND (MPH)
  HIGHEST WIND SPEED    16   HIGHEST WIND DIRECTION     W (290)
  HIGHEST GUST SPEED    23   HIGHEST GUST DIRECTION    SW (210)
  AVERAGE WIND SPEED     5.0


SKY COVER
  POSSIBLE SUNSHINE  MM
  AVERAGE SKY COVER 0.9


WEATHER CONDITIONS
 THE FOLLOWING WEATHER WAS RECORDED YESTERDAY.
  THUNDERSTORM
  HEAVY RAIN
  RAIN
  LIGHT RAIN
  FOG
  HAZE


RELATIVE HUMIDITY (PERCENT)
 HIGHEST   100           100 AM
 LOWEST     84          1000 AM
 AVERAGE    92

..........................................................


THE HATTIESBURG CLIMATE NORMALS FOR TODAY
                         NORMAL    RECORD    YEAR
 MAXIMUM TEMPERATURE (F)   60        80      1982
 MINIMUM TEMPERATURE (F)   37        13      1977


SUNRISE AND SUNSET
JANUARY 20 2017.......SUNRISE   655 AM CST   SUNSET   522 PM CST
JANUARY 21 2017.......SUNRISE   655 AM CST   SUNSET   523 PM CST


-  INDICATES NEGATIVE NUMBERS.
R  INDICATES RECORD WAS SET OR TIED.
MM INDICATES DATA IS MISSING.
T  INDICATES TRACE AMOUNT.




$$
