000
CDUS44 KJAN 242234
CLIHBG


CLIMATE REPORT
NATIONAL WEATHER SERVICE JACKSON MS
534 PM CDT SAT SEP 24 2016


...................................

...THE HATTIESBURG CLIMATE SUMMARY FOR SEPTEMBER 24 2016...
VALID AS OF 0500 PM LOCAL TIME.

CLIMATE NORMAL PERIOD 1981 TO 2010
CLIMATE RECORD PERIOD 1948 TO 2016


WEATHER ITEM   OBSERVED TIME   RECORD YEAR NORMAL DEPARTURE LAST
                VALUE   (LST)  VALUE       VALUE  FROM      YEAR
                                                  NORMAL
..................................................................
TEMPERATURE (F)
 TODAY
  MAXIMUM         96    320 PM  97    1965  86     10       90
  MINIMUM         71    525 AM  46    1982  63      8       64
  AVERAGE         84                        74     10       77

PRECIPITATION (IN)
  TODAY            0.00          1.70 1956   0.11  -0.11     0.00
  MONTH TO DATE    3.48                      3.33   0.15     1.04
  SINCE SEP 1      3.48                      3.33   0.15     1.04
  SINCE JAN 1     54.49                     45.49   9.00    38.25

SNOWFALL (IN)
  TODAY            0.0

DEGREE DAYS
 HEATING
  TODAY            0                         0      0        0
  MONTH TO DATE    0                         0      0        0
  SINCE SEP 1      0                         0      0        0
  SINCE JUL 1      0                         0      0        0

 COOLING
  TODAY           19                        10      9       12
  MONTH TO DATE  407                       305    102      335
  SINCE SEP 1    407                       305    102      335
  SINCE JAN 1   2521                      2176    345     2552
..................................................................


WIND (MPH)
  HIGHEST WIND SPEED     8   HIGHEST WIND DIRECTION     N (350)
  HIGHEST GUST SPEED    11   HIGHEST GUST DIRECTION     N (350)
  AVERAGE WIND SPEED     1.6


SKY COVER
  POSSIBLE SUNSHINE  MM
  AVERAGE SKY COVER 0.0


WEATHER CONDITIONS
 THE FOLLOWING WEATHER WAS RECORDED TODAY.
  NO SIGNIFICANT WEATHER WAS OBSERVED.


RELATIVE HUMIDITY (PERCENT)
 HIGHEST    93           100 AM
 LOWEST     39           300 PM
 AVERAGE    66

..........................................................


THE HATTIESBURG CLIMATE NORMALS FOR TOMORROW
                         NORMAL    RECORD    YEAR
 MAXIMUM TEMPERATURE (F)   85        95      2010
 MINIMUM TEMPERATURE (F)   63        49      1990
                                             1975


SUNRISE AND SUNSET
SEPTEMBER 24 2016.....SUNRISE   647 AM CDT   SUNSET   650 PM CDT
SEPTEMBER 25 2016.....SUNRISE   647 AM CDT   SUNSET   649 PM CDT


-  INDICATES NEGATIVE NUMBERS.
R  INDICATES RECORD WAS SET OR TIED.
MM INDICATES DATA IS MISSING.
T  INDICATES TRACE AMOUNT.




$$
