000
CDUS44 KJAN 300938
CLIHBG


CLIMATE REPORT
NATIONAL WEATHER SERVICE JACKSON MS
434 AM CDT THU OCT 30 2014


...................................

...THE HATTIESBURG CLIMATE SUMMARY FOR OCTOBER 29 2014...

CLIMATE NORMAL PERIOD 1981 TO 2010
CLIMATE RECORD PERIOD 1948 TO 2014


WEATHER ITEM   OBSERVED TIME   RECORD YEAR NORMAL DEPARTURE LAST
                VALUE   (LST)  VALUE       VALUE  FROM      YEAR
                                                  NORMAL
..................................................................
TEMPERATURE (F)
 YESTERDAY
  MAXIMUM         82    129 PM  87    2000  76      6       80
  MINIMUM         55   1159 PM  25    1952  50      5       55
  AVERAGE         69                        63      6       68

PRECIPITATION (IN)
  YESTERDAY        T             2.54 1985   0.11  -0.11     0.00
  MONTH TO DATE    1.50                      3.55  -2.05     0.71
  SINCE SEP 1      7.15                      7.63  -0.48     5.75
  SINCE JAN 1     44.43                     49.79  -5.36    57.92

SNOWFALL (IN)
  YESTERDAY        0.0

DEGREE DAYS
 HEATING
  YESTERDAY        0                         5     -5        0
  MONTH TO DATE   33                        65    -32       45
  SINCE SEP 1     33                        67    -34       45
  SINCE JUL 1     33                        67    -34       45

 COOLING
  YESTERDAY        4                         2      2        3
  MONTH TO DATE  158                       130     28      169
  SINCE SEP 1    583                       486     97      599
  SINCE JAN 1   2462                      2357    105     2378
..................................................................


WIND (MPH)
  HIGHEST WIND SPEED    16   HIGHEST WIND DIRECTION     N (360)
  HIGHEST GUST SPEED    18   HIGHEST GUST DIRECTION     N (360)
  AVERAGE WIND SPEED     5.5


SKY COVER
  POSSIBLE SUNSHINE  MM
  AVERAGE SKY COVER 0.6


WEATHER CONDITIONS
 THE FOLLOWING WEATHER WAS RECORDED YESTERDAY.
  LIGHT RAIN
  FOG


RELATIVE HUMIDITY (PERCENT)
 HIGHEST    97           200 AM
 LOWEST     56           800 PM
 AVERAGE    77

..........................................................


THE HATTIESBURG CLIMATE NORMALS FOR TODAY
                         NORMAL    RECORD    YEAR
 MAXIMUM TEMPERATURE (F)   76        90      1951
 MINIMUM TEMPERATURE (F)   50        23      1952


SUNRISE AND SUNSET
OCTOBER 30 2014.......SUNRISE   711 AM CDT   SUNSET   610 PM CDT
OCTOBER 31 2014.......SUNRISE   712 AM CDT   SUNSET   609 PM CDT


-  INDICATES NEGATIVE NUMBERS.
R  INDICATES RECORD WAS SET OR TIED.
MM INDICATES DATA IS MISSING.
T  INDICATES TRACE AMOUNT.




$$
