000
CDUS44 KJAN 040642
CLIHBG


CLIMATE REPORT
NATIONAL WEATHER SERVICE JACKSON MS
1241 AM CST SUN DEC 4 2016


...................................

...THE HATTIESBURG CLIMATE SUMMARY FOR DECEMBER 3 2016...

CLIMATE NORMAL PERIOD 1981 TO 2010
CLIMATE RECORD PERIOD 1948 TO 2016


WEATHER ITEM   OBSERVED TIME   RECORD YEAR NORMAL DEPARTURE LAST
                VALUE   (LST)  VALUE       VALUE  FROM      YEAR
                                                  NORMAL
..................................................................
TEMPERATURE (F)
 YESTERDAY
  MAXIMUM         55    210 PM  81    1991  64     -9       56
  MINIMUM         51    733 AM  21    1960  41     10       37
  AVERAGE         53                        53      0       47

PRECIPITATION (IN)
  YESTERDAY        0.02          3.25 1990   0.15  -0.13     0.00
  MONTH TO DATE    0.02                      0.46  -0.44     0.72
  SINCE DEC 1      0.02                      0.46  -0.44     0.72
  SINCE JAN 1     56.87                     54.72   2.15    52.23

SNOWFALL (IN)
  YESTERDAY        0.0

DEGREE DAYS
 HEATING
  YESTERDAY       12                        13     -1       18
  MONTH TO DATE   42                        38      4       30
  SINCE DEC 1     42                        38      4       30
  SINCE JUL 1    238                       366   -128      208

 COOLING
  YESTERDAY        0                         1     -1        0
  MONTH TO DATE    0                         3     -3        3
  SINCE DEC 1      0                         3     -3        3
  SINCE JAN 1   2810                      2393    417     2857
..................................................................


WIND (MPH)
  HIGHEST WIND SPEED    13   HIGHEST WIND DIRECTION     E (100)
  HIGHEST GUST SPEED    19   HIGHEST GUST DIRECTION     E (100)
  AVERAGE WIND SPEED     6.5


SKY COVER
  POSSIBLE SUNSHINE  MM
  AVERAGE SKY COVER 0.9


WEATHER CONDITIONS
 THE FOLLOWING WEATHER WAS RECORDED YESTERDAY.
  LIGHT RAIN


RELATIVE HUMIDITY (PERCENT)
 HIGHEST    66           100 AM
 LOWEST     54          1000 PM
 AVERAGE    60

..........................................................


THE HATTIESBURG CLIMATE NORMALS FOR TODAY
                         NORMAL    RECORD    YEAR
 MAXIMUM TEMPERATURE (F)   64        82      1978
 MINIMUM TEMPERATURE (F)   41        24      1989
                                             1979


SUNRISE AND SUNSET
DECEMBER  4 2016......SUNRISE   641 AM CST   SUNSET   454 PM CST
DECEMBER  5 2016......SUNRISE   642 AM CST   SUNSET   454 PM CST


-  INDICATES NEGATIVE NUMBERS.
R  INDICATES RECORD WAS SET OR TIED.
MM INDICATES DATA IS MISSING.
T  INDICATES TRACE AMOUNT.




$$
