000
CDUS44 KJAN 270657
CLIHBG


CLIMATE REPORT
NATIONAL WEATHER SERVICE JACKSON MS
156 AM CDT SAT AUG 27 2016


...................................

...THE HATTIESBURG CLIMATE SUMMARY FOR AUGUST 26 2016...

CLIMATE NORMAL PERIOD 1981 TO 2010
CLIMATE RECORD PERIOD 1948 TO 2016


WEATHER ITEM   OBSERVED TIME   RECORD YEAR NORMAL DEPARTURE LAST
                VALUE   (LST)  VALUE       VALUE  FROM      YEAR
                                                  NORMAL
..................................................................
TEMPERATURE (F)
 YESTERDAY
  MAXIMUM         92    426 PM  99    2011  92      0       88
                                      1963
  MINIMUM         73    559 AM  59    2015  70      3       59
                                      1966
  AVERAGE         83                        81      2       74

PRECIPITATION (IN)
  YESTERDAY        0.00          2.27 1999   0.16  -0.16     0.00
  MONTH TO DATE    5.60                      3.98   1.62     2.46
  SINCE JUN 1     19.85                     14.87   4.98    13.39
  SINCE JAN 1     51.01                     41.41   9.60    37.21

SNOWFALL (IN)
  YESTERDAY        0.0

DEGREE DAYS
 HEATING
  YESTERDAY        0                         0      0        0
  MONTH TO DATE    0                         0      0        0
  SINCE JUN 1      0                         0      0        0
  SINCE JUL 1      0                         0      0        0

 COOLING
  YESTERDAY       18                        16      2        9
  MONTH TO DATE  480                       434     46      472
  SINCE JUN 1   1559                      1379    180     1570
  SINCE JAN 1   2023                      1794    229     2147
..................................................................


WIND (MPH)
  HIGHEST WIND SPEED    15   HIGHEST WIND DIRECTION    SE (120)
  HIGHEST GUST SPEED    19   HIGHEST GUST DIRECTION    SE (120)
  AVERAGE WIND SPEED     3.4


SKY COVER
  POSSIBLE SUNSHINE  MM
  AVERAGE SKY COVER 0.1


WEATHER CONDITIONS
 THE FOLLOWING WEATHER WAS RECORDED YESTERDAY.
  NO SIGNIFICANT WEATHER WAS OBSERVED.


RELATIVE HUMIDITY (PERCENT)
 HIGHEST   100           200 AM
 LOWEST     44           300 PM
 AVERAGE    72

..........................................................


THE HATTIESBURG CLIMATE NORMALS FOR TODAY
                         NORMAL    RECORD    YEAR
 MAXIMUM TEMPERATURE (F)   92       100      1963
 MINIMUM TEMPERATURE (F)   70        56      1958


SUNRISE AND SUNSET
AUGUST 27 2016........SUNRISE   630 AM CDT   SUNSET   726 PM CDT
AUGUST 28 2016........SUNRISE   631 AM CDT   SUNSET   725 PM CDT


-  INDICATES NEGATIVE NUMBERS.
R  INDICATES RECORD WAS SET OR TIED.
MM INDICATES DATA IS MISSING.
T  INDICATES TRACE AMOUNT.




$$
