000
CDUS44 KJAN 270643
CLIHBG


CLIMATE REPORT
NATIONAL WEATHER SERVICE JACKSON MS
140 AM CDT WED AUG 27 2014


...................................

...THE HATTIESBURG CLIMATE SUMMARY FOR AUGUST 26 2014...

CLIMATE NORMAL PERIOD 1981 TO 2010
CLIMATE RECORD PERIOD 1948 TO 2014


WEATHER ITEM   OBSERVED TIME   RECORD YEAR NORMAL DEPARTURE LAST
                VALUE   (LST)  VALUE       VALUE  FROM      YEAR
                                                  NORMAL
..................................................................
TEMPERATURE (F)
 YESTERDAY
  MAXIMUM         93    223 PM  99    2011  92      1       89
                                      1963
  MINIMUM         67    544 AM  59    1966  70     -3       67
  AVERAGE         80                        81     -1       78

PRECIPITATION (IN)
  YESTERDAY        0.00          2.27 1999   0.16  -0.16     0.00
  MONTH TO DATE    1.03                      3.98  -2.95     4.03
  SINCE JUN 1      8.23                     14.87  -6.64    14.96
  SINCE JAN 1     36.71                     41.41  -4.70    52.17

SNOWFALL (IN)
  YESTERDAY        0.0

DEGREE DAYS
 HEATING
  YESTERDAY        0                         0      0        0
  MONTH TO DATE    0                         0      0        0
  SINCE JUN 1      0                         0      0        0
  SINCE JUL 1      0                         0      0        0

 COOLING
  YESTERDAY       15                        16     -1       13
  MONTH TO DATE  467                       434     33      429
  SINCE JUN 1   1413                      1379     34     1367
  SINCE JAN 1   1789                      1794     -5     1709
..................................................................


WIND (MPH)
  HIGHEST WIND SPEED    15   HIGHEST WIND DIRECTION    NE (60)
  HIGHEST GUST SPEED    20   HIGHEST GUST DIRECTION     E (80)
  AVERAGE WIND SPEED     4.2


SKY COVER
  POSSIBLE SUNSHINE  MM
  AVERAGE SKY COVER 0.1


WEATHER CONDITIONS
 THE FOLLOWING WEATHER WAS RECORDED YESTERDAY.
  FOG


RELATIVE HUMIDITY (PERCENT)
 HIGHEST    97           300 AM
 LOWEST     36           100 PM
 AVERAGE    67

..........................................................


THE HATTIESBURG CLIMATE NORMALS FOR TODAY
                         NORMAL    RECORD    YEAR
 MAXIMUM TEMPERATURE (F)   92       100      1963
 MINIMUM TEMPERATURE (F)   70        56      1958


SUNRISE AND SUNSET
AUGUST 27 2014........SUNRISE   630 AM CDT   SUNSET   727 PM CDT
AUGUST 28 2014........SUNRISE   631 AM CDT   SUNSET   725 PM CDT


-  INDICATES NEGATIVE NUMBERS.
R  INDICATES RECORD WAS SET OR TIED.
MM INDICATES DATA IS MISSING.
T  INDICATES TRACE AMOUNT.




$$
