000
CDUS44 KJAN 220830
CLIHBG


CLIMATE REPORT
NATIONAL WEATHER SERVICE JACKSON MS
222 AM CST MON DEC 22 2014


...................................

...THE HATTIESBURG CLIMATE SUMMARY FOR DECEMBER 21 2014...

CLIMATE NORMAL PERIOD 1981 TO 2010
CLIMATE RECORD PERIOD 1948 TO 2014


WEATHER ITEM   OBSERVED TIME   RECORD YEAR NORMAL DEPARTURE LAST
                VALUE   (LST)  VALUE       VALUE  FROM      YEAR
                                                  NORMAL
..................................................................
TEMPERATURE (F)
 YESTERDAY
  MAXIMUM         56    414 PM  80    1948  61     -5       79
  MINIMUM         43    108 AM  17    1996  39      4       68
  AVERAGE         50                        50      0       74

PRECIPITATION (IN)
  YESTERDAY        0.00          3.65 1972   0.16  -0.16     0.02
  MONTH TO DATE    1.42                      3.36  -1.94     1.76
  SINCE DEC 1      1.42                      3.36  -1.94     1.76
  SINCE JAN 1     47.53                     57.62 -10.09    63.84

SNOWFALL (IN)
  YESTERDAY        0.0

DEGREE DAYS
 HEATING
  YESTERDAY       15                        15      0        0
  MONTH TO DATE  223                       297    -74      267
  SINCE DEC 1    223                       297    -74      267
  SINCE JUL 1    639                       625     14      634

 COOLING
  YESTERDAY        0                         0      0        9
  MONTH TO DATE    5                        12     -7       34
  SINCE DEC 1      5                        12     -7       34
  SINCE JAN 1   2469                      2402     67     2442
..................................................................


WIND (MPH)
  HIGHEST WIND SPEED     8   HIGHEST WIND DIRECTION    NE (40)
  HIGHEST GUST SPEED    10   HIGHEST GUST DIRECTION    NE (60)
  AVERAGE WIND SPEED     3.5


SKY COVER
  POSSIBLE SUNSHINE  MM
  AVERAGE SKY COVER 0.9


WEATHER CONDITIONS
 THE FOLLOWING WEATHER WAS RECORDED YESTERDAY.
  FOG


RELATIVE HUMIDITY (PERCENT)
 HIGHEST   100           900 AM
 LOWEST     77           100 PM
 AVERAGE    89

..........................................................


THE HATTIESBURG CLIMATE NORMALS FOR TODAY
                         NORMAL    RECORD    YEAR
 MAXIMUM TEMPERATURE (F)   61        81      1948
 MINIMUM TEMPERATURE (F)   39        12      1989


SUNRISE AND SUNSET
DECEMBER 22 2014......SUNRISE   652 AM CST   SUNSET   459 PM CST
DECEMBER 23 2014......SUNRISE   653 AM CST   SUNSET   500 PM CST


-  INDICATES NEGATIVE NUMBERS.
R  INDICATES RECORD WAS SET OR TIED.
MM INDICATES DATA IS MISSING.
T  INDICATES TRACE AMOUNT.




$$
