000
CDUS44 KJAN 270804
CLIHBG


CLIMATE REPORT
NATIONAL WEATHER SERVICE JACKSON MS
302 AM CDT FRI MAY 27 2016


...................................

...THE HATTIESBURG CLIMATE SUMMARY FOR MAY 26 2016...

CLIMATE NORMAL PERIOD 1981 TO 2010
CLIMATE RECORD PERIOD 1948 TO 2016


WEATHER ITEM   OBSERVED TIME   RECORD YEAR NORMAL DEPARTURE LAST
                VALUE   (LST)  VALUE       VALUE  FROM      YEAR
                                                  NORMAL
..................................................................
TEMPERATURE (F)
 YESTERDAY
  MAXIMUM         89    344 PM  96    1996  88      1       83
  MINIMUM         69    600 AM  44    1979  64      5       66
  AVERAGE         79                        76      3       75

PRECIPITATION (IN)
  YESTERDAY        0.00          2.22 1981   0.16  -0.16     0.07
  MONTH TO DATE    2.46                      4.16  -1.70     5.02
  SINCE MAR 1     21.78                     14.59   7.19    14.10
  SINCE JAN 1     31.15                     25.72   5.43    21.93

SNOWFALL (IN)
  YESTERDAY        0.0

DEGREE DAYS
 HEATING
  YESTERDAY        0                         0      0        0
  MONTH TO DATE    4                         5     -1        1
  SINCE MAR 1    145                       305   -160      131
  SINCE JUL 1   1383                      1983   -600     1912

 COOLING
  YESTERDAY       14                        11      3       10
  MONTH TO DATE  186                       217    -31      237
  SINCE MAR 1    366                       342     24      510
  SINCE JAN 1    391                       357     34      516
..................................................................


WIND (MPH)
  HIGHEST WIND SPEED    16   HIGHEST WIND DIRECTION     S (170)
  HIGHEST GUST SPEED    21   HIGHEST GUST DIRECTION     S (180)
  AVERAGE WIND SPEED     6.1


SKY COVER
  POSSIBLE SUNSHINE  MM
  AVERAGE SKY COVER 0.2


WEATHER CONDITIONS
 THE FOLLOWING WEATHER WAS RECORDED YESTERDAY.
  NO SIGNIFICANT WEATHER WAS OBSERVED.


RELATIVE HUMIDITY (PERCENT)
 HIGHEST    90           400 AM
 LOWEST     43           400 PM
 AVERAGE    67

..........................................................


THE HATTIESBURG CLIMATE NORMALS FOR TODAY
                         NORMAL    RECORD    YEAR
 MAXIMUM TEMPERATURE (F)   88        98      2012
 MINIMUM TEMPERATURE (F)   65        45      1961


SUNRISE AND SUNSET
MAY 27 2016...........SUNRISE   555 AM CDT   SUNSET   754 PM CDT
MAY 28 2016...........SUNRISE   554 AM CDT   SUNSET   755 PM CDT


-  INDICATES NEGATIVE NUMBERS.
R  INDICATES RECORD WAS SET OR TIED.
MM INDICATES DATA IS MISSING.
T  INDICATES TRACE AMOUNT.




$$
