000
CDUS44 KJAN 012223
CLIHBG


CLIMATE REPORT
NATIONAL WEATHER SERVICE JACKSON MS
417 PM CST SUN MAR 1 2015


...................................

...THE HATTIESBURG CLIMATE SUMMARY FOR MARCH 1 2015...
VALID TODAY AS OF 0400 PM LOCAL TIME.

CLIMATE NORMAL PERIOD 1981 TO 2010
CLIMATE RECORD PERIOD 1948 TO 2015


WEATHER ITEM   OBSERVED TIME   RECORD YEAR NORMAL DEPARTURE LAST
                VALUE   (LST)  VALUE       VALUE  FROM      YEAR
                                                  NORMAL
..................................................................
TEMPERATURE (F)
 TODAY
  MAXIMUM         64    243 PM  83    1951  68     -4       79
  MINIMUM         50   1201 AM  23    1984  44      6       51
  AVERAGE         57                        56      1       65

PRECIPITATION (IN)
  TODAY            0.04          1.74 1972   0.19  -0.15     0.00
  MONTH TO DATE    0.04                      0.19  -0.15     0.00
  SINCE MAR 1      0.04                      0.19  -0.15     0.00
  SINCE JAN 1      7.87                     11.32  -3.45     9.90

SNOWFALL (IN)
  TODAY            0.0

DEGREE DAYS
 HEATING
  TODAY            8                        10     -2        0
  MONTH TO DATE    8                        10     -2        0
  SINCE MAR 1      8                        10     -2        0
  SINCE JUL 1   1789                      1688    101     1923

 COOLING
  TODAY            0                         1     -1        0
  MONTH TO DATE    0                         1     -1        0
  SINCE MAR 1      0                         1     -1        0
  SINCE JAN 1      6                        16    -10       17
..................................................................


WIND (MPH)
  HIGHEST WIND SPEED    13   HIGHEST WIND DIRECTION    SE (130)
  HIGHEST GUST SPEED    16   HIGHEST GUST DIRECTION    SE (120)
  AVERAGE WIND SPEED     6.2


SKY COVER
  POSSIBLE SUNSHINE  MM
  AVERAGE SKY COVER 1.0


WEATHER CONDITIONS
 THE FOLLOWING WEATHER WAS RECORDED TODAY.
  RAIN
  LIGHT RAIN
  FOG


RELATIVE HUMIDITY (PERCENT)
 HIGHEST    93           400 AM
 LOWEST     77           100 AM
 AVERAGE    85

..........................................................


THE HATTIESBURG CLIMATE NORMALS FOR TOMORROW
                         NORMAL    RECORD    YEAR
 MAXIMUM TEMPERATURE (F)   68        84      2012
 MINIMUM TEMPERATURE (F)   44        21      1980


SUNRISE AND SUNSET
MARCH  1 2015.........SUNRISE   624 AM CST   SUNSET   555 PM CST
MARCH  2 2015.........SUNRISE   623 AM CST   SUNSET   556 PM CST


-  INDICATES NEGATIVE NUMBERS.
R  INDICATES RECORD WAS SET OR TIED.
MM INDICATES DATA IS MISSING.
T  INDICATES TRACE AMOUNT.




$$
