000
CDUS44 KJAN 020951
CLIHBG


CLIMATE REPORT
NATIONAL WEATHER SERVICE JACKSON MS
450 AM CDT SUN AUG 2 2015


...................................

...THE HATTIESBURG CLIMATE SUMMARY FOR AUGUST 1 2015...

CLIMATE NORMAL PERIOD 1981 TO 2010
CLIMATE RECORD PERIOD 1948 TO 2015


WEATHER ITEM   OBSERVED TIME   RECORD YEAR NORMAL DEPARTURE LAST
                VALUE   (LST)  VALUE       VALUE  FROM      YEAR
                                                  NORMAL
..................................................................
TEMPERATURE (F)
 YESTERDAY
  MAXIMUM         94    409 PM 101    1986  93      1       81
  MINIMUM         68    420 AM  66    1974  72     -4       70
  AVERAGE         81                        82     -1       76

PRECIPITATION (IN)
  YESTERDAY        0.00          2.47 1982   0.15  -0.15     0.15
  MONTH TO DATE    0.00                      0.15  -0.15     0.15
  SINCE JUN 1     10.93                     11.04  -0.11     7.35
  SINCE JAN 1     34.75                     37.58  -2.83    35.83

SNOWFALL (IN)
  YESTERDAY        0.0

DEGREE DAYS
 HEATING
  YESTERDAY        0                         0      0        0
  MONTH TO DATE    0                         0      0        0
  SINCE JUN 1      0                         0      0        0
  SINCE JUL 1      0                         0      0        0

 COOLING
  YESTERDAY       16                        17     -1       11
  MONTH TO DATE   16                        17     -1       11
  SINCE JUN 1   1114                       962    152      957
  SINCE JAN 1   1691                      1377    314     1333
..................................................................


WIND (MPH)
  HIGHEST WIND SPEED    15   HIGHEST WIND DIRECTION    NE (40)
  HIGHEST GUST SPEED    20   HIGHEST GUST DIRECTION     E (90)
  AVERAGE WIND SPEED     4.7


SKY COVER
  POSSIBLE SUNSHINE  MM
  AVERAGE SKY COVER 0.0


WEATHER CONDITIONS
 THE FOLLOWING WEATHER WAS RECORDED YESTERDAY.
  NO SIGNIFICANT WEATHER WAS OBSERVED.


RELATIVE HUMIDITY (PERCENT)
 HIGHEST    87           300 AM
 LOWEST     30           200 PM
 AVERAGE    59

..........................................................


THE HATTIESBURG CLIMATE NORMALS FOR TODAY
                         NORMAL    RECORD    YEAR
 MAXIMUM TEMPERATURE (F)   93       103      2010
 MINIMUM TEMPERATURE (F)   72        64      1950


SUNRISE AND SUNSET
AUGUST  2 2015........SUNRISE   614 AM CDT   SUNSET   752 PM CDT
AUGUST  3 2015........SUNRISE   615 AM CDT   SUNSET   751 PM CDT


-  INDICATES NEGATIVE NUMBERS.
R  INDICATES RECORD WAS SET OR TIED.
MM INDICATES DATA IS MISSING.
T  INDICATES TRACE AMOUNT.




$$
