000
CDUS41 KLWX 302126
CLIHGR


CLIMATE REPORT
NATIONAL WEATHER SERVICE BALTIMORE MD/WASHINGTON DC
526 PM EDT THU OCT 30 2014


...................................

...THE HAGERSTOWN MD CLIMATE SUMMARY FOR OCTOBER 30 2014...
VALID TODAY AS OF 0500 PM LOCAL TIME.

CLIMATE NORMAL PERIOD 1981 TO 2010
CLIMATE RECORD PERIOD 9999 TO 9999


WEATHER ITEM   OBSERVED TIME   RECORD YEAR NORMAL DEPARTURE LAST
                VALUE   (LST)  VALUE       VALUE  FROM      YEAR
                                                  NORMAL
..................................................................
TEMPERATURE (F)
 TODAY
  MAXIMUM         56   1146 AM  MM      MM  61     -5       66
  MINIMUM         42    646 AM  MM      MM  40      2       47
  AVERAGE         49                        51     -2       57

PRECIPITATION (IN)
  TODAY            0.00         MM      MM   0.08  -0.08      T
  MONTH TO DATE    2.38                      2.81  -0.43     5.30
  SINCE SEP 1      4.62                      6.48  -1.86     8.51
  SINCE JAN 1     31.53                     33.11  -1.58    27.66

DEGREE DAYS
 HEATING
  TODAY           16                        15      1        8
  MONTH TO DATE  210                       313   -103      267
  SINCE SEP 1    262                       382   -120      347
  SINCE JUL 1    264                       387   -123      350

 COOLING
  TODAY            0                         0      0        0
  MONTH TO DATE    9                         9      0       44
  SINCE SEP 1    128                       100     28      148
  SINCE JAN 1    941                       968    -27     1133
..................................................................


WIND (MPH)
  HIGHEST WIND SPEED    14   HIGHEST WIND DIRECTION    NW (310)
  HIGHEST GUST SPEED    16   HIGHEST GUST DIRECTION    NW (320)
  AVERAGE WIND SPEED     5.2


SKY COVER
  POSSIBLE SUNSHINE  MM
  AVERAGE SKY COVER 0.6


WEATHER CONDITIONS
 THE FOLLOWING WEATHER WAS RECORDED TODAY.
  NO SIGNIFICANT WEATHER WAS OBSERVED.


RELATIVE HUMIDITY (PERCENT)
 HIGHEST    76           100 AM
 LOWEST     50           200 PM
 AVERAGE    63

..........................................................


THE HAGERSTOWN MD CLIMATE NORMALS FOR TOMORROW
                         NORMAL    RECORD    YEAR
 MAXIMUM TEMPERATURE (F)   60        MM        MM
 MINIMUM TEMPERATURE (F)   40        MM        MM


SUNRISE AND SUNSET
OCTOBER 30 2014.......SUNRISE   737 AM EDT   SUNSET   611 PM EDT
OCTOBER 31 2014.......SUNRISE   738 AM EDT   SUNSET   610 PM EDT


-  INDICATES NEGATIVE NUMBERS.
R  INDICATES RECORD WAS SET OR TIED.
MM INDICATES DATA IS MISSING.
T  INDICATES TRACE AMOUNT.




$$
