000
CDUS41 KLWX 230523
CLIHGR


CLIMATE REPORT
NATIONAL WEATHER SERVICE BALTIMORE MD/WASHINGTON DC
123 AM EDT SAT SEP 23 2017


...................................

...THE HAGERSTOWN MD CLIMATE SUMMARY FOR SEPTEMBER 22 2017...

CLIMATE NORMAL PERIOD 1981 TO 2010
CLIMATE RECORD PERIOD 1998 TO 2017


WEATHER ITEM   OBSERVED TIME   RECORD YEAR NORMAL DEPARTURE LAST
                VALUE   (LST)  VALUE       VALUE  FROM      YEAR
                                                  NORMAL
..................................................................
TEMPERATURE (F)
 YESTERDAY
  MAXIMUM         87    416 PM  MM      MM  73     14       89
  MINIMUM         63   1159 PM  MM      MM  54      9       60
  AVERAGE         75                        63     12       75

PRECIPITATION (IN)
  YESTERDAY        0.00         MM      MM   0.14  -0.14     0.00
  MONTH TO DATE    1.45                      2.55  -1.10     1.06
  SINCE SEP 1      1.45                      2.55  -1.10     1.06
  SINCE JAN 1     27.06                     29.18  -2.12    22.16

DEGREE DAYS
 HEATING
  YESTERDAY        0                         3     -3        0
  MONTH TO DATE   28                        30     -2        0
  SINCE SEP 1     28                        30     -2        0
  SINCE JUL 1     29                        35     -6        0

 COOLING
  YESTERDAY       10                         2      8       10
  MONTH TO DATE   92                        82     10      239
  SINCE SEP 1     92                        82     10      239
  SINCE JAN 1   1192                       950    242     1498
..................................................................


WIND (MPH)
  HIGHEST WIND SPEED    14   HIGHEST WIND DIRECTION     N (350)
  HIGHEST GUST SPEED    18   HIGHEST GUST DIRECTION     N (350)
  AVERAGE WIND SPEED     3.5


SKY COVER
  POSSIBLE SUNSHINE  MM
  AVERAGE SKY COVER 0.0


WEATHER CONDITIONS
 THE FOLLOWING WEATHER WAS RECORDED YESTERDAY.
  FOG


RELATIVE HUMIDITY (PERCENT)
 HIGHEST    93           500 AM
 LOWEST     35           500 PM
 AVERAGE    64

..........................................................


THE HAGERSTOWN MD CLIMATE NORMALS FOR TODAY
                         NORMAL    RECORD    YEAR
 MAXIMUM TEMPERATURE (F)   73        MM        MM
 MINIMUM TEMPERATURE (F)   53        MM        MM


SUNRISE AND SUNSET
SEPTEMBER 23 2017.....SUNRISE   700 AM EDT   SUNSET   706 PM EDT
SEPTEMBER 24 2017.....SUNRISE   701 AM EDT   SUNSET   704 PM EDT


-  INDICATES NEGATIVE NUMBERS.
R  INDICATES RECORD WAS SET OR TIED.
MM INDICATES DATA IS MISSING.
T  INDICATES TRACE AMOUNT.




$$
