521
CDUS41 KLWX 190540
CLIHGR


CLIMATE REPORT
NATIONAL WEATHER SERVICE BALTIMORE MD/WASHINGTON DC
1240 AM EST SUN NOV 19 2017


...................................

...THE HAGERSTOWN MD CLIMATE SUMMARY FOR NOVEMBER 18 2017...

CLIMATE NORMAL PERIOD 1981 TO 2010
CLIMATE RECORD PERIOD 1998 TO 2017


WEATHER ITEM   OBSERVED TIME   RECORD YEAR NORMAL DEPARTURE LAST
                VALUE   (LST)  VALUE       VALUE  FROM      YEAR
                                                  NORMAL
..................................................................
TEMPERATURE (F)
 YESTERDAY
  MAXIMUM         56   1159 PM  MM      MM  52      4       69
  MINIMUM         36    655 AM  MM      MM  36      0       35
  AVERAGE         46                        44      2       52

PRECIPITATION (IN)
  YESTERDAY        0.66         MM      MM   0.12   0.54     0.00
  MONTH TO DATE    1.57                      1.81  -0.24     0.32
  SINCE SEP 1      6.56                      8.36  -1.80     3.40
  SINCE JAN 1     32.17                     34.99  -2.82    24.50

DEGREE DAYS
 HEATING
  YESTERDAY       19                        21     -2       13
  MONTH TO DATE  343                       321     22      238
  SINCE SEP 1    543                       718   -175      456
  SINCE JUL 1    544                       723   -179      456

 COOLING
  YESTERDAY        0                         0      0        0
  MONTH TO DATE    0                         0      0        0
  SINCE SEP 1    233                       101    132      292
  SINCE JAN 1   1333                       969    364     1551
..................................................................


WIND (MPH)
  HIGHEST WIND SPEED    15   HIGHEST WIND DIRECTION     S (170)
  HIGHEST GUST SPEED    20   HIGHEST GUST DIRECTION     S (180)
  AVERAGE WIND SPEED     4.0


SKY COVER
  POSSIBLE SUNSHINE  MM
  AVERAGE SKY COVER 0.5


WEATHER CONDITIONS
 THE FOLLOWING WEATHER WAS RECORDED YESTERDAY.
  HEAVY RAIN
  RAIN
  LIGHT RAIN
  FOG


RELATIVE HUMIDITY (PERCENT)
 HIGHEST   100          1200 PM
 LOWEST     59          1200 AM
 AVERAGE    80

..........................................................


THE HAGERSTOWN MD CLIMATE NORMALS FOR TODAY
                         NORMAL    RECORD    YEAR
 MAXIMUM TEMPERATURE (F)   52        MM        MM
 MINIMUM TEMPERATURE (F)   36        MM        MM


SUNRISE AND SUNSET
NOVEMBER 19 2017......SUNRISE   700 AM EST   SUNSET   452 PM EST
NOVEMBER 20 2017......SUNRISE   701 AM EST   SUNSET   452 PM EST


-  INDICATES NEGATIVE NUMBERS.
R  INDICATES RECORD WAS SET OR TIED.
MM INDICATES DATA IS MISSING.
T  INDICATES TRACE AMOUNT.




$$
