000
CDUS41 KLWX 050524
CLIHGR


CLIMATE REPORT
NATIONAL WEATHER SERVICE BALTIMORE MD/WASHINGTON DC
122 AM EDT THU MAY 5 2016


...................................

...THE HAGERSTOWN MD CLIMATE SUMMARY FOR MAY 4 2016...

CLIMATE NORMAL PERIOD 1981 TO 2010
CLIMATE RECORD PERIOD 9999 TO 9999


WEATHER ITEM   OBSERVED TIME   RECORD YEAR NORMAL DEPARTURE LAST
                VALUE   (LST)  VALUE       VALUE  FROM      YEAR
                                                  NORMAL
..................................................................
TEMPERATURE (F)
 YESTERDAY
  MAXIMUM         63    258 PM  MM      MM  69     -6       85
  MINIMUM         53   1159 PM  MM      MM  48      5       56
  AVERAGE         58                        58      0       71

PRECIPITATION (IN)
  YESTERDAY        0.03         MM      MM   0.12  -0.09     0.00
  MONTH TO DATE    1.29                      0.43   0.86     0.04
  SINCE MAR 1      4.83                      7.37  -2.54     5.57
  SINCE JAN 1     10.20                     12.60  -2.40     7.85

DEGREE DAYS
 HEATING
  YESTERDAY        7                         7      0        0
  MONTH TO DATE   16                        31    -15        9
  SINCE MAR 1    824                      1142   -318     1082
  SINCE JUL 1   4061                      5045   -984     5088

 COOLING
  YESTERDAY        0                         1     -1        6
  MONTH TO DATE    4                         4      0        6
  SINCE MAR 1     20                        19      1        8
  SINCE JAN 1     20                        19      1        8
..................................................................


WIND (MPH)
  HIGHEST WIND SPEED    15   HIGHEST WIND DIRECTION     E (70)
  HIGHEST GUST SPEED    19   HIGHEST GUST DIRECTION    NE (60)
  AVERAGE WIND SPEED     6.6


SKY COVER
  POSSIBLE SUNSHINE  MM
  AVERAGE SKY COVER 0.9


WEATHER CONDITIONS
 THE FOLLOWING WEATHER WAS RECORDED YESTERDAY.
  LIGHT RAIN
  FOG
  HAZE


RELATIVE HUMIDITY (PERCENT)
 HIGHEST    93           100 AM
 LOWEST     72           200 PM
 AVERAGE    83

..........................................................


THE HAGERSTOWN MD CLIMATE NORMALS FOR TODAY
                         NORMAL    RECORD    YEAR
 MAXIMUM TEMPERATURE (F)   69        MM        MM
 MINIMUM TEMPERATURE (F)   49        MM        MM


SUNRISE AND SUNSET
MAY  5 2016...........SUNRISE   606 AM EDT   SUNSET   809 PM EDT
MAY  6 2016...........SUNRISE   605 AM EDT   SUNSET   810 PM EDT


-  INDICATES NEGATIVE NUMBERS.
R  INDICATES RECORD WAS SET OR TIED.
MM INDICATES DATA IS MISSING.
T  INDICATES TRACE AMOUNT.




$$
