000
CDUS41 KLWX 280528
CLIHGR


CLIMATE REPORT
NATIONAL WEATHER SERVICE BALTIMORE MD/WASHINGTON DC
1227 AM EST WED JAN 28 2015


...................................

...THE HAGERSTOWN MD CLIMATE SUMMARY FOR JANUARY 27 2015...

CLIMATE NORMAL PERIOD 1981 TO 2010
CLIMATE RECORD PERIOD 9999 TO 9999


WEATHER ITEM   OBSERVED TIME   RECORD YEAR NORMAL DEPARTURE LAST
                VALUE   (LST)  VALUE       VALUE  FROM      YEAR
                                                  NORMAL
..................................................................
TEMPERATURE (F)
 YESTERDAY
  MAXIMUM         31    309 PM  MM      MM  39     -8       35
  MINIMUM         22   1159 PM  MM      MM  24     -2       12
  AVERAGE         27                        31     -4       24

PRECIPITATION (IN)
  YESTERDAY        T            MM      MM   0.09  -0.09     0.00
  MONTH TO DATE    1.87                      2.35  -0.48     1.27
  SINCE DEC 1      4.87                      5.24  -0.37     5.28
  SINCE JAN 1      1.87                      2.35  -0.48     1.27

DEGREE DAYS
 HEATING
  YESTERDAY       38                        34      4       41
  MONTH TO DATE  936                       923     13      914
  SINCE DEC 1   1759                      1882   -123     1790
  SINCE JUL 1   2712                      2887   -175     2852

 COOLING
  YESTERDAY        0                         0      0        0
  MONTH TO DATE    0                         0      0        0
  SINCE DEC 1      0                         0      0        0
  SINCE JAN 1      0                         0      0        0
..................................................................


WIND (MPH)
  HIGHEST WIND SPEED    23   HIGHEST WIND DIRECTION    NW (320)
  HIGHEST GUST SPEED    29   HIGHEST GUST DIRECTION    NW (330)
  AVERAGE WIND SPEED    12.5


SKY COVER
  POSSIBLE SUNSHINE  MM
  AVERAGE SKY COVER 0.7


WEATHER CONDITIONS
 THE FOLLOWING WEATHER WAS RECORDED YESTERDAY.
  LIGHT SNOW
  FOG
  HAZE


RELATIVE HUMIDITY (PERCENT)
 HIGHEST    81           700 AM
 LOWEST     55          1100 PM
 AVERAGE    68

..........................................................


THE HAGERSTOWN MD CLIMATE NORMALS FOR TODAY
                         NORMAL    RECORD    YEAR
 MAXIMUM TEMPERATURE (F)   39        MM        MM
 MINIMUM TEMPERATURE (F)   24        MM        MM


SUNRISE AND SUNSET
JANUARY 28 2015.......SUNRISE   722 AM EST   SUNSET   526 PM EST
JANUARY 29 2015.......SUNRISE   722 AM EST   SUNSET   527 PM EST


-  INDICATES NEGATIVE NUMBERS.
R  INDICATES RECORD WAS SET OR TIED.
MM INDICATES DATA IS MISSING.
T  INDICATES TRACE AMOUNT.




$$
