000
CDUS41 KLWX 260534
CLIHGR


CLIMATE REPORT
NATIONAL WEATHER SERVICE BALTIMORE MD/WASHINGTON DC
133 AM EDT FRI MAY 26 2017


...................................

...THE HAGERSTOWN MD CLIMATE SUMMARY FOR MAY 25 2017...

CLIMATE NORMAL PERIOD 1981 TO 2010
CLIMATE RECORD PERIOD 9999 TO 9999


WEATHER ITEM   OBSERVED TIME   RECORD YEAR NORMAL DEPARTURE LAST
                VALUE   (LST)  VALUE       VALUE  FROM      YEAR
                                                  NORMAL
..................................................................
TEMPERATURE (F)
 YESTERDAY
  MAXIMUM         68    311 PM  MM      MM  75     -7       86
  MINIMUM         56    649 AM  MM      MM  55      1       57
  AVERAGE         62                        65     -3       72

PRECIPITATION (IN)
  YESTERDAY        0.86         MM      MM   0.16   0.70     0.00
  MONTH TO DATE    4.50                      3.17   1.33     3.65
  SINCE MAR 1      9.70                     10.11  -0.41     7.19
  SINCE JAN 1     13.80                     15.34  -1.54    12.56

DEGREE DAYS
 HEATING
  YESTERDAY        3                         3      0        0
  MONTH TO DATE  125                       138    -13      154
  SINCE MAR 1   1002                      1249   -247      962
  SINCE JUL 1   4009                      5152  -1143     4199

 COOLING
  YESTERDAY        0                         3     -3        7
  MONTH TO DATE   57                        39     18       18
  SINCE MAR 1    115                        54     61       34
  SINCE JAN 1    116                        54     62       34
..................................................................


WIND (MPH)
  HIGHEST WIND SPEED    17   HIGHEST WIND DIRECTION     E (80)
  HIGHEST GUST SPEED    23   HIGHEST GUST DIRECTION     E (90)
  AVERAGE WIND SPEED     5.5


SKY COVER
  POSSIBLE SUNSHINE  MM
  AVERAGE SKY COVER 1.0


WEATHER CONDITIONS
 THE FOLLOWING WEATHER WAS RECORDED YESTERDAY.
  THUNDERSTORM
  RAIN
  LIGHT RAIN
  FOG
  HAZE


RELATIVE HUMIDITY (PERCENT)
 HIGHEST   100           600 AM
 LOWEST     73           200 PM
 AVERAGE    87

..........................................................


THE HAGERSTOWN MD CLIMATE NORMALS FOR TODAY
                         NORMAL    RECORD    YEAR
 MAXIMUM TEMPERATURE (F)   75        MM        MM
 MINIMUM TEMPERATURE (F)   55        MM        MM


SUNRISE AND SUNSET
MAY 26 2017...........SUNRISE   548 AM EDT   SUNSET   828 PM EDT
MAY 27 2017...........SUNRISE   547 AM EDT   SUNSET   829 PM EDT


-  INDICATES NEGATIVE NUMBERS.
R  INDICATES RECORD WAS SET OR TIED.
MM INDICATES DATA IS MISSING.
T  INDICATES TRACE AMOUNT.




$$
