000
CDUS41 KLWX 012133
CLIHGR


CLIMATE REPORT
NATIONAL WEATHER SERVICE BALTIMORE MD/WASHINGTON DC
533 PM EDT FRI AUG 1 2014


...................................

...THE HAGERSTOWN MD CLIMATE SUMMARY FOR AUGUST 1 2014...
VALID TODAY AS OF 0500 PM LOCAL TIME.

CLIMATE NORMAL PERIOD 1981 TO 2010
CLIMATE RECORD PERIOD 9999 TO 9999


WEATHER ITEM   OBSERVED TIME   RECORD YEAR NORMAL DEPARTURE LAST
                VALUE   (LST)  VALUE       VALUE  FROM      YEAR
                                                  NORMAL
..................................................................
TEMPERATURE (F)
 TODAY
  MAXIMUM         77    158 PM  MM      MM  85     -8       81
  MINIMUM         63    700 AM  MM      MM  65     -2       67
  AVERAGE         70                        75     -5       74

PRECIPITATION (IN)
  TODAY            0.00         MM      MM   0.08  -0.08     0.11
  MONTH TO DATE    0.00                      0.08  -0.08     0.11
  SINCE JUN 1     10.92                      7.37   3.55     7.73
  SINCE JAN 1     23.40                     23.57  -0.17    17.59

DEGREE DAYS
 HEATING
  TODAY            0                         0      0        0
  MONTH TO DATE    0                         0      0        0
  SINCE JUN 1      2                        18    -16        3
  SINCE JUL 1      2                         0      2        0

 COOLING
  TODAY            5                        10     -5        9
  MONTH TO DATE    5                        10     -5        9
  SINCE JUN 1    535                       540     -5      637
  SINCE JAN 1    617                       616      1      754
..................................................................


WIND (MPH)
  HIGHEST WIND SPEED    15   HIGHEST WIND DIRECTION     S (190)
  HIGHEST GUST SPEED    19   HIGHEST GUST DIRECTION     S (190)
  AVERAGE WIND SPEED     4.6


SKY COVER
  POSSIBLE SUNSHINE  MM
  AVERAGE SKY COVER 0.2


WEATHER CONDITIONS
 THE FOLLOWING WEATHER WAS RECORDED TODAY.
  FOG
  HAZE


RELATIVE HUMIDITY (PERCENT)
 HIGHEST    87           400 AM
 LOWEST     64          1100 AM
 AVERAGE    76

..........................................................


THE HAGERSTOWN MD CLIMATE NORMALS FOR TOMORROW
                         NORMAL    RECORD    YEAR
 MAXIMUM TEMPERATURE (F)   85        MM        MM
 MINIMUM TEMPERATURE (F)   65        MM        MM


SUNRISE AND SUNSET
AUGUST  1 2014........SUNRISE   610 AM EDT   SUNSET   824 PM EDT
AUGUST  2 2014........SUNRISE   611 AM EDT   SUNSET   823 PM EDT


-  INDICATES NEGATIVE NUMBERS.
R  INDICATES RECORD WAS SET OR TIED.
MM INDICATES DATA IS MISSING.
T  INDICATES TRACE AMOUNT.




$$
