000
CDUS46 KPQR 211141
CLIHIO


CLIMATE REPORT
NATIONAL WEATHER SERVICE PORTLAND OREGON
440 AM PDT SUN SEP 21 2014


...................................

...THE HILLSBORO OR CLIMATE SUMMARY FOR SEPTEMBER 20 2014...

CLIMATE NORMAL PERIOD 1981 TO 2010
CLIMATE RECORD PERIOD 1929 TO 2014


WEATHER ITEM   OBSERVED TIME   RECORD YEAR NORMAL DEPARTURE LAST
                VALUE   (LST)  VALUE       VALUE  FROM      YEAR
                                                  NORMAL
..................................................................
TEMPERATURE (F)
 YESTERDAY
  MAXIMUM         93    348 PM  96    1952  73     20       72
  MINIMUM         51    628 AM  34    1947  46      5       45
  AVERAGE         72                        60     12       59

PRECIPITATION (IN)
  YESTERDAY        0.00          1.18 1982   0.05  -0.05
  MONTH TO DATE    0.01                      0.72  -0.71
  SINCE OCT 1     24.93                     39.18 -14.25
  SINCE JAN 1     20.25                     22.79  -2.54

SNOWFALL (IN)
  YESTERDAY        0.0
  MONTH TO DATE    0.0
  SINCE SEP 1      0.0
  SINCE JUL 1      0.0
  SNOW DEPTH       0

DEGREE DAYS
 HEATING
  YESTERDAY        0                         6     -6
  MONTH TO DATE   14                        80    -66
  SINCE JUL 1     23                       187   -164

 COOLING
  YESTERDAY        7                         0      7
  MONTH TO DATE   39                        16     23
  SINCE JAN 1    389                       194    195
..................................................................


WIND (MPH)
  HIGHEST WIND SPEED    17   HIGHEST WIND DIRECTION     E (70)
  HIGHEST GUST SPEED    23   HIGHEST GUST DIRECTION     E (70)
  AVERAGE WIND SPEED     5.3


SKY COVER
  POSSIBLE SUNSHINE  MM
  AVERAGE SKY COVER 0.0


WEATHER CONDITIONS
 THE FOLLOWING WEATHER WAS RECORDED YESTERDAY.
  FOG


RELATIVE HUMIDITY (PERCENT)
 HIGHEST   100           600 AM
 LOWEST     25           300 PM
 AVERAGE    63

..........................................................


THE HILLSBORO OR CLIMATE NORMALS FOR TODAY
                         NORMAL    RECORD    YEAR
 MAXIMUM TEMPERATURE (F)   73        95      1994
 MINIMUM TEMPERATURE (F)   45        35      1955


SUNRISE AND SUNSET
SEPTEMBER 21 2014.....SUNRISE   658 AM PDT   SUNSET   711 PM PDT
SEPTEMBER 22 2014.....SUNRISE   659 AM PDT   SUNSET   709 PM PDT


-  INDICATES NEGATIVE NUMBERS.
R  INDICATES RECORD WAS SET OR TIED.
MM INDICATES DATA IS MISSING.
T  INDICATES TRACE AMOUNT.




$$
