000
CDUS46 KPQR 281145
CLIHIO


CLIMATE REPORT
NATIONAL WEATHER SERVICE PORTLAND OREGON
444 AM PDT THU AUG 28 2014


...................................

...THE HILLSBORO OR CLIMATE SUMMARY FOR AUGUST 27 2014...

CLIMATE NORMAL PERIOD 1981 TO 2010
CLIMATE RECORD PERIOD 1929 TO 2014


WEATHER ITEM   OBSERVED TIME   RECORD YEAR NORMAL DEPARTURE LAST
                VALUE   (LST)  VALUE       VALUE  FROM      YEAR
                                                  NORMAL
..................................................................
TEMPERATURE (F)
 YESTERDAY
  MAXIMUM         91    249 PM 100    1972  80     11       79
  MINIMUM         57    535 AM  41    1942  49      8       61
  AVERAGE         74                        65      9       70

PRECIPITATION (IN)
  YESTERDAY        0.00          0.50 1997   0.02  -0.02
  MONTH TO DATE    0.10                      0.53  -0.43
  SINCE OCT 1     24.88                     38.36 -13.48
  SINCE JAN 1     20.20                     21.97  -1.77

SNOWFALL (IN)
  YESTERDAY        0.0
  MONTH TO DATE    0.0
  SINCE JUN 1      0.0
  SINCE JUL 1      0.0
  SNOW DEPTH       0

DEGREE DAYS
 HEATING
  YESTERDAY        0                         2     -2
  MONTH TO DATE    3                        42    -39
  SINCE JUL 1      9                        98    -89

 COOLING
  YESTERDAY        9                         2      7
  MONTH TO DATE  166                        72     94
  SINCE JAN 1    344                       173    171
..................................................................


WIND (MPH)
  HIGHEST WIND SPEED    16   HIGHEST WIND DIRECTION    NW (320)
  HIGHEST GUST SPEED    21   HIGHEST GUST DIRECTION    NW (310)
  AVERAGE WIND SPEED     4.8


SKY COVER
  POSSIBLE SUNSHINE  MM
  AVERAGE SKY COVER 0.0


WEATHER CONDITIONS
 THE FOLLOWING WEATHER WAS RECORDED YESTERDAY.
  NO SIGNIFICANT WEATHER WAS OBSERVED.


RELATIVE HUMIDITY (PERCENT)
 HIGHEST    80           500 AM
 LOWEST     32           200 PM
 AVERAGE    56

..........................................................


THE HILLSBORO OR CLIMATE NORMALS FOR TODAY
                         NORMAL    RECORD    YEAR
 MAXIMUM TEMPERATURE (F)   80       100      1967
 MINIMUM TEMPERATURE (F)   49        38      1980


SUNRISE AND SUNSET
AUGUST 28 2014........SUNRISE   628 AM PDT   SUNSET   757 PM PDT
AUGUST 29 2014........SUNRISE   630 AM PDT   SUNSET   755 PM PDT


-  INDICATES NEGATIVE NUMBERS.
R  INDICATES RECORD WAS SET OR TIED.
MM INDICATES DATA IS MISSING.
T  INDICATES TRACE AMOUNT.




$$
