000
CDUS46 KPQR 021155
CLIHIO


CLIMATE REPORT
NATIONAL WEATHER SERVICE PORTLAND OREGON
454 AM PDT TUE SEP 2 2014


...................................

...THE HILLSBORO OR CLIMATE SUMMARY FOR SEPTEMBER 1 2014...

CLIMATE NORMAL PERIOD 1981 TO 2010
CLIMATE RECORD PERIOD 1929 TO 2014


WEATHER ITEM   OBSERVED TIME   RECORD YEAR NORMAL DEPARTURE LAST
                VALUE   (LST)  VALUE       VALUE  FROM      YEAR
                                                  NORMAL
..................................................................
TEMPERATURE (F)
 YESTERDAY
  MAXIMUM         81    332 PM  97    1988  79      2       83
  MINIMUM         50    327 AM  37    1973  49      1       56
  AVERAGE         66                        64      2       70

PRECIPITATION (IN)
  YESTERDAY        0.00          0.96 1941   0.03  -0.03
  MONTH TO DATE    0.00                      0.03  -0.03
  SINCE OCT 1     24.92                     38.49 -13.57
  SINCE JAN 1     20.24                     22.10  -1.86

SNOWFALL (IN)
  YESTERDAY        0.0
  MONTH TO DATE    0.0
  SINCE SEP 1      0.0
  SINCE JUL 1      0.0
  SNOW DEPTH       0

DEGREE DAYS
 HEATING
  YESTERDAY        0                         3     -3
  MONTH TO DATE    0                         3     -3
  SINCE JUL 1      9                       110   -101

 COOLING
  YESTERDAY        1                         2     -1
  MONTH TO DATE    1                         2     -1
  SINCE JAN 1    351                       180    171
..................................................................


WIND (MPH)
  HIGHEST WIND SPEED    14   HIGHEST WIND DIRECTION    NW (310)
  HIGHEST GUST SPEED    19   HIGHEST GUST DIRECTION    NW (320)
  AVERAGE WIND SPEED     4.8


SKY COVER
  POSSIBLE SUNSHINE  MM
  AVERAGE SKY COVER 0.4


WEATHER CONDITIONS
 THE FOLLOWING WEATHER WAS RECORDED YESTERDAY.
  NO SIGNIFICANT WEATHER WAS OBSERVED.


RELATIVE HUMIDITY (PERCENT)
 HIGHEST    93           500 AM
 LOWEST     39           300 PM
 AVERAGE    66

..........................................................


THE HILLSBORO OR CLIMATE NORMALS FOR TODAY
                         NORMAL    RECORD    YEAR
 MAXIMUM TEMPERATURE (F)   79       103      1988
 MINIMUM TEMPERATURE (F)   49        38      1960


SUNRISE AND SUNSET
SEPTEMBER  2 2014.....SUNRISE   634 AM PDT   SUNSET   747 PM PDT
SEPTEMBER  3 2014.....SUNRISE   636 AM PDT   SUNSET   746 PM PDT


-  INDICATES NEGATIVE NUMBERS.
R  INDICATES RECORD WAS SET OR TIED.
MM INDICATES DATA IS MISSING.
T  INDICATES TRACE AMOUNT.




$$
