000
CDUS46 KPQR 301141
CLIHIO


CLIMATE REPORT
NATIONAL WEATHER SERVICE PORTLAND OREGON
441 AM PDT THU MAR 30 2017


...................................

...THE HILLSBORO OR CLIMATE SUMMARY FOR MARCH 29 2017...

CLIMATE NORMAL PERIOD 1981 TO 2010
CLIMATE RECORD PERIOD 1929 TO 2017


WEATHER ITEM   OBSERVED TIME   RECORD YEAR NORMAL DEPARTURE LAST
                VALUE   (LST)  VALUE       VALUE  FROM      YEAR
                                                  NORMAL
..................................................................
TEMPERATURE (F)
 YESTERDAY
  MAXIMUM         60    321 PM  80    1930  58      2       65
  MINIMUM         44   1159 PM  28    1954  38      6       33
  AVERAGE         52                        48      4       49

PRECIPITATION (IN)
  YESTERDAY        0.14          1.23 1963   0.13   0.01
  MONTH TO DATE    6.96                      3.49   3.47
  SINCE OCT 1     40.81                     30.35  10.46
  SINCE JAN 1     21.13                     13.96   7.17

SNOWFALL (IN)
  YESTERDAY       MM
  MONTH TO DATE    0.0
  SINCE MAR 1      0.0
  SINCE JUL 1      0.0
  SNOW DEPTH       0

DEGREE DAYS
 HEATING
  YESTERDAY       13                        17     -4
  MONTH TO DATE  517                       553    -36
  SINCE JUL 1   4046                      4080    -34

 COOLING
  YESTERDAY        0                         0      0
  MONTH TO DATE    0                         0      0
  SINCE JAN 1      0                         0      0
..................................................................


WIND (MPH)
  HIGHEST WIND SPEED    22   HIGHEST WIND DIRECTION     S (170)
  HIGHEST GUST SPEED    28   HIGHEST GUST DIRECTION     S (180)
  AVERAGE WIND SPEED    11.6


SKY COVER
  POSSIBLE SUNSHINE  MM
  AVERAGE SKY COVER 0.9


WEATHER CONDITIONS
 THE FOLLOWING WEATHER WAS RECORDED YESTERDAY.
  LIGHT RAIN
  FOG


RELATIVE HUMIDITY (PERCENT)
 HIGHEST    96          1100 AM
 LOWEST     67           400 PM
 AVERAGE    82

..........................................................


THE HILLSBORO OR CLIMATE NORMALS FOR TODAY
                         NORMAL    RECORD    YEAR
 MAXIMUM TEMPERATURE (F)   58        76      2013
 MINIMUM TEMPERATURE (F)   38        24      1954


SUNRISE AND SUNSET
MARCH 30 2017.........SUNRISE   655 AM PDT   SUNSET   738 PM PDT
MARCH 31 2017.........SUNRISE   653 AM PDT   SUNSET   739 PM PDT


-  INDICATES NEGATIVE NUMBERS.
R  INDICATES RECORD WAS SET OR TIED.
MM INDICATES DATA IS MISSING.
T  INDICATES TRACE AMOUNT.




$$
