000
CDUS46 KHNX 180828
CLIHJO


CLIMATE REPORT
NATIONAL WEATHER SERVICE SAN JOAQUIN VALLEY, CA
127 AM PDT FRI APR 18 2014


...................................

...THE HANFORD CA CLIMATE SUMMARY FOR APRIL 17 2014...

CLIMATE NORMAL PERIOD 1981 TO 2010
CLIMATE RECORD PERIOD 1998 TO 2014


WEATHER ITEM   OBSERVED TIME   RECORD YEAR NORMAL DEPARTURE
                VALUE   (LST)  VALUE       VALUE  FROM
                                                  NORMAL
...............................................................
TEMPERATURE (F)
 YESTERDAY
  MAXIMUM         86    317 PM  89    1999  75     11
  MINIMUM         51    535 AM  40    2009  47      4
  AVERAGE         69                        61      8

PRECIPITATION (IN)
  YESTERDAY        0.00          0.88 2000   0.03  -0.03
  MONTH TO DATE    T                         0.44  -0.44
  SINCE JUL 1      2.62                      9.18  -6.56
  SINCE JAN 1      2.23                      5.84  -3.61

SNOWFALL (IN)
  YESTERDAY        0.0
  MONTH TO DATE    0.0
  SINCE MAR 1      0.0
  SINCE JUL 1      0.0
  SNOW DEPTH       0

DEGREE DAYS
 HEATING
  YESTERDAY        0
  MONTH TO DATE   61
  SINCE MAR 1    236
  SINCE JUL 1   2013

 COOLING
  YESTERDAY        4
  MONTH TO DATE   50
  SINCE MAR 1     50
  SINCE JAN 1     50
...............................................................


WIND (MPH)
  HIGHEST WIND SPEED    18   HIGHEST WIND DIRECTION    NW (320)
  HIGHEST GUST SPEED    23   HIGHEST GUST DIRECTION    NW (320)
  AVERAGE WIND SPEED     4.5




RELATIVE HUMIDITY (PERCENT)
 HIGHEST    77
 LOWEST     19
 AVERAGE    48

..........................................................


THE HANFORD CA CLIMATE NORMALS FOR TODAY
                         NORMAL    RECORD    YEAR
 MAXIMUM TEMPERATURE (F)   76        90      1999
 MINIMUM TEMPERATURE (F)   47        35      2013


SUNRISE AND SUNSET
APRIL 18 2014.........SUNRISE   621 AM PDT   SUNSET   735 PM PDT
APRIL 19 2014.........SUNRISE   620 AM PDT   SUNSET   736 PM PDT


-  INDICATES NEGATIVE NUMBERS.
R  INDICATES RECORD WAS SET OR TIED.
MM INDICATES DATA IS MISSING.
T  INDICATES TRACE AMOUNT.




$$
