000
CDUS46 KHNX 010821
CLIHJO


CLIMATE REPORT
NATIONAL WEATHER SERVICE SAN JOAQUIN VALLEY, CA
1220 AM PST SUN MAR 1 2015


...................................

...THE HANFORD CA CLIMATE SUMMARY FOR FEBRUARY 28 2015...

CLIMATE NORMAL PERIOD 1981 TO 2010
CLIMATE RECORD PERIOD 1998 TO 2015


WEATHER ITEM   OBSERVED TIME   RECORD YEAR NORMAL DEPARTURE
                VALUE   (LST)  VALUE       VALUE  FROM
                                                  NORMAL
...............................................................
TEMPERATURE (F)
 YESTERDAY
  MAXIMUM         61    308 PM  75    2002  65     -4
  MINIMUM         40    457 AM  29    2011  41     -1
  AVERAGE         51                        53     -2

PRECIPITATION (IN)
  YESTERDAY        0.00          0.80 2014   0.06  -0.06
  MONTH TO DATE    0.75                      1.73  -0.98
  SINCE OCT 1      3.91                      6.90  -2.99
  SINCE JAN 1      0.79                      3.77  -2.98

SNOWFALL (IN)
  YESTERDAY        0.0
  MONTH TO DATE    0.0
  SINCE DEC 1      0.0
  SINCE JUL 1      0.0
  SNOW DEPTH       0

DEGREE DAYS
 HEATING
  YESTERDAY       14
  MONTH TO DATE  262
  SINCE DEC 1   1231
  SINCE JUL 1   1542

 COOLING
  YESTERDAY        0
  MONTH TO DATE    0
  SINCE DEC 1      0
  SINCE JAN 1      0
...............................................................


WIND (MPH)
  HIGHEST WIND SPEED    18   HIGHEST WIND DIRECTION     W (250)
  HIGHEST GUST SPEED    22   HIGHEST GUST DIRECTION     W (260)
  AVERAGE WIND SPEED     6.4




RELATIVE HUMIDITY (PERCENT)
 HIGHEST    92
 LOWEST     42
 AVERAGE    67

..........................................................


THE HANFORD CA CLIMATE NORMALS FOR TODAY
                         NORMAL    RECORD    YEAR
 MAXIMUM TEMPERATURE (F)   65        75      2013
 MINIMUM TEMPERATURE (F)   41        34      2011
                                             2007


SUNRISE AND SUNSET
MARCH  1 2015.........SUNRISE   629 AM PST   SUNSET   553 PM PST
MARCH  2 2015.........SUNRISE   628 AM PST   SUNSET   554 PM PST


-  INDICATES NEGATIVE NUMBERS.
R  INDICATES RECORD WAS SET OR TIED.
MM INDICATES DATA IS MISSING.
T  INDICATES TRACE AMOUNT.




$$
