000
CDUS46 KHNX 140823
CLIHJO


CLIMATE REPORT
NATIONAL WEATHER SERVICE SAN JOAQUIN VALLEY, CA
1222 AM PST THU DEC 14 2017


...................................

...THE HANFORD CA CLIMATE SUMMARY FOR DECEMBER 13 2017...

CLIMATE NORMAL PERIOD 1981 TO 2010
CLIMATE RECORD PERIOD 1998 TO 2017


WEATHER ITEM   OBSERVED TIME   RECORD YEAR NORMAL DEPARTURE
                VALUE   (LST)  VALUE       VALUE  FROM
                                                  NORMAL
...............................................................
TEMPERATURE (F)
 YESTERDAY
  MAXIMUM         63    310 PM  69    1998  54      9
  MINIMUM         28    721 AM  24    2013  34     -6
  AVERAGE         46                        44      2

PRECIPITATION (IN)
  YESTERDAY        0.00          0.23 2015   0.04  -0.04
  MONTH TO DATE    T                         0.35  -0.35
  SINCE OCT 1      0.37                      1.85  -1.48
  SINCE JAN 1      8.71                      8.82  -0.11

SNOWFALL (IN)
  YESTERDAY        0.0
  MONTH TO DATE    0.0
  SINCE DEC 1      0.0
  SINCE JUL 1      0.0
  SNOW DEPTH       0

DEGREE DAYS
 HEATING
  YESTERDAY       19
  MONTH TO DATE  227
  SINCE DEC 1    227
  SINCE JUL 1    532

 COOLING
  YESTERDAY        0
  MONTH TO DATE    0
  SINCE DEC 1      0
  SINCE JAN 1   2184
...............................................................


WIND (MPH)
  HIGHEST WIND SPEED     6   HIGHEST WIND DIRECTION    NE (50)
  HIGHEST GUST SPEED     7   HIGHEST GUST DIRECTION    NE (60)
  AVERAGE WIND SPEED     1.2




RELATIVE HUMIDITY (PERCENT)
 HIGHEST   100
 LOWEST     36
 AVERAGE    68

..........................................................


THE HANFORD CA CLIMATE NORMALS FOR TODAY
                         NORMAL    RECORD    YEAR
 MAXIMUM TEMPERATURE (F)   54        69      2016
 MINIMUM TEMPERATURE (F)   34        26      2013
                                             2011
                                             2008


SUNRISE AND SUNSET
DECEMBER 14 2017......SUNRISE   702 AM PST   SUNSET   445 PM PST
DECEMBER 15 2017......SUNRISE   703 AM PST   SUNSET   445 PM PST


-  INDICATES NEGATIVE NUMBERS.
R  INDICATES RECORD WAS SET OR TIED.
MM INDICATES DATA IS MISSING.
T  INDICATES TRACE AMOUNT.




$$
