000
CDUS46 KHNX 050822
CLIHJO


CLIMATE REPORT
NATIONAL WEATHER SERVICE SAN JOAQUIN VALLEY, CA
122 AM PDT SAT SEP 5 2015


...................................

...THE HANFORD CA CLIMATE SUMMARY FOR SEPTEMBER 4 2015...

CLIMATE NORMAL PERIOD 1981 TO 2010
CLIMATE RECORD PERIOD 1998 TO 2015


WEATHER ITEM   OBSERVED TIME   RECORD YEAR NORMAL DEPARTURE
                VALUE   (LST)  VALUE       VALUE  FROM
                                                  NORMAL
...............................................................
TEMPERATURE (F)
 YESTERDAY
  MAXIMUM         88    440 PM 101    2010  93     -5
                                      2003
  MINIMUM         57    555 AM  50    2004  59     -2
  AVERAGE         73                        76     -3

PRECIPITATION (IN)
  YESTERDAY        0.00          T    1998   0.00   0.00
  MONTH TO DATE    0.00                      0.00   0.00
  SINCE OCT 1      5.41                      9.93  -4.52
  SINCE JAN 1      2.29                      6.80  -4.51

SNOWFALL (IN)
  YESTERDAY        0.0
  MONTH TO DATE    0.0
  SINCE SEP 1      0.0
  SINCE JUL 1      0.0
  SNOW DEPTH       0

DEGREE DAYS
 HEATING
  YESTERDAY        0
  MONTH TO DATE    0
  SINCE SEP 1      0
  SINCE JUL 1      0

 COOLING
  YESTERDAY        8
  MONTH TO DATE   41
  SINCE SEP 1     41
  SINCE JAN 1   1862
...............................................................


WIND (MPH)
  HIGHEST WIND SPEED    16   HIGHEST WIND DIRECTION    NW (320)
  HIGHEST GUST SPEED    21   HIGHEST GUST DIRECTION    NW (330)
  AVERAGE WIND SPEED     7.2




RELATIVE HUMIDITY (PERCENT)
 HIGHEST    77
 LOWEST     21
 AVERAGE    49

..........................................................


THE HANFORD CA CLIMATE NORMALS FOR TODAY
                         NORMAL    RECORD    YEAR
 MAXIMUM TEMPERATURE (F)   93       101      2008
 MINIMUM TEMPERATURE (F)   59        52      2004


SUNRISE AND SUNSET
SEPTEMBER  5 2015.....SUNRISE   633 AM PDT   SUNSET   721 PM PDT
SEPTEMBER  6 2015.....SUNRISE   634 AM PDT   SUNSET   719 PM PDT


-  INDICATES NEGATIVE NUMBERS.
R  INDICATES RECORD WAS SET OR TIED.
MM INDICATES DATA IS MISSING.
T  INDICATES TRACE AMOUNT.




$$
