000
CDUS43 KGLD 270750
CLIHLC

CLIMATE REPORT
NATIONAL WEATHER SERVICE GOODLAND
1246 AM MST SAT DEC 27 2014


...................................

...THE HILL CITY KS CLIMATE SUMMARY FOR DECEMBER 26 2014...

CLIMATE NORMAL PERIOD 1981 TO 2010
CLIMATE RECORD PERIOD 1896 TO 2014


WEATHER ITEM   OBSERVED TIME   RECORD YEAR NORMAL DEPARTURE LAST
                VALUE   (LST)  VALUE       VALUE  FROM      YEAR
                                                  NORMAL
..................................................................
TEMPERATURE (F)
 YESTERDAY
  MAXIMUM         32    249 AM  70    2008  41     -9       58
                                      2005
  MINIMUM         17   1146 PM  -6    1983  16      1       22
                                      1962
  AVERAGE         25                        29     -4       40

PRECIPITATION (IN)
  YESTERDAY        0.02                      0.02   0.00     0.00
  MONTH TO DATE    0.29                      0.62  -0.33     0.06
  SINCE DEC 1      0.29                      0.62  -0.33     0.06
  SINCE JAN 1     21.74                     22.85  -1.11    17.62

..................................................................


THE HILL CITY KS CLIMATE NORMALS FOR TODAY
                         NORMAL    RECORD    YEAR
 MAXIMUM TEMPERATURE (F)   41        75      1928
 MINIMUM TEMPERATURE (F)   16       -10      1924



-  INDICATES NEGATIVE NUMBERS.
R  INDICATES RECORD WAS SET OR TIED.
MM INDICATES DATA IS MISSING.
T  INDICATES TRACE AMOUNT.

$$
