000
CDUS45 KTFX 282230
CLIHLN


CLIMATE REPORT
NATIONAL WEATHER SERVICE GREAT FALLS MT
430 PM MDT TUE MAR 28 2017


...................................

...THE HELENA MT CLIMATE SUMMARY FOR MARCH 28 2017...
VALID TODAY AS OF 0400 PM LOCAL TIME.

CLIMATE NORMAL PERIOD 1981 TO 2010
CLIMATE RECORD PERIOD 1866 TO 2017


WEATHER ITEM   OBSERVED TIME   RECORD YEAR NORMAL DEPARTURE LAST
                VALUE   (LST)  VALUE       VALUE  FROM      YEAR
                                                  NORMAL
..................................................................
TEMPERATURE (F)
 TODAY
  MAXIMUM         54    259 PM  73    1986  52      2       50
  MINIMUM         28    641 AM  -3    1954  28      0       30
  AVERAGE         41                        40      1       40

PRECIPITATION (IN)
  TODAY            0.00          0.52 1888   0.03  -0.03     0.00
  MONTH TO DATE    0.42                      0.52  -0.10     0.10
  SINCE OCT 1      4.70                      2.75   1.95     2.27
  SINCE JAN 1      1.72                      1.18   0.54     0.57

SNOWFALL (IN)
  TODAY            0.0          10.5  1888   0.2   -0.2      0.0
  MONTH TO DATE    2.9                       5.6   -2.7       T
  SINCE MAR 1      2.9                       5.6   -2.7       T
  SINCE JUL 1     51.5                      32.9   18.6     14.8

DEGREE DAYS
 HEATING
  TODAY           24                        25     -1       25
  MONTH TO DATE  663                       818   -155      690
  SINCE MAR 1    663                       818   -155      690
  SINCE JUL 1   6463                      6379     84     5630

 COOLING
  TODAY            0                         0      0        0
  MONTH TO DATE    0                         0      0        0
  SINCE MAR 1      0                         0      0        0
  SINCE JAN 1      0                         0      0        0
..................................................................


WIND (MPH)
  HIGHEST WIND SPEED    23   HIGHEST WIND DIRECTION     W (280)
  HIGHEST GUST SPEED    32   HIGHEST GUST DIRECTION     W (270)
  AVERAGE WIND SPEED     9.3


SKY COVER
  AVERAGE SKY COVER 0.2


WEATHER CONDITIONS
 THE FOLLOWING WEATHER WAS RECORDED TODAY.
  NO SIGNIFICANT WEATHER WAS OBSERVED.


RELATIVE HUMIDITY (PERCENT)
 HIGHEST    78           700 AM
 LOWEST     28           300 PM
 AVERAGE    53

..........................................................


THE HELENA MT CLIMATE NORMALS FOR TOMORROW
                         NORMAL    RECORD    YEAR
 MAXIMUM TEMPERATURE (F)   53        77      1978
 MINIMUM TEMPERATURE (F)   28       -10      1954


SUNRISE AND SUNSET
MARCH 28 2017.........SUNRISE   715 AM MDT   SUNSET   752 PM MDT
MARCH 29 2017.........SUNRISE   713 AM MDT   SUNSET   753 PM MDT


-  INDICATES NEGATIVE NUMBERS.
R  INDICATES RECORD WAS SET OR TIED.
MM INDICATES DATA IS MISSING.
T  INDICATES TRACE AMOUNT.




$$
