000
CDUS45 KTFX 312219
CLIHLN


CLIMATE REPORT
NATIONAL WEATHER SERVICE GREAT FALLS MT
418 PM MDT MON AUG 31 2015


...................................

...THE HELENA MT CLIMATE SUMMARY FOR AUGUST 31 2015...
VALID TODAY AS OF 0400 PM LOCAL TIME.

CLIMATE NORMAL PERIOD 1981 TO 2010
CLIMATE RECORD PERIOD 1866 TO 2015


WEATHER ITEM   OBSERVED TIME   RECORD YEAR NORMAL DEPARTURE LAST
                VALUE   (LST)  VALUE       VALUE  FROM      YEAR
                                                  NORMAL
..................................................................
TEMPERATURE (F)
 TODAY
  MAXIMUM         80    258 PM  96    1991  79      1       71
                                      1955
  MINIMUM         50    431 AM  32    1956  48      2       50
  AVERAGE         65                        64      1       61

PRECIPITATION (IN)
  TODAY            0.00          1.06 1986   0.04  -0.04     0.00
  MONTH TO DATE    0.28                      1.20  -0.92     2.11
  SINCE OCT 1      8.40                     10.12  -1.72     9.86
  SINCE JAN 1      6.12                      8.55  -2.43     8.86

SNOWFALL (IN)
  TODAY            0.0           0.0  1999   0.0    0.0      0.0
                                      2001
                                      1995
  MONTH TO DATE    0.0                       0.3   -0.3      0.0
  SINCE JUN 1      0.0                       0.3   -0.3      0.0
  SINCE JUL 1      0.0                       0.3   -0.3      0.0
  SNOW DEPTH       0

DEGREE DAYS
 HEATING
  TODAY            0                         3     -3        4
  MONTH TO DATE   22                        40    -18       47
  SINCE JUN 1     69                       205   -136      174
  SINCE JUL 1     37                        69    -32       47

 COOLING
  TODAY            0                         2     -2        0
  MONTH TO DATE  179                       145     34      177
  SINCE JUN 1    537                       375    162      444
  SINCE JAN 1    537                       383    154      448
..................................................................


WIND (MPH)
  HIGHEST WIND SPEED    22   HIGHEST WIND DIRECTION     W (260)
  HIGHEST GUST SPEED    30   HIGHEST GUST DIRECTION     W (260)
  AVERAGE WIND SPEED    10.0


SKY COVER
  AVERAGE SKY COVER 0.0


WEATHER CONDITIONS
 THE FOLLOWING WEATHER WAS RECORDED TODAY.
  NO SIGNIFICANT WEATHER WAS OBSERVED.


RELATIVE HUMIDITY (PERCENT)
 HIGHEST    59          1200 AM
 LOWEST     20           300 PM
 AVERAGE    40

..........................................................


THE HELENA MT CLIMATE NORMALS FOR TOMORROW
                         NORMAL    RECORD    YEAR
 MAXIMUM TEMPERATURE (F)   79        96      1967
 MINIMUM TEMPERATURE (F)   48        33      1930


SUNRISE AND SUNSET
AUGUST 31 2015........SUNRISE   646 AM MDT   SUNSET   809 PM MDT
SEPTEMBER  1 2015.....SUNRISE   648 AM MDT   SUNSET   807 PM MDT


-  INDICATES NEGATIVE NUMBERS.
R  INDICATES RECORD WAS SET OR TIED.
MM INDICATES DATA IS MISSING.
T  INDICATES TRACE AMOUNT.




$$
