000
CDUS45 KTFX 302216
CLIHLN


CLIMATE REPORT
NATIONAL WEATHER SERVICE GREAT FALLS MT
415 PM MDT SAT AUG 30 2014


...................................

...THE HELENA MT CLIMATE SUMMARY FOR AUGUST 30 2014...
VALID TODAY AS OF 0400 PM LOCAL TIME.

CLIMATE NORMAL PERIOD 1981 TO 2010
CLIMATE RECORD PERIOD 1866 TO 2014


WEATHER ITEM   OBSERVED TIME   RECORD YEAR NORMAL DEPARTURE LAST
                VALUE   (LST)  VALUE       VALUE  FROM      YEAR
                                                  NORMAL
..................................................................
TEMPERATURE (F)
 TODAY
  MAXIMUM         74    200 PM  96    1999  80     -6       90
  MINIMUM         59    300 AM  34    1993  49     10       54
                                      1910
                                      1880
  AVERAGE         67                        64      3       72

PRECIPITATION (IN)
  TODAY            T             1.13 1881   0.04  -0.04     0.00
  MONTH TO DATE    2.10                      1.16   0.94     1.71
  SINCE OCT 1      9.85                     10.08  -0.23    11.42
  SINCE JAN 1      8.85                      8.51   0.34     8.12

SNOWFALL (IN)
  TODAY            0.0           T    1989   0.0    0.0      0.0
                                      1995
  MONTH TO DATE    0.0                       0.3   -0.3      0.0
  SINCE JUN 1      0.0                       0.3   -0.3      0.0
  SINCE JUL 1      0.0                       0.3   -0.3      0.0
  SNOW DEPTH       0

DEGREE DAYS
 HEATING
  TODAY            0                         3     -3        0
  MONTH TO DATE   43                        37      6        3
  SINCE JUN 1    170                       200    -30      149
  SINCE JUL 1     43                        64    -21        3

 COOLING
  TODAY            2                         2      0        7
  MONTH TO DATE  179                       144     35      197
  SINCE JUN 1    446                       374     72      498
  SINCE JAN 1    450                       382     68      505
..................................................................


WIND (MPH)
  HIGHEST WIND SPEED    13   HIGHEST WIND DIRECTION    NW (310)
  HIGHEST GUST SPEED    23   HIGHEST GUST DIRECTION    NW (310)
  AVERAGE WIND SPEED     5.8


SKY COVER
  AVERAGE SKY COVER 0.4


WEATHER CONDITIONS
 THE FOLLOWING WEATHER WAS RECORDED TODAY.
  LIGHT RAIN


RELATIVE HUMIDITY (PERCENT)
 HIGHEST    57           300 AM
 LOWEST     31           100 PM
 AVERAGE    44

..........................................................


THE HELENA MT CLIMATE NORMALS FOR TOMORROW
                         NORMAL    RECORD    YEAR
 MAXIMUM TEMPERATURE (F)   79        96      1991
                                             1955
 MINIMUM TEMPERATURE (F)   48        32      1956


SUNRISE AND SUNSET
AUGUST 30 2014........SUNRISE   645 AM MDT   SUNSET   811 PM MDT
AUGUST 31 2014........SUNRISE   647 AM MDT   SUNSET   809 PM MDT


-  INDICATES NEGATIVE NUMBERS.
R  INDICATES RECORD WAS SET OR TIED.
MM INDICATES DATA IS MISSING.
T  INDICATES TRACE AMOUNT.




$$
