000
CDUS45 KTFX 272232
CLIHLN


CLIMATE REPORT
NATIONAL WEATHER SERVICE GREAT FALLS MT
430 PM MDT WED JUL 27 2016


...................................

...THE HELENA MT CLIMATE SUMMARY FOR JULY 27 2016...
VALID TODAY AS OF 0400 PM LOCAL TIME.

CLIMATE NORMAL PERIOD 1981 TO 2010
CLIMATE RECORD PERIOD 1866 TO 2016


WEATHER ITEM   OBSERVED TIME   RECORD YEAR NORMAL DEPARTURE LAST
                VALUE   (LST)  VALUE       VALUE  FROM      YEAR
                                                  NORMAL
..................................................................
TEMPERATURE (F)
 TODAY
  MAXIMUM         89    224 PM  99    2006  88      1       63
                                      1935
  MINIMUM         55    516 AM  44    1913  55      0       52
  AVERAGE         72                        72      0       58

PRECIPITATION (IN)
  TODAY            0.00          1.12 2009   0.03  -0.03     0.78
  MONTH TO DATE    0.78                      1.05  -0.27     1.28
  SINCE OCT 1      6.98                      8.78  -1.80     8.12
  SINCE JAN 1      5.28                      7.21  -1.93     5.84

SNOWFALL (IN)
  TODAY            0.0           0.0  1999   0.0    0.0      0.0
                                      1995
  MONTH TO DATE    0.0                       0.0    0.0      0.0
  SINCE JUN 1      T                         T      0.0      0.0
  SINCE JUL 1      0.0                       0.0    0.0      0.0

DEGREE DAYS
 HEATING
  TODAY            0                         0      0        7
  MONTH TO DATE   18                        26     -8       14
  SINCE JUN 1     72                       162    -90       46
  SINCE JUL 1     18                        26     -8       14

 COOLING
  TODAY            7                         7      0        0
  MONTH TO DATE  161                       157      4      165
  SINCE JUN 1    267                       206     61      342
  SINCE JAN 1    267                       214     53      342
..................................................................


WIND (MPH)
  HIGHEST WIND SPEED    15   HIGHEST WIND DIRECTION     N (20)
  HIGHEST GUST SPEED    17   HIGHEST GUST DIRECTION     N (20)
  AVERAGE WIND SPEED     3.5


SKY COVER
  AVERAGE SKY COVER 0.1


WEATHER CONDITIONS
 THE FOLLOWING WEATHER WAS RECORDED TODAY.
  NO SIGNIFICANT WEATHER WAS OBSERVED.


RELATIVE HUMIDITY (PERCENT)
 HIGHEST    86           500 AM
 LOWEST     24           200 PM
 AVERAGE    55

..........................................................


THE HELENA MT CLIMATE NORMALS FOR TOMORROW
                         NORMAL    RECORD    YEAR
 MAXIMUM TEMPERATURE (F)   88       101      2006
 MINIMUM TEMPERATURE (F)   55        38      1949


SUNRISE AND SUNSET
JULY 27 2016..........SUNRISE   603 AM MDT   SUNSET   905 PM MDT
JULY 28 2016..........SUNRISE   605 AM MDT   SUNSET   904 PM MDT


-  INDICATES NEGATIVE NUMBERS.
R  INDICATES RECORD WAS SET OR TIED.
MM INDICATES DATA IS MISSING.
T  INDICATES TRACE AMOUNT.




$$
