000
CDUS45 KTFX 241038
CLIHLN


CLIMATE REPORT
NATIONAL WEATHER SERVICE GREAT FALLS MT
437 AM MDT WED AUG 24 2016


...................................

...THE HELENA MT CLIMATE SUMMARY FOR AUGUST 23 2016...

CLIMATE NORMAL PERIOD 1981 TO 2010
CLIMATE RECORD PERIOD 1866 TO 2016


WEATHER ITEM   OBSERVED TIME   RECORD YEAR NORMAL DEPARTURE LAST
                VALUE   (LST)  VALUE       VALUE  FROM      YEAR
                                                  NORMAL
..................................................................
TEMPERATURE (F)
 YESTERDAY
  MAXIMUM         78    358 PM  98    1967  83     -5       83
  MINIMUM         53    342 AM  33    1992  51      2       41
  AVERAGE         66                        67     -1       62

PRECIPITATION (IN)
  YESTERDAY        0.00          1.16 2014   0.04  -0.04     0.00
  MONTH TO DATE    0.92                      0.88   0.04     0.25
  SINCE OCT 1      7.90                      9.80  -1.90     8.37
  SINCE JAN 1      6.20                      8.23  -2.03     6.09

SNOWFALL (IN)
  YESTERDAY        0.0           3.1  1992   0.0    0.0      0.0
  MONTH TO DATE    0.0                       0.2   -0.2      0.0
  SINCE JUN 1      T                         0.2   -0.2      0.0
  SINCE JUL 1      0.0                       0.2   -0.2      0.0
  SNOW DEPTH       0

DEGREE DAYS
 HEATING
  YESTERDAY        0                         2     -2        3
  MONTH TO DATE   12                        20     -8       22
  SINCE JUN 1     84                       183    -99       69
  SINCE JUL 1     30                        47    -17       37

 COOLING
  YESTERDAY        1                         3     -2        0
  MONTH TO DATE   94                       124    -30      125
  SINCE JUN 1    407                       354     53      483
  SINCE JAN 1    407                       362     45      483
..................................................................


WIND (MPH)
  HIGHEST WIND SPEED    23   HIGHEST WIND DIRECTION     W (280)
  HIGHEST GUST SPEED    28   HIGHEST GUST DIRECTION     W (290)
  AVERAGE WIND SPEED    10.5


SKY COVER
  AVERAGE SKY COVER 0.2


WEATHER CONDITIONS
 THE FOLLOWING WEATHER WAS RECORDED YESTERDAY.
  NO SIGNIFICANT WEATHER WAS OBSERVED.


RELATIVE HUMIDITY (PERCENT)
 HIGHEST    51           900 PM
 LOWEST     18           400 PM
 AVERAGE    35

..........................................................


THE HELENA MT CLIMATE NORMALS FOR TODAY
                         NORMAL    RECORD    YEAR
 MAXIMUM TEMPERATURE (F)   82       105      1969
 MINIMUM TEMPERATURE (F)   50        33      1992
                                             1910


SUNRISE AND SUNSET
AUGUST 24 2016........SUNRISE   638 AM MDT   SUNSET   821 PM MDT
AUGUST 25 2016........SUNRISE   640 AM MDT   SUNSET   819 PM MDT


-  INDICATES NEGATIVE NUMBERS.
R  INDICATES RECORD WAS SET OR TIED.
MM INDICATES DATA IS MISSING.
T  INDICATES TRACE AMOUNT.




$$
