000
CDUS45 KTFX 020859
CLIHLN


CLIMATE REPORT
NATIONAL WEATHER SERVICE GREAT FALLS MT
258 AM MDT TUE JUN 2 2015


...................................

...THE HELENA MT CLIMATE SUMMARY FOR JUNE 1 2015...

CLIMATE NORMAL PERIOD 1981 TO 2010
CLIMATE RECORD PERIOD 1866 TO 2015


WEATHER ITEM   OBSERVED TIME   RECORD YEAR NORMAL DEPARTURE LAST
                VALUE   (LST)  VALUE       VALUE  FROM      YEAR
                                                  NORMAL
..................................................................
TEMPERATURE (F)
 YESTERDAY
  MAXIMUM         75    210 PM  91    1986  71      4       72
                                      1977
  MINIMUM         53   1155 PM  33    2000  45      8       48
                                      1979
  AVERAGE         64                        58      6       60

PRECIPITATION (IN)
  YESTERDAY        0.04          1.46 2005   0.08  -0.04      T
  MONTH TO DATE    0.04                      0.08  -0.04      T
  SINCE OCT 1      6.38                      5.75   0.63     5.48
  SINCE JAN 1      4.10                      4.18  -0.08     4.48

SNOWFALL (IN)
  YESTERDAY        0.0           T    1953   0.0    0.0      0.0
                                      2001
                                      2000
  MONTH TO DATE    0.0                       0.0    0.0      0.0
  SINCE JUN 1      0.0                       0.0    0.0      0.0
  SINCE JUL 1     24.3                      38.1  -13.8     41.8
  SNOW DEPTH       0

DEGREE DAYS
 HEATING
  YESTERDAY        1                         7     -6        5
  MONTH TO DATE    1                         7     -6        5
  SINCE JUN 1      1                         7     -6        5
  SINCE JUL 1   6526                      7412   -886     7328

 COOLING
  YESTERDAY        0                         1     -1        0
  MONTH TO DATE    0                         1     -1        0
  SINCE JUN 1      0                         1     -1        0
  SINCE JAN 1      0                         9     -9        4
..................................................................


WIND (MPH)
  HIGHEST WIND SPEED    28   HIGHEST WIND DIRECTION     W (280)
  HIGHEST GUST SPEED    34   HIGHEST GUST DIRECTION     W (270)
  AVERAGE WIND SPEED     5.1


SKY COVER
  AVERAGE SKY COVER 0.4


WEATHER CONDITIONS
 THE FOLLOWING WEATHER WAS RECORDED YESTERDAY.
  THUNDERSTORM
  LIGHT RAIN


RELATIVE HUMIDITY (PERCENT)
 HIGHEST    83          1100 PM
 LOWEST     41           200 PM
 AVERAGE    62

..........................................................


THE HELENA MT CLIMATE NORMALS FOR TODAY
                         NORMAL    RECORD    YEAR
 MAXIMUM TEMPERATURE (F)   72        91      1986
 MINIMUM TEMPERATURE (F)   46        33      1943


SUNRISE AND SUNSET
JUNE  2 2015..........SUNRISE   538 AM MDT   SUNSET   914 PM MDT
JUNE  3 2015..........SUNRISE   537 AM MDT   SUNSET   915 PM MDT


-  INDICATES NEGATIVE NUMBERS.
R  INDICATES RECORD WAS SET OR TIED.
MM INDICATES DATA IS MISSING.
T  INDICATES TRACE AMOUNT.




$$
