000
CDHW40 PHFO 171245
CLIHNL


CLIMATE REPORT
NATIONAL WEATHER SERVICE HONOLULU HI
245 AM HST WED DEC 17 2014


...................................

...THE HONOLULU HI CLIMATE SUMMARY FOR DECEMBER 16 2014...

CLIMATE NORMAL PERIOD 1981 TO 2010
CLIMATE RECORD PERIOD 1946 TO 2014


WEATHER ITEM   OBSERVED TIME   RECORD YEAR NORMAL DEPARTURE LAST
                VALUE   (LST)  VALUE       VALUE  FROM      YEAR
                                                  NORMAL
..................................................................
TEMPERATURE (F)
 YESTERDAY
  MAXIMUM         83   1230 PM  88    1995  81      2       82
  MINIMUM         71    600 AM  56    1989  68      3       67
  AVERAGE         77                        75      2       75

PRECIPITATION (IN)
  YESTERDAY        0.01          1.68 1929   0.11  -0.10     0.00
  MONTH TO DATE    0.33                      1.51  -1.18     3.53
  SINCE DEC 1      0.33                      1.51  -1.18     3.53
  SINCE JAN 1     20.08                     15.37   4.71    16.07

SNOWFALL (IN)
  YESTERDAY        0.0
  MONTH TO DATE    0.0
  SINCE DEC 1      0.0
  SINCE JUL 1      0.0
  SNOW DEPTH       0

DEGREE DAYS
 HEATING
  YESTERDAY        0                         0      0        0
  MONTH TO DATE    0                         0      0        0
  SINCE DEC 1      0                         0      0        0
  SINCE JUL 1      0                         0      0        0

 COOLING
  YESTERDAY       12                        10      2       10
  MONTH TO DATE  157                       167    -10      179
  SINCE DEC 1    157                       167    -10      179
  SINCE JAN 1   4782                      4493    289     4316
..................................................................


WIND (MPH)
  HIGHEST WIND SPEED    22   HIGHEST WIND DIRECTION    NE (60)
  HIGHEST GUST SPEED    29   HIGHEST GUST DIRECTION     E (80)
  AVERAGE WIND SPEED    12.4


SKY COVER
  POSSIBLE SUNSHINE  MM
  AVERAGE SKY COVER 0.7


WEATHER CONDITIONS
 THE FOLLOWING WEATHER WAS RECORDED YESTERDAY.
  LIGHT RAIN
  FOG


RELATIVE HUMIDITY (PERCENT)
 HIGHEST    93          1100 PM
 LOWEST     51          1100 AM
 AVERAGE    72

..........................................................


THE HONOLULU HI CLIMATE NORMALS FOR TODAY
                         NORMAL    RECORD    YEAR
 MAXIMUM TEMPERATURE (F)   81        88      1992
 MINIMUM TEMPERATURE (F)   68        57      1989
                                             1980


SUNRISE AND SUNSET
DECEMBER 17 2014......SUNRISE   703 AM HST   SUNSET   553 PM HST
DECEMBER 18 2014......SUNRISE   703 AM HST   SUNSET   554 PM HST


-  INDICATES NEGATIVE NUMBERS.
R  INDICATES RECORD WAS SET OR TIED.
MM INDICATES DATA IS MISSING.
T  INDICATES TRACE AMOUNT.




$$
