000
CDHW40 PHFO 020309
CLIHNL


CLIMATE REPORT
NATIONAL WEATHER SERVICE HONOLULU HI
459 PM HST MON JUN 1 2015


...................................

...THE HONOLULU HI CLIMATE SUMMARY FOR JUNE 1 2015...
VALID TODAY AS OF 0400 PM LOCAL TIME.

CLIMATE NORMAL PERIOD 1981 TO 2010
CLIMATE RECORD PERIOD 1946 TO 2015


WEATHER ITEM   OBSERVED TIME   RECORD YEAR NORMAL DEPARTURE LAST
                VALUE   (LST)  VALUE       VALUE  FROM      YEAR
                                                  NORMAL
..................................................................
TEMPERATURE (F)
 TODAY
  MAXIMUM         87    242 PM  91    1996  86      1       87
  MINIMUM         72    434 AM  66    1982  73     -1       74
  AVERAGE         80                        79      1       81

PRECIPITATION (IN)
  TODAY            0.07          0.33 1980   0.01   0.06      T
  MONTH TO DATE    0.07                      0.01   0.06      T
  SINCE JUN 1      0.07                      0.01   0.06      T
  SINCE JAN 1      3.06                      7.58  -4.52     9.97

SNOWFALL (IN)
  TODAY            0.0
  MONTH TO DATE    0.0
  SINCE JUN 1      0.0
  SINCE JUL 1      0.0
  SNOW DEPTH       0

DEGREE DAYS
 HEATING
  TODAY            0                         0      0        0
  MONTH TO DATE    0                         0      0        0
  SINCE JUN 1      0                         0      0        0
  SINCE JUL 1      0                         0      0        0

 COOLING
  TODAY           15                        14      1       16
  MONTH TO DATE   15                        14      1       16
  SINCE JUN 1     15                        14      1       16
  SINCE JAN 1   1490                      1516    -26     1625
..................................................................


WIND (MPH)
  HIGHEST WIND SPEED    23   HIGHEST WIND DIRECTION     E (80)
  HIGHEST GUST SPEED    29   HIGHEST GUST DIRECTION     E (80)
  AVERAGE WIND SPEED     9.6


SKY COVER
  POSSIBLE SUNSHINE  MM
  AVERAGE SKY COVER 0.6


WEATHER CONDITIONS
 THE FOLLOWING WEATHER WAS RECORDED TODAY.
  LIGHT RAIN
  FOG


RELATIVE HUMIDITY (PERCENT)
 HIGHEST   100           400 AM
 LOWEST     55           100 PM
 AVERAGE    78

..........................................................


THE HONOLULU HI CLIMATE NORMALS FOR TOMORROW
                         NORMAL    RECORD    YEAR
 MAXIMUM TEMPERATURE (F)   86        91      1996
 MINIMUM TEMPERATURE (F)   73        65      1982


SUNRISE AND SUNSET
JUNE  1 2015..........SUNRISE   549 AM HST   SUNSET   710 PM HST
JUNE  2 2015..........SUNRISE   549 AM HST   SUNSET   711 PM HST


-  INDICATES NEGATIVE NUMBERS.
R  INDICATES RECORD WAS SET OR TIED.
MM INDICATES DATA IS MISSING.
T  INDICATES TRACE AMOUNT.




$$
