000
CDHW40 PHFO 010227
CLIHNL


CLIMATE REPORT
NATIONAL WEATHER SERVICE HONOLULU HI
427 PM HST TUE JUN 30 2015


...................................

...THE HONOLULU HI CLIMATE SUMMARY FOR JUNE 30 2015...
VALID TODAY AS OF 0400 PM LOCAL TIME.

CLIMATE NORMAL PERIOD 1981 TO 2010
CLIMATE RECORD PERIOD 1946 TO 2015


WEATHER ITEM   OBSERVED TIME   RECORD YEAR NORMAL DEPARTURE LAST
                VALUE   (LST)  VALUE       VALUE  FROM      YEAR
                                                  NORMAL
..................................................................
TEMPERATURE (F)
 TODAY
  MAXIMUM         86    345 PM  90    1995  88     -2       88
                                      1992
                                      1988
  MINIMUM         74    615 AM  68    1950  74      0       73
                                      1979
                                      1971
  AVERAGE         80                        81     -1       81

PRECIPITATION (IN)
  TODAY            0.00          2.00 1967   0.01  -0.01     0.00
  MONTH TO DATE    0.23                      0.26  -0.03     0.58
  SINCE JUN 1      0.23                      0.26  -0.03     0.58
  SINCE JAN 1      3.22                      7.83  -4.61    10.55

SNOWFALL (IN)
  TODAY            0.0
  MONTH TO DATE    0.0
  SINCE JUN 1      0.0
  SINCE JUL 1      0.0
  SNOW DEPTH       0

DEGREE DAYS
 HEATING
  TODAY            0                         0      0        0
  MONTH TO DATE    0                         0      0        0
  SINCE JUN 1      0                         0      0        0
  SINCE JUL 1      0                         0      0        0

 COOLING
  TODAY           15                        16     -1       16
  MONTH TO DATE  480                       456     24      463
  SINCE JUN 1    480                       456     24      463
  SINCE JAN 1   1955                      1958     -3     2072
..................................................................


WIND (MPH)
  HIGHEST WIND SPEED    13   HIGHEST WIND DIRECTION     S (170)
  HIGHEST GUST SPEED    17   HIGHEST GUST DIRECTION     S (190)
  AVERAGE WIND SPEED     5.4


SKY COVER
  POSSIBLE SUNSHINE  MM
  AVERAGE SKY COVER 0.3


WEATHER CONDITIONS
 THE FOLLOWING WEATHER WAS RECORDED TODAY.
  NO SIGNIFICANT WEATHER WAS OBSERVED.


RELATIVE HUMIDITY (PERCENT)
 HIGHEST    84           500 AM
 LOWEST     55          1100 AM
 AVERAGE    70

..........................................................


THE HONOLULU HI CLIMATE NORMALS FOR TOMORROW
                         NORMAL    RECORD    YEAR
 MAXIMUM TEMPERATURE (F)   88        92      1995
 MINIMUM TEMPERATURE (F)   74        69      1984
                                             1977
                                             1961


SUNRISE AND SUNSET
JUNE 30 2015..........SUNRISE   553 AM HST   SUNSET   718 PM HST
JULY  1 2015..........SUNRISE   553 AM HST   SUNSET   718 PM HST


-  INDICATES NEGATIVE NUMBERS.
R  INDICATES RECORD WAS SET OR TIED.
MM INDICATES DATA IS MISSING.
T  INDICATES TRACE AMOUNT.




$$
