000
CDHW40 PHFO 291245
CLIHNL


CLIMATE REPORT
NATIONAL WEATHER SERVICE HONOLULU HI
245 AM HST SUN MAR 29 2015


...................................

...THE HONOLULU HI CLIMATE SUMMARY FOR MARCH 28 2015...

CLIMATE NORMAL PERIOD 1981 TO 2010
CLIMATE RECORD PERIOD 1946 TO 2015


WEATHER ITEM   OBSERVED TIME   RECORD YEAR NORMAL DEPARTURE LAST
                VALUE   (LST)  VALUE       VALUE  FROM      YEAR
                                                  NORMAL
..................................................................
TEMPERATURE (F)
 YESTERDAY
  MAXIMUM         78   1224 PM  87    1988  82     -4       82
  MINIMUM         67    630 AM  61    1996  69     -2       70
                                      1969
                                      1965
  AVERAGE         73                        75     -2       76

PRECIPITATION (IN)
  YESTERDAY        0.13          1.43 1975   0.06   0.07     0.08
  MONTH TO DATE    0.56                      1.86  -1.30     2.56
  SINCE MAR 1      0.56                      1.86  -1.30     2.56
  SINCE JAN 1      2.36                      6.16  -3.80     6.24

SNOWFALL (IN)
  YESTERDAY        0.0
  MONTH TO DATE    0.0
  SINCE MAR 1      0.0
  SINCE JUL 1      0.0
  SNOW DEPTH       0

DEGREE DAYS
 HEATING
  YESTERDAY        0                         0      0        0
  MONTH TO DATE    0                         0      0        0
  SINCE MAR 1      0                         0      0        0
  SINCE JUL 1      0                         0      0        0

 COOLING
  YESTERDAY        8                        10     -2       11
  MONTH TO DATE  250                       263    -13      274
  SINCE MAR 1    250                       263    -13      274
  SINCE JAN 1    760                       745     15      793
..................................................................


WIND (MPH)
  HIGHEST WIND SPEED    15   HIGHEST WIND DIRECTION     E (80)
  HIGHEST GUST SPEED    18   HIGHEST GUST DIRECTION    NE (60)
  AVERAGE WIND SPEED     5.3


SKY COVER
  POSSIBLE SUNSHINE  MM
  AVERAGE SKY COVER 0.6


WEATHER CONDITIONS
 THE FOLLOWING WEATHER WAS RECORDED YESTERDAY.
  HEAVY RAIN
  LIGHT RAIN
  FOG


RELATIVE HUMIDITY (PERCENT)
 HIGHEST   100           600 PM
 LOWEST     64           900 AM
 AVERAGE    82

..........................................................


THE HONOLULU HI CLIMATE NORMALS FOR TODAY
                         NORMAL    RECORD    YEAR
 MAXIMUM TEMPERATURE (F)   82        86      2008
                                             1996
                                             1989
 MINIMUM TEMPERATURE (F)   69        58      1975


SUNRISE AND SUNSET
MARCH 29 2015.........SUNRISE   628 AM HST   SUNSET   646 PM HST
MARCH 30 2015.........SUNRISE   627 AM HST   SUNSET   646 PM HST


-  INDICATES NEGATIVE NUMBERS.
R  INDICATES RECORD WAS SET OR TIED.
MM INDICATES DATA IS MISSING.
T  INDICATES TRACE AMOUNT.




$$
