000
CDHW40 PHFO 270229
CLIHNL


CLIMATE REPORT
NATIONAL WEATHER SERVICE HONOLULU HI
428 PM HST SUN FEB 26 2017


...................................

...THE HONOLULU HI CLIMATE SUMMARY FOR FEBRUARY 26 2017...
VALID TODAY AS OF 0400 PM LOCAL TIME.

CLIMATE NORMAL PERIOD 1981 TO 2010
CLIMATE RECORD PERIOD 1946 TO 2017


WEATHER ITEM   OBSERVED TIME   RECORD YEAR NORMAL DEPARTURE LAST
                VALUE   (LST)  VALUE       VALUE  FROM      YEAR
                                                  NORMAL
..................................................................
TEMPERATURE (F)
 TODAY
  MAXIMUM         83    334 PM  86    1977  80      3       82
  MINIMUM         66    551 AM  55    1991  66      0       67
  AVERAGE         75                        73      2       75

PRECIPITATION (IN)
  TODAY            0.00          3.07 2004   0.08  -0.08     0.00
  MONTH TO DATE    5.82                      1.84   3.98     0.32
  SINCE DEC 1      6.90                      7.39  -0.49     0.62
  SINCE JAN 1      6.03                      4.15   1.88     0.35

SNOWFALL (IN)
  TODAY            0.0
  MONTH TO DATE    0.0
  SINCE DEC 1      0.0
  SINCE JUL 1      0.0
  SNOW DEPTH       0

DEGREE DAYS
 HEATING
  TODAY            0                         0      0        0
  MONTH TO DATE    0                         0      0        0
  SINCE DEC 1      0                         0      0        0
  SINCE JUL 1      0                         0      0        0

 COOLING
  TODAY           10                         8      2       10
  MONTH TO DATE  236                       208     28      258
  SINCE DEC 1    814                       764     50      957
  SINCE JAN 1    509                       462     47      551
..................................................................


WIND (MPH)
  HIGHEST WIND SPEED    17   HIGHEST WIND DIRECTION     E (80)
  HIGHEST GUST SPEED    21   HIGHEST GUST DIRECTION     E (90)
  AVERAGE WIND SPEED     6.5


SKY COVER
  POSSIBLE SUNSHINE  MM
  AVERAGE SKY COVER 0.7


WEATHER CONDITIONS
 THE FOLLOWING WEATHER WAS RECORDED TODAY.
  NO SIGNIFICANT WEATHER WAS OBSERVED.


RELATIVE HUMIDITY (PERCENT)
 HIGHEST    81           300 AM
 LOWEST     43           300 PM
 AVERAGE    62

..........................................................


THE HONOLULU HI CLIMATE NORMALS FOR TOMORROW
                         NORMAL    RECORD    YEAR
 MAXIMUM TEMPERATURE (F)   80        85      1977
 MINIMUM TEMPERATURE (F)   66        58      1987
                                             1972


SUNRISE AND SUNSET
FEBRUARY 26 2017......SUNRISE   654 AM HST   SUNSET   635 PM HST
FEBRUARY 27 2017......SUNRISE   653 AM HST   SUNSET   635 PM HST


-  INDICATES NEGATIVE NUMBERS.
R  INDICATES RECORD WAS SET OR TIED.
MM INDICATES DATA IS MISSING.
T  INDICATES TRACE AMOUNT.




$$
