000
CDHW40 PHFO 011245
CLIHNL


CLIMATE REPORT
NATIONAL WEATHER SERVICE HONOLULU HI
245 AM HST SUN MAY 1 2016


...................................

...THE HONOLULU HI CLIMATE SUMMARY FOR APRIL 30 2016...

CLIMATE NORMAL PERIOD 1981 TO 2010
CLIMATE RECORD PERIOD 1946 TO 2016


WEATHER ITEM   OBSERVED TIME   RECORD YEAR NORMAL DEPARTURE LAST
                VALUE   (LST)  VALUE       VALUE  FROM      YEAR
                                                  NORMAL
..................................................................
TEMPERATURE (F)
 YESTERDAY
  MAXIMUM         86    233 PM  89    1990  83      3       81
  MINIMUM         73   1004 PM  63    1995  70      3       69
  AVERAGE         80                        77      3       75

PRECIPITATION (IN)
  YESTERDAY        0.01          0.19 1966   0.02  -0.01      T
  MONTH TO DATE    0.22                      0.63  -0.41     0.37
  SINCE MAR 1      0.44                      2.65  -2.21     0.99
  SINCE JAN 1      0.87                      6.95  -6.08     2.79

SNOWFALL (IN)
  YESTERDAY        0.0
  MONTH TO DATE    0.0
  SINCE MAR 1      0.0
  SINCE JUL 1      0.0
  SNOW DEPTH       0

DEGREE DAYS
 HEATING
  YESTERDAY        0                         0      0        0
  MONTH TO DATE    0                         0      0        0
  SINCE MAR 1      0                         0      0        0
  SINCE JUL 1      0                         0      0        0

 COOLING
  YESTERDAY       15                        12      3       10
  MONTH TO DATE  396                       332     64      340
  SINCE MAR 1    698                       625     73      616
  SINCE JAN 1   1280                      1107    173     1126
..................................................................


WIND (MPH)
  HIGHEST WIND SPEED    21   HIGHEST WIND DIRECTION    NE (40)
  HIGHEST GUST SPEED    28   HIGHEST GUST DIRECTION    NE (40)
  AVERAGE WIND SPEED    10.2


SKY COVER
  POSSIBLE SUNSHINE  MM
  AVERAGE SKY COVER 0.5


WEATHER CONDITIONS
 THE FOLLOWING WEATHER WAS RECORDED YESTERDAY.
  LIGHT RAIN


RELATIVE HUMIDITY (PERCENT)
 HIGHEST    74          1200 AM
 LOWEST     51           100 PM
 AVERAGE    63

..........................................................


THE HONOLULU HI CLIMATE NORMALS FOR TODAY
                         NORMAL    RECORD    YEAR
 MAXIMUM TEMPERATURE (F)   83        87      1994
                                             1990
 MINIMUM TEMPERATURE (F)   70        62      2006
                                             1995
                                             1989


SUNRISE AND SUNSET
MAY  1 2016...........SUNRISE   600 AM HST   SUNSET   657 PM HST
MAY  2 2016...........SUNRISE   600 AM HST   SUNSET   658 PM HST


-  INDICATES NEGATIVE NUMBERS.
R  INDICATES RECORD WAS SET OR TIED.
MM INDICATES DATA IS MISSING.
T  INDICATES TRACE AMOUNT.




$$
