000
CDUS43 KFSD 220657
CLIHON


CLIMATE REPORT
NATIONAL WEATHER SERVICE SIOUX FALLS SD
1256 AM CST MON JAN 22 2018


...................................

...THE HURON SD CLIMATE SUMMARY FOR JANUARY 21 2018...

CLIMATE NORMAL PERIOD 1981 TO 2010
CLIMATE RECORD PERIOD 1881 TO 2018


WEATHER ITEM   OBSERVED TIME   RECORD YEAR NORMAL DEPARTURE LAST
                VALUE   (LST)  VALUE       VALUE  FROM      YEAR
                                                  NORMAL
..................................................................
TEMPERATURE (F)
 YESTERDAY
  MAXIMUM         38    340 AM  59    1900  27     11       37
  MINIMUM         26   1159 PM -34    1949   7     19       25
  AVERAGE         32                        17     15       31

PRECIPITATION (IN)
  YESTERDAY        0.18          1.09 1917   0.02   0.16     0.00
  MONTH TO DATE    0.30                      0.34  -0.04     0.33
  SINCE DEC 1      0.80                      0.86  -0.06     1.72
  SINCE JAN 1      0.30                      0.34  -0.04     0.33

SNOWFALL (IN)
  YESTERDAY        3.5          11.5  1917   0.2    3.3      0.0
  MONTH TO DATE    4.8                       4.9   -0.1      4.0
  SINCE DEC 1     11.7                      12.9   -1.2     14.0
  SINCE JUL 1     13.0                      21.2   -8.2     18.7
  SNOW DEPTH       0

DEGREE DAYS
 HEATING
  YESTERDAY       33                        48    -15       34
  MONTH TO DATE 1072                      1023     49     1106
  SINCE DEC 1   2435                      2441     -6     2605
  SINCE JUL 1   4000                      4143   -143     3813

 COOLING
  YESTERDAY        0                         0      0        0
  MONTH TO DATE    0                         0      0        0
  SINCE DEC 1      0                         0      0        0
  SINCE JAN 1      0                         0      0        0
..................................................................


WIND (MPH)
  HIGHEST WIND SPEED    21   HIGHEST WIND DIRECTION     N (350)
  HIGHEST GUST SPEED    25   HIGHEST GUST DIRECTION     N (350)
  AVERAGE WIND SPEED    10.2


SKY COVER
  POSSIBLE SUNSHINE  MM
  AVERAGE SKY COVER 1.0


WEATHER CONDITIONS
 THE FOLLOWING WEATHER WAS RECORDED YESTERDAY.
  LIGHT RAIN
  LIGHT SNOW
  FOG


RELATIVE HUMIDITY (PERCENT)
 HIGHEST   100          1000 AM
 LOWEST     76           400 AM
 AVERAGE    88

..........................................................


THE HURON SD CLIMATE NORMALS FOR TODAY
                         NORMAL    RECORD    YEAR
 MAXIMUM TEMPERATURE (F)   27        60      1900
 MINIMUM TEMPERATURE (F)    7       -31      1886


SUNRISE AND SUNSET
JANUARY 22 2018.......SUNRISE   801 AM CST   SUNSET   529 PM CST
JANUARY 23 2018.......SUNRISE   800 AM CST   SUNSET   530 PM CST


-  INDICATES NEGATIVE NUMBERS.
R  INDICATES RECORD WAS SET OR TIED.
MM INDICATES DATA IS MISSING.
T  INDICATES TRACE AMOUNT.




$$
