000
CDUS43 KFSD 290634
CLIHON


CLIMATE REPORT
NATIONAL WEATHER SERVICE SIOUX FALLS SD
130 AM CDT FRI AUG 29 2014


...................................

...THE HURON SD CLIMATE SUMMARY FOR AUGUST 28 2014...

CLIMATE NORMAL PERIOD 1981 TO 2010
CLIMATE RECORD PERIOD 1881 TO 2014


WEATHER ITEM   OBSERVED TIME   RECORD YEAR NORMAL DEPARTURE LAST
                VALUE   (LST)  VALUE       VALUE  FROM      YEAR
                                                  NORMAL
..................................................................
TEMPERATURE (F)
 YESTERDAY
  MAXIMUM         74    444 PM 101    1937  82     -8       92
  MINIMUM         67    915 AM  34    1893  57     10       72
  AVERAGE         71                        69      2       82

PRECIPITATION (IN)
  YESTERDAY        0.46          0.92 1920   0.07   0.39      T
  MONTH TO DATE    2.82                      2.22   0.60     1.22
  SINCE JUN 1      8.86                      9.07  -0.21     6.61
  SINCE JAN 1     13.35                     17.05  -3.70    17.20

SNOWFALL (IN)
  YESTERDAY        0.0           0.0    MM   0.0    0.0      0.0
  MONTH TO DATE    0.0                       0.0    0.0      0.0
  SINCE JUN 1      0.0                       0.0    0.0      0.0
  SINCE JUL 1      0.0                       0.0    0.0      0.0
  SNOW DEPTH       0

DEGREE DAYS
 HEATING
  YESTERDAY        0                         1     -1        0
  MONTH TO DATE   10                        12     -2        1
  SINCE JUN 1     73                        71      2       88
  SINCE JUL 1     33                        20     13       22

 COOLING
  YESTERDAY        6                         6      0       17
  MONTH TO DATE  167                       211    -44      215
  SINCE JUN 1    447                       621   -174      605
  SINCE JAN 1    509                       654   -145      643
..................................................................


WIND (MPH)
  HIGHEST WIND SPEED    12   HIGHEST WIND DIRECTION    SE (130)
  HIGHEST GUST SPEED    17   HIGHEST GUST DIRECTION    SE (120)
  AVERAGE WIND SPEED     6.7


SKY COVER
  POSSIBLE SUNSHINE  MM
  AVERAGE SKY COVER 0.9


WEATHER CONDITIONS
 THE FOLLOWING WEATHER WAS RECORDED YESTERDAY.
  THUNDERSTORM
  HEAVY RAIN
  RAIN
  LIGHT RAIN
  FOG


RELATIVE HUMIDITY (PERCENT)
 HIGHEST   100           400 AM
 LOWEST     84           100 PM
 AVERAGE    92

..........................................................


THE HURON SD CLIMATE NORMALS FOR TODAY
                         NORMAL    RECORD    YEAR
 MAXIMUM TEMPERATURE (F)   82       101      2012
                                             1961
 MINIMUM TEMPERATURE (F)   56        36      1946


SUNRISE AND SUNSET
AUGUST 29 2014........SUNRISE   652 AM CDT   SUNSET   814 PM CDT
AUGUST 30 2014........SUNRISE   653 AM CDT   SUNSET   813 PM CDT


-  INDICATES NEGATIVE NUMBERS.
R  INDICATES RECORD WAS SET OR TIED.
MM INDICATES DATA IS MISSING.
T  INDICATES TRACE AMOUNT.




$$
