000
CDUS43 KFSD 040629
CLIHON


CLIMATE REPORT
NATIONAL WEATHER SERVICE SIOUX FALLS SD
1228 AM CST WED MAR 4 2015


...................................

...THE HURON SD CLIMATE SUMMARY FOR MARCH 3 2015...

CLIMATE NORMAL PERIOD 1981 TO 2010
CLIMATE RECORD PERIOD 1881 TO 2015


WEATHER ITEM   OBSERVED TIME   RECORD YEAR NORMAL DEPARTURE LAST
                VALUE   (LST)  VALUE       VALUE  FROM      YEAR
                                                  NORMAL
..................................................................
TEMPERATURE (F)
 YESTERDAY
  MAXIMUM         31    101 AM  74    1905  38     -7       12
  MINIMUM         -6   1159 PM -15    1960  18    -24       -8
                                      1884
  AVERAGE         13                        28    -15        2

PRECIPITATION (IN)
  YESTERDAY        0.11          2.82 1985   0.03   0.08     0.00
  MONTH TO DATE    0.11                      0.09   0.02     0.03
  SINCE MAR 1      0.11                      0.09   0.02     0.03
  SINCE JAN 1      0.72                      1.19  -0.47     0.59

SNOWFALL (IN)
  YESTERDAY        1.2          18.3  1985   0.3    0.9      0.0
  MONTH TO DATE    1.2                       1.0    0.2      1.0
  SINCE MAR 1      1.2                       1.0    0.2      1.0
  SINCE JUL 1     22.8                      32.0   -9.2     22.7
  SNOW DEPTH       1

DEGREE DAYS
 HEATING
  YESTERDAY       52                        37     15       63
  MONTH TO DATE  147                       113     34      202
  SINCE MAR 1    147                       113     34      202
  SINCE JUL 1   6084                      5945    139     6522

 COOLING
  YESTERDAY        0                         0      0        0
  MONTH TO DATE    0                         0      0        0
  SINCE MAR 1      0                         0      0        0
  SINCE JAN 1      0                         0      0        0
..................................................................


WIND (MPH)
  HIGHEST WIND SPEED    38   HIGHEST WIND DIRECTION     N (360)
  HIGHEST GUST SPEED    52   HIGHEST GUST DIRECTION     N (340)
  AVERAGE WIND SPEED    16.1


SKY COVER
  POSSIBLE SUNSHINE  MM
  AVERAGE SKY COVER 0.6


WEATHER CONDITIONS
 THE FOLLOWING WEATHER WAS RECORDED YESTERDAY.
  SNOW
  LIGHT SNOW
  FOG
  HAZE
  BLOWING SNOW


RELATIVE HUMIDITY (PERCENT)
 HIGHEST   100           500 AM
 LOWEST     53           600 PM
 AVERAGE    77

..........................................................


THE HURON SD CLIMATE NORMALS FOR TODAY
                         NORMAL    RECORD    YEAR
 MAXIMUM TEMPERATURE (F)   38        69      2000
 MINIMUM TEMPERATURE (F)   18       -24      1960
                                             1891


SUNRISE AND SUNSET
MARCH  4 2015.........SUNRISE   705 AM CST   SUNSET   625 PM CST
MARCH  5 2015.........SUNRISE   704 AM CST   SUNSET   626 PM CST


-  INDICATES NEGATIVE NUMBERS.
R  INDICATES RECORD WAS SET OR TIED.
MM INDICATES DATA IS MISSING.
T  INDICATES TRACE AMOUNT.




$$
