000
CDUS43 KFSD 180635
CLIHON


CLIMATE REPORT
NATIONAL WEATHER SERVICE SIOUX FALLS SD
134 AM CDT FRI AUG 18 2017


...................................

...THE HURON SD CLIMATE SUMMARY FOR AUGUST 17 2017...

CLIMATE NORMAL PERIOD 1981 TO 2010
CLIMATE RECORD PERIOD 1881 TO 2017


WEATHER ITEM   OBSERVED TIME   RECORD YEAR NORMAL DEPARTURE LAST
                VALUE   (LST)  VALUE       VALUE  FROM      YEAR
                                                  NORMAL
..................................................................
TEMPERATURE (F)
 YESTERDAY
  MAXIMUM         82    439 PM 102    1976  84     -2       88
  MINIMUM         55    611 AM  40    2012  59     -4       60
                                      1943
  AVERAGE         69                        72     -3       74

PRECIPITATION (IN)
  YESTERDAY        0.09          1.84 1881   0.08   0.01     0.00
  MONTH TO DATE    1.45                      1.47  -0.02     2.45
  SINCE JUN 1      7.89                      8.32  -0.43     5.36
  SINCE JAN 1     11.98                     16.30  -4.32    14.17

SNOWFALL (IN)
  YESTERDAY        0.0           0.0    MM   0.0    0.0      0.0
  MONTH TO DATE    0.0                       0.0    0.0      0.0
  SINCE JUN 1      0.0                       0.0    0.0      0.0
  SINCE JUL 1      0.0                       0.0    0.0      0.0
  SNOW DEPTH       0

DEGREE DAYS
 HEATING
  YESTERDAY        0                         1     -1        0
  MONTH TO DATE    6                         1      5        0
  SINCE JUN 1     37                        60    -23       23
  SINCE JUL 1      6                         9     -3        6

 COOLING
  YESTERDAY        4                         7     -3        9
  MONTH TO DATE   38                       140   -102      168
  SINCE JUN 1    541                       550     -9      690
  SINCE JAN 1    562                       583    -21      721
..................................................................


WIND (MPH)
  HIGHEST WIND SPEED    32   HIGHEST WIND DIRECTION    NW (310)
  HIGHEST GUST SPEED    42   HIGHEST GUST DIRECTION    NW (300)
  AVERAGE WIND SPEED     9.5


SKY COVER
  POSSIBLE SUNSHINE  MM
  AVERAGE SKY COVER 0.1


WEATHER CONDITIONS
 THE FOLLOWING WEATHER WAS RECORDED YESTERDAY.
  THUNDERSTORM
  LIGHT RAIN
  FOG


RELATIVE HUMIDITY (PERCENT)
 HIGHEST   100          1200 AM
 LOWEST     42           400 PM
 AVERAGE    71

..........................................................


THE HURON SD CLIMATE NORMALS FOR TODAY
                         NORMAL    RECORD    YEAR
 MAXIMUM TEMPERATURE (F)   84       102      1976
                                             1959
 MINIMUM TEMPERATURE (F)   59        42      2002


SUNRISE AND SUNSET
AUGUST 18 2017........SUNRISE   640 AM CDT   SUNSET   833 PM CDT
AUGUST 19 2017........SUNRISE   641 AM CDT   SUNSET   831 PM CDT


-  INDICATES NEGATIVE NUMBERS.
R  INDICATES RECORD WAS SET OR TIED.
MM INDICATES DATA IS MISSING.
T  INDICATES TRACE AMOUNT.




$$
