000
CDUS44 KHGX 222133
CLIHOU

CLIMATE REPORT
NATIONAL WEATHER SERVICE HOUSTON/GALVESTON TX
433 PM CDT TUE JUL 22 2014


...................................

...THE HOUSTON INTERCONTINENTAL CLIMATE SUMMARY FOR JULY 22 2014...
VALID TODAY AS OF 400 PM LOCAL TIME.

CLIMATE NORMAL PERIOD 1981 TO 2010
CLIMATE RECORD PERIOD 1892 TO 2014


WEATHER ITEM   OBSERVED TIME   RECORD YEAR NORMAL DEPARTURE LAST
                VALUE   (LST)  VALUE       VALUE  FROM      YEAR
                                                  NORMAL
..................................................................
TEMPERATURE (F)
 TODAY
  MAXIMUM         96    254 PM 101    2000  94      2       95
  MINIMUM         77    608 AM  67    1988  75      2       77
  AVERAGE         87                        85      2       86

PRECIPITATION (IN)
  TODAY            0.00          2.78 1933   0.10  -0.10     0.00
  MONTH TO DATE    1.38                      2.89  -1.51     3.84
  SINCE JUN 1      3.56                      8.82  -5.26     8.30
  SINCE JAN 1     22.63                     27.21  -4.58    17.62

DEGREE DAYS
 COOLING
  TODAY           22                        20      2       21
  MONTH TO DATE  406                       422    -16      404
  SINCE JUN 1    939                       942     -3      995
  SINCE JAN 1   1480                      1594   -114     1565
..................................................................


WIND (MPH)
  RESULTANT WIND SPEED   1   RESULTANT WIND DIRECTION   W (290)
  HIGHEST WIND SPEED     8   HIGHEST WIND DIRECTION     N (350)
  HIGHEST GUST SPEED    10   HIGHEST GUST DIRECTION     N (350)
  AVERAGE WIND SPEED     2.4



WEATHER CONDITIONS
 THE FOLLOWING WEATHER WAS RECORDED TODAY.
  NO SIGNIFICANT WEATHER WAS OBSERVED.


RELATIVE HUMIDITY (PERCENT)
 HIGHEST    94           600 AM
 LOWEST     48           300 PM
 AVERAGE    71

..........................................................


THE HOUSTON INTERCONTINENTAL CLIMATE NORMALS FOR TOMORROW
                         NORMAL    RECORD    YEAR
 MAXIMUM TEMPERATURE (F)   94       101      1980
 MINIMUM TEMPERATURE (F)   75        64      1970


SUNRISE AND SUNSET
JULY 22 2014..........SUNRISE   635 AM CDT   SUNSET   821 PM CDT
JULY 23 2014..........SUNRISE   635 AM CDT   SUNSET   820 PM CDT


-  INDICATES NEGATIVE NUMBERS.
R  INDICATES RECORD WAS SET OR TIED.
MM INDICATES DATA IS MISSING.
T  INDICATES TRACE AMOUNT.




...................................

...THE HOUSTON/HOBBY AIRPORT CLIMATE SUMMARY FOR JULY 22 2014...
VALID TODAY AS OF 400 PM LOCAL TIME.

CLIMATE NORMAL PERIOD 1981 TO 2010
CLIMATE RECORD PERIOD 1930 TO 2014


WEATHER ITEM   OBSERVED TIME   RECORD YEAR NORMAL DEPARTURE LAST
                VALUE   (LST)  VALUE       VALUE  FROM      YEAR
                                                  NORMAL
..................................................................
TEMPERATURE (F)
 TODAY
  MAXIMUM         94    259 PM  99    1958  93      1       95
  MINIMUM         77    511 AM  70    1970  76      1       72
                                      1944
                                      1938
  AVERAGE         86                        84      2       84

PRECIPITATION (IN)
  TODAY            0.00          1.02 1938   0.12  -0.12     0.00
  MONTH TO DATE    0.69                      3.55  -2.86     1.29
  SINCE JUN 1      3.67                     10.65  -6.98     2.65
  SINCE JAN 1     20.51                     28.93  -8.42    21.11

DEGREE DAYS
 COOLING
  TODAY           21                        19      2       19
  MONTH TO DATE  412                       412      0      430
  SINCE JUN 1    941                       922     19     1032
  SINCE JAN 1   1492                      1576    -84     1602
..................................................................


WIND (MPH)
  RESULTANT WIND SPEED   1   RESULTANT WIND DIRECTION  SW (230)
  HIGHEST WIND SPEED     9   HIGHEST WIND DIRECTION    SW (220)
  HIGHEST GUST SPEED    14   HIGHEST GUST DIRECTION     S (190)
  AVERAGE WIND SPEED     3.0



WEATHER CONDITIONS
 THE FOLLOWING WEATHER WAS RECORDED TODAY.
  NO SIGNIFICANT WEATHER WAS OBSERVED.


RELATIVE HUMIDITY (PERCENT)
 HIGHEST    94           500 AM
 LOWEST     49           300 PM
 AVERAGE    72

..........................................................


THE HOUSTON/HOBBY AIRPORT CLIMATE NORMALS FOR TOMORROW
                         NORMAL    RECORD    YEAR
 MAXIMUM TEMPERATURE (F)   93        99      2000
                                             1954
 MINIMUM TEMPERATURE (F)   76        69      1947


SUNRISE AND SUNSET
JULY 22 2014..........SUNRISE   635 AM CDT   SUNSET   820 PM CDT
JULY 23 2014..........SUNRISE   636 AM CDT   SUNSET   819 PM CDT


-  INDICATES NEGATIVE NUMBERS.
R  INDICATES RECORD WAS SET OR TIED.
MM INDICATES DATA IS MISSING.
T  INDICATES TRACE AMOUNT.



...MISCELLANEOUS CLIMATE DATA FOR TODAY...

LOCATION                        HIGH    LOW     PRECIP

PEARLAND                         95      77      0.00
SUGAR LAND                       95      76      0.00
TOMBALL                          93      76      0.00
CONROE                           93      74      0.00
HUNTSVILLE                       92      76      0.00
ANGLETON/LAKE JACKSON            94      74      0.00
PALACIOS                         91      81      0.00
LEAGUE CITY (NWS)                95      77      0.00


THIS PRODUCT...ALONG WITH OTHER WEATHER...HYDROLOGIC...AND CLIMATE
PRODUCTS...IS AVAILABLE ON THE WEB AT HTTP://WWW.SRH.NOAA.GOV/HGX
OR AT HTTP://WEATHER.GOV


$$
