000
CDUS44 KHGX 110818
CLIHOU


CLIMATE REPORT
NATIONAL WEATHER SERVICE HOUSTON/GALVESTON TX
217 AM CST THU FEB 11 2016


...................................

...THE HOUSTON INTERCONTINENTAL CLIMATE SUMMARY FOR FEBRUARY 10 2016...

CLIMATE NORMAL PERIOD 1981 TO 2010
CLIMATE RECORD PERIOD 1892 TO 2016


WEATHER ITEM   OBSERVED TIME   RECORD YEAR NORMAL DEPARTURE LAST
                VALUE   (LST)  VALUE       VALUE  FROM      YEAR
                                                  NORMAL
..................................................................
TEMPERATURE (F)
 YESTERDAY
  MAXIMUM         71    349 PM  85    1957  65      6       74
  MINIMUM         38    731 AM  22    1973  46     -8       43
  AVERAGE         55                        55      0       59

PRECIPITATION (IN)
  YESTERDAY        0.00          2.22 1985   0.12  -0.12     0.00
  MONTH TO DATE    0.15                      1.09  -0.94     0.34
  SINCE DEC 1      7.52                      8.21  -0.69     9.11
  SINCE JAN 1      2.31                      4.47  -2.16     3.51

SNOWFALL (IN)
  YESTERDAY        0.0           0.0  2002
  MONTH TO DATE    0.0
  SINCE DEC 1      0.0
  SINCE JUL 1      0.0

DEGREE DAYS
 HEATING
  YESTERDAY       10                        10      0        6
  MONTH TO DATE  112                       109      3      109
  SINCE DEC 1    722                       848   -126      830
  SINCE JUL 1    835                      1033   -198     1078
..................................................................


WIND (MPH)
  HIGHEST WIND SPEED    14   HIGHEST WIND DIRECTION     S (170)
  HIGHEST GUST SPEED    18   HIGHEST GUST DIRECTION     S (170)




RELATIVE HUMIDITY (PERCENT)
 HIGHEST    72
 LOWEST     22
 AVERAGE    47

..........................................................


THE HOUSTON INTERCONTINENTAL CLIMATE NORMALS FOR TODAY
                         NORMAL    RECORD    YEAR
 MAXIMUM TEMPERATURE (F)   66        82      1999
 MINIMUM TEMPERATURE (F)   46        20      1981


SUNRISE AND SUNSET
FEBRUARY 11 2016......SUNRISE   705 AM CST   SUNSET   607 PM CST
FEBRUARY 12 2016......SUNRISE   704 AM CST   SUNSET   607 PM CST


-  INDICATES NEGATIVE NUMBERS.
R  INDICATES RECORD WAS SET OR TIED.
MM INDICATES DATA IS MISSING.
T  INDICATES TRACE AMOUNT.


&&

...................................

...THE HOUSTON/HOBBY AIRPORT CLIMATE SUMMARY FOR FEBRUARY 10 2016...

CLIMATE NORMAL PERIOD 1981 TO 2010
CLIMATE RECORD PERIOD 1930 TO 2016


WEATHER ITEM   OBSERVED TIME   RECORD YEAR NORMAL DEPARTURE LAST
                VALUE   (LST)  VALUE       VALUE  FROM      YEAR
                                                  NORMAL
..................................................................
TEMPERATURE (F)
 YESTERDAY
  MAXIMUM         71    226 PM  85    1957  65      6       73
  MINIMUM         41    633 AM  26    1973  48     -7       50
  AVERAGE         56                        56      0       62

PRECIPITATION (IN)
  YESTERDAY        0.00          2.24 1977   0.12  -0.12     0.00
  MONTH TO DATE    0.19                      1.17  -0.98     0.28
  SINCE DEC 1      6.19                      9.07  -2.88    10.02
  SINCE JAN 1      2.70                      5.04  -2.34     5.41

SNOWFALL (IN)
  YESTERDAY        0.0          MM      MM
  MONTH TO DATE    0.0
  SINCE DEC 1      0.0
  SINCE JUL 1      0.0

DEGREE DAYS
 HEATING
  YESTERDAY        9                         9      0        3
  MONTH TO DATE  100                        99      1       96
  SINCE DEC 1    611                       774   -163      756
  SINCE JUL 1    685                       930   -245      970
..................................................................


WIND (MPH)
  HIGHEST WIND SPEED    15   HIGHEST WIND DIRECTION     S (170)
  HIGHEST GUST SPEED    22   HIGHEST GUST DIRECTION     S (180)




RELATIVE HUMIDITY (PERCENT)
 HIGHEST    77
 LOWEST     25
 AVERAGE    51

..........................................................


THE HOUSTON/HOBBY AIRPORT CLIMATE NORMALS FOR TODAY
                         NORMAL    RECORD    YEAR
 MAXIMUM TEMPERATURE (F)   65        79      2000
                                             1976
                                             1967
 MINIMUM TEMPERATURE (F)   48        20      1981


SUNRISE AND SUNSET
FEBRUARY 11 2016......SUNRISE   704 AM CST   SUNSET   607 PM CST
FEBRUARY 12 2016......SUNRISE   703 AM CST   SUNSET   608 PM CST


-  INDICATES NEGATIVE NUMBERS.
R  INDICATES RECORD WAS SET OR TIED.
MM INDICATES DATA IS MISSING.
T  INDICATES TRACE AMOUNT.




$$
