000
CDUS44 KHGX 211430
CLIHOU

CLIMATE REPORT
NATIONAL WEATHER SERVICE HOUSTON/GALVESTON TX
830 AM CST TUE FEB 21 2017

...MORNING CLIMATE DATA...

                            MORNING LOW    PRECIP SINCE MIDNIGHT
HOUSTON INTERCONTINENTAL         54                0.00
GALVESTON SCHOLES FIELD          62                0.00
BRYAN/COLLEGE STATION            58                0.00
HOUSTON HOBBY                    56                0.00

...................................

...THE HOUSTON INTERCONTINENTAL CLIMATE SUMMARY FOR FEBRUARY 20 2017...

CLIMATE NORMAL PERIOD 1981 TO 2010
CLIMATE RECORD PERIOD 1892 TO 2017


WEATHER ITEM   OBSERVED TIME   RECORD YEAR NORMAL DEPARTURE LAST
                VALUE   (LST)  VALUE       VALUE  FROM      YEAR
                                                  NORMAL
..................................................................
TEMPERATURE (F)
 YESTERDAY
  MAXIMUM         71    517 AM  91    1986  67      4       79
  MINIMUM         58   1159 PM  25    1908  48     10       63
  AVERAGE         65                        57      8       71

PRECIPITATION (IN)
  YESTERDAY        1.39          2.60 1902   0.12   1.27     0.00
  MONTH TO DATE    2.41                      2.28   0.13     0.15
  SINCE DEC 1     12.06                      9.40   2.66     7.52
  SINCE JAN 1      8.50                      5.66   2.84     2.31

SNOWFALL (IN)
  YESTERDAY        0.0           T    1929
  MONTH TO DATE    0.0
  SINCE DEC 1      0.0
  SINCE JUL 1      0.0

DEGREE DAYS
 HEATING
  YESTERDAY        0                         8     -8        0
  MONTH TO DATE   59                       202   -143      137
  SINCE DEC 1    530                       941   -411      747
  SINCE JUL 1    588                      1126   -538      860
..................................................................


WIND (MPH)
  HIGHEST WIND SPEED    24   HIGHEST WIND DIRECTION    NW (320)
  HIGHEST GUST SPEED    30   HIGHEST GUST DIRECTION    NW (320)




RELATIVE HUMIDITY (PERCENT)
 HIGHEST    97
 LOWEST     84
 AVERAGE    91

..........................................................


THE HOUSTON INTERCONTINENTAL CLIMATE NORMALS FOR TODAY
                         NORMAL    RECORD    YEAR
 MAXIMUM TEMPERATURE (F)   67        89      1996
 MINIMUM TEMPERATURE (F)   48        24      1978


SUNRISE AND SUNSET
FEBRUARY 21 2017......SUNRISE   655 AM CST   SUNSET   615 PM CST
FEBRUARY 22 2017......SUNRISE   654 AM CST   SUNSET   616 PM CST


-  INDICATES NEGATIVE NUMBERS.
R  INDICATES RECORD WAS SET OR TIED.
MM INDICATES DATA IS MISSING.
T  INDICATES TRACE AMOUNT.


&&

...................................

...THE HOUSTON/HOBBY AIRPORT CLIMATE SUMMARY FOR FEBRUARY 20 2017...

CLIMATE NORMAL PERIOD 1981 TO 2010
CLIMATE RECORD PERIOD 1930 TO 2017


WEATHER ITEM   OBSERVED TIME   RECORD YEAR NORMAL DEPARTURE LAST
                VALUE   (LST)  VALUE       VALUE  FROM      YEAR
                                                  NORMAL
..................................................................
TEMPERATURE (F)
 YESTERDAY
  MAXIMUM         72    326 AM  85    1986  67      5       79
  MINIMUM         57   1159 PM  32    1978  50      7       61
  AVERAGE         65                        58      7       70

PRECIPITATION (IN)
  YESTERDAY        0.93          1.78 1997   0.11   0.82     0.00
  MONTH TO DATE    2.05                      2.34  -0.29     0.20
  SINCE DEC 1      9.81                     10.24  -0.43     6.20
  SINCE JAN 1      6.12                      6.21  -0.09     2.71

SNOWFALL (IN)
  YESTERDAY        0.0          MM      MM
  MONTH TO DATE    0.0
  SINCE DEC 1      0.0
  SINCE JUL 1      0.0

DEGREE DAYS
 HEATING
  YESTERDAY        0                         8     -8        0
  MONTH TO DATE   52                       184   -132      111
  SINCE DEC 1    453                       859   -406      622
  SINCE JUL 1    490                      1015   -525      696
..................................................................


WIND (MPH)
  HIGHEST WIND SPEED    32   HIGHEST WIND DIRECTION    NW (320)
  HIGHEST GUST SPEED    41   HIGHEST GUST DIRECTION    NW (320)




RELATIVE HUMIDITY (PERCENT)
 HIGHEST   100
 LOWEST     84
 AVERAGE    92

..........................................................


THE HOUSTON/HOBBY AIRPORT CLIMATE NORMALS FOR TODAY
                         NORMAL    RECORD    YEAR
 MAXIMUM TEMPERATURE (F)   67        86      1996
 MINIMUM TEMPERATURE (F)   50        27      1978


SUNRISE AND SUNSET
FEBRUARY 21 2017......SUNRISE   655 AM CST   SUNSET   615 PM CST
FEBRUARY 22 2017......SUNRISE   654 AM CST   SUNSET   616 PM CST


-  INDICATES NEGATIVE NUMBERS.
R  INDICATES RECORD WAS SET OR TIED.
MM INDICATES DATA IS MISSING.
T  INDICATES TRACE AMOUNT.

...MISCELLANEOUS CLIMATE DATA FOR YESTERDAY...

LOCATION                        HIGH    LOW     PRECIP
PEARLAND                         74      59      0.97
SUGAR LAND                       71      56      1.37
TOMBALL                          73      59      1.53
CONROE                           70      57      1.69
HUNTSVILLE                       71      57      2.81
ANGLETON/LAKE JACKSON            73      56      1.48
PALACIOS                         72      59      1.31
LEAGUE CITY (NWS)                71      57      0.72


THIS PRODUCT...ALONG WITH OTHER WEATHER...HYDROLOGIC...AND CLIMATE
PRODUCTS...IS AVAILABLE ON THE WEB AT HTTP://WWW.SRH.NOAA.GOV/HGX
OR AT HTTP://WEATHER.GOV



$$
