000
CDUS44 KHGX 271306
CLIHOU

CLIMATE REPORT
NATIONAL WEATHER SERVICE HOUSTON/GALVESTON TX
805 AM CDT THU APR 27 2017

...MORNING CLIMATE DATA...

                            MORNING LOW    PRECIP SINCE MIDNIGHT
HOUSTON INTERCONTINENTAL         53                0.00
GALVESTON SCHOLES FIELD          60                0.00
BRYAN/COLLEGE STATION            51                0.00
HOUSTON HOBBY                    55                0.00

...................................

...THE HOUSTON INTERCONTINENTAL CLIMATE SUMMARY FOR APRIL 26 2017...

CLIMATE NORMAL PERIOD 1981 TO 2010
CLIMATE RECORD PERIOD 1892 TO 2017


WEATHER ITEM   OBSERVED TIME   RECORD YEAR NORMAL DEPARTURE LAST
                VALUE   (LST)  VALUE       VALUE  FROM      YEAR
                                                  NORMAL
..................................................................
TEMPERATURE (F)
 YESTERDAY
  MAXIMUM         91R   508 PM  91    1988  82      9       83
                                      1944
  MINIMUM         63   1159 PM  46    1978  62      1       73
                                      1977
  AVERAGE         77                        72      5       78

PRECIPITATION (IN)
  YESTERDAY        T             3.52 1990   0.12  -0.12     0.00
  MONTH TO DATE    1.67                      2.79  -1.12    13.18
  SINCE MAR 1      7.30                      6.20   1.10    16.43
  SINCE JAN 1     15.81                     12.78   3.03    20.54

SNOWFALL (IN)
  YESTERDAY        0.0          MM      MM
  MONTH TO DATE    0.0
  SINCE MAR 1      0.0
  SINCE JUL 1      0.0

DEGREE DAYS
 HEATING
  YESTERDAY        0                         0      0        0
  MONTH TO DATE    1                        35    -34       20
  SINCE MAR 1     53                       176   -123      100
  SINCE JUL 1    653                      1364   -711     1017

 COOLING
  YESTERDAY       12                         7      5       13
  MONTH TO DATE  182                       140     42       99
  SINCE MAR 1    340                       211    129      198
  SINCE JAN 1    519                       249    270      235
..................................................................


WIND (MPH)
  HIGHEST WIND SPEED    26   HIGHEST WIND DIRECTION    NW (330)
  HIGHEST GUST SPEED    32   HIGHEST GUST DIRECTION     N (340)


RELATIVE HUMIDITY (PERCENT)
 HIGHEST    82
 LOWEST     41
 AVERAGE    62

..........................................................


THE HOUSTON INTERCONTINENTAL CLIMATE NORMALS FOR TODAY
                         NORMAL    RECORD    YEAR
 MAXIMUM TEMPERATURE (F)   82        93      2011
                                             1933
 MINIMUM TEMPERATURE (F)   63        47      1978


SUNRISE AND SUNSET
APRIL 27 2017.........SUNRISE   642 AM CDT   SUNSET   756 PM CDT
APRIL 28 2017.........SUNRISE   641 AM CDT   SUNSET   757 PM CDT


-  INDICATES NEGATIVE NUMBERS.
R  INDICATES RECORD WAS SET OR TIED.
MM INDICATES DATA IS MISSING.
T  INDICATES TRACE AMOUNT.


&&

...................................

...THE HOUSTON/HOBBY AIRPORT CLIMATE SUMMARY FOR APRIL 26 2017...

CLIMATE NORMAL PERIOD 1981 TO 2010
CLIMATE RECORD PERIOD 1930 TO 2017


WEATHER ITEM   OBSERVED TIME   RECORD YEAR NORMAL DEPARTURE LAST
                VALUE   (LST)  VALUE       VALUE  FROM      YEAR
                                                  NORMAL
..................................................................
TEMPERATURE (F)
 YESTERDAY
  MAXIMUM         91R   547 PM  91    1944  81     10       85
  MINIMUM         65   1159 PM  46    1937  64      1       74
  AVERAGE         78                        72      6       80

PRECIPITATION (IN)
  YESTERDAY        T             2.56 1990   0.12  -0.12     0.00
  MONTH TO DATE    2.98                      2.74   0.24     8.12
  SINCE MAR 1     11.13                      5.94   5.19    12.26
  SINCE JAN 1     17.25                     13.02   4.23    16.43

SNOWFALL (IN)
  YESTERDAY        0.0          MM      MM
  MONTH TO DATE    0.0
  SINCE MAR 1      0.0
  SINCE JUL 1      0.0

DEGREE DAYS
 HEATING
  YESTERDAY        0                         0      0        0
  MONTH TO DATE    1                        27    -26        8
  SINCE MAR 1     43                       148   -105       52
  SINCE JUL 1    541                      1218   -677      790

 COOLING
  YESTERDAY       13                         8      5       15
  MONTH TO DATE  185                       142     43      162
  SINCE MAR 1    357                       211    146      303
  SINCE JAN 1    544                       249    295      341
..................................................................


WIND (MPH)
  HIGHEST WIND SPEED    24   HIGHEST WIND DIRECTION     N (350)
  HIGHEST GUST SPEED    32   HIGHEST GUST DIRECTION     S (190)


RELATIVE HUMIDITY (PERCENT)
 HIGHEST    87
 LOWEST     23
 AVERAGE    55

..........................................................


THE HOUSTON/HOBBY AIRPORT CLIMATE NORMALS FOR TODAY
                         NORMAL    RECORD    YEAR
 MAXIMUM TEMPERATURE (F)   81        94      2011
 MINIMUM TEMPERATURE (F)   64        53      2005
                                             1980
                                             1978


SUNRISE AND SUNSET
APRIL 27 2017.........SUNRISE   642 AM CDT   SUNSET   756 PM CDT
APRIL 28 2017.........SUNRISE   641 AM CDT   SUNSET   756 PM CDT


-  INDICATES NEGATIVE NUMBERS.
R  INDICATES RECORD WAS SET OR TIED.
MM INDICATES DATA IS MISSING.
T  INDICATES TRACE AMOUNT.


...MISCELLANEOUS CLIMATE DATA FOR YESTERDAY...

LOCATION                        HIGH    LOW     PRECIP
PEARLAND                         92      68       T
SUGAR LAND                       92      66       T
TOMBALL                          91      63       T
CONROE                           89      59      0.01
HUNTSVILLE                       89      58       T
ANGLETON/LAKE JACKSON            89      65      0.01
PALACIOS                         92      67      0.01
LEAGUE CITY (NWS)                85      66       T


THIS PRODUCT...ALONG WITH OTHER WEATHER...HYDROLOGIC...AND CLIMATE
PRODUCTS...IS AVAILABLE ON THE WEB AT HTTP://WWW.WEATHER.GOV/HGX



$$
