000
CDUS44 KHGX 201326 CCA
CLIHOU

CLIMATE REPORT
NATIONAL WEATHER SERVICE HOUSTON/GALVESTON TX
826 AM CDT WED AUG 20 2014


...MORNING CLIMATE DATA...

                            MORNING LOW    PRECIP SINCE MIDNIGHT
HOUSTON INTERCONTINENTAL         74                0.00
GALVESTON SCHOLES FIELD          84                0.00
BRYAN/COLLEGE STATION            77                0.00
HOUSTON HOBBY                    78                0.00
...................................



...THE HOUSTON INTERCONTINENTAL CLIMATE SUMMARY FOR AUGUST 19 2014...

CLIMATE NORMAL PERIOD 1981 TO 2010
CLIMATE RECORD PERIOD 1892 TO 2014


WEATHER ITEM   OBSERVED TIME   RECORD YEAR NORMAL DEPARTURE LAST
                VALUE   (LST)  VALUE       VALUE  FROM      YEAR
                                                  NORMAL
..................................................................
TEMPERATURE (F)
 YESTERDAY
  MAXIMUM         94   1131 AM 107    1909  95     -1       93
  MINIMUM         76   1159 PM  69    2000  75      1       72
                                      1992
                                      1976
  AVERAGE         85                        85      0       83

PRECIPITATION (IN)
  YESTERDAY        T             1.85 1953   0.13  -0.13     0.00
  MONTH TO DATE    0.38                      2.09  -1.71     2.61
  SINCE JUN 1      7.96                     11.81  -3.85    11.16
  SINCE JAN 1     27.03                     30.20  -3.17    20.48

DEGREE DAYS
 COOLING
  YESTERDAY       20                        20      0       18
  MONTH TO DATE  374                       380     -6      404
  SINCE JUN 1   1495                      1501     -6     1591
  SINCE JAN 1   2036                      2153   -117     2161
..................................................................


WIND (MPH)
  HIGHEST WIND SPEED    20   HIGHEST WIND DIRECTION    SE (130)
  HIGHEST GUST SPEED    24   HIGHEST GUST DIRECTION    SE (130)




RELATIVE HUMIDITY (PERCENT)
 HIGHEST    94
 LOWEST     56
 AVERAGE    75

..........................................................


THE HOUSTON INTERCONTINENTAL CLIMATE NORMALS FOR TODAY
                         NORMAL    RECORD    YEAR
 MAXIMUM TEMPERATURE (F)   95       107      1909
 MINIMUM TEMPERATURE (F)   75        65      1976


SUNRISE AND SUNSET
AUGUST 20 2014........SUNRISE   652 AM CDT   SUNSET   757 PM CDT
AUGUST 21 2014........SUNRISE   652 AM CDT   SUNSET   756 PM CDT


-  INDICATES NEGATIVE NUMBERS.
R  INDICATES RECORD WAS SET OR TIED.
MM INDICATES DATA IS MISSING.
T  INDICATES TRACE AMOUNT.




...................................

...THE HOUSTON/HOBBY AIRPORT CLIMATE SUMMARY FOR AUGUST 19 2014...

CLIMATE NORMAL PERIOD 1981 TO 2010
CLIMATE RECORD PERIOD 1930 TO 2014


WEATHER ITEM   OBSERVED TIME   RECORD YEAR NORMAL DEPARTURE LAST
                VALUE   (LST)  VALUE       VALUE  FROM      YEAR
                                                  NORMAL
..................................................................
TEMPERATURE (F)
 YESTERDAY
  MAXIMUM         95   1159 AM 103    2011  93      2       92
  MINIMUM         77    610 AM  69    1938  76      1       73
  AVERAGE         86                        84      2       83

PRECIPITATION (IN)
  YESTERDAY        0.13          2.53 1981   0.17  -0.04     0.00
  MONTH TO DATE    1.15                      2.75  -1.60     1.30
  SINCE JUN 1      5.39                     14.51  -9.12     4.24
  SINCE JAN 1     22.23                     32.79 -10.56    22.70

DEGREE DAYS
 COOLING
  YESTERDAY       21                        19      2       18
  MONTH TO DATE  387                       361     26      398
  SINCE JUN 1   1511                      1454     57     1621
  SINCE JAN 1   2062                      2108    -46     2191
..................................................................


WIND (MPH)
  HIGHEST WIND SPEED    26   HIGHEST WIND DIRECTION     S (170)
  HIGHEST GUST SPEED    33   HIGHEST GUST DIRECTION    SE (150)




RELATIVE HUMIDITY (PERCENT)
 HIGHEST    91
 LOWEST     52
 AVERAGE    72

..........................................................


THE HOUSTON/HOBBY AIRPORT CLIMATE NORMALS FOR TODAY
                         NORMAL    RECORD    YEAR
 MAXIMUM TEMPERATURE (F)   93       101      1999
                                             1930
 MINIMUM TEMPERATURE (F)   76        66      1940


SUNRISE AND SUNSET
AUGUST 20 2014........SUNRISE   652 AM CDT   SUNSET   757 PM CDT
AUGUST 21 2014........SUNRISE   652 AM CDT   SUNSET   756 PM CDT


-  INDICATES NEGATIVE NUMBERS.
R  INDICATES RECORD WAS SET OR TIED.
MM INDICATES DATA IS MISSING.
T  INDICATES TRACE AMOUNT.



...MISCELLANEOUS CLIMATE DATA FOR YESTERDAY...

LOCATION                        HIGH    LOW     PRECIP

PEARLAND                         91      77      0.00
SUGAR LAND                       95      76       T
TOMBALL                          93      74      0.08
CONROE                           96      73      0.13
HUNTSVILLE                       96      75      0.04
ANGLETON/LAKE JACKSON            93      77      0.00
PALACIOS                         93      84      0.00
LEAGUE CITY (NWS)                94      79      0.06


THIS PRODUCT...ALONG WITH OTHER WEATHER...HYDROLOGIC...AND CLIMATE
PRODUCTS...IS AVAILABLE ON THE WEB AT HTTP://WWW.SRH.NOAA.GOV/HGX
OR AT HTTP://WEATHER.GOV



$$
