000
CDUS44 KHGX 270731
CLIHOU


CLIMATE REPORT
NATIONAL WEATHER SERVICE HOUSTON/GALVESTON TX
230 AM CDT SAT AUG 27 2016


...................................

...THE HOUSTON INTERCONTINENTAL CLIMATE SUMMARY FOR AUGUST 26 2016...

CLIMATE NORMAL PERIOD 1981 TO 2010
CLIMATE RECORD PERIOD 1892 TO 2016


WEATHER ITEM   OBSERVED TIME   RECORD YEAR NORMAL DEPARTURE LAST
                VALUE   (LST)  VALUE       VALUE  FROM      YEAR
                                                  NORMAL
..................................................................
TEMPERATURE (F)
 YESTERDAY
  MAXIMUM         89    345 PM 104    2011  94     -5       90
  MINIMUM         73    521 PM  57    1891  74     -1       71
  AVERAGE         81                        84     -3       81

PRECIPITATION (IN)
  YESTERDAY        0.74          1.66 1959   0.14   0.60     0.00
  MONTH TO DATE   10.30                      3.02   7.28     2.94
  SINCE JUN 1     24.51                     12.74  11.77    14.94
  SINCE JAN 1     53.46                     31.13  22.33    45.38

DEGREE DAYS
 COOLING
  YESTERDAY       16                        19     -3       16
  MONTH TO DATE  524                       516      8      553
  SINCE JUN 1   1737                      1637    100     1736
  SINCE JAN 1   2318                      2289     29     2428
..................................................................


WIND (MPH)
  HIGHEST WIND SPEED    23   HIGHEST WIND DIRECTION     N (360)
  HIGHEST GUST SPEED    26   HIGHEST GUST DIRECTION     N (360)




RELATIVE HUMIDITY (PERCENT)
 HIGHEST    94
 LOWEST     63
 AVERAGE    79

..........................................................


THE HOUSTON INTERCONTINENTAL CLIMATE NORMALS FOR TODAY
                         NORMAL    RECORD    YEAR
 MAXIMUM TEMPERATURE (F)   94       109      2011
 MINIMUM TEMPERATURE (F)   74        59      1891


SUNRISE AND SUNSET
AUGUST 27 2016........SUNRISE   656 AM CDT   SUNSET   749 PM CDT
AUGUST 28 2016........SUNRISE   657 AM CDT   SUNSET   748 PM CDT


-  INDICATES NEGATIVE NUMBERS.
R  INDICATES RECORD WAS SET OR TIED.
MM INDICATES DATA IS MISSING.
T  INDICATES TRACE AMOUNT.




...................................

...THE HOUSTON/HOBBY AIRPORT CLIMATE SUMMARY FOR AUGUST 26 2016...

CLIMATE NORMAL PERIOD 1981 TO 2010
CLIMATE RECORD PERIOD 1930 TO 2016


WEATHER ITEM   OBSERVED TIME   RECORD YEAR NORMAL DEPARTURE LAST
                VALUE   (LST)  VALUE       VALUE  FROM      YEAR
                                                  NORMAL
..................................................................
TEMPERATURE (F)
 YESTERDAY
  MAXIMUM         90    407 PM 100    1990  92     -2       88
  MINIMUM         76   1156 PM  66    1966  76      0       73
                                      1931
  AVERAGE         83                        84     -1       81

PRECIPITATION (IN)
  YESTERDAY        0.07          3.33 1959   0.19  -0.12     0.00
  MONTH TO DATE    7.55                      4.07   3.48    10.76
  SINCE JUN 1     21.79                     15.83   5.96    18.20
  SINCE JAN 1     46.64                     34.11  12.53    53.06

DEGREE DAYS
 COOLING
  YESTERDAY       18                        19     -1       16
  MONTH TO DATE  535                       494     41      553
  SINCE JUN 1   1768                      1587    181     1749
  SINCE JAN 1   2539                      2241    298     2488
..................................................................


WIND (MPH)
  HIGHEST WIND SPEED    20   HIGHEST WIND DIRECTION     E (80)
  HIGHEST GUST SPEED    24   HIGHEST GUST DIRECTION     E (80)




RELATIVE HUMIDITY (PERCENT)
 HIGHEST    91
 LOWEST     56
 AVERAGE    74

..........................................................


THE HOUSTON/HOBBY AIRPORT CLIMATE NORMALS FOR TODAY
                         NORMAL    RECORD    YEAR
 MAXIMUM TEMPERATURE (F)   92       106      2011
 MINIMUM TEMPERATURE (F)   75        65      1930


SUNRISE AND SUNSET
AUGUST 27 2016........SUNRISE   656 AM CDT   SUNSET   748 PM CDT
AUGUST 28 2016........SUNRISE   657 AM CDT   SUNSET   747 PM CDT


-  INDICATES NEGATIVE NUMBERS.
R  INDICATES RECORD WAS SET OR TIED.
MM INDICATES DATA IS MISSING.
T  INDICATES TRACE AMOUNT.




$$
