000
CDUS44 KHGX 301313
CLIHOU

CLIMATE REPORT
NATIONAL WEATHER SERVICE HOUSTON/GALVESTON TX
809 AM CDT FRI SEP 30 2016


...MORNING CLIMATE DATA...

                            MORNING LOW    PRECIP SINCE MIDNIGHT
HOUSTON INTERCONTINENTAL         58                0.00
GALVESTON SCHOLES FIELD          67                0.00
BRYAN/COLLEGE STATION            56                0.00
HOUSTON HOBBY                    61                0.00

...................................

...THE HOUSTON INTERCONTINENTAL CLIMATE SUMMARY FOR SEPTEMBER 29 2016...

CLIMATE NORMAL PERIOD 1981 TO 2010
CLIMATE RECORD PERIOD 1892 TO 2016


WEATHER ITEM   OBSERVED TIME   RECORD YEAR NORMAL DEPARTURE LAST
                VALUE   (LST)  VALUE       VALUE  FROM      YEAR
                                                  NORMAL
..................................................................
TEMPERATURE (F)
 YESTERDAY
  MAXIMUM         86    224 PM  96    2011  86      0       90
  MINIMUM         64   1159 PM  47    1908  66     -2       69
                                      1890
  AVERAGE         75                        76     -1       80

PRECIPITATION (IN)
  YESTERDAY        0.00          2.51 1985   0.12  -0.12      T
  MONTH TO DATE    1.70                      3.99  -2.29     2.59
  SINCE SEP 1      1.70                      3.99  -2.29     2.59
  SINCE JAN 1     55.27                     35.86  19.41    47.97

DEGREE DAYS
 HEATING
  YESTERDAY        0                         0      0        0
  MONTH TO DATE    0                         0      0        0
  SINCE SEP 1      0                         0      0        0
  SINCE JUL 1      0                         0      0        0

 COOLING
  YESTERDAY       10                        11     -1       15
  MONTH TO DATE  531                       432     99      440
  SINCE SEP 1    531                       432     99      440
  SINCE JAN 1   2939                      2814    125     2945
..................................................................


WIND (MPH)
  HIGHEST WIND SPEED    17   HIGHEST WIND DIRECTION    NE (30)
  HIGHEST GUST SPEED    27   HIGHEST GUST DIRECTION    NE (50)


RELATIVE HUMIDITY (PERCENT)
 HIGHEST    93
 LOWEST     40
 AVERAGE    67

..........................................................


THE HOUSTON INTERCONTINENTAL CLIMATE NORMALS FOR TODAY
                         NORMAL    RECORD    YEAR
 MAXIMUM TEMPERATURE (F)   86        95      1998
                                             1905
 MINIMUM TEMPERATURE (F)   65        47      1890


SUNRISE AND SUNSET
SEPTEMBER 30 2016.....SUNRISE   714 AM CDT   SUNSET   707 PM CDT
OCTOBER  1 2016.......SUNRISE   715 AM CDT   SUNSET   706 PM CDT


-  INDICATES NEGATIVE NUMBERS.
R  INDICATES RECORD WAS SET OR TIED.
MM INDICATES DATA IS MISSING.
T  INDICATES TRACE AMOUNT.


&&

...................................

...THE HOUSTON/HOBBY AIRPORT CLIMATE SUMMARY FOR SEPTEMBER 29 2016...

CLIMATE NORMAL PERIOD 1981 TO 2010
CLIMATE RECORD PERIOD 1930 TO 2016


WEATHER ITEM   OBSERVED TIME   RECORD YEAR NORMAL DEPARTURE LAST
                VALUE   (LST)  VALUE       VALUE  FROM      YEAR
                                                  NORMAL
..................................................................
TEMPERATURE (F)
 YESTERDAY
  MAXIMUM         88    207 PM  96    2011  85      3       90
  MINIMUM         67    621 AM  50    1967  68     -1       70
                                      1942
  AVERAGE         78                        77      1       80

PRECIPITATION (IN)
  YESTERDAY        0.00          1.70 1985   0.15  -0.15     0.17
  MONTH TO DATE    2.31                      5.07  -2.76     4.47
  SINCE SEP 1      2.31                      5.07  -2.76     4.47
  SINCE JAN 1     49.62                     40.17   9.45    57.53

DEGREE DAYS
 HEATING
  YESTERDAY        0                         0      0        0
  MONTH TO DATE    0                         0      0        0
  SINCE SEP 1      0                         0      0        0
  SINCE JUL 1      0                         0      0        0

 COOLING
  YESTERDAY       13                        12      1       15
  MONTH TO DATE  551                       441    110      451
  SINCE SEP 1    551                       441    110      451
  SINCE JAN 1   3182                      2782    400     3020
..................................................................


WIND (MPH)
  HIGHEST WIND SPEED    16   HIGHEST WIND DIRECTION     N (20)
  HIGHEST GUST SPEED    22   HIGHEST GUST DIRECTION     N (10)


RELATIVE HUMIDITY (PERCENT)
 HIGHEST    90
 LOWEST     36
 AVERAGE    63

..........................................................


THE HOUSTON/HOBBY AIRPORT CLIMATE NORMALS FOR TODAY
                         NORMAL    RECORD    YEAR
 MAXIMUM TEMPERATURE (F)   85        94      1998
                                             1977
                                             1953
 MINIMUM TEMPERATURE (F)   68        52      1942


SUNRISE AND SUNSET
SEPTEMBER 30 2016.....SUNRISE   714 AM CDT   SUNSET   707 PM CDT
OCTOBER  1 2016.......SUNRISE   715 AM CDT   SUNSET   706 PM CDT


-  INDICATES NEGATIVE NUMBERS.
R  INDICATES RECORD WAS SET OR TIED.
MM INDICATES DATA IS MISSING.
T  INDICATES TRACE AMOUNT.


...MISCELLANEOUS CLIMATE DATA FOR YESTERDAY...

LOCATION                        HIGH    LOW     PRECIP
PEARLAND                         90      68      0.00
SUGAR LAND                       87      61      0.00
TOMBALL                          85      61      0.00
CONROE                           83      57      0.00
HUNTSVILLE                       82      58      0.00
ANGLETON/LAKE JACKSON            91      64      0.00
PALACIOS                         92      68      0.00
LEAGUE CITY (NWS)                86      66      0.00


THIS PRODUCT...ALONG WITH OTHER WEATHER...HYDROLOGIC...AND CLIMATE
PRODUCTS...IS AVAILABLE ON THE WEB AT HTTP://WWW.SRH.NOAA.GOV/HGX
OR AT HTTP://WEATHER.GOV


$$
