000
CDUS46 KSEW 200828
CLIHQM


CLIMATE REPORT
NATIONAL WEATHER SERVICE SEATTLE WA
1227 AM PST THU NOV 20 2014


...................................

...THE HOQUIAM WA AIRPORT CLIMATE SUMMARY FOR NOVEMBER 19 2014...

CLIMATE NORMAL PERIOD 1981 TO 2010
CLIMATE RECORD PERIOD 1953 TO 2014


WEATHER ITEM   OBSERVED TIME   RECORD YEAR NORMAL DEPARTURE LAST
                VALUE   (LST)  VALUE       VALUE  FROM      YEAR
                                                  NORMAL
..................................................................
TEMPERATURE (F)
 YESTERDAY
  MAXIMUM         54    255 PM  62    1987  50      4       51
  MINIMUM         38    310 AM  24    1977  40     -2       31
  AVERAGE         46                        45      1       41

PRECIPITATION (IN)
  YESTERDAY        0.04          2.84 2012   0.39  -0.35     0.02
  MONTH TO DATE    4.09                      7.01  -2.92     5.19
  SINCE OCT 1     14.64                     13.54   1.10     7.45
  SINCE JAN 1     61.73                     53.43   8.30    49.32

DEGREE DAYS
 HEATING
  YESTERDAY       19                        20     -1       24
  MONTH TO DATE  360                       343     17      321
  SINCE SEP 1    674                       935   -261      881

 COOLING
  YESTERDAY        0                         0      0        0
  MONTH TO DATE    0                         0      0        0
  SINCE SEP 1     18                         7     11        7
  SINCE JAN 1     48                        23     25       20
..................................................................


WIND (MPH)
  RESULTANT WIND SPEED  12   RESULTANT WIND DIRECTION   E (70)
  HIGHEST WIND SPEED    18   HIGHEST WIND DIRECTION     E (70)
  HIGHEST GUST SPEED    24   HIGHEST GUST DIRECTION    NE (50)
  AVERAGE WIND SPEED    12.0


SKY COVER
  AVERAGE SKY COVER 0.2


WEATHER CONDITIONS
 THE FOLLOWING WEATHER WAS RECORDED YESTERDAY.
  LIGHT RAIN
  FOG


RELATIVE HUMIDITY (PERCENT)
 HIGHEST    79          1200 AM
 LOWEST     41          1200 PM
 AVERAGE    60

..........................................................


THE HOQUIAM WA AIRPORT CLIMATE NORMALS FOR TODAY
                         NORMAL    RECORD    YEAR
 MAXIMUM TEMPERATURE (F)   50        61      2002
 MINIMUM TEMPERATURE (F)   40        23      1977


SUNRISE AND SUNSET
NOVEMBER 20 2014......SUNRISE   726 AM PST   SUNSET   436 PM PST
NOVEMBER 21 2014......SUNRISE   728 AM PST   SUNSET   435 PM PST


-  INDICATES NEGATIVE NUMBERS.
R  INDICATES RECORD WAS SET OR TIED.
MM INDICATES DATA IS MISSING.
T  INDICATES TRACE AMOUNT.




$$
