000
CDUS46 KSEW 230122
CLIHQM


CLIMATE REPORT
NATIONAL WEATHER SERVICE SEATTLE WA
622 PM PDT SUN OCT 22 2017


...................................

...THE HOQUIAM WA AIRPORT CLIMATE SUMMARY FOR OCTOBER 22 2017...
VALID TODAY AS OF 0600 PM LOCAL TIME.

CLIMATE NORMAL PERIOD 1981 TO 2010
CLIMATE RECORD PERIOD 1953 TO 2017


WEATHER ITEM   OBSERVED TIME   RECORD YEAR NORMAL DEPARTURE LAST
                VALUE   (LST)  VALUE       VALUE  FROM      YEAR
                                                  NORMAL
..................................................................
TEMPERATURE (F)
 TODAY
  MAXIMUM         59    305 PM  70    1964  57      2       60
  MINIMUM         53    702 AM  35    1953  45      8       48
  AVERAGE         56                        51      5       54

PRECIPITATION (IN)
  TODAY            0.15          2.17 1989   0.25  -0.10     0.26
  MONTH TO DATE    7.13                      3.98   3.15    13.42
  SINCE OCT 1      7.13                      3.98   3.15    13.42
  SINCE JAN 1     52.63                     43.87   8.76    58.33

DEGREE DAYS
 HEATING
  TODAY            9                        14     -5       11
  MONTH TO DATE  283                       257     26      244
  SINCE SEP 1    425                       453    -28      446

 COOLING
  TODAY            0                         0      0        0
  MONTH TO DATE    0                         0      0        0
  SINCE SEP 1     32                         7     25        1
  SINCE JAN 1     77                        23     54       50
..................................................................


WIND (MPH)
  RESULTANT WIND SPEED  12   RESULTANT WIND DIRECTION  SW (220)
  HIGHEST WIND SPEED    29   HIGHEST WIND DIRECTION    SW (230)
  HIGHEST GUST SPEED    37   HIGHEST GUST DIRECTION    SW (240)
  AVERAGE WIND SPEED    12.8


SKY COVER
  AVERAGE SKY COVER 1.0


WEATHER CONDITIONS
 THE FOLLOWING WEATHER WAS RECORDED TODAY.
  THUNDERSTORM
  RAIN
  LIGHT RAIN
  FOG


RELATIVE HUMIDITY (PERCENT)
 HIGHEST   100          1200 AM
 LOWEST     77          1100 AM
 AVERAGE    89

..........................................................


THE HOQUIAM WA AIRPORT CLIMATE NORMALS FOR TOMORROW
                         NORMAL    RECORD    YEAR
 MAXIMUM TEMPERATURE (F)   57        73      2007
 MINIMUM TEMPERATURE (F)   44        32      1954


SUNRISE AND SUNSET
OCTOBER 22 2017.......SUNRISE   744 AM PDT   SUNSET   615 PM PDT
OCTOBER 23 2017.......SUNRISE   746 AM PDT   SUNSET   614 PM PDT


-  INDICATES NEGATIVE NUMBERS.
R  INDICATES RECORD WAS SET OR TIED.
MM INDICATES DATA IS MISSING.
T  INDICATES TRACE AMOUNT.




$$
