000
CDUS46 KSEW 190832
CLIHQM


CLIMATE REPORT
NATIONAL WEATHER SERVICE SEATTLE WA
132 AM PDT SAT AUG 19 2017


...................................

...THE HOQUIAM WA AIRPORT CLIMATE SUMMARY FOR AUGUST 18 2017...

CLIMATE NORMAL PERIOD 1981 TO 2010
CLIMATE RECORD PERIOD 1953 TO 2017


WEATHER ITEM   OBSERVED TIME   RECORD YEAR NORMAL DEPARTURE LAST
                VALUE   (LST)  VALUE       VALUE  FROM      YEAR
                                                  NORMAL
..................................................................
TEMPERATURE (F)
 YESTERDAY
  MAXIMUM         68    414 PM  86    2016  68      0       86
  MINIMUM         52    425 AM  42    1973  54     -2       51
  AVERAGE         60                        61     -1       69

PRECIPITATION (IN)
  YESTERDAY        0.00          0.97 1975   0.05  -0.05     0.00
  MONTH TO DATE    0.26                      0.60  -0.34     0.19
  SINCE OCT 1     84.41                     64.56  19.85    74.68
  SINCE JAN 1     42.87                     36.90   5.97    41.26

DEGREE DAYS
 HEATING
  YESTERDAY        5                         4      1        0
  MONTH TO DATE   62                        72    -10       66
  SINCE JUN 1    408                       482    -74      397

 COOLING
  YESTERDAY        0                         0      0        4
  MONTH TO DATE   19                         0     19        9
  SINCE JUN 1     33                         8     25       22
  SINCE JAN 1     33                         9     24       27
..................................................................


WIND (MPH)
  RESULTANT WIND SPEED  11   RESULTANT WIND DIRECTION  SW (240)
  HIGHEST WIND SPEED    16   HIGHEST WIND DIRECTION    NW (300)
  HIGHEST GUST SPEED    23   HIGHEST GUST DIRECTION    NW (300)
  AVERAGE WIND SPEED     9.1


SKY COVER
  AVERAGE SKY COVER 0.6


WEATHER CONDITIONS
 THE FOLLOWING WEATHER WAS RECORDED YESTERDAY.
  FOG


RELATIVE HUMIDITY (PERCENT)
 HIGHEST    97          1000 AM
 LOWEST     81           300 PM
 AVERAGE    89

..........................................................


THE HOQUIAM WA AIRPORT CLIMATE NORMALS FOR TODAY
                         NORMAL    RECORD    YEAR
 MAXIMUM TEMPERATURE (F)   68        95      2016
 MINIMUM TEMPERATURE (F)   54        43      1973


SUNRISE AND SUNSET
AUGUST 19 2017........SUNRISE   619 AM PDT   SUNSET   819 PM PDT
AUGUST 20 2017........SUNRISE   620 AM PDT   SUNSET   817 PM PDT


-  INDICATES NEGATIVE NUMBERS.
R  INDICATES RECORD WAS SET OR TIED.
MM INDICATES DATA IS MISSING.
T  INDICATES TRACE AMOUNT.




$$
