000
CDUS46 KSEW 250827
CLIHQM


CLIMATE REPORT
NATIONAL WEATHER SERVICE SEATTLE WA
1227 AM PST SUN JAN 25 2015


...................................

...THE HOQUIAM WA AIRPORT CLIMATE SUMMARY FOR JANUARY 24 2015...

CLIMATE NORMAL PERIOD 1981 TO 2010
CLIMATE RECORD PERIOD 1953 TO 2015


WEATHER ITEM   OBSERVED TIME   RECORD YEAR NORMAL DEPARTURE LAST
                VALUE   (LST)  VALUE       VALUE  FROM      YEAR
                                                  NORMAL
..................................................................
TEMPERATURE (F)
 YESTERDAY
  MAXIMUM         55   1210 PM  58    2014  48      7       58
  MINIMUM         51   1148 PM  22    1969  38     13       37
  AVERAGE         53                        43     10       48

PRECIPITATION (IN)
  YESTERDAY        0.28          3.09 1984   0.30  -0.02     0.00
  MONTH TO DATE   11.01                      8.26   2.75     5.11
  SINCE OCT 1     42.43                     35.92   6.51    17.22
  SINCE JAN 1     11.01                      8.26   2.75     5.11

DEGREE DAYS
 HEATING
  YESTERDAY       12                        22    -10       17
  MONTH TO DATE  456                       539    -83      506
  SINCE DEC 1   1049                      1266   -217     1332

 COOLING
  YESTERDAY        0                         0      0        0
  MONTH TO DATE    0                         0      0        0
  SINCE DEC 1      0                         0      0        0
  SINCE JAN 1      0                         0      0        0
..................................................................


WIND (MPH)
  RESULTANT WIND SPEED   3   RESULTANT WIND DIRECTION   S (190)
  HIGHEST WIND SPEED    18   HIGHEST WIND DIRECTION     S (180)
  HIGHEST GUST SPEED    22   HIGHEST GUST DIRECTION     S (190)
  AVERAGE WIND SPEED     2.9


SKY COVER
  AVERAGE SKY COVER 1.0


WEATHER CONDITIONS
 THE FOLLOWING WEATHER WAS RECORDED YESTERDAY.
  LIGHT RAIN
  FOG


RELATIVE HUMIDITY (PERCENT)
 HIGHEST   100          1200 AM
 LOWEST    100          1200 AM
 AVERAGE   100

..........................................................


THE HOQUIAM WA AIRPORT CLIMATE NORMALS FOR TODAY
                         NORMAL    RECORD    YEAR
 MAXIMUM TEMPERATURE (F)   48        56      2003
                                             1986
 MINIMUM TEMPERATURE (F)   38        21      1957


SUNRISE AND SUNSET
JANUARY 25 2015.......SUNRISE   749 AM PST   SUNSET   508 PM PST
JANUARY 26 2015.......SUNRISE   748 AM PST   SUNSET   509 PM PST


-  INDICATES NEGATIVE NUMBERS.
R  INDICATES RECORD WAS SET OR TIED.
MM INDICATES DATA IS MISSING.
T  INDICATES TRACE AMOUNT.




$$
