000
CDUS46 KSEW 170127
CLIHQM


CLIMATE REPORT
NATIONAL WEATHER SERVICE SEATTLE WA
526 PM PST TUE JAN 16 2018


...................................

...THE HOQUIAM WA AIRPORT CLIMATE SUMMARY FOR JANUARY 16 2018...
VALID TODAY AS OF 0500 PM LOCAL TIME.

CLIMATE NORMAL PERIOD 1981 TO 2010
CLIMATE RECORD PERIOD 1953 TO 2018


WEATHER ITEM   OBSERVED TIME   RECORD YEAR NORMAL DEPARTURE LAST
                VALUE   (LST)  VALUE       VALUE  FROM      YEAR
                                                  NORMAL
..................................................................
TEMPERATURE (F)
 TODAY
  MAXIMUM         53    239 PM  55    1981  47      6       47
  MINIMUM         47    632 AM  25    2013  38      9       31
                                      1984
  AVERAGE         50                        43      7       39

PRECIPITATION (IN)
  TODAY            0.03          2.03 1958   0.36  -0.33     0.00
  MONTH TO DATE    4.43                      5.63  -1.20     0.86
  SINCE OCT 1     36.02                     33.29   2.73    42.40
  SINCE JAN 1      4.43                      5.63  -1.20     0.86

DEGREE DAYS
 HEATING
  TODAY           15                        22     -7       26
  MONTH TO DATE  303                       363    -60      475
  SINCE DEC 1   1035                      1090    -55     1283

 COOLING
  TODAY            0                         0      0        0
  MONTH TO DATE    0                         0      0        0
  SINCE DEC 1      0                         0      0        0
  SINCE JAN 1      0                         0      0        0
..................................................................


WIND (MPH)
  RESULTANT WIND SPEED  11   RESULTANT WIND DIRECTION  SE (150)
  HIGHEST WIND SPEED    21   HIGHEST WIND DIRECTION     S (180)
  HIGHEST GUST SPEED    26   HIGHEST GUST DIRECTION     S (160)
  AVERAGE WIND SPEED    11.9


SKY COVER
  AVERAGE SKY COVER 0.6


WEATHER CONDITIONS
 THE FOLLOWING WEATHER WAS RECORDED TODAY.
  LIGHT RAIN
  FOG


RELATIVE HUMIDITY (PERCENT)
 HIGHEST    93           200 AM
 LOWEST     77           100 PM
 AVERAGE    85

..........................................................


THE HOQUIAM WA AIRPORT CLIMATE NORMALS FOR TOMORROW
                         NORMAL    RECORD    YEAR
 MAXIMUM TEMPERATURE (F)   47        56      2015
 MINIMUM TEMPERATURE (F)   38        26      1984
                                             1954


SUNRISE AND SUNSET
JANUARY 16 2018.......SUNRISE   756 AM PST   SUNSET   455 PM PST
JANUARY 17 2018.......SUNRISE   755 AM PST   SUNSET   457 PM PST


-  INDICATES NEGATIVE NUMBERS.
R  INDICATES RECORD WAS SET OR TIED.
MM INDICATES DATA IS MISSING.
T  INDICATES TRACE AMOUNT.




$$
