000
CDUS46 KSEW 290123
CLIHQM


CLIMATE REPORT
NATIONAL WEATHER SERVICE SEATTLE WA
523 PM PST SUN DEC 28 2014


...................................

...THE HOQUIAM WA AIRPORT CLIMATE SUMMARY FOR DECEMBER 28 2014...
VALID TODAY AS OF 0500 PM LOCAL TIME.

CLIMATE NORMAL PERIOD 1981 TO 2010
CLIMATE RECORD PERIOD 1953 TO 2014


WEATHER ITEM   OBSERVED TIME   RECORD YEAR NORMAL DEPARTURE LAST
                VALUE   (LST)  VALUE       VALUE  FROM      YEAR
                                                  NORMAL
..................................................................
TEMPERATURE (F)
 TODAY
  MAXIMUM         48    143 PM  55    1980  46      2       43
  MINIMUM         38    748 AM  18    1968  37      1       36
  AVERAGE         43                        41      2       40

PRECIPITATION (IN)
  TODAY            0.09          1.44 1997   0.32  -0.23     0.00
  MONTH TO DATE   11.34                      9.02   2.32     4.02
  SINCE OCT 1     31.41                     26.72   4.69    11.88
  SINCE JAN 1     78.50                     66.61  11.89    53.75

DEGREE DAYS
 HEATING
  TODAY           22                        24     -2       25
  MONTH TO DATE  505                       659   -154      757
  SINCE DEC 1    505                       659   -154      757

 COOLING
  TODAY            0                         0      0        0
  MONTH TO DATE    0                         0      0        0
  SINCE DEC 1      0                         0      0        0
  SINCE JAN 1     48                        23     25       20
..................................................................


WIND (MPH)
  RESULTANT WIND SPEED   5   RESULTANT WIND DIRECTION   W (270)
  HIGHEST WIND SPEED    25   HIGHEST WIND DIRECTION     W (270)
  HIGHEST GUST SPEED    35   HIGHEST GUST DIRECTION     W (260)
  AVERAGE WIND SPEED     6.5


SKY COVER
  AVERAGE SKY COVER 0.5


WEATHER CONDITIONS
 THE FOLLOWING WEATHER WAS RECORDED TODAY.
  LIGHT RAIN
  FOG


RELATIVE HUMIDITY (PERCENT)
 HIGHEST   100           900 AM
 LOWEST     65           400 AM
 AVERAGE    83

..........................................................


THE HOQUIAM WA AIRPORT CLIMATE NORMALS FOR TOMORROW
                         NORMAL    RECORD    YEAR
 MAXIMUM TEMPERATURE (F)   46        56      1976
 MINIMUM TEMPERATURE (F)   37        16      1968


SUNRISE AND SUNSET
DECEMBER 28 2014......SUNRISE   801 AM PST   SUNSET   434 PM PST
DECEMBER 29 2014......SUNRISE   801 AM PST   SUNSET   435 PM PST


-  INDICATES NEGATIVE NUMBERS.
R  INDICATES RECORD WAS SET OR TIED.
MM INDICATES DATA IS MISSING.
T  INDICATES TRACE AMOUNT.




$$
