000
CDUS46 KSEW 210829
CLIHQM


CLIMATE REPORT
NATIONAL WEATHER SERVICE SEATTLE WA
1229 AM PST TUE FEB 21 2017


...................................

...THE HOQUIAM WA AIRPORT CLIMATE SUMMARY FOR FEBRUARY 20 2017...

CLIMATE NORMAL PERIOD 1981 TO 2010
CLIMATE RECORD PERIOD 1953 TO 2017


WEATHER ITEM   OBSERVED TIME   RECORD YEAR NORMAL DEPARTURE LAST
                VALUE   (LST)  VALUE       VALUE  FROM      YEAR
                                                  NORMAL
..................................................................
TEMPERATURE (F)
 YESTERDAY
  MAXIMUM         47    430 PM  58    2009  50     -3       51
                                      2000
                                      1988
  MINIMUM         42    818 AM  26    2011  38      4       37
  AVERAGE         45                        44      1       44

PRECIPITATION (IN)
  YESTERDAY        0.20          2.26 1961   0.24  -0.04     0.01
  MONTH TO DATE    6.64                      5.28   1.36     6.43
  SINCE OCT 1     53.27                     43.27  10.00    54.15
  SINCE JAN 1     11.73                     15.61  -3.88    20.73

DEGREE DAYS
 HEATING
  YESTERDAY       20                        21     -1       21
  MONTH TO DATE  439                       430      9      333
  SINCE DEC 1   2045                      1851    194     1642

 COOLING
  YESTERDAY        0                         0      0        0
  MONTH TO DATE    0                         0      0        0
  SINCE DEC 1      0                         0      0        0
  SINCE JAN 1      0                         0      0        0
..................................................................


WIND (MPH)
  RESULTANT WIND SPEED   5   RESULTANT WIND DIRECTION  NE (50)
  HIGHEST WIND SPEED    10   HIGHEST WIND DIRECTION    NE (50)
  HIGHEST GUST SPEED    13   HIGHEST GUST DIRECTION    NE (50)
  AVERAGE WIND SPEED     4.8


SKY COVER
  AVERAGE SKY COVER 1.0


WEATHER CONDITIONS
 THE FOLLOWING WEATHER WAS RECORDED YESTERDAY.
  LIGHT RAIN
  FOG


RELATIVE HUMIDITY (PERCENT)
 HIGHEST   100          1200 AM
 LOWEST     92          1000 AM
 AVERAGE    96

..........................................................


THE HOQUIAM WA AIRPORT CLIMATE NORMALS FOR TODAY
                         NORMAL    RECORD    YEAR
 MAXIMUM TEMPERATURE (F)   50        64      1970
 MINIMUM TEMPERATURE (F)   38        28      2005
                                             1975
                                             1962


SUNRISE AND SUNSET
FEBRUARY 21 2017......SUNRISE   709 AM PST   SUNSET   550 PM PST
FEBRUARY 22 2017......SUNRISE   708 AM PST   SUNSET   551 PM PST


-  INDICATES NEGATIVE NUMBERS.
R  INDICATES RECORD WAS SET OR TIED.
MM INDICATES DATA IS MISSING.
T  INDICATES TRACE AMOUNT.




$$
