000
CDUS46 KSEW 270826
CLIHQM


CLIMATE REPORT
NATIONAL WEATHER SERVICE SEATTLE WA
126 AM PDT WED AUG 27 2014


...................................

...THE HOQUIAM WA AIRPORT CLIMATE SUMMARY FOR AUGUST 26 2014...

CLIMATE NORMAL PERIOD 1981 TO 2010
CLIMATE RECORD PERIOD 1953 TO 2014


WEATHER ITEM   OBSERVED TIME   RECORD YEAR NORMAL DEPARTURE LAST
                VALUE   (LST)  VALUE       VALUE  FROM      YEAR
                                                  NORMAL
..................................................................
TEMPERATURE (F)
 YESTERDAY
  MAXIMUM         70    212 PM  82    1967  68      2       66
  MINIMUM         55    759 AM  41    1955  53      2       48
  AVERAGE         63                        61      2       57

PRECIPITATION (IN)
  YESTERDAY        0.00          1.39 1953   0.06  -0.06     0.08
  MONTH TO DATE    0.73                      1.00  -0.27     0.82
  SINCE OCT 1     54.50                     64.96 -10.46    46.99
  SINCE JAN 1     42.39                     37.30   5.09    33.38

DEGREE DAYS
 HEATING
  YESTERDAY        2                         4     -2        8
  MONTH TO DATE   65                       104    -39       99
  SINCE JUN 1    384                       514   -130      421

 COOLING
  YESTERDAY        0                         0      0        0
  MONTH TO DATE    7                         0      7        0
  SINCE JUN 1     15                         8      7        8
  SINCE JAN 1     30                         9     21       11
..................................................................


WIND (MPH)
  RESULTANT WIND SPEED   7   RESULTANT WIND DIRECTION  SW (230)
  HIGHEST WIND SPEED    20   HIGHEST WIND DIRECTION    SW (230)
  HIGHEST GUST SPEED    22   HIGHEST GUST DIRECTION    SW (230)
  AVERAGE WIND SPEED     7.7


SKY COVER
  AVERAGE SKY COVER 0.5


WEATHER CONDITIONS
 THE FOLLOWING WEATHER WAS RECORDED YESTERDAY.
  FOG
  FOG W/VISIBILITY <= 1/4 MILE


RELATIVE HUMIDITY (PERCENT)
 HIGHEST   100          1200 AM
 LOWEST     70           100 PM
 AVERAGE    85

..........................................................


THE HOQUIAM WA AIRPORT CLIMATE NORMALS FOR TODAY
                         NORMAL    RECORD    YEAR
 MAXIMUM TEMPERATURE (F)   68        81      1999
                                             1994
                                             1990
 MINIMUM TEMPERATURE (F)   53        43      1955


SUNRISE AND SUNSET
AUGUST 27 2014........SUNRISE   629 AM PDT   SUNSET   805 PM PDT
AUGUST 28 2014........SUNRISE   630 AM PDT   SUNSET   803 PM PDT


-  INDICATES NEGATIVE NUMBERS.
R  INDICATES RECORD WAS SET OR TIED.
MM INDICATES DATA IS MISSING.
T  INDICATES TRACE AMOUNT.




$$
