000
CDUS44 KBRO 010625
CLIHRL


CLIMATE REPORT
NATIONAL WEATHER SERVICE BROWNSVILLE TX
125 AM CDT TUE SEP 1 2015


...................................

...THE HARLINGEN CLIMATE SUMMARY FOR AUGUST 31 2015...

CLIMATE NORMAL PERIOD 1981 TO 2010
CLIMATE RECORD PERIOD 1912 TO 2015


WEATHER ITEM   OBSERVED TIME   RECORD YEAR NORMAL DEPARTURE LAST
                VALUE   (LST)  VALUE       VALUE  FROM      YEAR
                                                  NORMAL
..................................................................
TEMPERATURE (F)
 YESTERDAY
  MAXIMUM         92   1127 AM 104    1958  94     -2       94
  MINIMUM         74    336 PM  65    1915  75     -1       77
                                      1923
  AVERAGE         83                        84     -1       86

PRECIPITATION (IN)
  YESTERDAY        1.49          2.40 1944   0.13   1.36     0.29
  MONTH TO DATE    3.73                      1.86   1.87     0.93
  SINCE JUN 1      7.06                      6.29   0.77     1.81
  SINCE JAN 1     19.56                     14.21   5.35     6.65

SNOWFALL (IN)
  YESTERDAY        0.0
  MONTH TO DATE    0.0
  SINCE JUN 1      0.0
  SINCE JUL 1      0.0

DEGREE DAYS
 HEATING
  YESTERDAY        0                         0      0        0
  MONTH TO DATE    0                         0      0        0
  SINCE JUN 1      0                         0      0        0
  SINCE JUL 1      0                         0      0        0

 COOLING
  YESTERDAY       18                        19     -1       21
  MONTH TO DATE  685                       632     53      689
  SINCE JUN 1   1907                      1823     84     1961
  SINCE JAN 1   2991                      2924     67     2897
..................................................................


WIND (MPH)
  HIGHEST WIND SPEED    32   HIGHEST WIND DIRECTION    SE (140)
  HIGHEST GUST SPEED    36   HIGHEST GUST DIRECTION    SE (140)
  AVERAGE WIND SPEED     8.8



WEATHER CONDITIONS
 THE FOLLOWING WEATHER WAS RECORDED YESTERDAY.
  THUNDERSTORM
  HEAVY RAIN
  RAIN
  LIGHT RAIN
  FOG


RELATIVE HUMIDITY (PERCENT)
 HIGHEST   100
 LOWEST     60
 AVERAGE    80

..........................................................


THE HARLINGEN CLIMATE NORMALS FOR TODAY
                         NORMAL    RECORD    YEAR
 MAXIMUM TEMPERATURE (F)   94       103      1928
                                             1952
 MINIMUM TEMPERATURE (F)   75        67      1919


SUNRISE AND SUNSET
SEPTEMBER  1 2015.....SUNRISE   711 AM CDT   SUNSET   750 PM CDT
SEPTEMBER  2 2015.....SUNRISE   711 AM CDT   SUNSET   749 PM CDT


-  INDICATES NEGATIVE NUMBERS.
R  INDICATES RECORD WAS SET OR TIED.
MM INDICATES DATA IS MISSING.
T  INDICATES TRACE AMOUNT.




$$
