000
CDUS44 KBRO 010745
CLIHRL


CLIMATE REPORT
NATIONAL WEATHER SERVICE BROWNSVILLE TX
145 AM CST SUN MAR 1 2015


...................................

...THE HARLINGEN CLIMATE SUMMARY FOR FEBRUARY 28 2015...

CLIMATE NORMAL PERIOD 1981 TO 2010
CLIMATE RECORD PERIOD 1912 TO 2015


WEATHER ITEM   OBSERVED TIME   RECORD YEAR NORMAL DEPARTURE LAST
                VALUE   (LST)  VALUE       VALUE  FROM      YEAR
                                                  NORMAL
..................................................................
TEMPERATURE (F)
 YESTERDAY
  MAXIMUM         54   1244 AM  99    1940  77    -23       84
  MINIMUM         47    814 AM  35    1924  55     -8       46
  AVERAGE         51                        66    -15       65

PRECIPITATION (IN)
  YESTERDAY        0.11          2.21 1923   0.03   0.08     0.00
  MONTH TO DATE    0.99                      1.41  -0.42     0.16
  SINCE DEC 1      5.23                      3.73   1.50     4.72
  SINCE JAN 1      2.92                      2.47   0.45     1.00

SNOWFALL (IN)
  YESTERDAY       MM
  MONTH TO DATE    0.0
  SINCE DEC 1      0.0
  SINCE JUL 1      0.0

DEGREE DAYS
 HEATING
  YESTERDAY       14                         3     11        0
  MONTH TO DATE  159                       119     40      178
  SINCE DEC 1    558                       511     47      679
  SINCE JUL 1    693                       568    125      811

 COOLING
  YESTERDAY        0                         4     -4        0
  MONTH TO DATE   45                        76    -31       92
  SINCE DEC 1    150                       183    -33      174
  SINCE JAN 1     59                       125    -66      111
..................................................................


WIND (MPH)
  HIGHEST WIND SPEED    17   HIGHEST WIND DIRECTION    NW (310)
  HIGHEST GUST SPEED    21   HIGHEST GUST DIRECTION    NW (320)
  AVERAGE WIND SPEED    11.9



WEATHER CONDITIONS
 THE FOLLOWING WEATHER WAS RECORDED YESTERDAY.
  LIGHT RAIN
  FOG


RELATIVE HUMIDITY (PERCENT)
 HIGHEST   100
 LOWEST     89
 AVERAGE    95

..........................................................


THE HARLINGEN CLIMATE NORMALS FOR TODAY
                         NORMAL    RECORD    YEAR
 MAXIMUM TEMPERATURE (F)   77       101      1916
 MINIMUM TEMPERATURE (F)   55        30      1922


SUNRISE AND SUNSET
MARCH  1 2015.........SUNRISE   654 AM CST   SUNSET   632 PM CST
MARCH  2 2015.........SUNRISE   653 AM CST   SUNSET   633 PM CST


-  INDICATES NEGATIVE NUMBERS.
R  INDICATES RECORD WAS SET OR TIED.
MM INDICATES DATA IS MISSING.
T  INDICATES TRACE AMOUNT.




$$
