000
CDUS44 KBRO 252226
CLIHRL


CLIMATE REPORT
NATIONAL WEATHER SERVICE BROWNSVILLE TX
426 PM CST SAT FEB 25 2017


...................................

...THE HARLINGEN CLIMATE SUMMARY FOR FEBRUARY 25 2017...
VALID TODAY AS OF 0400 PM LOCAL TIME.

CLIMATE NORMAL PERIOD 1981 TO 2010
CLIMATE RECORD PERIOD 1912 TO 2017


WEATHER ITEM   OBSERVED TIME   RECORD YEAR NORMAL DEPARTURE LAST
                VALUE   (LST)  VALUE       VALUE  FROM      YEAR
                                                  NORMAL
..................................................................
TEMPERATURE (F)
 TODAY
  MAXIMUM         78    125 PM  93    2008  76      2       78
                                      1912
  MINIMUM         55    631 AM  28    1914  54      1       41
  AVERAGE         67                        65      2       60

PRECIPITATION (IN)
  TODAY            0.00          0.22 1985   0.04  -0.04     0.00
  MONTH TO DATE    0.41                      1.31  -0.90     0.00
  SINCE DEC 1      2.64                      3.63  -0.99     2.21
  SINCE JAN 1      1.31                      2.37  -1.06     1.91

SNOWFALL (IN)
  TODAY            0.0
  MONTH TO DATE    0.0
  SINCE DEC 1      0.0
  SINCE JUL 1      0.0
  SNOW DEPTH       0

DEGREE DAYS
 HEATING
  TODAY            0                         3     -3        5
  MONTH TO DATE    9                       110   -101       61
  SINCE DEC 1    215                       501   -286      334
  SINCE JUL 1    230                       558   -328      370

 COOLING
  TODAY            2                         3     -1        0
  MONTH TO DATE  199                        66    133       99
  SINCE DEC 1    487                       173    314      260
  SINCE JAN 1    330                       115    215      127
..................................................................


WIND (MPH)
  HIGHEST WIND SPEED    24   HIGHEST WIND DIRECTION    NE (50)
  HIGHEST GUST SPEED    29   HIGHEST GUST DIRECTION    NE (50)
  AVERAGE WIND SPEED    12.6



WEATHER CONDITIONS
 THE FOLLOWING WEATHER WAS RECORDED TODAY.
  NO SIGNIFICANT WEATHER WAS OBSERVED.


RELATIVE HUMIDITY (PERCENT)
 HIGHEST   100
 LOWEST     47
 AVERAGE    74

..........................................................


THE HARLINGEN CLIMATE NORMALS FOR TOMORROW
                         NORMAL    RECORD    YEAR
 MAXIMUM TEMPERATURE (F)   76        95      1913
 MINIMUM TEMPERATURE (F)   54        30      1914


SUNRISE AND SUNSET
FEBRUARY 25 2017......SUNRISE   658 AM CST   SUNSET   630 PM CST
FEBRUARY 26 2017......SUNRISE   657 AM CST   SUNSET   631 PM CST


-  INDICATES NEGATIVE NUMBERS.
R  INDICATES RECORD WAS SET OR TIED.
MM INDICATES DATA IS MISSING.
T  INDICATES TRACE AMOUNT.




$$
