000
CDUS44 KBRO 200625
CLIHRL


CLIMATE REPORT
NATIONAL WEATHER SERVICE BROWNSVILLE TX
125 AM CDT WED AUG 20 2014


...................................

...THE HARLINGEN CLIMATE SUMMARY FOR AUGUST 19 2014...

CLIMATE NORMAL PERIOD 1981 TO 2010
CLIMATE RECORD PERIOD 1912 TO 2014


WEATHER ITEM   OBSERVED TIME   RECORD YEAR NORMAL DEPARTURE LAST
                VALUE   (LST)  VALUE       VALUE  FROM      YEAR
                                                  NORMAL
..................................................................
TEMPERATURE (F)
 YESTERDAY
  MAXIMUM         99    238 PM 106    1915  96      3       96
  MINIMUM         76    556 AM  67    1931  75      1       70
  AVERAGE         88                        86      2       83

PRECIPITATION (IN)
  YESTERDAY        0.00          5.87 1916   0.06  -0.06      T
  MONTH TO DATE    0.44                      0.70  -0.26     0.32
  SINCE JUN 1      1.32                      5.13  -3.81     2.74
  SINCE JAN 1      6.16                     13.05  -6.89     9.91

SNOWFALL (IN)
  YESTERDAY        0.0
  MONTH TO DATE    0.0
  SINCE JUN 1      0.0
  SINCE JUL 1      0.0

DEGREE DAYS
 HEATING
  YESTERDAY        0                         0      0        0
  MONTH TO DATE    0                         0      0        0
  SINCE JUN 1      0                         0      0        0
  SINCE JUL 1      0                         0      0        0

 COOLING
  YESTERDAY       23                        20      3       18
  MONTH TO DATE  426                       398     28      423
  SINCE JUN 1   1698                      1589    109     1699
  SINCE JAN 1   2634                      2690    -56     2794
..................................................................


WIND (MPH)
  HIGHEST WIND SPEED    28   HIGHEST WIND DIRECTION    SE (140)
  HIGHEST GUST SPEED    37   HIGHEST GUST DIRECTION     S (170)
  AVERAGE WIND SPEED    14.7



WEATHER CONDITIONS
 THE FOLLOWING WEATHER WAS RECORDED YESTERDAY.
  NO SIGNIFICANT WEATHER WAS OBSERVED.


RELATIVE HUMIDITY (PERCENT)
 HIGHEST    97
 LOWEST     35
 AVERAGE    66

..........................................................


THE HARLINGEN CLIMATE NORMALS FOR TODAY
                         NORMAL    RECORD    YEAR
 MAXIMUM TEMPERATURE (F)   96       103      1915
                                             1943
 MINIMUM TEMPERATURE (F)   75        65      1931


SUNRISE AND SUNSET
AUGUST 20 2014........SUNRISE   705 AM CDT   SUNSET   802 PM CDT
AUGUST 21 2014........SUNRISE   706 AM CDT   SUNSET   801 PM CDT


-  INDICATES NEGATIVE NUMBERS.
R  INDICATES RECORD WAS SET OR TIED.
MM INDICATES DATA IS MISSING.
T  INDICATES TRACE AMOUNT.




$$
