000
CDUS44 KBRO 192135
CLIHRL


CLIMATE REPORT
NATIONAL WEATHER SERVICE BROWNSVILLE TX
434 PM CDT TUE SEP 19 2017


...................................

...THE HARLINGEN CLIMATE SUMMARY FOR SEPTEMBER 19 2017...
VALID TODAY AS OF 0400 PM LOCAL TIME.

CLIMATE NORMAL PERIOD 1981 TO 2010
CLIMATE RECORD PERIOD 1912 TO 2017


WEATHER ITEM   OBSERVED TIME   RECORD YEAR NORMAL DEPARTURE LAST
                VALUE   (LST)  VALUE       VALUE  FROM      YEAR
                                                  NORMAL
..................................................................
TEMPERATURE (F)
 TODAY
  MAXIMUM         99    234 PM 101    1957  91      8       98
  MINIMUM         77    650 AM  59    1981  72      5       75
  AVERAGE         88                        81      7       87

PRECIPITATION (IN)
  TODAY            0.00          4.30 2003   0.17  -0.17     0.00
  MONTH TO DATE    0.86                      3.42  -2.56     1.92
  SINCE SEP 1      0.86                      3.42  -2.56     1.92
  SINCE JAN 1     13.03                     17.63  -4.60    16.82

SNOWFALL (IN)
  TODAY            0.0
  MONTH TO DATE    0.0
  SINCE SEP 1      0.0
  SINCE JUL 1      0.0
  SNOW DEPTH       0

DEGREE DAYS
 HEATING
  TODAY            0                         0      0        0
  MONTH TO DATE    0                         0      0        0
  SINCE SEP 1      0                         0      0        0
  SINCE JUL 1      0                         0      0        0

 COOLING
  TODAY           23                        16      7       22
  MONTH TO DATE  341                       339      2      395
  SINCE SEP 1    341                       339      2      395
  SINCE JAN 1   3846                      3263    583     3714
..................................................................


WIND (MPH)
  HIGHEST WIND SPEED    23   HIGHEST WIND DIRECTION    SE (150)
  HIGHEST GUST SPEED    28   HIGHEST GUST DIRECTION    SE (140)
  AVERAGE WIND SPEED    10.7



WEATHER CONDITIONS
 THE FOLLOWING WEATHER WAS RECORDED TODAY.
  FOG


RELATIVE HUMIDITY (PERCENT)
 HIGHEST   100
 LOWEST     45
 AVERAGE    73

..........................................................


THE HARLINGEN CLIMATE NORMALS FOR TOMORROW
                         NORMAL    RECORD    YEAR
 MAXIMUM TEMPERATURE (F)   90       106      1947
 MINIMUM TEMPERATURE (F)   72        59      1981


SUNRISE AND SUNSET
SEPTEMBER 19 2017.....SUNRISE   718 AM CDT   SUNSET   730 PM CDT
SEPTEMBER 20 2017.....SUNRISE   718 AM CDT   SUNSET   729 PM CDT


-  INDICATES NEGATIVE NUMBERS.
R  INDICATES RECORD WAS SET OR TIED.
MM INDICATES DATA IS MISSING.
T  INDICATES TRACE AMOUNT.




$$
