191
CDUS44 KLZK 250653
CLIHRO


CLIMATE REPORT
NATIONAL WEATHER SERVICE LITTLE ROCK AR
1253 AM CST SUN FEB 25 2018


...................................

...THE HARRISON CLIMATE SUMMARY FOR FEBRUARY 24 2018...

CLIMATE NORMAL PERIOD 1981 TO 2010
CLIMATE RECORD PERIOD 1891 TO 2018


WEATHER ITEM   OBSERVED TIME   RECORD YEAR NORMAL DEPARTURE LAST
                VALUE   (LST)  VALUE       VALUE  FROM      YEAR
                                                  NORMAL
..................................................................
TEMPERATURE (F)
 YESTERDAY
  MAXIMUM         62    435 PM  83    1918  53      9       67
  MINIMUM         37   1159 PM   4    1910  32      5       31
  AVERAGE         50                        43      7       49

PRECIPITATION (IN)
  YESTERDAY        1.00          1.57 2011   0.10   0.90     0.00
  MONTH TO DATE    5.42                      2.23   3.19     1.37
  SINCE DEC 1      9.93                      7.99   1.94     4.87
  SINCE JAN 1      8.05                      4.79   3.26     3.55

SNOWFALL (IN)
  YESTERDAY        0.0           4.0  1979   0.1   -0.1      0.0
  MONTH TO DATE    0.3                       2.8   -2.5      0.0
  SINCE DEC 1      2.1                       8.3   -6.2      0.9
  SINCE JUL 1      2.1                       8.8   -6.7      0.9
  SNOW DEPTH       0

DEGREE DAYS
 HEATING
  YESTERDAY       15                        22     -7       16
  MONTH TO DATE  578                       600    -22      334
  SINCE DEC 1   2303                      2322    -19     1884
  SINCE JUL 1   2899                      3086   -187     2334

 COOLING
  YESTERDAY        0                         0      0        0
  MONTH TO DATE    5                         0      5        4
  SINCE DEC 1      5                         0      5        4
  SINCE JAN 1      5                         0      5        4
..................................................................


WIND (MPH)
  HIGHEST WIND SPEED    22   HIGHEST WIND DIRECTION     W (290)
  HIGHEST GUST SPEED    34   HIGHEST GUST DIRECTION    NW (320)
  AVERAGE WIND SPEED     8.0


SKY COVER
  POSSIBLE SUNSHINE  MM
  AVERAGE SKY COVER 0.8


WEATHER CONDITIONS
 THE FOLLOWING WEATHER WAS RECORDED YESTERDAY.
  THUNDERSTORM
  HEAVY RAIN
  RAIN
  LIGHT RAIN
  FOG
  FOG W/VISIBILITY <= 1/4 MILE


RELATIVE HUMIDITY (PERCENT)
 HIGHEST   100           200 AM
 LOWEST     76           900 PM
 AVERAGE    88

..........................................................


THE HARRISON CLIMATE NORMALS FOR TODAY
                         NORMAL    RECORD    YEAR
 MAXIMUM TEMPERATURE (F)   53        83      1917
 MINIMUM TEMPERATURE (F)   33         9      1967
                                             1900


SUNRISE AND SUNSET
FEBRUARY 25 2018......SUNRISE   648 AM CST   SUNSET   604 PM CST
FEBRUARY 26 2018......SUNRISE   647 AM CST   SUNSET   605 PM CST


-  INDICATES NEGATIVE NUMBERS.
R  INDICATES RECORD WAS SET OR TIED.
MM INDICATES DATA IS MISSING.
T  INDICATES TRACE AMOUNT.




$$
