000
CDUS44 KLZK 241002
CLIHRO


CLIMATE REPORT
NATIONAL WEATHER SERVICE LITTLE ROCK AR
402 AM CST MON NOV 24 2014


...................................

...THE HARRISON CLIMATE SUMMARY FOR NOVEMBER 23 2014...

CLIMATE NORMAL PERIOD 1981 TO 2010
CLIMATE RECORD PERIOD 1891 TO 2014


WEATHER ITEM   OBSERVED TIME   RECORD YEAR NORMAL DEPARTURE LAST
                VALUE   (LST)  VALUE       VALUE  FROM      YEAR
                                                  NORMAL
..................................................................
TEMPERATURE (F)
 YESTERDAY
  MAXIMUM         63    330 PM  76    1904  55      8       38
  MINIMUM         44   1159 PM  12    1929  35      9       22
  AVERAGE         54                        45      9       30

PRECIPITATION (IN)
  YESTERDAY        0.10          2.07 2001   0.13  -0.03     0.01
  MONTH TO DATE    2.06                      3.31  -1.25     2.79
  SINCE SEP 1     12.25                     11.06   1.19     8.68
  SINCE JAN 1     38.93                     40.02  -1.09    41.50

SNOWFALL (IN)
  YESTERDAY        0.0           6.0  1971   0.0    0.0       T
  MONTH TO DATE    0.6                       0.0    0.6       T
  SINCE SEP 1      0.6                       0.1    0.5       T
  SINCE JUL 1      0.6                       0.1    0.5       T
  SNOW DEPTH       0

DEGREE DAYS
 HEATING
  YESTERDAY       11                        20     -9       35
  MONTH TO DATE  526                       350    176      366
  SINCE SEP 1    721                       614    107      601
  SINCE JUL 1    722                       615    107      602

 COOLING
  YESTERDAY        0                         0      0        0
  MONTH TO DATE    0                         0      0        0
  SINCE SEP 1    224                       201     23      270
  SINCE JAN 1   1354                      1412    -58     1414
..................................................................


WIND (MPH)
  HIGHEST WIND SPEED    21   HIGHEST WIND DIRECTION     S (160)
  HIGHEST GUST SPEED    30   HIGHEST GUST DIRECTION     W (290)
  AVERAGE WIND SPEED    10.3


SKY COVER
  POSSIBLE SUNSHINE  MM
  AVERAGE SKY COVER 0.8


WEATHER CONDITIONS
 THE FOLLOWING WEATHER WAS RECORDED YESTERDAY.
  LIGHT RAIN
  FOG


RELATIVE HUMIDITY (PERCENT)
 HIGHEST   100           800 AM
 LOWEST     78           300 PM
 AVERAGE    89

..........................................................


THE HARRISON CLIMATE NORMALS FOR TODAY
                         NORMAL    RECORD    YEAR
 MAXIMUM TEMPERATURE (F)   55        78      1915
 MINIMUM TEMPERATURE (F)   35         7      1950


SUNRISE AND SUNSET
NOVEMBER 24 2014......SUNRISE   659 AM CST   SUNSET   500 PM CST
NOVEMBER 25 2014......SUNRISE   700 AM CST   SUNSET   459 PM CST


-  INDICATES NEGATIVE NUMBERS.
R  INDICATES RECORD WAS SET OR TIED.
MM INDICATES DATA IS MISSING.
T  INDICATES TRACE AMOUNT.




$$
