301
CDUS44 KLZK 210650
CLIHRO


CLIMATE REPORT
NATIONAL WEATHER SERVICE LITTLE ROCK AR
1250 AM CST TUE FEB 21 2017


...................................

...THE HARRISON CLIMATE SUMMARY FOR FEBRUARY 20 2017...

CLIMATE NORMAL PERIOD 1981 TO 2010
CLIMATE RECORD PERIOD 1891 TO 2017


WEATHER ITEM   OBSERVED TIME   RECORD YEAR NORMAL DEPARTURE LAST
                VALUE   (LST)  VALUE       VALUE  FROM      YEAR
                                                  NORMAL
..................................................................
TEMPERATURE (F)
 YESTERDAY
  MAXIMUM         69    139 PM  78    1996  52     17       75
  MINIMUM         57   1159 PM   9    1918  32     25       54
                                      1908
  AVERAGE         63                        42     21       65

PRECIPITATION (IN)
  YESTERDAY        0.23          2.14 1997   0.09   0.14      T
  MONTH TO DATE    1.24                      1.82  -0.58     0.24
  SINCE DEC 1      4.74                      7.58  -2.84     9.63
  SINCE JAN 1      3.42                      4.38  -0.96     1.19

SNOWFALL (IN)
  YESTERDAY        0.0           6.0  1912   0.1   -0.1      0.0
  MONTH TO DATE    0.0                       2.4   -2.4       T
  SINCE DEC 1      0.9                       7.9   -7.0      0.7
  SINCE JUL 1      0.9                       8.4   -7.5      0.7
  SNOW DEPTH       0

DEGREE DAYS
 HEATING
  YESTERDAY        2                        23    -21        0
  MONTH TO DATE  311                       509   -198      441
  SINCE DEC 1   1861                      2231   -370     1865
  SINCE JUL 1   2311                      2995   -684     2451

 COOLING
  YESTERDAY        0                         0      0        0
  MONTH TO DATE    3                         0      3        0
  SINCE DEC 1      3                         0      3        2
  SINCE JAN 1      3                         0      3        0
..................................................................


WIND (MPH)
  HIGHEST WIND SPEED    24   HIGHEST WIND DIRECTION     S (160)
  HIGHEST GUST SPEED    29   HIGHEST GUST DIRECTION     S (160)
  AVERAGE WIND SPEED    11.6


SKY COVER
  POSSIBLE SUNSHINE  MM
  AVERAGE SKY COVER 0.5


WEATHER CONDITIONS
 THE FOLLOWING WEATHER WAS RECORDED YESTERDAY.
  RAIN
  LIGHT RAIN
  FOG


RELATIVE HUMIDITY (PERCENT)
 HIGHEST   100          1000 PM
 LOWEST     68           400 PM
 AVERAGE    84

..........................................................


THE HARRISON CLIMATE NORMALS FOR TODAY
                         NORMAL    RECORD    YEAR
 MAXIMUM TEMPERATURE (F)   52        76      1897
 MINIMUM TEMPERATURE (F)   32         9      1963


SUNRISE AND SUNSET
FEBRUARY 21 2017......SUNRISE   653 AM CST   SUNSET   600 PM CST
FEBRUARY 22 2017......SUNRISE   652 AM CST   SUNSET   601 PM CST


-  INDICATES NEGATIVE NUMBERS.
R  INDICATES RECORD WAS SET OR TIED.
MM INDICATES DATA IS MISSING.
T  INDICATES TRACE AMOUNT.




$$
