000
CDUS44 KLZK 090639
CLIHRO


CLIMATE REPORT
NATIONAL WEATHER SERVICE LITTLE ROCK AR
1238 AM CST TUE FEB 9 2016


...................................

...THE HARRISON CLIMATE SUMMARY FOR FEBRUARY 8 2016...

CLIMATE NORMAL PERIOD 1981 TO 2010
CLIMATE RECORD PERIOD 1891 TO 2016


WEATHER ITEM   OBSERVED TIME   RECORD YEAR NORMAL DEPARTURE LAST
                VALUE   (LST)  VALUE       VALUE  FROM      YEAR
                                                  NORMAL
..................................................................
TEMPERATURE (F)
 YESTERDAY
  MAXIMUM         41   1218 AM  74    1943  49     -8       72
  MINIMUM         29   1159 PM  -7    1933  29      0       46
  AVERAGE         35                        39     -4       59

PRECIPITATION (IN)
  YESTERDAY        T             2.50 1931   0.09  -0.09     0.00
  MONTH TO DATE    0.24                      0.70  -0.46     0.22
  SINCE DEC 1      9.63                      6.46   3.17     4.29
  SINCE JAN 1      1.19                      3.26  -2.07     2.04

SNOWFALL (IN)
  YESTERDAY        T             9.0  1919   0.1   -0.1      0.0
  MONTH TO DATE    T                         1.2   -1.2      0.2
  SINCE DEC 1      0.7                       6.7   -6.0      0.2
  SINCE JUL 1      0.7                       7.2   -6.5      0.8
  SNOW DEPTH       0

DEGREE DAYS
 HEATING
  YESTERDAY       30                        26      4        6
  MONTH TO DATE  192                       213    -21      204
  SINCE DEC 1   1616                      1935   -319     1826
  SINCE JUL 1   2202                      2699   -497     2680

 COOLING
  YESTERDAY        0                         0      0        0
  MONTH TO DATE    0                         0      0        0
  SINCE DEC 1      2                         0      2        0
  SINCE JAN 1      0                         0      0        0
..................................................................


WIND (MPH)
  HIGHEST WIND SPEED    28   HIGHEST WIND DIRECTION    NW (310)
  HIGHEST GUST SPEED    40   HIGHEST GUST DIRECTION    NW (300)
  AVERAGE WIND SPEED    16.7


SKY COVER
  POSSIBLE SUNSHINE  MM
  AVERAGE SKY COVER 0.5


WEATHER CONDITIONS
 THE FOLLOWING WEATHER WAS RECORDED YESTERDAY.
  LIGHT SNOW


RELATIVE HUMIDITY (PERCENT)
 HIGHEST    59          1200 PM
 LOWEST     38          1200 AM
 AVERAGE    49

..........................................................


THE HARRISON CLIMATE NORMALS FOR TODAY
                         NORMAL    RECORD    YEAR
 MAXIMUM TEMPERATURE (F)   49        80      1957
 MINIMUM TEMPERATURE (F)   29        -5      1979


SUNRISE AND SUNSET
FEBRUARY  9 2016......SUNRISE   707 AM CST   SUNSET   547 PM CST
FEBRUARY 10 2016......SUNRISE   706 AM CST   SUNSET   548 PM CST


-  INDICATES NEGATIVE NUMBERS.
R  INDICATES RECORD WAS SET OR TIED.
MM INDICATES DATA IS MISSING.
T  INDICATES TRACE AMOUNT.




$$
