000
CDUS44 KLZK 262055
CLIHRO


CLIMATE REPORT
NATIONAL WEATHER SERVICE LITTLE ROCK AR
354 PM CDT WED JUL 26 2017


...................................

...THE HARRISON CLIMATE SUMMARY FOR JULY 26 2017...
VALID TODAY AS OF 0300 PM LOCAL TIME.

CLIMATE NORMAL PERIOD 1981 TO 2010
CLIMATE RECORD PERIOD 1891 TO 2017


WEATHER ITEM   OBSERVED TIME   RECORD YEAR NORMAL DEPARTURE LAST
                VALUE   (LST)  VALUE       VALUE  FROM      YEAR
                                                  NORMAL
..................................................................
TEMPERATURE (F)
 TODAY
  MAXIMUM         91    242 PM 108    1934  90      1       89
  MINIMUM         72    530 AM  47    1911  68      4       71
  AVERAGE         82                        79      3       80

PRECIPITATION (IN)
  TODAY            0.00          1.50 1960   0.10  -0.10     0.02
  MONTH TO DATE    3.32                      2.62   0.70     3.10
  SINCE JUN 1      6.69                      6.86  -0.17     6.38
  SINCE JAN 1     32.77                     24.86   7.91    19.21

SNOWFALL (IN)
  TODAY            0.0          MM      MM   0.0    0.0      0.0
  MONTH TO DATE    0.0                       0.0    0.0      0.0
  SINCE JUN 1      0.0                       0.0    0.0      0.0
  SINCE JUL 1      0.0                       0.0    0.0      0.0
  SNOW DEPTH       0

DEGREE DAYS
 HEATING
  TODAY            0                         0      0        0
  MONTH TO DATE    0                         0      0        0
  SINCE JUN 1      0                         6     -6        0
  SINCE JUL 1      0                         0      0        0

 COOLING
  TODAY           17                        14      3       15
  MONTH TO DATE  376                       345     31      390
  SINCE JUN 1    618                       610      8      748
  SINCE JAN 1    769                       749     20      853
..................................................................


WIND (MPH)
  HIGHEST WIND SPEED    10   HIGHEST WIND DIRECTION     S (170)
  HIGHEST GUST SPEED    14   HIGHEST GUST DIRECTION    SW (230)
  AVERAGE WIND SPEED     4.2


SKY COVER
  POSSIBLE SUNSHINE  MM
  AVERAGE SKY COVER 0.0


WEATHER CONDITIONS
 THE FOLLOWING WEATHER WAS RECORDED TODAY.
  NO SIGNIFICANT WEATHER WAS OBSERVED.


RELATIVE HUMIDITY (PERCENT)
 HIGHEST    93           300 AM
 LOWEST     49          1200 PM
 AVERAGE    71

..........................................................


THE HARRISON CLIMATE NORMALS FOR TOMORROW
                         NORMAL    RECORD    YEAR
 MAXIMUM TEMPERATURE (F)   90       108      1936
 MINIMUM TEMPERATURE (F)   68        50      1911


SUNRISE AND SUNSET
JULY 26 2017..........SUNRISE   615 AM CDT   SUNSET   823 PM CDT
JULY 27 2017..........SUNRISE   616 AM CDT   SUNSET   822 PM CDT


-  INDICATES NEGATIVE NUMBERS.
R  INDICATES RECORD WAS SET OR TIED.
MM INDICATES DATA IS MISSING.
T  INDICATES TRACE AMOUNT.




$$
