000
CDUS44 KLZK 212316
CLIHRO

CLIMATE REPORT
NATIONAL WEATHER SERVICE LITTLE ROCK AR
359 PM CDT THU SEP 21 2017


...................................

...THE HARRISON CLIMATE SUMMARY FOR SEPTEMBER 21 2017...
VALID TODAY AS OF 0400 PM LOCAL TIME.

CLIMATE NORMAL PERIOD 1981 TO 2010
CLIMATE RECORD PERIOD 1891 TO 2017


WEATHER ITEM   OBSERVED TIME   RECORD YEAR NORMAL DEPARTURE LAST
                VALUE   (LST)  VALUE       VALUE  FROM      YEAR
                                                  NORMAL
..................................................................
TEMPERATURE (F)
 TODAY
  MAXIMUM         91   1254 PM  96    1955  78     13       87
                                      1926
  MINIMUM         68    545 AM  34    1918  56     12       60
  AVERAGE         80                        67     13       74

PRECIPITATION (IN)
  TODAY            0.00          2.18 1990   0.15  -0.15     0.00
  MONTH TO DATE    0.38                      2.97  -2.59     1.08
  SINCE SEP 1      0.38                      2.97  -2.59     1.08
  SINCE JAN 1     35.56                     31.93   3.63    29.36

SNOWFALL (IN)
  TODAY            0.0          MM      MM   0.0    0.0      0.0
  MONTH TO DATE    0.0                       0.0    0.0      0.0
  SINCE SEP 1      0.0                       0.0    0.0      0.0
  SINCE JUL 1      0.0                       0.0    0.0      0.0
  SNOW DEPTH       0

DEGREE DAYS
 HEATING
  TODAY            0                         2     -2        0
  MONTH TO DATE    4                        15    -11        0
  SINCE SEP 1      4                        15    -11        0
  SINCE JUL 1      4                        16    -12        0

 COOLING
  TODAY           15                         4     11        9
  MONTH TO DATE  139                       140     -1      185
  SINCE SEP 1    139                       140     -1      185
  SINCE JAN 1   1244                      1351   -107     1496
..................................................................


WIND (MPH)
  HIGHEST WIND SPEED    18   HIGHEST WIND DIRECTION     S (160)
  HIGHEST GUST SPEED    28   HIGHEST GUST DIRECTION     S (160)
  AVERAGE WIND SPEED     8.4


SKY COVER
  POSSIBLE SUNSHINE  MM
  AVERAGE SKY COVER 0.1


WEATHER CONDITIONS
 THE FOLLOWING WEATHER WAS RECORDED TODAY.
  FOG


RELATIVE HUMIDITY (PERCENT)
 HIGHEST   100           400 AM
 LOWEST     44           100 PM
 AVERAGE    72

..........................................................


THE HARRISON CLIMATE NORMALS FOR TOMORROW
                         NORMAL    RECORD    YEAR
 MAXIMUM TEMPERATURE (F)   78        96      1955
 MINIMUM TEMPERATURE (F)   55        34      1953


SUNRISE AND SUNSET
SEPTEMBER 21 2017.....SUNRISE   700 AM CDT   SUNSET   711 PM CDT
SEPTEMBER 22 2017.....SUNRISE   701 AM CDT   SUNSET   709 PM CDT


-  INDICATES NEGATIVE NUMBERS.
R  INDICATES RECORD WAS SET OR TIED.
MM INDICATES DATA IS MISSING.
T  INDICATES TRACE AMOUNT.




$$
