000
CDUS44 KLZK 230635
CLIHRO


CLIMATE REPORT
NATIONAL WEATHER SERVICE LITTLE ROCK AR
1233 AM CST THU NOV 23 2017


...................................

...THE HARRISON CLIMATE SUMMARY FOR NOVEMBER 22 2017...

CLIMATE NORMAL PERIOD 1981 TO 2010
CLIMATE RECORD PERIOD 1891 TO 2017


WEATHER ITEM   OBSERVED TIME   RECORD YEAR NORMAL DEPARTURE LAST
                VALUE   (LST)  VALUE       VALUE  FROM      YEAR
                                                  NORMAL
..................................................................
TEMPERATURE (F)
 YESTERDAY
  MAXIMUM         48    347 PM  81    1900  56     -8       57
  MINIMUM         25    712 AM  10    1964  36    -11       45
  AVERAGE         37                        46     -9       51

PRECIPITATION (IN)
  YESTERDAY        0.00          1.67 1982   0.13  -0.13      T
  MONTH TO DATE    0.69                      3.18  -2.49     0.40
  SINCE SEP 1      3.73                     10.93  -7.20     4.87
  SINCE JAN 1     38.91                     39.89  -0.98    33.15

SNOWFALL (IN)
  YESTERDAY        0.0           1.0  1971   0.0    0.0      0.0
  MONTH TO DATE    0.0                       0.0    0.0      0.0
  SINCE SEP 1      0.0                       0.1   -0.1      0.0
  SINCE JUL 1      0.0                       0.1   -0.1      0.0
  SNOW DEPTH       0

DEGREE DAYS
 HEATING
  YESTERDAY       28                        19      9       14
  MONTH TO DATE  306                       330    -24      220
  SINCE SEP 1    505                       594    -89      307
  SINCE JUL 1    505                       595    -90      307

 COOLING
  YESTERDAY        0                         0      0        0
  MONTH TO DATE   14                         0     14       24
  SINCE SEP 1    301                       201    100      336
  SINCE JAN 1   1406                      1412     -6     1647
..................................................................


WIND (MPH)
  HIGHEST WIND SPEED    13   HIGHEST WIND DIRECTION    NW (330)
  HIGHEST GUST SPEED    18   HIGHEST GUST DIRECTION    NW (330)
  AVERAGE WIND SPEED     3.6


SKY COVER
  POSSIBLE SUNSHINE  MM
  AVERAGE SKY COVER 0.0


WEATHER CONDITIONS
 THE FOLLOWING WEATHER WAS RECORDED YESTERDAY.
  NO SIGNIFICANT WEATHER WAS OBSERVED.


RELATIVE HUMIDITY (PERCENT)
 HIGHEST    75           500 AM
 LOWEST     29           300 PM
 AVERAGE    52

..........................................................


THE HARRISON CLIMATE NORMALS FOR TODAY
                         NORMAL    RECORD    YEAR
 MAXIMUM TEMPERATURE (F)   55        76      1904
 MINIMUM TEMPERATURE (F)   35        12      1929


SUNRISE AND SUNSET
NOVEMBER 23 2017......SUNRISE   658 AM CST   SUNSET   500 PM CST
NOVEMBER 24 2017......SUNRISE   659 AM CST   SUNSET   500 PM CST


-  INDICATES NEGATIVE NUMBERS.
R  INDICATES RECORD WAS SET OR TIED.
MM INDICATES DATA IS MISSING.
T  INDICATES TRACE AMOUNT.




$$
