000
CDUS44 KLZK 270657
CLIHRO


CLIMATE REPORT
NATIONAL WEATHER SERVICE LITTLE ROCK AR
156 AM CDT SAT MAY 27 2017


...................................

...THE HARRISON CLIMATE SUMMARY FOR MAY 26 2017...

CLIMATE NORMAL PERIOD 1981 TO 2010
CLIMATE RECORD PERIOD 1891 TO 2017


WEATHER ITEM   OBSERVED TIME   RECORD YEAR NORMAL DEPARTURE LAST
                VALUE   (LST)  VALUE       VALUE  FROM      YEAR
                                                  NORMAL
..................................................................
TEMPERATURE (F)
 YESTERDAY
  MAXIMUM         83    514 PM  96    1926  79      4       85
  MINIMUM         62    546 AM  34    1925  58      4       66
  AVERAGE         73                        68      5       76

PRECIPITATION (IN)
  YESTERDAY        0.00          2.45 1939   0.13  -0.13     0.11
  MONTH TO DATE    4.58                      3.99   0.59     3.43
  SINCE MAR 1     21.90                     12.10   9.80    10.49
  SINCE JAN 1     25.48                     17.30   8.18    12.77

SNOWFALL (IN)
  YESTERDAY        0.0          MM      MM   0.0    0.0      0.0
  MONTH TO DATE    0.0                       0.0    0.0      0.0
  SINCE MAR 1      2.5                       2.3    0.2      0.0
  SINCE JUL 1      3.4                      11.5   -8.1      3.7
  SNOW DEPTH       0

DEGREE DAYS
 HEATING
  YESTERDAY        0                         1     -1        0
  MONTH TO DATE   74                        72      2      104
  SINCE MAR 1    590                       821   -231      620
  SINCE JUL 1   2996                      3993   -997     3233

 COOLING
  YESTERDAY        8                         5      3       11
  MONTH TO DATE   68                        78    -10       50
  SINCE MAR 1    114                       115     -1       73
  SINCE JAN 1    121                       115      6       73
..................................................................


WIND (MPH)
  HIGHEST WIND SPEED    17   HIGHEST WIND DIRECTION     S (160)
  HIGHEST GUST SPEED    23   HIGHEST GUST DIRECTION     S (160)
  AVERAGE WIND SPEED     7.9


SKY COVER
  POSSIBLE SUNSHINE  MM
  AVERAGE SKY COVER 0.4


WEATHER CONDITIONS
 THE FOLLOWING WEATHER WAS RECORDED YESTERDAY.
  NO SIGNIFICANT WEATHER WAS OBSERVED.


RELATIVE HUMIDITY (PERCENT)
 HIGHEST    93           500 AM
 LOWEST     58           200 PM
 AVERAGE    76

..........................................................


THE HARRISON CLIMATE NORMALS FOR TODAY
                         NORMAL    RECORD    YEAR
 MAXIMUM TEMPERATURE (F)   79        97      1926
 MINIMUM TEMPERATURE (F)   58        35      1901


SUNRISE AND SUNSET
MAY 27 2017...........SUNRISE   558 AM CDT   SUNSET   822 PM CDT
MAY 28 2017...........SUNRISE   558 AM CDT   SUNSET   822 PM CDT


-  INDICATES NEGATIVE NUMBERS.
R  INDICATES RECORD WAS SET OR TIED.
MM INDICATES DATA IS MISSING.
T  INDICATES TRACE AMOUNT.




$$
