000
CDUS42 KMHX 300625
CLIHSE


CLIMATE REPORT
NATIONAL WEATHER SERVICE NEWPORT/MOREHEAD CITY NC
125 AM EST FRI JAN 30 2015


...................................

...THE CAPE HATTERAS NC CLIMATE SUMMARY FOR JANUARY 29 2015...

CLIMATE NORMAL PERIOD 1981 TO 2010
CLIMATE RECORD PERIOD 1874 TO 2015


WEATHER ITEM   OBSERVED TIME   RECORD YEAR NORMAL DEPARTURE LAST
                VALUE   (LST)  VALUE       VALUE  FROM      YEAR
                                                  NORMAL
..................................................................
TEMPERATURE (F)
 YESTERDAY
  MAXIMUM         50   1159 PM  70    1932  52     -2       33
  MINIMUM         34    741 AM  18    1897  39     -5       24
  AVERAGE         42                        46     -4       29

PRECIPITATION (IN)
  YESTERDAY        0.01          1.62 1966   0.17  -0.16     0.53
  MONTH TO DATE    4.61                      4.91  -0.30     5.32
  SINCE DEC 1      7.06                      9.18  -2.12     9.22
  SINCE JAN 1      4.61                      4.91  -0.30     5.32

SNOWFALL (IN)
  YESTERDAY        0.0
  MONTH TO DATE    T
  SINCE NOV 1      T
  SINCE JUL 1      T
  SNOW DEPTH       0

DEGREE DAYS
 HEATING
  YESTERDAY       23                        19      4       36
  MONTH TO DATE  520                       572    -52      586
  SINCE DEC 1    982                      1061    -79      973
  SINCE JUL 1   1383                      1379      4     1288

 COOLING
  YESTERDAY        0                         0      0        0
  MONTH TO DATE    2                         0      2        0
  SINCE DEC 1      2                         3     -1        7
  SINCE JAN 1      2                         0      2        0
..................................................................


WIND (MPH)
  HIGHEST WIND SPEED    13   HIGHEST WIND DIRECTION    SW (230)
  HIGHEST GUST SPEED    18   HIGHEST GUST DIRECTION    SW (240)
  AVERAGE WIND SPEED     6.3


SKY COVER
  POSSIBLE SUNSHINE  MM
  AVERAGE SKY COVER 0.1


WEATHER CONDITIONS
 THE FOLLOWING WEATHER WAS RECORDED YESTERDAY.
  LIGHT RAIN


RELATIVE HUMIDITY (PERCENT)
 HIGHEST    69           400 AM
 LOWEST     44          1200 AM
 AVERAGE    57

..........................................................


THE CAPE HATTERAS NC CLIMATE NORMALS FOR TODAY
                         NORMAL    RECORD    YEAR
 MAXIMUM TEMPERATURE (F)   52        71      1959
                                             1932
 MINIMUM TEMPERATURE (F)   39        17      1966
                                             1934


SUNRISE AND SUNSET
JANUARY 30 2015.......SUNRISE   703 AM EST   SUNSET   529 PM EST
JANUARY 31 2015.......SUNRISE   703 AM EST   SUNSET   530 PM EST


-  INDICATES NEGATIVE NUMBERS.
R  INDICATES RECORD WAS SET OR TIED.
MM INDICATES DATA IS MISSING.
T  INDICATES TRACE AMOUNT.




$$
