000
CDUS42 KMHX 230625
CLIHSE


CLIMATE REPORT
NATIONAL WEATHER SERVICE NEWPORT/MOREHEAD CITY NC
125 AM EST SUN NOV 23 2014


...................................

...THE CAPE HATTERAS NC CLIMATE SUMMARY FOR NOVEMBER 22 2014...

CLIMATE NORMAL PERIOD 1981 TO 2010
CLIMATE RECORD PERIOD 1874 TO 2014


WEATHER ITEM   OBSERVED TIME   RECORD YEAR NORMAL DEPARTURE LAST
                VALUE   (LST)  VALUE       VALUE  FROM      YEAR
                                                  NORMAL
..................................................................
TEMPERATURE (F)
 YESTERDAY
  MAXIMUM         53    314 PM  78    1985  62     -9       67
  MINIMUM         40    519 AM  28    1987  50    -10       55
  AVERAGE         47                        56     -9       61

PRECIPITATION (IN)
  YESTERDAY        0.00          2.89 1924   0.15  -0.15     0.00
  MONTH TO DATE    2.60                      3.76  -1.16     1.68
  SINCE SEP 1     16.67                     15.39   1.28    15.96
  SINCE JAN 1     57.72                     52.58   5.14    47.16

SNOWFALL (IN)
  YESTERDAY        0.0
  MONTH TO DATE    0.0
  SINCE NOV 1      0.0
  SINCE JUL 1      0.0
  SNOW DEPTH       0

DEGREE DAYS
 HEATING
  YESTERDAY       18                        10      8        4
  MONTH TO DATE  247                       156     91      133
  SINCE SEP 1    307                       231     76      184
  SINCE JUL 1    307                       231     76      184

 COOLING
  YESTERDAY        0                         1     -1        0
  MONTH TO DATE    0                        22    -22       22
  SINCE SEP 1    386                       406    -20      446
  SINCE JAN 1   1762                      1712     50     1990
..................................................................


WIND (MPH)
  HIGHEST WIND SPEED    10   HIGHEST WIND DIRECTION     N (10)
  HIGHEST GUST SPEED    17   HIGHEST GUST DIRECTION     N (10)
  AVERAGE WIND SPEED     5.4


SKY COVER
  POSSIBLE SUNSHINE  MM
  AVERAGE SKY COVER 0.0


WEATHER CONDITIONS
 THE FOLLOWING WEATHER WAS RECORDED YESTERDAY.
  NO SIGNIFICANT WEATHER WAS OBSERVED.


RELATIVE HUMIDITY (PERCENT)
 HIGHEST    93           600 PM
 LOWEST     59          1200 AM
 AVERAGE    76

..........................................................


THE CAPE HATTERAS NC CLIMATE NORMALS FOR TODAY
                         NORMAL    RECORD    YEAR
 MAXIMUM TEMPERATURE (F)   62        77      1941
 MINIMUM TEMPERATURE (F)   49        27      1987


SUNRISE AND SUNSET
NOVEMBER 23 2014......SUNRISE   645 AM EST   SUNSET   452 PM EST
NOVEMBER 24 2014......SUNRISE   646 AM EST   SUNSET   452 PM EST


-  INDICATES NEGATIVE NUMBERS.
R  INDICATES RECORD WAS SET OR TIED.
MM INDICATES DATA IS MISSING.
T  INDICATES TRACE AMOUNT.




$$
