000
CDUS42 KMHX 290528
CLIHSE


CLIMATE REPORT
NATIONAL WEATHER SERVICE NEWPORT/MOREHEAD CITY NC
128 AM EDT FRI APR 29 2016


...................................

...THE CAPE HATTERAS NC CLIMATE SUMMARY FOR APRIL 28 2016...

CLIMATE NORMAL PERIOD 1981 TO 2010
CLIMATE RECORD PERIOD 1874 TO 2016


WEATHER ITEM   OBSERVED TIME   RECORD YEAR NORMAL DEPARTURE LAST
                VALUE   (LST)  VALUE       VALUE  FROM      YEAR
                                                  NORMAL
..................................................................
TEMPERATURE (F)
 YESTERDAY
  MAXIMUM         77   1140 AM  82    1994  69      8       60
                                      1990
                                      1957
  MINIMUM         66    129 AM  42    1976  56     10       44
  AVERAGE         72                        63      9       52

PRECIPITATION (IN)
  YESTERDAY        0.01          2.73 1997   0.10  -0.09     0.00
  MONTH TO DATE    2.18                      3.43  -1.25     1.91
  SINCE MAR 1      8.15                      8.20  -0.05     4.46
  SINCE JAN 1     21.26                     17.46   3.80    16.41

SNOWFALL (IN)
  YESTERDAY        0.0
  MONTH TO DATE    0.0
  SINCE NOV 1      T
  SINCE JUL 1      T
  SNOW DEPTH       0

DEGREE DAYS
 HEATING
  YESTERDAY        0                         4     -4       13
  MONTH TO DATE  163                       184    -21      142
  SINCE MAR 1    360                       603   -243      562
  SINCE JUL 1   1673                      2527   -854     2735

 COOLING
  YESTERDAY        7                         1      6        0
  MONTH TO DATE   28                        19      9       16
  SINCE MAR 1     54                        22     32       17
  SINCE JAN 1     55                        22     33       19
..................................................................


WIND (MPH)
  HIGHEST WIND SPEED    16   HIGHEST WIND DIRECTION    SW (210)
  HIGHEST GUST SPEED    21   HIGHEST GUST DIRECTION    SW (220)
  AVERAGE WIND SPEED     8.9


SKY COVER
  POSSIBLE SUNSHINE  MM
  AVERAGE SKY COVER 0.3


WEATHER CONDITIONS
 THE FOLLOWING WEATHER WAS RECORDED YESTERDAY.
  LIGHT RAIN
  FOG


RELATIVE HUMIDITY (PERCENT)
 HIGHEST    97          1000 PM
 LOWEST     79          1200 PM
 AVERAGE    88

..........................................................


THE CAPE HATTERAS NC CLIMATE NORMALS FOR TODAY
                         NORMAL    RECORD    YEAR
 MAXIMUM TEMPERATURE (F)   70        84      1994
 MINIMUM TEMPERATURE (F)   56        40      2010
                                             1967


SUNRISE AND SUNSET
APRIL 29 2016.........SUNRISE   613 AM EDT   SUNSET   747 PM EDT
APRIL 30 2016.........SUNRISE   612 AM EDT   SUNSET   748 PM EDT


-  INDICATES NEGATIVE NUMBERS.
R  INDICATES RECORD WAS SET OR TIED.
MM INDICATES DATA IS MISSING.
T  INDICATES TRACE AMOUNT.




$$
