000
CDUS42 KMHX 120542
CLIHSE


CLIMATE REPORT
NATIONAL WEATHER SERVICE NEWPORT/MOREHEAD CITY NC
1242 AM EST FRI FEB 12 2016


...................................

...THE CAPE HATTERAS NC CLIMATE SUMMARY FOR FEBRUARY 11 2016...

CLIMATE NORMAL PERIOD 1981 TO 2010
CLIMATE RECORD PERIOD 1874 TO 2016


WEATHER ITEM   OBSERVED TIME   RECORD YEAR NORMAL DEPARTURE LAST
                VALUE   (LST)  VALUE       VALUE  FROM      YEAR
                                                  NORMAL
..................................................................
TEMPERATURE (F)
 YESTERDAY
  MAXIMUM         39    405 PM  70    1932  53    -14       40
  MINIMUM         29    748 AM  21    1989  40    -11       33
                                      1899
  AVERAGE         34                        46    -12       37

PRECIPITATION (IN)
  YESTERDAY        0.00          1.88 1925   0.14  -0.14     0.00
  MONTH TO DATE    5.86                      1.61   4.25     3.29
  SINCE DEC 1     15.70                     11.12   4.58    10.35
  SINCE JAN 1     10.73                      6.85   3.88     7.90

SNOWFALL (IN)
  YESTERDAY        0.0
  MONTH TO DATE    0.0
  SINCE NOV 1      T
  SINCE JUL 1      T
  SNOW DEPTH       0

DEGREE DAYS
 HEATING
  YESTERDAY       31                        19     12       28
  MONTH TO DATE  152                       209    -57      237
  SINCE DEC 1    841                      1304   -463     1273
  SINCE JUL 1   1013                      1622   -609     1674

 COOLING
  YESTERDAY        0                         0      0        0
  MONTH TO DATE    1                         0      1        0
  SINCE DEC 1     65                         3     62        2
  SINCE JAN 1      1                         0      1        2
..................................................................


WIND (MPH)
  HIGHEST WIND SPEED    20   HIGHEST WIND DIRECTION    NW (310)
  HIGHEST GUST SPEED    31   HIGHEST GUST DIRECTION    NW (310)
  AVERAGE WIND SPEED    11.4


SKY COVER
  POSSIBLE SUNSHINE  MM
  AVERAGE SKY COVER 0.0


WEATHER CONDITIONS
 THE FOLLOWING WEATHER WAS RECORDED YESTERDAY.
  NO SIGNIFICANT WEATHER WAS OBSERVED.


RELATIVE HUMIDITY (PERCENT)
 HIGHEST    50           600 AM
 LOWEST     29           100 PM
 AVERAGE    40

..........................................................


THE CAPE HATTERAS NC CLIMATE NORMALS FOR TODAY
                         NORMAL    RECORD    YEAR
 MAXIMUM TEMPERATURE (F)   53        72      1932
 MINIMUM TEMPERATURE (F)   40        22      1978
                                             1912


SUNRISE AND SUNSET
FEBRUARY 12 2016......SUNRISE   652 AM EST   SUNSET   541 PM EST
FEBRUARY 13 2016......SUNRISE   651 AM EST   SUNSET   542 PM EST


-  INDICATES NEGATIVE NUMBERS.
R  INDICATES RECORD WAS SET OR TIED.
MM INDICATES DATA IS MISSING.
T  INDICATES TRACE AMOUNT.




$$
