000
CDUS42 KMHX 010529
CLIHSE


CLIMATE REPORT
NATIONAL WEATHER SERVICE NEWPORT/MOREHEAD CITY NC
129 AM EDT MON SEP 1 2014


...................................

...THE CAPE HATTERAS NC CLIMATE SUMMARY FOR AUGUST 31 2014...

CLIMATE NORMAL PERIOD 1981 TO 2010
CLIMATE RECORD PERIOD 1874 TO 2014


WEATHER ITEM   OBSERVED TIME   RECORD YEAR NORMAL DEPARTURE LAST
                VALUE   (LST)  VALUE       VALUE  FROM      YEAR
                                                  NORMAL
..................................................................
TEMPERATURE (F)
 YESTERDAY
  MAXIMUM         87    228 PM  91    2013  83      4       91
                                      1970
  MINIMUM         78    600 AM  61    1982  72      6       70
  AVERAGE         83                        77      6       81

PRECIPITATION (IN)
  YESTERDAY        T             7.51 1993   0.25  -0.25     0.00
  MONTH TO DATE   10.05                      6.93   3.12     3.78
  SINCE JUN 1     18.26                     15.95   2.31    12.01
  SINCE JAN 1     41.05                     37.19   3.86    31.20

SNOWFALL (IN)
  YESTERDAY        0.0
  MONTH TO DATE    0.0
  SINCE NOV 1      5.7
  SINCE JUL 1      0.0
  SNOW DEPTH       0

DEGREE DAYS
 HEATING
  YESTERDAY        0                         0      0        0
  MONTH TO DATE    0                         0      0        0
  SINCE JUN 1      0                         3     -3        0
  SINCE JUL 1      0                         0      0        0

 COOLING
  YESTERDAY       18                        12      6       16
  MONTH TO DATE  413                       418     -5      472
  SINCE JUN 1   1124                      1163    -39     1382
  SINCE JAN 1   1360                      1306     54     1544
..................................................................


WIND (MPH)
  HIGHEST WIND SPEED    15   HIGHEST WIND DIRECTION    SW (210)
  HIGHEST GUST SPEED    21   HIGHEST GUST DIRECTION    SW (210)
  AVERAGE WIND SPEED     8.0


SKY COVER
  POSSIBLE SUNSHINE  MM
  AVERAGE SKY COVER 0.2


WEATHER CONDITIONS
 THE FOLLOWING WEATHER WAS RECORDED YESTERDAY.
  LIGHT RAIN


RELATIVE HUMIDITY (PERCENT)
 HIGHEST    91           900 PM
 LOWEST     65          1200 PM
 AVERAGE    78

..........................................................


THE CAPE HATTERAS NC CLIMATE NORMALS FOR TODAY
                         NORMAL    RECORD    YEAR
 MAXIMUM TEMPERATURE (F)   83        92      1932
 MINIMUM TEMPERATURE (F)   72        55      1976


SUNRISE AND SUNSET
SEPTEMBER  1 2014.....SUNRISE   635 AM EDT   SUNSET   729 PM EDT
SEPTEMBER  2 2014.....SUNRISE   636 AM EDT   SUNSET   728 PM EDT


-  INDICATES NEGATIVE NUMBERS.
R  INDICATES RECORD WAS SET OR TIED.
MM INDICATES DATA IS MISSING.
T  INDICATES TRACE AMOUNT.




$$
