000
CDUS42 KMHX 010526
CLIHSE


CLIMATE REPORT
NATIONAL WEATHER SERVICE NEWPORT/MOREHEAD CITY NC
126 AM EDT SAT AUG 1 2015


...................................

...THE CAPE HATTERAS NC CLIMATE SUMMARY FOR JULY 31 2015...

CLIMATE NORMAL PERIOD 1981 TO 2010
CLIMATE RECORD PERIOD 1874 TO 2015


WEATHER ITEM   OBSERVED TIME   RECORD YEAR NORMAL DEPARTURE LAST
                VALUE   (LST)  VALUE       VALUE  FROM      YEAR
                                                  NORMAL
..................................................................
TEMPERATURE (F)
 YESTERDAY
  MAXIMUM         89   1235 PM  93    1999  85      4       86
  MINIMUM         75   1135 PM  66    1935  74      1       71
                                      1914
  AVERAGE         82                        79      3       79

PRECIPITATION (IN)
  YESTERDAY        0.00          3.14 1946   0.18  -0.18     0.00
  MONTH TO DATE    5.67                      4.99   0.68     6.50
  SINCE JUN 1     11.40                      9.02   2.38     8.21
  SINCE JAN 1     31.03                     30.26   0.77    31.00

SNOWFALL (IN)
  YESTERDAY        0.0
  MONTH TO DATE    0.0
  SINCE NOV 1      2.0
  SINCE JUL 1      0.0
  SNOW DEPTH       0

DEGREE DAYS
 HEATING
  YESTERDAY        0                         0      0        0
  MONTH TO DATE    0                         0      0        0
  SINCE JUN 1      0                         3     -3        0
  SINCE JUL 1      0                         0      0        0

 COOLING
  YESTERDAY       17                        14      3       14
  MONTH TO DATE  488                       437     51      436
  SINCE JUN 1    916                       745    171      711
  SINCE JAN 1   1083                       888    195      947
..................................................................


WIND (MPH)
  HIGHEST WIND SPEED    14   HIGHEST WIND DIRECTION     N (20)
  HIGHEST GUST SPEED    19   HIGHEST GUST DIRECTION     N (10)
  AVERAGE WIND SPEED     4.5


SKY COVER
  POSSIBLE SUNSHINE  MM
  AVERAGE SKY COVER 0.2


WEATHER CONDITIONS
 THE FOLLOWING WEATHER WAS RECORDED YESTERDAY.
  NO SIGNIFICANT WEATHER WAS OBSERVED.


RELATIVE HUMIDITY (PERCENT)
 HIGHEST    91           400 AM
 LOWEST     68          1100 AM
 AVERAGE    80

..........................................................


THE CAPE HATTERAS NC CLIMATE NORMALS FOR TODAY
                         NORMAL    RECORD    YEAR
 MAXIMUM TEMPERATURE (F)   85        91      2002
                                             1999
                                             1958
 MINIMUM TEMPERATURE (F)   74        61      1966


SUNRISE AND SUNSET
AUGUST  1 2015........SUNRISE   611 AM EDT   SUNSET   806 PM EDT
AUGUST  2 2015........SUNRISE   612 AM EDT   SUNSET   805 PM EDT


-  INDICATES NEGATIVE NUMBERS.
R  INDICATES RECORD WAS SET OR TIED.
MM INDICATES DATA IS MISSING.
T  INDICATES TRACE AMOUNT.




$$
