000
CDUS42 KMHX 280525
CLIHSE


CLIMATE REPORT
NATIONAL WEATHER SERVICE NEWPORT/MOREHEAD CITY NC
125 AM EDT SUN AUG 28 2016


...................................

...THE CAPE HATTERAS NC CLIMATE SUMMARY FOR AUGUST 27 2016...

CLIMATE NORMAL PERIOD 1981 TO 2010
CLIMATE RECORD PERIOD 1874 TO 2016


WEATHER ITEM   OBSERVED TIME   RECORD YEAR NORMAL DEPARTURE LAST
                VALUE   (LST)  VALUE       VALUE  FROM      YEAR
                                                  NORMAL
..................................................................
TEMPERATURE (F)
 YESTERDAY
  MAXIMUM         90    236 PM  91    1975  83      7       79
                                      1965
  MINIMUM         75    603 AM  60    1982  72      3       68
  AVERAGE         83                        78      5       74

PRECIPITATION (IN)
  YESTERDAY        T             3.43 1910   0.24  -0.24     0.85
  MONTH TO DATE    3.71                      5.94  -2.23     5.29
  SINCE JUN 1     16.27                     14.96   1.31    16.69
  SINCE JAN 1     50.33                     36.20  14.13    36.32

SNOWFALL (IN)
  YESTERDAY        0.0
  MONTH TO DATE    0.0
  SINCE NOV 1      T
  SINCE JUL 1      0.0
  SNOW DEPTH       0

DEGREE DAYS
 HEATING
  YESTERDAY        0                         0      0        0
  MONTH TO DATE    0                         0      0        0
  SINCE JUN 1      0                         3     -3        0
  SINCE JUL 1      0                         0      0        0

 COOLING
  YESTERDAY       18                        13      5        9
  MONTH TO DATE  453                       368     85      381
  SINCE JUN 1   1337                      1113    224     1297
  SINCE JAN 1   1546                      1256    290     1464
..................................................................


WIND (MPH)
  HIGHEST WIND SPEED    12   HIGHEST WIND DIRECTION    NE (40)
  HIGHEST GUST SPEED    20   HIGHEST GUST DIRECTION    NE (30)
  AVERAGE WIND SPEED     5.1


SKY COVER
  POSSIBLE SUNSHINE  MM
  AVERAGE SKY COVER 0.1


WEATHER CONDITIONS
 THE FOLLOWING WEATHER WAS RECORDED YESTERDAY.
  LIGHT RAIN


RELATIVE HUMIDITY (PERCENT)
 HIGHEST    91           700 PM
 LOWEST     63          1100 AM
 AVERAGE    77

..........................................................


THE CAPE HATTERAS NC CLIMATE NORMALS FOR TODAY
                         NORMAL    RECORD    YEAR
 MAXIMUM TEMPERATURE (F)   83        91      1990
 MINIMUM TEMPERATURE (F)   72        59      1984


SUNRISE AND SUNSET
AUGUST 28 2016........SUNRISE   632 AM EDT   SUNSET   734 PM EDT
AUGUST 29 2016........SUNRISE   633 AM EDT   SUNSET   733 PM EDT


-  INDICATES NEGATIVE NUMBERS.
R  INDICATES RECORD WAS SET OR TIED.
MM INDICATES DATA IS MISSING.
T  INDICATES TRACE AMOUNT.




$$
