000
CDUS43 KGID 202331
CLIHSI


CLIMATE REPORT
NATIONAL WEATHER SERVICE HASTINGS NE
529 PM CST MON NOV 20 2017


...................................

...THE HASTINGS NE CLIMATE SUMMARY FOR NOVEMBER 20 2017...
VALID TODAY AS OF 0500 PM LOCAL TIME.

CLIMATE NORMAL PERIOD 1981 TO 2010
CLIMATE RECORD PERIOD 1894 TO 2017


WEATHER ITEM   OBSERVED TIME   RECORD YEAR NORMAL DEPARTURE LAST
                VALUE   (LST)  VALUE       VALUE  FROM      YEAR
                                                  NORMAL
..................................................................
TEMPERATURE (F)
 TODAY
  MAXIMUM         64    346 PM  74    2003  47     17       49
                                      1933
  MINIMUM         27    745 AM   0    1964  26      1       28
  AVERAGE         46                        36     10       39

PRECIPITATION (IN)
  TODAY            0.00          1.84 1931   0.04  -0.04     0.00
  MONTH TO DATE    0.08                      0.99  -0.91     1.01
  SINCE SEP 1      6.95                      5.54   1.41     3.03
  SINCE JAN 1     30.39                     26.20   4.19    19.60

SNOWFALL (IN)
  TODAY            0.0           8.0  1975   0.1   -0.1      0.0
  MONTH TO DATE    0.0                       1.3   -1.3      0.1
  SINCE SEP 1      0.2                       2.5   -2.3      0.1
  SINCE JUL 1      0.2                       2.5   -2.3      0.1
  SNOW DEPTH       0

DEGREE DAYS
 HEATING
  TODAY           19                        28     -9       26
  MONTH TO DATE  508                       478     30      309
  SINCE SEP 1    933                       965    -32      602
  SINCE JUL 1    937                       971    -34      606

 COOLING
  TODAY            0                         0      0        0
  MONTH TO DATE    0                         0      0        0
  SINCE SEP 1    172                       124     48      147
  SINCE JAN 1   1129                      1077     52     1195
..................................................................


WIND (MPH)
  HIGHEST WIND SPEED    16   HIGHEST WIND DIRECTION    SW (240)
  HIGHEST GUST SPEED    25   HIGHEST GUST DIRECTION    SW (230)
  AVERAGE WIND SPEED     8.0


SKY COVER
  AVERAGE SKY COVER 0.0


WEATHER CONDITIONS
 THE FOLLOWING WEATHER WAS RECORDED TODAY.
  NO SIGNIFICANT WEATHER WAS OBSERVED.


RELATIVE HUMIDITY (PERCENT)
 HIGHEST    75           700 AM
 LOWEST     20           200 PM
 AVERAGE    48

..........................................................


THE HASTINGS NE CLIMATE NORMALS FOR TOMORROW
                         NORMAL    RECORD    YEAR
 MAXIMUM TEMPERATURE (F)   46        72      2012
                                             1933
 MINIMUM TEMPERATURE (F)   26        -1      1964


SUNRISE AND SUNSET
NOVEMBER 20 2017......SUNRISE   726 AM CST   SUNSET   512 PM CST
NOVEMBER 21 2017......SUNRISE   728 AM CST   SUNSET   512 PM CST


-  INDICATES NEGATIVE NUMBERS.
R  INDICATES RECORD WAS SET OR TIED.
MM INDICATES DATA IS MISSING.
T  INDICATES TRACE AMOUNT.




$$

Thies
