000
CDUS43 KGID 292225
CLIHSI


CLIMATE REPORT
NATIONAL WEATHER SERVICE HASTINGS NE
524 PM CDT WED MAR 29 2017


...................................

...THE HASTINGS NE CLIMATE SUMMARY FOR MARCH 29 2017...
VALID TODAY AS OF 0500 PM LOCAL TIME.

CLIMATE NORMAL PERIOD 1981 TO 2010
CLIMATE RECORD PERIOD 1894 TO 2017


WEATHER ITEM   OBSERVED TIME   RECORD YEAR NORMAL DEPARTURE LAST
                VALUE   (LST)  VALUE       VALUE  FROM      YEAR
                                                  NORMAL
..................................................................
TEMPERATURE (F)
 TODAY
  MAXIMUM         45   1046 AM  88    1986  57    -12       61
  MINIMUM         42    208 PM  14    1987  33      9       44
                                      1969
  AVERAGE         44                        45     -1       53

PRECIPITATION (IN)
  TODAY            0.32          0.98 1976   0.09   0.23     0.02
  MONTH TO DATE    0.98                      1.60  -0.62     0.47
  SINCE MAR 1      0.98                      1.60  -0.62     0.47
  SINCE JAN 1      2.08                      2.50  -0.42     2.39

SNOWFALL (IN)
  TODAY           MM             9.0  1987   0.1   MM        0.0
  MONTH TO DATE    1.2                       4.9   -3.7      2.1
  SINCE MAR 1      1.2                       4.9   -3.7      2.1
  SINCE JUL 1     10.3                      27.3  -17.0     32.4
  SNOW DEPTH       0

DEGREE DAYS
 HEATING
  TODAY           21                        20      1       12
  MONTH TO DATE  616                       738   -122      542
  SINCE MAR 1    616                       738   -122      542
  SINCE JUL 1   4546                      5368   -822     4452

 COOLING
  TODAY            0                         0      0        0
  MONTH TO DATE    0                         0      0        0
  SINCE MAR 1      0                         0      0        0
  SINCE JAN 1      0                         0      0        0
..................................................................


WIND (MPH)
  HIGHEST WIND SPEED    28   HIGHEST WIND DIRECTION    NE (30)
  HIGHEST GUST SPEED    35   HIGHEST GUST DIRECTION    NE (40)
  AVERAGE WIND SPEED    18.8


SKY COVER
  AVERAGE SKY COVER 1.0


WEATHER CONDITIONS
 THE FOLLOWING WEATHER WAS RECORDED TODAY.
  LIGHT RAIN
  FOG


RELATIVE HUMIDITY (PERCENT)
 HIGHEST    96          1200 AM
 LOWEST     89           200 PM
 AVERAGE    93

..........................................................


THE HASTINGS NE CLIMATE NORMALS FOR TOMORROW
                         NORMAL    RECORD    YEAR
 MAXIMUM TEMPERATURE (F)   57        89      1986
                                             1943
 MINIMUM TEMPERATURE (F)   33         9      1987


SUNRISE AND SUNSET
MARCH 29 2017.........SUNRISE   722 AM CDT   SUNSET   756 PM CDT
MARCH 30 2017.........SUNRISE   720 AM CDT   SUNSET   757 PM CDT


-  INDICATES NEGATIVE NUMBERS.
R  INDICATES RECORD WAS SET OR TIED.
MM INDICATES DATA IS MISSING.
T  INDICATES TRACE AMOUNT.




$$
