000
CDUS43 KGID 221245
CLIHSI


CLIMATE REPORT
NATIONAL WEATHER SERVICE HASTINGS NE
745 AM CDT TUE JUL 22 2014


...................................

...THE HASTINGS NE CLIMATE SUMMARY FOR JULY 21 2014...

CLIMATE NORMAL PERIOD 1981 TO 2010
CLIMATE RECORD PERIOD 1894 TO 2014


WEATHER ITEM   OBSERVED TIME   RECORD YEAR NORMAL DEPARTURE LAST
                VALUE   (LST)  VALUE       VALUE  FROM      YEAR
                                                  NORMAL
..................................................................
TEMPERATURE (F)
 YESTERDAY
  MAXIMUM        100    536 PM 107    1934  88     12       91
  MINIMUM         75    605 AM  47    1970  67      8       66
  AVERAGE         88                        78     10       79

PRECIPITATION (IN)
  YESTERDAY        0.00          1.56 2006   0.10  -0.10     0.00
  MONTH TO DATE    1.45                      2.73  -1.28     0.28
  SINCE JUN 1     10.14                      6.53   3.61     1.52
  SINCE JAN 1     17.08                     16.35   0.73    13.32

SNOWFALL (IN)
  YESTERDAY        0.0                       0.0    0.0      0.0
  MONTH TO DATE    0.0                       0.0    0.0      0.0
  SINCE JUN 1      0.0                       0.0    0.0      0.0
  SINCE JUL 1      0.0                       0.0    0.0      0.0
  SNOW DEPTH       0

DEGREE DAYS
 HEATING
  YESTERDAY        0                         0      0        0
  MONTH TO DATE    6                         0      6        0
  SINCE JUN 1     14                        21     -7       27
  SINCE JUL 1      6                         0      6        0

 COOLING
  YESTERDAY       23                        13     10       14
  MONTH TO DATE  173                       255    -82      280
  SINCE JUN 1    404                       480    -76      516
  SINCE JAN 1    522                       539    -17      590
..................................................................


WIND (MPH)
  HIGHEST WIND SPEED    15   HIGHEST WIND DIRECTION     S (180)
  HIGHEST GUST SPEED    21   HIGHEST GUST DIRECTION     S (170)
  AVERAGE WIND SPEED     7.8


SKY COVER
  AVERAGE SKY COVER 0.0


WEATHER CONDITIONS
 THE FOLLOWING WEATHER WAS RECORDED YESTERDAY.
  NO SIGNIFICANT WEATHER WAS OBSERVED.


RELATIVE HUMIDITY (PERCENT)
 HIGHEST    79           500 AM
 LOWEST     38           200 PM
 AVERAGE    59

..........................................................


THE HASTINGS NE CLIMATE NORMALS FOR TODAY
                         NORMAL    RECORD    YEAR
 MAXIMUM TEMPERATURE (F)   88       106      1934
 MINIMUM TEMPERATURE (F)   67        48      1970


SUNRISE AND SUNSET
JULY 22 2014..........SUNRISE   622 AM CDT   SUNSET   858 PM CDT
JULY 23 2014..........SUNRISE   622 AM CDT   SUNSET   857 PM CDT


-  INDICATES NEGATIVE NUMBERS.
R  INDICATES RECORD WAS SET OR TIED.
MM INDICATES DATA IS MISSING.
T  INDICATES TRACE AMOUNT.




$$
