000
CDUS43 KGID 260631
CLIHSI


CLIMATE REPORT
NATIONAL WEATHER SERVICE HASTINGS NE
130 AM CDT WED JUL 26 2017


...................................

...THE HASTINGS NE CLIMATE SUMMARY FOR JULY 25 2017...

CLIMATE NORMAL PERIOD 1981 TO 2010
CLIMATE RECORD PERIOD 1894 TO 2017


WEATHER ITEM   OBSERVED TIME   RECORD YEAR NORMAL DEPARTURE LAST
                VALUE   (LST)  VALUE       VALUE  FROM      YEAR
                                                  NORMAL
..................................................................
TEMPERATURE (F)
 YESTERDAY
  MAXIMUM         96    353 PM 112    1936  88      8       87
  MINIMUM         71    607 AM  52    1911  67      4       65
  AVERAGE         84                        77      7       76

PRECIPITATION (IN)
  YESTERDAY        0.00          0.94 1925   0.09  -0.09     0.00
  MONTH TO DATE    3.75                      3.11   0.64     1.77
  SINCE JUN 1      5.54                      6.91  -1.37     2.52
  SINCE JAN 1     17.38                     16.73   0.65    14.35

SNOWFALL (IN)
  YESTERDAY        0.0                       0.0    0.0      0.0
  MONTH TO DATE    0.0                       0.0    0.0      0.0
  SINCE JUN 1      0.0                       0.0    0.0      0.0
  SINCE JUL 1      0.0                       0.0    0.0      0.0
  SNOW DEPTH       0

DEGREE DAYS
 HEATING
  YESTERDAY        0                         0      0        0
  MONTH TO DATE    0                         0      0        3
  SINCE JUN 1      3                        21    -18        3
  SINCE JUL 1      0                         0      0        3

 COOLING
  YESTERDAY       19                        12      7       11
  MONTH TO DATE  369                       303     66      317
  SINCE JUN 1    656                       528    128      668
  SINCE JAN 1    717                       587    130      697
..................................................................


WIND (MPH)
  HIGHEST WIND SPEED    18   HIGHEST WIND DIRECTION    SE (150)
  HIGHEST GUST SPEED    26   HIGHEST GUST DIRECTION     S (180)
  AVERAGE WIND SPEED    11.7


SKY COVER
  AVERAGE SKY COVER 0.0


WEATHER CONDITIONS
 THE FOLLOWING WEATHER WAS RECORDED YESTERDAY.
  NO SIGNIFICANT WEATHER WAS OBSERVED.


RELATIVE HUMIDITY (PERCENT)
 HIGHEST    79           300 AM
 LOWEST     33           400 PM
 AVERAGE    56

..........................................................


THE HASTINGS NE CLIMATE NORMALS FOR TODAY
                         NORMAL    RECORD    YEAR
 MAXIMUM TEMPERATURE (F)   88       113      1936
 MINIMUM TEMPERATURE (F)   67        54      2004
                                             1962


SUNRISE AND SUNSET
JULY 26 2017..........SUNRISE   625 AM CDT   SUNSET   855 PM CDT
JULY 27 2017..........SUNRISE   626 AM CDT   SUNSET   854 PM CDT


-  INDICATES NEGATIVE NUMBERS.
R  INDICATES RECORD WAS SET OR TIED.
MM INDICATES DATA IS MISSING.
T  INDICATES TRACE AMOUNT.




$$

JMBW
