000
CDUS43 KGID 270654
CLIHSI


CLIMATE REPORT
NATIONAL WEATHER SERVICE HASTINGS NE
1252 AM CST THU NOV 27 2014


...................................

...THE HASTINGS NE CLIMATE SUMMARY FOR NOVEMBER 26 2014...

CLIMATE NORMAL PERIOD 1981 TO 2010
CLIMATE RECORD PERIOD 1894 TO 2014


WEATHER ITEM   OBSERVED TIME   RECORD YEAR NORMAL DEPARTURE LAST
                VALUE   (LST)  VALUE       VALUE  FROM      YEAR
                                                  NORMAL
..................................................................
TEMPERATURE (F)
 YESTERDAY
  MAXIMUM         39   1204 AM  74    1960  44     -5       34
  MINIMUM         18   1051 PM   1    1993  24     -6       10
                                      1975
  AVERAGE         29                        34     -5       22

PRECIPITATION (IN)
  YESTERDAY        T             0.65 1944   0.03  -0.03     0.00
  MONTH TO DATE    0.23                      1.19  -0.96     1.00
  SINCE SEP 1      3.77                      5.74  -1.97     7.01
  SINCE JAN 1     28.67                     26.40   2.27    25.07

SNOWFALL (IN)
  YESTERDAY        T             4.0  1944   0.2   -0.2      0.0
  MONTH TO DATE    1.7                       2.1   -0.4      0.4
  SINCE SEP 1      1.7                       3.3   -1.6      0.4
  SINCE JUL 1      1.7                       3.3   -1.6      0.4
  6 AM SNOW DEPTH  0

DEGREE DAYS
 HEATING
  YESTERDAY       36                        31      5       43
  MONTH TO DATE  801                       658    143      685
  SINCE SEP 1   1221                      1145     76     1127
  SINCE JUL 1   1227                      1151     76     1133

 COOLING
  YESTERDAY        0                         0      0        0
  MONTH TO DATE    0                         0      0        0
  SINCE SEP 1     98                       124    -26      200
  SINCE JAN 1   1018                      1077    -59     1158
..................................................................


WIND (MPH)
  HIGHEST WIND SPEED    36   HIGHEST WIND DIRECTION     N (340)
  HIGHEST GUST SPEED    44   HIGHEST GUST DIRECTION     N (340)
  AVERAGE WIND SPEED    18.0


SKY COVER
  AVERAGE SKY COVER 0.5


WEATHER CONDITIONS
 THE FOLLOWING WEATHER WAS RECORDED YESTERDAY.
  LIGHT SNOW


RELATIVE HUMIDITY (PERCENT)
 HIGHEST    77          1000 PM
 LOWEST     52           600 AM
 AVERAGE    65

..........................................................


THE HASTINGS NE CLIMATE NORMALS FOR TODAY
                         NORMAL    RECORD    YEAR
 MAXIMUM TEMPERATURE (F)   43        70      2009
                                             1998
 MINIMUM TEMPERATURE (F)   23         0      1976


SUNRISE AND SUNSET
NOVEMBER 27 2014......SUNRISE   734 AM CST   SUNSET   509 PM CST
NOVEMBER 28 2014......SUNRISE   735 AM CST   SUNSET   508 PM CST


-  INDICATES NEGATIVE NUMBERS.
R  INDICATES RECORD WAS SET OR TIED.
MM INDICATES DATA IS MISSING.
T  INDICATES TRACE AMOUNT.




$$
