000
CDUS43 KGID 272226
CLIHSI


CLIMATE REPORT
NATIONAL WEATHER SERVICE HASTINGS NE
525 PM CDT SUN JUL 27 2014


...................................

...THE HASTINGS NE CLIMATE SUMMARY FOR JULY 27 2014...
VALID TODAY AS OF 0500 PM LOCAL TIME.

CLIMATE NORMAL PERIOD 1981 TO 2010
CLIMATE RECORD PERIOD 1894 TO 2014


WEATHER ITEM   OBSERVED TIME   RECORD YEAR NORMAL DEPARTURE LAST
                VALUE   (LST)  VALUE       VALUE  FROM      YEAR
                                                  NORMAL
..................................................................
TEMPERATURE (F)
 TODAY
  MAXIMUM         86    249 PM 109    1936  88     -2       72
  MINIMUM         63    549 AM  50    2005  67     -4       56
  AVERAGE         75                        77     -2       64

PRECIPITATION (IN)
  TODAY            0.00          2.53 1993   0.10  -0.10     0.13
  MONTH TO DATE    1.45                      3.31  -1.86     1.10
  SINCE JUN 1     10.14                      7.11   3.03     2.34
  SINCE JAN 1     17.08                     16.93   0.15    14.14

SNOWFALL (IN)
  TODAY            0.0                       0.0    0.0      0.0
  MONTH TO DATE    0.0                       0.0    0.0      0.0
  SINCE JUN 1      0.0                       0.0    0.0      0.0
  SINCE JUL 1      0.0                       0.0    0.0      0.0
  SNOW DEPTH       0

DEGREE DAYS
 HEATING
  TODAY            0                         0      0        1
  MONTH TO DATE    6                         0      6        1
  SINCE JUN 1     14                        21     -7       28
  SINCE JUL 1      6                         0      6        1

 COOLING
  TODAY           10                        12     -2        0
  MONTH TO DATE  256                       327    -71      321
  SINCE JUN 1    487                       552    -65      557
  SINCE JAN 1    605                       611     -6      631
..................................................................


WIND (MPH)
  HIGHEST WIND SPEED    21   HIGHEST WIND DIRECTION     N (340)
  HIGHEST GUST SPEED    26   HIGHEST GUST DIRECTION     N (340)
  AVERAGE WIND SPEED     9.9


SKY COVER
  AVERAGE SKY COVER 0.1


WEATHER CONDITIONS
 THE FOLLOWING WEATHER WAS RECORDED TODAY.
  NO SIGNIFICANT WEATHER WAS OBSERVED.


RELATIVE HUMIDITY (PERCENT)
 HIGHEST    81           100 AM
 LOWEST     31           100 PM
 AVERAGE    56

..........................................................


THE HASTINGS NE CLIMATE NORMALS FOR TOMORROW
                         NORMAL    RECORD    YEAR
 MAXIMUM TEMPERATURE (F)   88       105      1931
 MINIMUM TEMPERATURE (F)   67        51      1994


SUNRISE AND SUNSET
JULY 27 2014..........SUNRISE   626 AM CDT   SUNSET   854 PM CDT
JULY 28 2014..........SUNRISE   627 AM CDT   SUNSET   853 PM CDT


-  INDICATES NEGATIVE NUMBERS.
R  INDICATES RECORD WAS SET OR TIED.
MM INDICATES DATA IS MISSING.
T  INDICATES TRACE AMOUNT.




$$
