000
CDUS44 KHUN 260807
CLIHSV


CLIMATE REPORT
NATIONAL WEATHER SERVICE HUNTSVILLE AL
207 AM CST FRI DEC 26 2014


...................................

...THE HUNTSVILLE CLIMATE SUMMARY FOR DECEMBER 25 2014...

CLIMATE NORMAL PERIOD 1981 TO 2010
CLIMATE RECORD PERIOD 1894 TO 2014


WEATHER ITEM   OBSERVED TIME   RECORD YEAR NORMAL DEPARTURE LAST
                VALUE   (LST)  VALUE       VALUE  FROM      YEAR
                                                  NORMAL
..................................................................
TEMPERATURE (F)
 YESTERDAY
  MAXIMUM         53    303 PM  73    1987  52      1       50
  MINIMUM         36   1141 PM  -1    1983  33      3       20
  AVERAGE         45                        42      3       35

PRECIPITATION (IN)
  YESTERDAY        0.00          3.27 1973   0.17  -0.17     0.00
  MONTH TO DATE    4.79                      4.77   0.02     5.59
  SINCE DEC 1      4.79                      4.77   0.02     5.59
  SINCE JAN 1     52.53                     53.34  -0.81    57.31

SNOWFALL (IN)
  YESTERDAY        0.0
  MONTH TO DATE    0.0
  SINCE DEC 1      0.0
  SINCE JUL 1      T
  SNOW DEPTH       0

DEGREE DAYS
 HEATING
  YESTERDAY       20                        23     -3       30
  MONTH TO DATE  423                       516    -93      486
  SINCE DEC 1    423                       516    -93      486
  SINCE JUL 1   1039                      1043     -4     1121

 COOLING
  YESTERDAY        0                         0      0        0
  MONTH TO DATE    0                         0      0        5
  SINCE DEC 1      0                         0      0        5
  SINCE JAN 1   2032                      1949     83     1839
..................................................................


WIND (MPH)
  HIGHEST WIND SPEED    13   HIGHEST WIND DIRECTION     W (260)
  HIGHEST GUST SPEED    17   HIGHEST GUST DIRECTION     W (270)
  AVERAGE WIND SPEED     3.8


SKY COVER
  POSSIBLE SUNSHINE  MM
  AVERAGE SKY COVER 0.5


WEATHER CONDITIONS
 THE FOLLOWING WEATHER WAS RECORDED YESTERDAY.
  NO SIGNIFICANT WEATHER WAS OBSERVED.


RELATIVE HUMIDITY (PERCENT)
 HIGHEST    86           600 AM
 LOWEST     54           300 PM
 AVERAGE    70

..........................................................


THE HUNTSVILLE CLIMATE NORMALS FOR TODAY
                         NORMAL    RECORD    YEAR
 MAXIMUM TEMPERATURE (F)   52        70      1971
                                             1911
 MINIMUM TEMPERATURE (F)   33         4      1983


SUNRISE AND SUNSET
DECEMBER 26 2014......SUNRISE   652 AM CST   SUNSET   443 PM CST
DECEMBER 27 2014......SUNRISE   653 AM CST   SUNSET   444 PM CST


-  INDICATES NEGATIVE NUMBERS.
R  INDICATES RECORD WAS SET OR TIED.
MM INDICATES DATA IS MISSING.
T  INDICATES TRACE AMOUNT.




$$
