000
CDUS44 KHUN 032125
CLIHSV


CLIMATE REPORT
NATIONAL WEATHER SERVICE HUNTSVILLE AL
425 PM CDT THU SEP 3 2015


...................................

...THE HUNTSVILLE CLIMATE SUMMARY FOR SEPTEMBER 3 2015...
VALID TODAY AS OF 0400 PM LOCAL TIME.

CLIMATE NORMAL PERIOD 1981 TO 2010
CLIMATE RECORD PERIOD 1894 TO 2015


WEATHER ITEM   OBSERVED TIME   RECORD YEAR NORMAL DEPARTURE LAST
                VALUE   (LST)  VALUE       VALUE  FROM      YEAR
                                                  NORMAL
..................................................................
TEMPERATURE (F)
 TODAY
  MAXIMUM         92    144 PM 103    1925  89      3       91
  MINIMUM         74    552 AM  51    1952  67      7       74
  AVERAGE         83                        78      5       83

PRECIPITATION (IN)
  TODAY            0.04          1.96 1992   0.12  -0.08      T
  MONTH TO DATE    0.04                      0.33  -0.29      T
  SINCE SEP 1      0.04                      0.33  -0.29      T
  SINCE JAN 1     41.72                     36.65   5.07    38.15

SNOWFALL (IN)
  TODAY            0.0
  MONTH TO DATE    0.0
  SINCE SEP 1      0.0
  SINCE JUL 1      0.0
  SNOW DEPTH       0

DEGREE DAYS
 HEATING
  TODAY            0                         0      0        0
  MONTH TO DATE    0                         0      0        0
  SINCE SEP 1      0                         0      0        0
  SINCE JUL 1      0                         0      0        0

 COOLING
  TODAY           18                        13      5       18
  MONTH TO DATE   47                        39      8       54
  SINCE SEP 1     47                        39      8       54
  SINCE JAN 1   1892                      1634    258     1606
..................................................................


WIND (MPH)
  HIGHEST WIND SPEED    17   HIGHEST WIND DIRECTION    SW (230)
  HIGHEST GUST SPEED    21   HIGHEST GUST DIRECTION    SW (230)
  AVERAGE WIND SPEED     2.6


SKY COVER
  POSSIBLE SUNSHINE  MM
  AVERAGE SKY COVER 0.5


WEATHER CONDITIONS
 THE FOLLOWING WEATHER WAS RECORDED TODAY.
  THUNDERSTORM
  LIGHT RAIN
  FOG
  HAZE


RELATIVE HUMIDITY (PERCENT)
 HIGHEST    87          1200 AM
 LOWEST     56          1100 AM
 AVERAGE    72

..........................................................


THE HUNTSVILLE CLIMATE NORMALS FOR TOMORROW
                         NORMAL    RECORD    YEAR
 MAXIMUM TEMPERATURE (F)   89       105      1925
 MINIMUM TEMPERATURE (F)   67        52      1952


SUNRISE AND SUNSET
SEPTEMBER  3 2015.....SUNRISE   621 AM CDT   SUNSET   711 PM CDT
SEPTEMBER  4 2015.....SUNRISE   622 AM CDT   SUNSET   710 PM CDT


-  INDICATES NEGATIVE NUMBERS.
R  INDICATES RECORD WAS SET OR TIED.
MM INDICATES DATA IS MISSING.
T  INDICATES TRACE AMOUNT.




$$
