000
CDUS44 KHUN 300722
CLIHSV


CLIMATE REPORT
NATIONAL WEATHER SERVICE HUNTSVILLE AL
222 AM CDT TUE SEP 30 2014


...................................

...THE HUNTSVILLE CLIMATE SUMMARY FOR SEPTEMBER 29 2014...

CLIMATE NORMAL PERIOD 1981 TO 2010
CLIMATE RECORD PERIOD 1894 TO 2014


WEATHER ITEM   OBSERVED TIME   RECORD YEAR NORMAL DEPARTURE LAST
                VALUE   (LST)  VALUE       VALUE  FROM      YEAR
                                                  NORMAL
..................................................................
TEMPERATURE (F)
 YESTERDAY
  MAXIMUM         89    353 PM  94    1955  80      9       76
                                      1926
  MINIMUM         65   1144 PM  37    1942  57      8       57
  AVERAGE         77                        69      8       67

PRECIPITATION (IN)
  YESTERDAY        T             2.50 1913   0.13  -0.13      T
  MONTH TO DATE    0.49                      3.59  -3.10     4.35
  SINCE SEP 1      0.49                      3.59  -3.10     4.35
  SINCE JAN 1     38.64                     39.91  -1.27    47.97

SNOWFALL (IN)
  YESTERDAY        0.0
  MONTH TO DATE    0.0
  SINCE SEP 1      0.0
  SINCE JUL 1      0.0
  SNOW DEPTH       0

DEGREE DAYS
 HEATING
  YESTERDAY        0                         1     -1        0
  MONTH TO DATE    0                        10    -10        0
  SINCE SEP 1      0                        10    -10        0
  SINCE JUL 1      0                        10    -10        0

 COOLING
  YESTERDAY       12                         5      7        2
  MONTH TO DATE  360                       269     91      266
  SINCE SEP 1    360                       269     91      266
  SINCE JAN 1   1912                      1864     48     1732
..................................................................


WIND (MPH)
  HIGHEST WIND SPEED    12   HIGHEST WIND DIRECTION    NE (40)
  HIGHEST GUST SPEED    16   HIGHEST GUST DIRECTION     N (10)
  AVERAGE WIND SPEED     3.2


SKY COVER
  POSSIBLE SUNSHINE  MM
  AVERAGE SKY COVER 0.5


WEATHER CONDITIONS
 THE FOLLOWING WEATHER WAS RECORDED YESTERDAY.
  LIGHT RAIN


RELATIVE HUMIDITY (PERCENT)
 HIGHEST    87           600 AM
 LOWEST     34           400 PM
 AVERAGE    61

..........................................................


THE HUNTSVILLE CLIMATE NORMALS FOR TODAY
                         NORMAL    RECORD    YEAR
 MAXIMUM TEMPERATURE (F)   80        95      1926
 MINIMUM TEMPERATURE (F)   57        37      1967


SUNRISE AND SUNSET
SEPTEMBER 30 2014.....SUNRISE   641 AM CDT   SUNSET   633 PM CDT
OCTOBER  1 2014.......SUNRISE   642 AM CDT   SUNSET   631 PM CDT


-  INDICATES NEGATIVE NUMBERS.
R  INDICATES RECORD WAS SET OR TIED.
MM INDICATES DATA IS MISSING.
T  INDICATES TRACE AMOUNT.




$$
