000
CDUS44 KHUN 250703
CLIHSV


CLIMATE REPORT
NATIONAL WEATHER SERVICE HUNTSVILLE AL
203 AM CDT THU MAY 25 2017


...................................

...THE HUNTSVILLE CLIMATE SUMMARY FOR MAY 24 2017...

CLIMATE NORMAL PERIOD 1981 TO 2010
CLIMATE RECORD PERIOD 1894 TO 2017


WEATHER ITEM   OBSERVED TIME   RECORD YEAR NORMAL DEPARTURE LAST
                VALUE   (LST)  VALUE       VALUE  FROM      YEAR
                                                  NORMAL
..................................................................
TEMPERATURE (F)
 YESTERDAY
  MAXIMUM         69    336 PM  96    1996  83    -14       89
                                      1944
                                      1933
  MINIMUM         55    723 PM  43    1931  62     -7       57
  AVERAGE         62                        72    -10       73

PRECIPITATION (IN)
  YESTERDAY        0.97          1.79 1940   0.16   0.81     0.00
  MONTH TO DATE    4.17                      4.05   0.12     1.62
  SINCE MAR 1     12.05                     13.58  -1.53     8.35
  SINCE JAN 1     20.92                     23.31  -2.39    18.30

SNOWFALL (IN)
  YESTERDAY        0.0
  MONTH TO DATE    0.0
  SINCE MAR 1      T
  SINCE JUL 1      T
  SNOW DEPTH       0

DEGREE DAYS
 HEATING
  YESTERDAY        3                         0      3        0
  MONTH TO DATE   35                        25     10       20
  SINCE MAR 1    400                       547   -147      357
  SINCE JUL 1   1967                      2999  -1032     2253

 COOLING
  YESTERDAY        0                         8     -8        8
  MONTH TO DATE  146                       130     16      106
  SINCE MAR 1    324                       201    123      196
  SINCE JAN 1    329                       202    127      197
..................................................................


WIND (MPH)
  HIGHEST WIND SPEED    24   HIGHEST WIND DIRECTION    SW (210)
  HIGHEST GUST SPEED    32   HIGHEST GUST DIRECTION    SW (220)
  AVERAGE WIND SPEED     7.4


SKY COVER
  POSSIBLE SUNSHINE  MM
  AVERAGE SKY COVER 0.9


WEATHER CONDITIONS
 THE FOLLOWING WEATHER WAS RECORDED YESTERDAY.
  THUNDERSTORM
  HEAVY RAIN
  RAIN
  LIGHT RAIN
  FOG


RELATIVE HUMIDITY (PERCENT)
 HIGHEST   100          1200 AM
 LOWEST     55           300 PM
 AVERAGE    78

..........................................................


THE HUNTSVILLE CLIMATE NORMALS FOR TODAY
                         NORMAL    RECORD    YEAR
 MAXIMUM TEMPERATURE (F)   84        97      1926
                                             1921
 MINIMUM TEMPERATURE (F)   62        45      1942
                                             1935


SUNRISE AND SUNSET
MAY 25 2017...........SUNRISE   538 AM CDT   SUNSET   751 PM CDT
MAY 26 2017...........SUNRISE   537 AM CDT   SUNSET   751 PM CDT


-  INDICATES NEGATIVE NUMBERS.
R  INDICATES RECORD WAS SET OR TIED.
MM INDICATES DATA IS MISSING.
T  INDICATES TRACE AMOUNT.




$$
