000
CDUS44 KHUN 212220
CLIHSV


CLIMATE REPORT
NATIONAL WEATHER SERVICE HUNTSVILLE AL
420 PM CST SUN JAN 21 2018


...................................

...THE HUNTSVILLE CLIMATE SUMMARY FOR JANUARY 21 2018...
VALID TODAY AS OF 0400 PM LOCAL TIME.

CLIMATE NORMAL PERIOD 1981 TO 2010
CLIMATE RECORD PERIOD 1894 TO 2018


WEATHER ITEM   OBSERVED TIME   RECORD YEAR NORMAL DEPARTURE LAST
                VALUE   (LST)  VALUE       VALUE  FROM      YEAR
                                                  NORMAL
..................................................................
TEMPERATURE (F)
 TODAY
  MAXIMUM         70    232 PM  73    1937  51     19       68
  MINIMUM         41    225 AM -11    1985  32      9       54
  AVERAGE         56                        41     15       61

PRECIPITATION (IN)
  TODAY            0.00          2.36 1954   0.16  -0.16     0.87
  MONTH TO DATE    1.19                      3.34  -2.15     3.23
  SINCE DEC 1      5.67                      9.11  -3.44     9.14
  SINCE JAN 1      1.19                      3.34  -2.15     3.23

SNOWFALL (IN)
  TODAY            0.0
  MONTH TO DATE    0.4
  SINCE DEC 1      0.4
  SINCE JUL 1      0.4
  SNOW DEPTH       0

DEGREE DAYS
 HEATING
  TODAY            9                        24    -15        4
  MONTH TO DATE  636                       504    132      268
  SINCE DEC 1   1294                      1158    136      816
  SINCE JUL 1   1772                      1685     87     1080

 COOLING
  TODAY            0                         0      0        0
  MONTH TO DATE    0                         0      0        1
  SINCE DEC 1      0                         2     -2        5
  SINCE JAN 1      0                         0      0        1
..................................................................


WIND (MPH)
  HIGHEST WIND SPEED    15   HIGHEST WIND DIRECTION     S (170)
  HIGHEST GUST SPEED    18   HIGHEST GUST DIRECTION    SW (210)
  AVERAGE WIND SPEED     6.9


SKY COVER
  POSSIBLE SUNSHINE  MM
  AVERAGE SKY COVER 0.5


WEATHER CONDITIONS
 THE FOLLOWING WEATHER WAS RECORDED TODAY.
  NO SIGNIFICANT WEATHER WAS OBSERVED.


RELATIVE HUMIDITY (PERCENT)
 HIGHEST    77           800 AM
 LOWEST     44           300 PM
 AVERAGE    61

..........................................................


THE HUNTSVILLE CLIMATE NORMALS FOR TOMORROW
                         NORMAL    RECORD    YEAR
 MAXIMUM TEMPERATURE (F)   51        78      1933
 MINIMUM TEMPERATURE (F)   32         5      1985


SUNRISE AND SUNSET
JANUARY 21 2018.......SUNRISE   652 AM CST   SUNSET   505 PM CST
JANUARY 22 2018.......SUNRISE   651 AM CST   SUNSET   506 PM CST


-  INDICATES NEGATIVE NUMBERS.
R  INDICATES RECORD WAS SET OR TIED.
MM INDICATES DATA IS MISSING.
T  INDICATES TRACE AMOUNT.




$$
