000
CDUS44 KHUN 102224
CLIHSV


CLIMATE REPORT
NATIONAL WEATHER SERVICE HUNTSVILLE AL
424 PM CST WED FEB 10 2016


...................................

...THE HUNTSVILLE CLIMATE SUMMARY FOR FEBRUARY 10 2016...
VALID TODAY AS OF 0400 PM LOCAL TIME.

CLIMATE NORMAL PERIOD 1981 TO 2010
CLIMATE RECORD PERIOD 1894 TO 2016


WEATHER ITEM   OBSERVED TIME   RECORD YEAR NORMAL DEPARTURE LAST
                VALUE   (LST)  VALUE       VALUE  FROM      YEAR
                                                  NORMAL
..................................................................
TEMPERATURE (F)
 TODAY
  MAXIMUM         36    151 PM  76    1938  55    -19       46
  MINIMUM         20    146 AM   9    1971  34    -14       29
  AVERAGE         28                        44    -16       38

PRECIPITATION (IN)
  TODAY            0.00          4.04 1994   0.17  -0.17     0.00
  MONTH TO DATE    2.27                      1.68   0.59     0.55
  SINCE DEC 1     16.52                     12.34   4.18    10.25
  SINCE JAN 1      5.84                      6.57  -0.73     4.52

SNOWFALL (IN)
  TODAY            0.0
  MONTH TO DATE    T
  SINCE DEC 1      0.4
  SINCE JUL 1      0.4
  SNOW DEPTH       0

DEGREE DAYS
 HEATING
  TODAY           37                        21     16       27
  MONTH TO DATE  209                       215     -6      187
  SINCE DEC 1   1292                      1598   -306     1467
  SINCE JUL 1   1586                      2125   -539     2083

 COOLING
  TODAY            0                         0      0        0
  MONTH TO DATE    1                         0      1        0
  SINCE DEC 1     24                         2     22        0
  SINCE JAN 1      1                         0      1        0
..................................................................


WIND (MPH)
  HIGHEST WIND SPEED    18   HIGHEST WIND DIRECTION     W (260)
  HIGHEST GUST SPEED    24   HIGHEST GUST DIRECTION     W (290)
  AVERAGE WIND SPEED     8.9


SKY COVER
  POSSIBLE SUNSHINE  MM
  AVERAGE SKY COVER 0.3


WEATHER CONDITIONS
 THE FOLLOWING WEATHER WAS RECORDED TODAY.
  NO SIGNIFICANT WEATHER WAS OBSERVED.


RELATIVE HUMIDITY (PERCENT)
 HIGHEST    77           300 AM
 LOWEST     32           100 PM
 AVERAGE    55

..........................................................


THE HUNTSVILLE CLIMATE NORMALS FOR TOMORROW
                         NORMAL    RECORD    YEAR
 MAXIMUM TEMPERATURE (F)   55        76      1938
 MINIMUM TEMPERATURE (F)   35         7      1912


SUNRISE AND SUNSET
FEBRUARY 10 2016......SUNRISE   638 AM CST   SUNSET   525 PM CST
FEBRUARY 11 2016......SUNRISE   637 AM CST   SUNSET   526 PM CST


-  INDICATES NEGATIVE NUMBERS.
R  INDICATES RECORD WAS SET OR TIED.
MM INDICATES DATA IS MISSING.
T  INDICATES TRACE AMOUNT.




$$
