000
CDUS44 KHUN 290720
CLIHSV


CLIMATE REPORT
NATIONAL WEATHER SERVICE HUNTSVILLE AL
220 AM CDT WED MAR 29 2017


...................................

...THE HUNTSVILLE CLIMATE SUMMARY FOR MARCH 28 2017...

CLIMATE NORMAL PERIOD 1981 TO 2010
CLIMATE RECORD PERIOD 1894 TO 2017


WEATHER ITEM   OBSERVED TIME   RECORD YEAR NORMAL DEPARTURE LAST
                VALUE   (LST)  VALUE       VALUE  FROM      YEAR
                                                  NORMAL
..................................................................
TEMPERATURE (F)
 YESTERDAY
  MAXIMUM         76    348 PM  87    1910  69      7       67
  MINIMUM         56    510 AM  25    1926  45     11       48
  AVERAGE         66                        57      9       58

PRECIPITATION (IN)
  YESTERDAY        T             4.92 1951   0.17  -0.17      T
  MONTH TO DATE    3.73                      4.70  -0.97     2.64
  SINCE MAR 1      3.73                      4.70  -0.97     2.64
  SINCE JAN 1     12.60                     14.43  -1.83    12.59

SNOWFALL (IN)
  YESTERDAY        0.0
  MONTH TO DATE    T
  SINCE MAR 1      T
  SINCE JUL 1      T
  SNOW DEPTH       0

DEGREE DAYS
 HEATING
  YESTERDAY        0                         9     -9        7
  MONTH TO DATE  307                       343    -36      221
  SINCE MAR 1    307                       343    -36      221
  SINCE JUL 1   1874                      2795   -921     2117

 COOLING
  YESTERDAY        1                         1      0        0
  MONTH TO DATE   19                         6     13       24
  SINCE MAR 1     19                         6     13       24
  SINCE JAN 1     24                         7     17       25
..................................................................


WIND (MPH)
  HIGHEST WIND SPEED    10   HIGHEST WIND DIRECTION     S (160)
  HIGHEST GUST SPEED    13   HIGHEST GUST DIRECTION     W (260)
  AVERAGE WIND SPEED     3.8


SKY COVER
  POSSIBLE SUNSHINE  MM
  AVERAGE SKY COVER 0.5


WEATHER CONDITIONS
 THE FOLLOWING WEATHER WAS RECORDED YESTERDAY.
  LIGHT RAIN
  FOG


RELATIVE HUMIDITY (PERCENT)
 HIGHEST   100           100 AM
 LOWEST     54           400 PM
 AVERAGE    77

..........................................................


THE HUNTSVILLE CLIMATE NORMALS FOR TODAY
                         NORMAL    RECORD    YEAR
 MAXIMUM TEMPERATURE (F)   69        88      2007
 MINIMUM TEMPERATURE (F)   45        26      1955
                                             1937


SUNRISE AND SUNSET
MARCH 29 2017.........SUNRISE   638 AM CDT   SUNSET   706 PM CDT
MARCH 30 2017.........SUNRISE   637 AM CDT   SUNSET   707 PM CDT


-  INDICATES NEGATIVE NUMBERS.
R  INDICATES RECORD WAS SET OR TIED.
MM INDICATES DATA IS MISSING.
T  INDICATES TRACE AMOUNT.




$$
