000
CDUS44 KHUN 270704
CLIHSV


CLIMATE REPORT
NATIONAL WEATHER SERVICE HUNTSVILLE AL
204 AM CDT WED MAY 27 2015


...................................

...THE HUNTSVILLE CLIMATE SUMMARY FOR MAY 26 2015...

CLIMATE NORMAL PERIOD 1981 TO 2010
CLIMATE RECORD PERIOD 1894 TO 2015


WEATHER ITEM   OBSERVED TIME   RECORD YEAR NORMAL DEPARTURE LAST
                VALUE   (LST)  VALUE       VALUE  FROM      YEAR
                                                  NORMAL
..................................................................
TEMPERATURE (F)
 YESTERDAY
  MAXIMUM         81    433 PM  97    1926  84     -3       89
                                      1915
                                      1911
  MINIMUM         68   1159 PM  44    1979  62      6       67
  AVERAGE         75                        73      2       78

PRECIPITATION (IN)
  YESTERDAY        T             2.00 1994   0.15  -0.15     0.00
  MONTH TO DATE    2.07                      4.35  -2.28     2.14
  SINCE MAR 1     14.63                     13.88   0.75    12.94
  SINCE JAN 1     22.37                     23.61  -1.24    22.81

SNOWFALL (IN)
  YESTERDAY        0.0
  MONTH TO DATE    0.0
  SINCE MAR 1      1.0
  SINCE JUL 1      9.8
  SNOW DEPTH       0

DEGREE DAYS
 HEATING
  YESTERDAY        0                         0      0        0
  MONTH TO DATE   14                        25    -11       38
  SINCE MAR 1    389                       547   -158      628
  SINCE JUL 1   3030                      2999     31     3463

 COOLING
  YESTERDAY       10                         8      2       13
  MONTH TO DATE  204                       146     58      168
  SINCE MAR 1    267                       217     50      210
  SINCE JAN 1    267                       218     49      211
..................................................................


WIND (MPH)
  HIGHEST WIND SPEED    22   HIGHEST WIND DIRECTION     S (160)
  HIGHEST GUST SPEED    28   HIGHEST GUST DIRECTION     S (160)
  AVERAGE WIND SPEED    10.1


SKY COVER
  POSSIBLE SUNSHINE  MM
  AVERAGE SKY COVER 0.7


WEATHER CONDITIONS
 THE FOLLOWING WEATHER WAS RECORDED YESTERDAY.
  LIGHT RAIN


RELATIVE HUMIDITY (PERCENT)
 HIGHEST    87          1200 AM
 LOWEST     62          1100 AM
 AVERAGE    75

..........................................................


THE HUNTSVILLE CLIMATE NORMALS FOR TODAY
                         NORMAL    RECORD    YEAR
 MAXIMUM TEMPERATURE (F)   84        99      1926
 MINIMUM TEMPERATURE (F)   62        41      1961


SUNRISE AND SUNSET
MAY 27 2015...........SUNRISE   537 AM CDT   SUNSET   752 PM CDT
MAY 28 2015...........SUNRISE   537 AM CDT   SUNSET   752 PM CDT


-  INDICATES NEGATIVE NUMBERS.
R  INDICATES RECORD WAS SET OR TIED.
MM INDICATES DATA IS MISSING.
T  INDICATES TRACE AMOUNT.




$$
