000
CDUS44 KHUN 020819
CLIHSV


CLIMATE REPORT
NATIONAL WEATHER SERVICE HUNTSVILLE AL
219 AM CST MON MAR 2 2015


...................................

...THE HUNTSVILLE CLIMATE SUMMARY FOR MARCH 1 2015...

CLIMATE NORMAL PERIOD 1981 TO 2010
CLIMATE RECORD PERIOD 1894 TO 2015


WEATHER ITEM   OBSERVED TIME   RECORD YEAR NORMAL DEPARTURE LAST
                VALUE   (LST)  VALUE       VALUE  FROM      YEAR
                                                  NORMAL
..................................................................
TEMPERATURE (F)
 YESTERDAY
  MAXIMUM         54    109 PM  81    1932  60     -6       63
  MINIMUM         47    653 AM  15    1980  39      8       43
                                      1920
  AVERAGE         51                        50      1       53

PRECIPITATION (IN)
  YESTERDAY        0.39          3.20 1922   0.18   0.21      T
  MONTH TO DATE    0.39                      0.18   0.21      T
  SINCE MAR 1      0.39                      0.18   0.21      T
  SINCE JAN 1      8.13                      9.91  -1.78     9.87

SNOWFALL (IN)
  YESTERDAY        0.0
  MONTH TO DATE    0.0
  SINCE MAR 1      0.0
  SINCE JUL 1      8.8
  SNOW DEPTH       0

DEGREE DAYS
 HEATING
  YESTERDAY       14                        16     -2       12
  MONTH TO DATE   14                        16     -2       12
  SINCE MAR 1     14                        16     -2       12
  SINCE JUL 1   2655                      2468    187     2847

 COOLING
  YESTERDAY        0                         0      0        0
  MONTH TO DATE    0                         0      0        0
  SINCE MAR 1      0                         0      0        0
  SINCE JAN 1      0                         1     -1        1
..................................................................


WIND (MPH)
  HIGHEST WIND SPEED    18   HIGHEST WIND DIRECTION    SE (140)
  HIGHEST GUST SPEED    23   HIGHEST GUST DIRECTION    SE (150)
  AVERAGE WIND SPEED     7.3


SKY COVER
  POSSIBLE SUNSHINE  MM
  AVERAGE SKY COVER 1.0


WEATHER CONDITIONS
 THE FOLLOWING WEATHER WAS RECORDED YESTERDAY.
  RAIN
  LIGHT RAIN
  FOG


RELATIVE HUMIDITY (PERCENT)
 HIGHEST    93           900 PM
 LOWEST     56          1200 AM
 AVERAGE    75

..........................................................


THE HUNTSVILLE CLIMATE NORMALS FOR TODAY
                         NORMAL    RECORD    YEAR
 MAXIMUM TEMPERATURE (F)   61        83      1932
 MINIMUM TEMPERATURE (F)   39        10      1980


SUNRISE AND SUNSET
MARCH  2 2015.........SUNRISE   615 AM CST   SUNSET   544 PM CST
MARCH  3 2015.........SUNRISE   614 AM CST   SUNSET   545 PM CST


-  INDICATES NEGATIVE NUMBERS.
R  INDICATES RECORD WAS SET OR TIED.
MM INDICATES DATA IS MISSING.
T  INDICATES TRACE AMOUNT.




$$
