000
CDUS43 KAPX 010626
CLIHTL


CLIMATE REPORT
NATIONAL WEATHER SERVICE GAYLORD MI
226 AM EDT TUE SEP 1 2015


...................................

...THE HOUGHTON LAKE MI CLIMATE SUMMARY FOR AUGUST 31 2015...

CLIMATE NORMAL PERIOD 1981 TO 2010
CLIMATE RECORD PERIOD 1913 TO 2015


WEATHER ITEM   OBSERVED TIME   RECORD YEAR NORMAL DEPARTURE LAST
                VALUE   (LST)  VALUE       VALUE  FROM      YEAR
                                                  NORMAL
..................................................................
TEMPERATURE (F)
 YESTERDAY
  MAXIMUM         82    357 PM  94    1932  75      7       77
  MINIMUM         60   1159 PM  30    1931  50     10       61
  AVERAGE         71                        62      9       69

PRECIPITATION (IN)
  YESTERDAY        0.00          2.42 1975   0.11  -0.11     0.00
  MONTH TO DATE    3.27                      3.40  -0.13     2.11
  SINCE JUN 1      7.89                      9.26  -1.37     7.40
  SINCE JAN 1     16.51                     19.12  -2.61    19.88

DEGREE DAYS
 HEATING
  YESTERDAY        0                         4     -4        0
  MONTH TO DATE   42                        80    -38       52
  SINCE JUN 1    207                       251    -44      230
  SINCE JUL 1     90                       127    -37      156

 COOLING
  YESTERDAY        6                         1      5        4
  MONTH TO DATE   97                        78     19       60
  SINCE JUN 1    233                       249    -16      180
  SINCE JAN 1    258                       265     -7      195
..................................................................


WIND (MPH)
  HIGHEST WIND SPEED    13   HIGHEST WIND DIRECTION     W (260)
  HIGHEST GUST SPEED    16   HIGHEST GUST DIRECTION     W (280)
  AVERAGE WIND SPEED     5.1




RELATIVE HUMIDITY (PERCENT)
 HIGHEST   100
 LOWEST     49
 AVERAGE    75

..........................................................


THE HOUGHTON LAKE MI CLIMATE NORMALS FOR TODAY
                         NORMAL    RECORD    YEAR
 MAXIMUM TEMPERATURE (F)   74        94      1953
                                             1929
 MINIMUM TEMPERATURE (F)   50        29      1919


SUNRISE AND SUNSET
SEPTEMBER  1 2015.....SUNRISE   701 AM EDT   SUNSET   815 PM EDT
SEPTEMBER  2 2015.....SUNRISE   702 AM EDT   SUNSET   814 PM EDT


-  INDICATES NEGATIVE NUMBERS.
R  INDICATES RECORD WAS SET OR TIED.
MM INDICATES DATA IS MISSING.
T  INDICATES TRACE AMOUNT.




$$
