000
CDUS43 KAPX 290529
CLIHTL


CLIMATE REPORT
NATIONAL WEATHER SERVICE GAYLORD MI
129 AM EDT THU SEP 29 2016


...................................

...THE HOUGHTON LAKE MI CLIMATE SUMMARY FOR SEPTEMBER 28 2016...

CLIMATE NORMAL PERIOD 1981 TO 2010
CLIMATE RECORD PERIOD 1913 TO 2016


WEATHER ITEM   OBSERVED TIME   RECORD YEAR NORMAL DEPARTURE LAST
                VALUE   (LST)  VALUE       VALUE  FROM      YEAR
                                                  NORMAL
..................................................................
TEMPERATURE (F)
 YESTERDAY
  MAXIMUM         68    127 PM  82    1923  64      4       76
                                      1922
                                      1920
  MINIMUM         48    714 AM  21    1935  41      7       63
  AVERAGE         58                        52      6       70

PRECIPITATION (IN)
  YESTERDAY        0.10          1.08 1999   0.10   0.00      T
  MONTH TO DATE    2.69                      2.90  -0.21     3.47
  SINCE SEP 1      2.69                      2.90  -0.21     3.47
  SINCE JAN 1     26.30                     22.02   4.28    19.98

DEGREE DAYS
 HEATING
  YESTERDAY        7                        13     -6        0
  MONTH TO DATE  114                       227   -113       97
  SINCE SEP 1    114                       227   -113       97
  SINCE JUL 1    147                       354   -207      187

 COOLING
  YESTERDAY        0                         0      0        5
  MONTH TO DATE   48                        18     30       73
  SINCE SEP 1     48                        18     30       73
  SINCE JAN 1    457                       283    174      330
..................................................................


WIND (MPH)
  HIGHEST WIND SPEED    20   HIGHEST WIND DIRECTION    NE (60)
  HIGHEST GUST SPEED    24   HIGHEST GUST DIRECTION    NE (60)
  AVERAGE WIND SPEED     8.4




RELATIVE HUMIDITY (PERCENT)
 HIGHEST   100
 LOWEST     48
 AVERAGE    74

..........................................................


THE HOUGHTON LAKE MI CLIMATE NORMALS FOR TODAY
                         NORMAL    RECORD    YEAR
 MAXIMUM TEMPERATURE (F)   63        83      1922
                                             1921
 MINIMUM TEMPERATURE (F)   41        22      1942


SUNRISE AND SUNSET
SEPTEMBER 29 2016.....SUNRISE   735 AM EDT   SUNSET   722 PM EDT
SEPTEMBER 30 2016.....SUNRISE   736 AM EDT   SUNSET   720 PM EDT


-  INDICATES NEGATIVE NUMBERS.
R  INDICATES RECORD WAS SET OR TIED.
MM INDICATES DATA IS MISSING.
T  INDICATES TRACE AMOUNT.




$$
