000
CDUS43 KAPX 300540
CLIHTL


CLIMATE REPORT
NATIONAL WEATHER SERVICE GAYLORD MI
139 AM EDT TUE JUN 30 2015


...................................

...THE HOUGHTON LAKE MI CLIMATE SUMMARY FOR JUNE 29 2015...

CLIMATE NORMAL PERIOD 1981 TO 2010
CLIMATE RECORD PERIOD 1913 TO 2015


WEATHER ITEM   OBSERVED TIME   RECORD YEAR NORMAL DEPARTURE LAST
                VALUE   (LST)  VALUE       VALUE  FROM      YEAR
                                                  NORMAL
..................................................................
TEMPERATURE (F)
 YESTERDAY
  MAXIMUM         80    437 PM 100    1927  79      1       81
  MINIMUM         50    551 AM  30    1925  53     -3       68
                                      1919
  AVERAGE         65                        66     -1       75

PRECIPITATION (IN)
  YESTERDAY        0.00          2.09 1981   0.09  -0.09     0.97
  MONTH TO DATE    3.09                      3.00   0.09     2.57
  SINCE JUN 1      3.09                      3.00   0.09     2.57
  SINCE JAN 1     11.71                     12.86  -1.15    15.05

DEGREE DAYS
 HEATING
  YESTERDAY        0                         2     -2        0
  MONTH TO DATE  109                       121    -12       74
  SINCE JUN 1    109                       121    -12       74
  SINCE JUL 1   8591                      8140    451     8968

 COOLING
  YESTERDAY        0                         3     -3       10
  MONTH TO DATE   20                        56    -36       61
  SINCE JUN 1     20                        56    -36       61
  SINCE JAN 1     45                        72    -27       76
..................................................................


WIND (MPH)
  HIGHEST WIND SPEED    16   HIGHEST WIND DIRECTION    SW (230)
  HIGHEST GUST SPEED    21   HIGHEST GUST DIRECTION    SW (240)
  AVERAGE WIND SPEED     4.9




RELATIVE HUMIDITY (PERCENT)
 HIGHEST    96
 LOWEST     36
 AVERAGE    66

..........................................................


THE HOUGHTON LAKE MI CLIMATE NORMALS FOR TODAY
                         NORMAL    RECORD    YEAR
 MAXIMUM TEMPERATURE (F)   79        99      1927
 MINIMUM TEMPERATURE (F)   53        31      1919


SUNRISE AND SUNSET
JUNE 30 2015..........SUNRISE   558 AM EDT   SUNSET   927 PM EDT
JULY  1 2015..........SUNRISE   558 AM EDT   SUNSET   927 PM EDT


-  INDICATES NEGATIVE NUMBERS.
R  INDICATES RECORD WAS SET OR TIED.
MM INDICATES DATA IS MISSING.
T  INDICATES TRACE AMOUNT.




$$
