000
CDUS43 KAPX 280529
CLIHTL


CLIMATE REPORT
NATIONAL WEATHER SERVICE GAYLORD MI
129 AM EDT THU AUG 28 2014


...................................

...THE HOUGHTON LAKE MI CLIMATE SUMMARY FOR AUGUST 27 2014...

CLIMATE NORMAL PERIOD 1981 TO 2010
CLIMATE RECORD PERIOD 1913 TO 2014


WEATHER ITEM   OBSERVED TIME   RECORD YEAR NORMAL DEPARTURE LAST
                VALUE   (LST)  VALUE       VALUE  FROM      YEAR
                                                  NORMAL
..................................................................
TEMPERATURE (F)
 YESTERDAY
  MAXIMUM         72    406 PM  95    1930  76     -4       75
  MINIMUM         44   1159 PM  31    1919  51     -7       62
  AVERAGE         58                        63     -5       69

PRECIPITATION (IN)
  YESTERDAY        0.00          0.90 1965   0.10  -0.10     0.71
  MONTH TO DATE    1.99                      2.98  -0.99     1.35
  SINCE JUN 1      7.28                      8.84  -1.56     3.78
  SINCE JAN 1     19.76                     18.70   1.06    19.72

DEGREE DAYS
 HEATING
  YESTERDAY        7                         3      4        0
  MONTH TO DATE   40                        64    -24       80
  SINCE JUN 1    218                       235    -17      227
  SINCE JUL 1    144                       111     33      125

 COOLING
  YESTERDAY        0                         2     -2        4
  MONTH TO DATE   47                        70    -23       56
  SINCE JUN 1    167                       241    -74      281
  SINCE JAN 1    182                       257    -75      321
..................................................................


WIND (MPH)
  HIGHEST WIND SPEED    15   HIGHEST WIND DIRECTION    NW (330)
  HIGHEST GUST SPEED    22   HIGHEST GUST DIRECTION    NW (300)
  AVERAGE WIND SPEED     4.4




RELATIVE HUMIDITY (PERCENT)
 HIGHEST   100
 LOWEST     49
 AVERAGE    75

..........................................................


THE HOUGHTON LAKE MI CLIMATE NORMALS FOR TODAY
                         NORMAL    RECORD    YEAR
 MAXIMUM TEMPERATURE (F)   75        91      1953
                                             1948
                                             1926
 MINIMUM TEMPERATURE (F)   51        29      1941


SUNRISE AND SUNSET
AUGUST 28 2014........SUNRISE   657 AM EDT   SUNSET   822 PM EDT
AUGUST 29 2014........SUNRISE   658 AM EDT   SUNSET   820 PM EDT


-  INDICATES NEGATIVE NUMBERS.
R  INDICATES RECORD WAS SET OR TIED.
MM INDICATES DATA IS MISSING.
T  INDICATES TRACE AMOUNT.




$$
