000
CDUS43 KAPX 210537
CLIHTL


CLIMATE REPORT
NATIONAL WEATHER SERVICE GAYLORD MI
1237 AM EST SUN DEC 21 2014


...................................

...THE HOUGHTON LAKE MI CLIMATE SUMMARY FOR DECEMBER 20 2014...

CLIMATE NORMAL PERIOD 1981 TO 2010
CLIMATE RECORD PERIOD 1913 TO 2014


WEATHER ITEM   OBSERVED TIME   RECORD YEAR NORMAL DEPARTURE LAST
                VALUE   (LST)  VALUE       VALUE  FROM      YEAR
                                                  NORMAL
..................................................................
TEMPERATURE (F)
 YESTERDAY
  MAXIMUM         26    127 PM  50    1923  29     -3       25
  MINIMUM          6    525 AM -19    1958  16    -10       22
  AVERAGE         16                        22     -6       24

PRECIPITATION (IN)
  YESTERDAY        0.00          0.94 2012   0.04  -0.04     0.18
  MONTH TO DATE    0.44                      1.12  -0.68     1.60
  SINCE DEC 1      0.44                      1.12  -0.68     1.60
  SINCE JAN 1     29.80                     28.22   1.58    30.10

SNOWFALL (IN)
  YESTERDAY        0.0           6.5  1951   0.5   -0.5      1.3
  MONTH TO DATE    4.6                      10.2   -5.6     12.9
  SINCE OCT 1     17.5                      19.3   -1.8     16.7
  SINCE JUL 1     17.5                      19.3   -1.8     16.7
  SNOW DEPTH       3

DEGREE DAYS
 HEATING
  YESTERDAY       49                        43      6       41
  MONTH TO DATE  760                       790    -30      917
  SINCE DEC 1    760                       790    -30      917
  SINCE JUL 1   2763                      2673     90     2782
..................................................................


WIND (MPH)
  HIGHEST WIND SPEED     7   HIGHEST WIND DIRECTION     W (280)
  HIGHEST GUST SPEED    10   HIGHEST GUST DIRECTION     W (280)
  AVERAGE WIND SPEED     0.9




RELATIVE HUMIDITY (PERCENT)
 HIGHEST    96
 LOWEST     74
 AVERAGE    85

..........................................................


THE HOUGHTON LAKE MI CLIMATE NORMALS FOR TODAY
                         NORMAL    RECORD    YEAR
 MAXIMUM TEMPERATURE (F)   29        55      1967
 MINIMUM TEMPERATURE (F)   16       -10      1989
                                             1914


SUNRISE AND SUNSET
DECEMBER 21 2014......SUNRISE   812 AM EST   SUNSET   502 PM EST
DECEMBER 22 2014......SUNRISE   812 AM EST   SUNSET   503 PM EST


-  INDICATES NEGATIVE NUMBERS.
R  INDICATES RECORD WAS SET OR TIED.
MM INDICATES DATA IS MISSING.
T  INDICATES TRACE AMOUNT.




$$
