000
CDUS43 KAPX 270529
CLIHTL


CLIMATE REPORT
NATIONAL WEATHER SERVICE GAYLORD MI
127 AM EDT THU APR 27 2017


...................................

...THE HOUGHTON LAKE MI CLIMATE SUMMARY FOR APRIL 26 2017...

CLIMATE NORMAL PERIOD 1981 TO 2010
CLIMATE RECORD PERIOD 1913 TO 2017


WEATHER ITEM   OBSERVED TIME   RECORD YEAR NORMAL DEPARTURE LAST
                VALUE   (LST)  VALUE       VALUE  FROM      YEAR
                                                  NORMAL
..................................................................
TEMPERATURE (F)
 YESTERDAY
  MAXIMUM         76    517 PM  86    1948  59     17       49
  MINIMUM         56    649 AM  16    1933  35     21       31
  AVERAGE         66                        47     19       40

PRECIPITATION (IN)
  YESTERDAY        T             1.05 2011   0.08  -0.08      T
  MONTH TO DATE    4.52                      2.16   2.36     2.11
  SINCE MAR 1      7.20                      4.00   3.20     6.84
  SINCE JAN 1     12.68                      6.72   5.96     9.96

SNOWFALL (IN)
  YESTERDAY        0.0           3.0  1966   0.0    0.0      0.0
  MONTH TO DATE    T                         3.6   -3.6     11.9
  SINCE OCT 1     76.1                      66.4    9.7     58.4
  SINCE JUL 1     76.1                      66.4    9.7     58.4
  SNOW DEPTH       0

DEGREE DAYS
 HEATING
  YESTERDAY        0                        18    -18       25
  MONTH TO DATE  453                       607   -154      672
  SINCE MAR 1   1550                      1720   -170     1600
  SINCE JUL 1   6400                      7592  -1192     6513

 COOLING
  YESTERDAY        1                         0      1        0
  MONTH TO DATE    1                         0      1        0
  SINCE MAR 1      1                         0      1        0
  SINCE JAN 1      1                         0      1        0
..................................................................


WIND (MPH)
  HIGHEST WIND SPEED    26   HIGHEST WIND DIRECTION     S (160)
  HIGHEST GUST SPEED    37   HIGHEST GUST DIRECTION     S (170)
  AVERAGE WIND SPEED    10.5




RELATIVE HUMIDITY (PERCENT)
 HIGHEST    86
 LOWEST     50
 AVERAGE    68

..........................................................


THE HOUGHTON LAKE MI CLIMATE NORMALS FOR TODAY
                         NORMAL    RECORD    YEAR
 MAXIMUM TEMPERATURE (F)   60        84      1990
                                             1986
 MINIMUM TEMPERATURE (F)   36        18      1940
                                             1919


SUNRISE AND SUNSET
APRIL 27 2017.........SUNRISE   635 AM EDT   SUNSET   838 PM EDT
APRIL 28 2017.........SUNRISE   634 AM EDT   SUNSET   840 PM EDT


-  INDICATES NEGATIVE NUMBERS.
R  INDICATES RECORD WAS SET OR TIED.
MM INDICATES DATA IS MISSING.
T  INDICATES TRACE AMOUNT.




$$
