000
CDUS43 KAPX 280539
CLIHTL


CLIMATE REPORT
NATIONAL WEATHER SERVICE GAYLORD MI
138 AM EDT THU JUL 28 2016


...................................

...THE HOUGHTON LAKE MI CLIMATE SUMMARY FOR JULY 27 2016...

CLIMATE NORMAL PERIOD 1981 TO 2010
CLIMATE RECORD PERIOD 1913 TO 2016


WEATHER ITEM   OBSERVED TIME   RECORD YEAR NORMAL DEPARTURE LAST
                VALUE   (LST)  VALUE       VALUE  FROM      YEAR
                                                  NORMAL
..................................................................
TEMPERATURE (F)
 YESTERDAY
  MAXIMUM         86    121 PM  98    1941  79      7       91
  MINIMUM         68   1159 PM  36    2001  55     13       55
                                      1920
  AVERAGE         77                        67     10       73

PRECIPITATION (IN)
  YESTERDAY        0.05          3.50 2000   0.10  -0.05     0.00
  MONTH TO DATE    2.81                      2.37   0.44     1.39
  SINCE JUN 1      5.57                      5.47   0.10     4.55
  SINCE JAN 1     19.64                     15.33   4.31    13.17

DEGREE DAYS
 HEATING
  YESTERDAY        0                         1     -1        0
  MONTH TO DATE   27                        39    -12       48
  SINCE JUN 1    132                       163    -31      165
  SINCE JUL 1     27                        39    -12       48

 COOLING
  YESTERDAY       12                         3      9        8
  MONTH TO DATE  153                       104     49       82
  SINCE JUN 1    197                       163     34      102
  SINCE JAN 1    226                       179     47      127
..................................................................


WIND (MPH)
  HIGHEST WIND SPEED    21   HIGHEST WIND DIRECTION    SW (210)
  HIGHEST GUST SPEED    28   HIGHEST GUST DIRECTION    SW (210)
  AVERAGE WIND SPEED     5.0




RELATIVE HUMIDITY (PERCENT)
 HIGHEST    90
 LOWEST     51
 AVERAGE    71

..........................................................


THE HOUGHTON LAKE MI CLIMATE NORMALS FOR TODAY
                         NORMAL    RECORD    YEAR
 MAXIMUM TEMPERATURE (F)   79        98      1931
 MINIMUM TEMPERATURE (F)   55        40      1978
                                             1943
                                             1925


SUNRISE AND SUNSET
JULY 28 2016..........SUNRISE   622 AM EDT   SUNSET   908 PM EDT
JULY 29 2016..........SUNRISE   623 AM EDT   SUNSET   907 PM EDT


-  INDICATES NEGATIVE NUMBERS.
R  INDICATES RECORD WAS SET OR TIED.
MM INDICATES DATA IS MISSING.
T  INDICATES TRACE AMOUNT.




$$
