000
CDUS43 KAPX 180529
CLIHTL


CLIMATE REPORT
NATIONAL WEATHER SERVICE GAYLORD MI
1229 AM EST SUN FEB 18 2018


...................................

...THE HOUGHTON LAKE MI CLIMATE SUMMARY FOR FEBRUARY 17 2018...

CLIMATE NORMAL PERIOD 1981 TO 2010
CLIMATE RECORD PERIOD 1913 TO 2018


WEATHER ITEM   OBSERVED TIME   RECORD YEAR NORMAL DEPARTURE LAST
                VALUE   (LST)  VALUE       VALUE  FROM      YEAR
                                                  NORMAL
..................................................................
TEMPERATURE (F)
 YESTERDAY
  MAXIMUM         30    304 PM  52    1994  30      0       43
  MINIMUM         12    158 AM -34    1979  11      1       23
  AVERAGE         21                        20      1       33

PRECIPITATION (IN)
  YESTERDAY        0.01          0.68 2008   0.04  -0.03     0.00
  MONTH TO DATE    0.74                      0.67   0.07     0.66
  SINCE DEC 1      3.99                      3.83   0.16     5.85
  SINCE JAN 1      2.51                      2.18   0.33     3.63

SNOWFALL (IN)
  YESTERDAY        T             4.5  2014   0.4   -0.4      0.0
  MONTH TO DATE    9.1                       7.8    1.3      2.3
  SINCE OCT 1     34.9                      49.9  -15.0     64.7
  SINCE JUL 1     34.9                      49.9  -15.0     64.7
  SNOW DEPTH       3

DEGREE DAYS
 HEATING
  YESTERDAY       44                        45     -1       32
  MONTH TO DATE  833                       785     48      718
  SINCE DEC 1   3623                      3514    109     3220
  SINCE JUL 1   5224                      5397   -173     4540
..................................................................


WIND (MPH)
  HIGHEST WIND SPEED    17   HIGHEST WIND DIRECTION    SW (230)
  HIGHEST GUST SPEED    24   HIGHEST GUST DIRECTION    SW (230)
  AVERAGE WIND SPEED     9.1




RELATIVE HUMIDITY (PERCENT)
 HIGHEST    88
 LOWEST     47
 AVERAGE    68

..........................................................


THE HOUGHTON LAKE MI CLIMATE NORMALS FOR TODAY
                         NORMAL    RECORD    YEAR
 MAXIMUM TEMPERATURE (F)   30        53      2017
 MINIMUM TEMPERATURE (F)   11       -30      1920


SUNRISE AND SUNSET
FEBRUARY 18 2018......SUNRISE   734 AM EST   SUNSET   612 PM EST
FEBRUARY 19 2018......SUNRISE   732 AM EST   SUNSET   613 PM EST


-  INDICATES NEGATIVE NUMBERS.
R  INDICATES RECORD WAS SET OR TIED.
MM INDICATES DATA IS MISSING.
T  INDICATES TRACE AMOUNT.




$$
