000
CDUS43 KAPX 260602
CLIHTL


CLIMATE REPORT
NATIONAL WEATHER SERVICE GAYLORD MI
102 AM EST SUN FEB 26 2017


...................................

...THE HOUGHTON LAKE MI CLIMATE SUMMARY FOR FEBRUARY 25 2017...

CLIMATE NORMAL PERIOD 1981 TO 2010
CLIMATE RECORD PERIOD 1913 TO 2017


WEATHER ITEM   OBSERVED TIME   RECORD YEAR NORMAL DEPARTURE LAST
                VALUE   (LST)  VALUE       VALUE  FROM      YEAR
                                                  NORMAL
..................................................................
TEMPERATURE (F)
 YESTERDAY
  MAXIMUM         34    506 AM  54    1930  32      2       30
  MINIMUM         22   1159 PM -23    1928  12     10       21
  AVERAGE         28                        22      6       26

PRECIPITATION (IN)
  YESTERDAY        0.03          0.87 1926   0.05  -0.02     0.17
  MONTH TO DATE    1.98                      1.05   0.93     1.35
  SINCE DEC 1      7.17                      4.21   2.96     6.68
  SINCE JAN 1      4.95                      2.56   2.39     3.11

SNOWFALL (IN)
  YESTERDAY        0.7           5.8  1935   0.4    0.3      2.0
  MONTH TO DATE    4.0                      11.3   -7.3     10.5
  SINCE OCT 1     66.4                      53.4   13.0     33.4
  SINCE JUL 1     66.4                      53.4   13.0     33.4
  SNOW DEPTH       T

DEGREE DAYS
 HEATING
  YESTERDAY       37                        43     -6       39
  MONTH TO DATE  928                      1135   -207     1051
  SINCE DEC 1   3430                      3864   -434     3291
  SINCE JUL 1   4750                      5747   -997     4770
..................................................................


WIND (MPH)
  HIGHEST WIND SPEED    22   HIGHEST WIND DIRECTION    NW (300)
  HIGHEST GUST SPEED    29   HIGHEST GUST DIRECTION     W (270)
  AVERAGE WIND SPEED    13.3




RELATIVE HUMIDITY (PERCENT)
 HIGHEST   100
 LOWEST     68
 AVERAGE    84

..........................................................


THE HOUGHTON LAKE MI CLIMATE NORMALS FOR TODAY
                         NORMAL    RECORD    YEAR
 MAXIMUM TEMPERATURE (F)   33        59      2000
                                             1932
 MINIMUM TEMPERATURE (F)   13       -19      1963


SUNRISE AND SUNSET
FEBRUARY 26 2017......SUNRISE   721 AM EST   SUNSET   623 PM EST
FEBRUARY 27 2017......SUNRISE   719 AM EST   SUNSET   624 PM EST


-  INDICATES NEGATIVE NUMBERS.
R  INDICATES RECORD WAS SET OR TIED.
MM INDICATES DATA IS MISSING.
T  INDICATES TRACE AMOUNT.




$$
