000
CDUS43 KAPX 240535
CLIHTL


CLIMATE REPORT
NATIONAL WEATHER SERVICE GAYLORD MI
133 AM EDT THU JUL 24 2014


...................................

...THE HOUGHTON LAKE MI CLIMATE SUMMARY FOR JULY 23 2014...

CLIMATE NORMAL PERIOD 1981 TO 2010
CLIMATE RECORD PERIOD 1913 TO 2014


WEATHER ITEM   OBSERVED TIME   RECORD YEAR NORMAL DEPARTURE LAST
                VALUE   (LST)  VALUE       VALUE  FROM      YEAR
                                                  NORMAL
..................................................................
TEMPERATURE (F)
 YESTERDAY
  MAXIMUM         68    505 PM  95    1940  80    -12       73
  MINIMUM         54   1159 PM  35    1947  55     -1       50
  AVERAGE         61                        67     -6       62

PRECIPITATION (IN)
  YESTERDAY        0.00          1.20 1962   0.09  -0.09     0.02
  MONTH TO DATE    2.33                      1.98   0.35     0.63
  SINCE JUN 1      4.95                      5.08  -0.13     1.92
  SINCE JAN 1     17.43                     14.94   2.49    17.86

DEGREE DAYS
 HEATING
  YESTERDAY        4                         1      3        3
  MONTH TO DATE   69                        35     34       15
  SINCE JUN 1    143                       159    -16      117
  SINCE JUL 1     69                        35     34       15

 COOLING
  YESTERDAY        0                         4     -4        0
  MONTH TO DATE   37                        89    -52      145
  SINCE JUN 1    110                       148    -38      224
  SINCE JAN 1    125                       164    -39      264
..................................................................


WIND (MPH)
  HIGHEST WIND SPEED    17   HIGHEST WIND DIRECTION     N (340)
  HIGHEST GUST SPEED    26   HIGHEST GUST DIRECTION     N (350)
  AVERAGE WIND SPEED     9.0




RELATIVE HUMIDITY (PERCENT)
 HIGHEST    90
 LOWEST     63
 AVERAGE    77

..........................................................


THE HOUGHTON LAKE MI CLIMATE NORMALS FOR TODAY
                         NORMAL    RECORD    YEAR
 MAXIMUM TEMPERATURE (F)   80       106      1934
 MINIMUM TEMPERATURE (F)   55        36      1931


SUNRISE AND SUNSET
JULY 24 2014..........SUNRISE   617 AM EDT   SUNSET   913 PM EDT
JULY 25 2014..........SUNRISE   618 AM EDT   SUNSET   912 PM EDT


-  INDICATES NEGATIVE NUMBERS.
R  INDICATES RECORD WAS SET OR TIED.
MM INDICATES DATA IS MISSING.
T  INDICATES TRACE AMOUNT.




$$
