000
CDUS43 KAPX 230529
CLIHTL


CLIMATE REPORT
NATIONAL WEATHER SERVICE GAYLORD MI
128 AM EDT TUE SEP 23 2014


...................................

...THE HOUGHTON LAKE MI CLIMATE SUMMARY FOR SEPTEMBER 22 2014...

CLIMATE NORMAL PERIOD 1981 TO 2010
CLIMATE RECORD PERIOD 1913 TO 2014


WEATHER ITEM   OBSERVED TIME   RECORD YEAR NORMAL DEPARTURE LAST
                VALUE   (LST)  VALUE       VALUE  FROM      YEAR
                                                  NORMAL
..................................................................
TEMPERATURE (F)
 YESTERDAY
  MAXIMUM         62    453 PM  89    1941  66     -4       56
                                      1936
  MINIMUM         41    609 AM  24    1918  43     -2       36
  AVERAGE         52                        55     -3       46

PRECIPITATION (IN)
  YESTERDAY        0.00          1.09 1965   0.11  -0.11     0.00
  MONTH TO DATE    3.05                      2.27   0.78     1.21
  SINCE SEP 1      3.05                      2.27   0.78     1.21
  SINCE JAN 1     22.93                     21.39   1.54    21.31

DEGREE DAYS
 HEATING
  YESTERDAY       13                        10      3       19
  MONTH TO DATE  189                       156     33      160
  SINCE SEP 1    189                       156     33      160
  SINCE JUL 1    345                       283     62      285

 COOLING
  YESTERDAY        0                         0      0        0
  MONTH TO DATE   15                        18     -3       35
  SINCE SEP 1     15                        18     -3       35
  SINCE JAN 1    210                       283    -73      381
..................................................................


WIND (MPH)
  HIGHEST WIND SPEED    15   HIGHEST WIND DIRECTION    NW (300)
  HIGHEST GUST SPEED    20   HIGHEST GUST DIRECTION    NW (300)
  AVERAGE WIND SPEED     8.2




RELATIVE HUMIDITY (PERCENT)
 HIGHEST    89
 LOWEST     52
 AVERAGE    71

..........................................................


THE HOUGHTON LAKE MI CLIMATE NORMALS FOR TODAY
                         NORMAL    RECORD    YEAR
 MAXIMUM TEMPERATURE (F)   66        88      1937
 MINIMUM TEMPERATURE (F)   43        26      1998


SUNRISE AND SUNSET
SEPTEMBER 23 2014.....SUNRISE   727 AM EDT   SUNSET   734 PM EDT
SEPTEMBER 24 2014.....SUNRISE   728 AM EDT   SUNSET   732 PM EDT


-  INDICATES NEGATIVE NUMBERS.
R  INDICATES RECORD WAS SET OR TIED.
MM INDICATES DATA IS MISSING.
T  INDICATES TRACE AMOUNT.




$$
