000
CDUS41 KRLX 210718
CLIHTS


CLIMATE REPORT
NATIONAL WEATHER SERVICE CHARLESTON WV
318 AM EDT SAT OCT 21 2017


...................................

...THE HUNTINGTON WV CLIMATE SUMMARY FOR OCTOBER 20 2017...

CLIMATE NORMAL PERIOD 1981 TO 2010
CLIMATE RECORD PERIOD 1897 TO 2017


WEATHER ITEM   OBSERVED TIME   RECORD YEAR NORMAL DEPARTURE LAST
                VALUE   (LST)  VALUE       VALUE  FROM      YEAR
                                                  NORMAL
..................................................................
TEMPERATURE (F)
 YESTERDAY
  MAXIMUM         76    412 PM  87    1953  67      9       84
  MINIMUM         47    713 AM  24    1992  44      3       61
                                      1952
  AVERAGE         62                        55      7       73

PRECIPITATION (IN)
  YESTERDAY        0.00          2.71 1985   0.09  -0.09     0.89
  MONTH TO DATE    3.22                      1.75   1.47     0.95
  SINCE JAN 1     39.35                     34.78   4.57    38.89

SNOWFALL (IN)
  YESTERDAY        0.0           0.4  1974   0.0    0.0      0.0
  MONTH TO DATE    0.0                       0.0    0.0      0.0
  SINCE SEP 1      0.0                       0.0    0.0      0.0
  SNOW DEPTH       0

DEGREE DAYS
 HEATING
  YESTERDAY        3                        10     -7        0
  MONTH TO DATE   62                       152    -90       48
  SINCE SEP 1     94                       208   -114       58
  SINCE JUL 1     94                       210   -116       58

 COOLING
  YESTERDAY        0                         0      0        8
  MONTH TO DATE   54                        16     38       53
  SINCE SEP 1    186                       150     36      328
  SINCE JAN 1   1188                      1127     61     1578
..................................................................


WIND (MPH)
  HIGHEST WIND SPEED     6   HIGHEST WIND DIRECTION     N (20)
  HIGHEST GUST SPEED     8   HIGHEST GUST DIRECTION    SW (210)
  AVERAGE WIND SPEED     1.9


SKY COVER
  POSSIBLE SUNSHINE  MM
  AVERAGE SKY COVER 0.0


WEATHER CONDITIONS
 THE FOLLOWING WEATHER WAS RECORDED YESTERDAY.
  FOG
  HAZE


RELATIVE HUMIDITY (PERCENT)
 HIGHEST    93           200 AM
 LOWEST     38           300 PM
 AVERAGE    66

..........................................................


THE HUNTINGTON WV CLIMATE NORMALS FOR TODAY
                         NORMAL    RECORD    YEAR
 MAXIMUM TEMPERATURE (F)   67        86      1933
 MINIMUM TEMPERATURE (F)   44        20      1952


SUNRISE AND SUNSET
OCTOBER 21 2017.......SUNRISE   745 AM EDT   SUNSET   644 PM EDT
OCTOBER 22 2017.......SUNRISE   746 AM EDT   SUNSET   642 PM EDT


-  INDICATES NEGATIVE NUMBERS.
R  INDICATES RECORD WAS SET OR TIED.
MM INDICATES DATA IS MISSING.
T  INDICATES TRACE AMOUNT.




$$
