000
CDUS41 KRLX 050743
CLIHTS


CLIMATE REPORT
NATIONAL WEATHER SERVICE CHARLESTON WV
337 AM EDT THU MAY 5 2016


...................................

...THE HUNTINGTON WV CLIMATE SUMMARY FOR MAY 4 2016...

CLIMATE NORMAL PERIOD 1981 TO 2010
CLIMATE RECORD PERIOD 1897 TO 2016


WEATHER ITEM   OBSERVED TIME   RECORD YEAR NORMAL DEPARTURE LAST
                VALUE   (LST)  VALUE       VALUE  FROM      YEAR
                                                  NORMAL
..................................................................
TEMPERATURE (F)
 YESTERDAY
  MAXIMUM         65   1235 PM  93    1959  73     -8       83
  MINIMUM         48   1159 PM  30    1986  50     -2       47
  AVERAGE         57                        61     -4       65

PRECIPITATION (IN)
  YESTERDAY        0.11          1.28 1958   0.15  -0.04     0.00
  MONTH TO DATE    2.36                      0.56   1.80     0.00
  SINCE JAN 1     16.73                     13.94   2.79    19.34

SNOWFALL (IN)
  YESTERDAY        0.0
  MONTH TO DATE    0.0
  SINCE SEP 1     23.8
  SNOW DEPTH       0

DEGREE DAYS
 HEATING
  YESTERDAY        8                         5      3        0
  MONTH TO DATE   15                        22     -7       20
  SINCE MAR 1    641                       909   -268      922
  SINCE JUL 1   3676                      4410   -734     4938

 COOLING
  YESTERDAY        0                         1     -1        0
  MONTH TO DATE    8                         4      4        0
  SINCE MAR 1     55                        36     19        9
  SINCE JAN 1     55                        36     19        9
..................................................................


WIND (MPH)
  HIGHEST WIND SPEED    15   HIGHEST WIND DIRECTION    NW (320)
  HIGHEST GUST SPEED    26   HIGHEST GUST DIRECTION     W (260)
  AVERAGE WIND SPEED     5.2


SKY COVER
  POSSIBLE SUNSHINE  MM


WEATHER CONDITIONS
 THE FOLLOWING WEATHER WAS RECORDED YESTERDAY.
  LIGHT RAIN
  FOG


RELATIVE HUMIDITY (PERCENT)
 HIGHEST    96           500 AM
 LOWEST     52          1100 AM
 AVERAGE    74

..........................................................


THE HUNTINGTON WV CLIMATE NORMALS FOR TODAY
                         NORMAL    RECORD    YEAR
 MAXIMUM TEMPERATURE (F)   73        94      1950
                                             1949
 MINIMUM TEMPERATURE (F)   50        32      2011


SUNRISE AND SUNSET
MAY  5 2016...........SUNRISE   628 AM EDT   SUNSET   826 PM EDT
MAY  6 2016...........SUNRISE   627 AM EDT   SUNSET   827 PM EDT


-  INDICATES NEGATIVE NUMBERS.
R  INDICATES RECORD WAS SET OR TIED.
MM INDICATES DATA IS MISSING.
T  INDICATES TRACE AMOUNT.




$$
