000
CDUS41 KRLX 260821
CLIHTS


CLIMATE REPORT
NATIONAL WEATHER SERVICE CHARLESTON WV
320 AM EST SUN FEB 26 2017


...................................

...THE HUNTINGTON WV CLIMATE SUMMARY FOR FEBRUARY 25 2017...

CLIMATE NORMAL PERIOD 1981 TO 2010
CLIMATE RECORD PERIOD 1897 TO 2017


WEATHER ITEM   OBSERVED TIME   RECORD YEAR NORMAL DEPARTURE LAST
                VALUE   (LST)  VALUE       VALUE  FROM      YEAR
                                                  NORMAL
..................................................................
TEMPERATURE (F)
 YESTERDAY
  MAXIMUM         70   1258 AM  80    1930  50     20       39
  MINIMUM         32   1159 PM  -1    1967  30      2       33
  AVERAGE         51                        40     11       36

PRECIPITATION (IN)
  YESTERDAY        0.86          1.21 1979   0.12   0.74      T
  MONTH TO DATE    2.02                      2.73  -0.71     5.40
  SINCE JAN 1      6.00                      5.70   0.30     7.39

SNOWFALL (IN)
  YESTERDAY        0.0
  MONTH TO DATE    T
  SINCE SEP 1      5.9
  SNOW DEPTH       0

DEGREE DAYS
 HEATING
  YESTERDAY       14                        25    -11       29
  MONTH TO DATE  456                       703   -247      676
  SINCE DEC 1   1983                      2540   -557     2235
  SINCE JUL 1   2581                      3427   -846     2955

 COOLING
  YESTERDAY        0                         0      0        0
  MONTH TO DATE    1                         0      1        0
  SINCE DEC 1      1                         1      0        0
  SINCE JAN 1      1                         0      1        0
..................................................................


WIND (MPH)
  HIGHEST WIND SPEED    23   HIGHEST WIND DIRECTION     W (250)
  HIGHEST GUST SPEED    37   HIGHEST GUST DIRECTION     W (250)
  AVERAGE WIND SPEED     9.8


SKY COVER
  POSSIBLE SUNSHINE  MM


WEATHER CONDITIONS
 THE FOLLOWING WEATHER WAS RECORDED YESTERDAY.
  THUNDERSTORM
  HEAVY RAIN
  RAIN
  FOG
  HAZE


RELATIVE HUMIDITY (PERCENT)
 HIGHEST    93           300 AM
 LOWEST     45           200 PM
 AVERAGE    69

..........................................................


THE HUNTINGTON WV CLIMATE NORMALS FOR TODAY
                         NORMAL    RECORD    YEAR
 MAXIMUM TEMPERATURE (F)   50        79      1977
 MINIMUM TEMPERATURE (F)   30         2      1967


SUNRISE AND SUNSET
FEBRUARY 26 2017......SUNRISE   706 AM EST   SUNSET   621 PM EST
FEBRUARY 27 2017......SUNRISE   705 AM EST   SUNSET   622 PM EST


-  INDICATES NEGATIVE NUMBERS.
R  INDICATES RECORD WAS SET OR TIED.
MM INDICATES DATA IS MISSING.
T  INDICATES TRACE AMOUNT.




$$
