000
CDUS41 KRLX 250738
CLIHTS


CLIMATE REPORT
NATIONAL WEATHER SERVICE CHARLESTON WV
336 AM EDT SUN JUN 25 2017


...................................

...THE HUNTINGTON WV CLIMATE SUMMARY FOR JUNE 24 2017...

CLIMATE NORMAL PERIOD 1981 TO 2010
CLIMATE RECORD PERIOD 1897 TO 2017


WEATHER ITEM   OBSERVED TIME   RECORD YEAR NORMAL DEPARTURE LAST
                VALUE   (LST)  VALUE       VALUE  FROM      YEAR
                                                  NORMAL
..................................................................
TEMPERATURE (F)
 YESTERDAY
  MAXIMUM         82    140 PM 105    1930  85     -3       82
  MINIMUM         65   1159 PM  47    1915  64      1       69
  AVERAGE         74                        74      0       76

PRECIPITATION (IN)
  YESTERDAY        0.06          1.57 1940   0.11  -0.05     0.75
  MONTH TO DATE    4.83                      3.19   1.64     7.24
  SINCE JAN 1     23.04                     21.27   1.77    26.88

SNOWFALL (IN)
  YESTERDAY        0.0
  MONTH TO DATE    0.0
  SINCE SEP 1      5.9
  SNOW DEPTH       0

DEGREE DAYS
 HEATING
  YESTERDAY        0                         0      0        0
  MONTH TO DATE    4                         9     -5        1
  SINCE JUN 1      4                         9     -5        1
  SINCE JUL 1   3446                      4509  -1063     3789

 COOLING
  YESTERDAY        9                         9      0       11
  MONTH TO DATE  193                       168     25      214
  SINCE JUN 1    193                       168     25      214
  SINCE JAN 1    365                       281     84      354
..................................................................


WIND (MPH)
  HIGHEST WIND SPEED    15   HIGHEST WIND DIRECTION     W (250)
  HIGHEST GUST SPEED    21   HIGHEST GUST DIRECTION     W (260)
  AVERAGE WIND SPEED     5.6


SKY COVER
  POSSIBLE SUNSHINE  MM


WEATHER CONDITIONS
 THE FOLLOWING WEATHER WAS RECORDED YESTERDAY.
  RAIN
  LIGHT RAIN
  FOG


RELATIVE HUMIDITY (PERCENT)
 HIGHEST    93          1200 AM
 LOWEST     42           600 PM
 AVERAGE    68

..........................................................


THE HUNTINGTON WV CLIMATE NORMALS FOR TODAY
                         NORMAL    RECORD    YEAR
 MAXIMUM TEMPERATURE (F)   85       101      1921
 MINIMUM TEMPERATURE (F)   64        49      1979


SUNRISE AND SUNSET
JUNE 25 2017..........SUNRISE   608 AM EDT   SUNSET   858 PM EDT
JUNE 26 2017..........SUNRISE   608 AM EDT   SUNSET   858 PM EDT


-  INDICATES NEGATIVE NUMBERS.
R  INDICATES RECORD WAS SET OR TIED.
MM INDICATES DATA IS MISSING.
T  INDICATES TRACE AMOUNT.




$$
