000
CDUS41 KRLX 282131
CLIHTS


CLIMATE REPORT
NATIONAL WEATHER SERVICE CHARLESTON WV
530 PM EDT FRI APR 28 2017


...................................

...THE HUNTINGTON WV CLIMATE SUMMARY FOR APRIL 28 2017...
VALID TODAY AS OF 0500 PM LOCAL TIME.

CLIMATE NORMAL PERIOD 1981 TO 2010
CLIMATE RECORD PERIOD 1897 TO 2017


WEATHER ITEM   OBSERVED TIME   RECORD YEAR NORMAL DEPARTURE LAST
                VALUE   (LST)  VALUE       VALUE  FROM      YEAR
                                                  NORMAL
..................................................................
TEMPERATURE (F)
 TODAY
  MAXIMUM         82    359 PM  91    1957  72     10       80
  MINIMUM         48    556 AM  30    2004  48      0       61
                                      1967
                                      1934
  AVERAGE         65                        60      5       71

PRECIPITATION (IN)
  TODAY            0.00          1.76 2002   0.12  -0.12     0.09
  MONTH TO DATE    1.72                      3.20  -1.48     3.80
  SINCE MAR 1      5.80                      7.10  -1.30     6.47
  SINCE JAN 1     12.60                     13.14  -0.54    13.93

DEGREE DAYS
 HEATING
  TODAY            0                         6     -6        0
  MONTH TO DATE  139                       279   -140      244
  SINCE MAR 1    691                       875   -184      619
  SINCE JUL 1   3340                      4376  -1036     3654

 COOLING
  TODAY            0                         1     -1        6
  MONTH TO DATE   45                        27     18       37
  SINCE MAR 1     47                        32     15       46
  SINCE JAN 1     48                        32     16       46
..................................................................


WIND (MPH)
  HIGHEST WIND SPEED    12   HIGHEST WIND DIRECTION    SW (220)
  HIGHEST GUST SPEED    17   HIGHEST GUST DIRECTION    SW (210)
  AVERAGE WIND SPEED     3.6


SKY COVER
  POSSIBLE SUNSHINE  MM
  AVERAGE SKY COVER 0.0


WEATHER CONDITIONS
 THE FOLLOWING WEATHER WAS RECORDED TODAY.
  FOG


RELATIVE HUMIDITY (PERCENT)
 HIGHEST    93           600 AM
 LOWEST     39           200 PM
 AVERAGE    66

..........................................................


THE HUNTINGTON WV CLIMATE NORMALS FOR TOMORROW
                         NORMAL    RECORD    YEAR
 MAXIMUM TEMPERATURE (F)   72        91      1914
 MINIMUM TEMPERATURE (F)   48        31      1967


SUNRISE AND SUNSET
APRIL 28 2017.........SUNRISE   637 AM EDT   SUNSET   819 PM EDT
APRIL 29 2017.........SUNRISE   635 AM EDT   SUNSET   820 PM EDT


-  INDICATES NEGATIVE NUMBERS.
R  INDICATES RECORD WAS SET OR TIED.
MM INDICATES DATA IS MISSING.
T  INDICATES TRACE AMOUNT.




$$
