000
CDUS41 KRLX 182117
CLIHTS


CLIMATE REPORT
NATIONAL WEATHER SERVICE CHARLESTON WV
515 PM EDT THU SEP 18 2014


...................................

...THE HUNTINGTON WV CLIMATE SUMMARY FOR SEPTEMBER 18 2014...
VALID TODAY AS OF 0500 PM LOCAL TIME.

CLIMATE NORMAL PERIOD 1981 TO 2010
CLIMATE RECORD PERIOD 1897 TO 2014


WEATHER ITEM   OBSERVED TIME   RECORD YEAR NORMAL DEPARTURE LAST
                VALUE   (LST)  VALUE       VALUE  FROM      YEAR
                                                  NORMAL
..................................................................
TEMPERATURE (F)
 TODAY
  MAXIMUM         73    321 PM  93    1953  78     -5       67
  MINIMUM         53    630 AM  38    1903  56     -3       55
  AVERAGE         63                        67     -4       61

PRECIPITATION (IN)
  TODAY            0.00          1.64 2012   0.08  -0.08     0.01
  MONTH TO DATE    3.22                      1.74   1.48     0.55
  SINCE SEP 1      3.22                      1.74   1.48     0.55
  SINCE JAN 1     37.56                     31.99   5.57    32.97

DEGREE DAYS
 HEATING
  TODAY            2                         2      0        4
  MONTH TO DATE   34                        13     21       16
  SINCE SEP 1     34                        13     21       16
  SINCE JUL 1     37                        15     22       20

 COOLING
  TODAY            0                         4     -4        0
  MONTH TO DATE   99                       103     -4      111
  SINCE SEP 1     99                       103     -4      111
  SINCE JAN 1    940                      1080   -140     1143
..................................................................


WIND (MPH)
  HIGHEST WIND SPEED    10   HIGHEST WIND DIRECTION    NE (50)
  HIGHEST GUST SPEED    14   HIGHEST GUST DIRECTION     E (90)
  AVERAGE WIND SPEED     2.4


SKY COVER
  POSSIBLE SUNSHINE  MM
  AVERAGE SKY COVER 0.4


WEATHER CONDITIONS
 THE FOLLOWING WEATHER WAS RECORDED TODAY.
  FOG
  FOG W/VISIBILITY <= 1/4 MILE


RELATIVE HUMIDITY (PERCENT)
 HIGHEST   100          1200 AM
 LOWEST     49           100 PM
 AVERAGE    75

..........................................................


THE HUNTINGTON WV CLIMATE NORMALS FOR TOMORROW
                         NORMAL    RECORD    YEAR
 MAXIMUM TEMPERATURE (F)   78        95      1954
 MINIMUM TEMPERATURE (F)   55        38      1929


SUNRISE AND SUNSET
SEPTEMBER 18 2014.....SUNRISE   714 AM EDT   SUNSET   734 PM EDT
SEPTEMBER 19 2014.....SUNRISE   715 AM EDT   SUNSET   732 PM EDT


-  INDICATES NEGATIVE NUMBERS.
R  INDICATES RECORD WAS SET OR TIED.
MM INDICATES DATA IS MISSING.
T  INDICATES TRACE AMOUNT.




$$
