000
CDUS41 KRLX 210718
CLIHTS


CLIMATE REPORT
NATIONAL WEATHER SERVICE CHARLESTON WV
318 AM EDT TUE OCT 21 2014


...................................

...THE HUNTINGTON WV CLIMATE SUMMARY FOR OCTOBER 20 2014...

CLIMATE NORMAL PERIOD 1981 TO 2010
CLIMATE RECORD PERIOD 1897 TO 2014


WEATHER ITEM   OBSERVED TIME   RECORD YEAR NORMAL DEPARTURE LAST
                VALUE   (LST)  VALUE       VALUE  FROM      YEAR
                                                  NORMAL
..................................................................
TEMPERATURE (F)
 YESTERDAY
  MAXIMUM         59    419 PM  87    1953  67     -8       61
  MINIMUM         37    556 AM  24    1992  44     -7       35
                                      1952
  AVERAGE         48                        55     -7       48

PRECIPITATION (IN)
  YESTERDAY        0.01          2.71 1985   0.09  -0.08     0.00
  MONTH TO DATE    3.91                      1.75   2.16     1.56
  SINCE JAN 1     41.51                     34.78   6.73    35.70

SNOWFALL (IN)
  YESTERDAY        0.0
  MONTH TO DATE    0.0
  SINCE SEP 1      0.0
  SNOW DEPTH       0

DEGREE DAYS
 HEATING
  YESTERDAY       17                        10      7       17
  MONTH TO DATE  160                       152      8       91
  SINCE SEP 1    214                       208      6      125
  SINCE JUL 1    217                       210      7      129

 COOLING
  YESTERDAY        0                         0      0        0
  MONTH TO DATE   10                        16     -6       47
  SINCE SEP 1    130                       150    -20      180
  SINCE JAN 1    971                      1127   -156     1212
..................................................................


WIND (MPH)
  HIGHEST WIND SPEED    15   HIGHEST WIND DIRECTION    SW (220)
  HIGHEST GUST SPEED    21   HIGHEST GUST DIRECTION     S (200)
  AVERAGE WIND SPEED     5.4


SKY COVER
  POSSIBLE SUNSHINE  MM


WEATHER CONDITIONS
 THE FOLLOWING WEATHER WAS RECORDED YESTERDAY.
  LIGHT RAIN
  FOG


RELATIVE HUMIDITY (PERCENT)
 HIGHEST   100          1200 AM
 LOWEST     67           300 PM
 AVERAGE    84

..........................................................


THE HUNTINGTON WV CLIMATE NORMALS FOR TODAY
                         NORMAL    RECORD    YEAR
 MAXIMUM TEMPERATURE (F)   67        86      1933
 MINIMUM TEMPERATURE (F)   44        20      1952


SUNRISE AND SUNSET
OCTOBER 21 2014.......SUNRISE   745 AM EDT   SUNSET   644 PM EDT
OCTOBER 22 2014.......SUNRISE   746 AM EDT   SUNSET   643 PM EDT


-  INDICATES NEGATIVE NUMBERS.
R  INDICATES RECORD WAS SET OR TIED.
MM INDICATES DATA IS MISSING.
T  INDICATES TRACE AMOUNT.




$$
