000
CDUS43 KIND 190531
CLIHUF


CLIMATE REPORT
NATIONAL WEATHER SERVICE INDIANAPOLIS IN
131 AM EDT FRI SEP 19 2014


...................................

...THE TERRE HAUTE IN CLIMATE SUMMARY FOR SEPTEMBER 18 2014...

CLIMATE NORMAL PERIOD 1981 TO 2010
CLIMATE RECORD PERIOD 9999 TO 9999


WEATHER ITEM   OBSERVED TIME   NORMAL DEPARTURE LAST
                VALUE   (LST)  VALUE  FROM      YEAR
                                      NORMAL
......................................................
TEMPERATURE (F)
 YESTERDAY
  MAXIMUM         74    354 PM  78     -4       83
  MINIMUM         47    707 AM  53     -6       59
  AVERAGE         61            65     -4       71

PRECIPITATION (IN)
  YESTERDAY        0.00          0.10  -0.10     0.00
  MONTH TO DATE    2.81          2.22   0.59     0.05
  SINCE SEP 1      2.81          2.22   0.59     0.05
  SINCE JAN 1     30.94         33.50  -2.56    33.08

DEGREE DAYS
 HEATING
  YESTERDAY        4             2      2        0
  MONTH TO DATE   65            18     47       24
  SINCE SEP 1     65            18     47       24
  SINCE JUL 1     76            23     53       34

 COOLING
  YESTERDAY        0             3     -3        6
  MONTH TO DATE   67            77    -10      124
  SINCE SEP 1     67            77    -10      124
  SINCE JAN 1    918           956    -38      999
......................................................


WIND (MPH)
  HIGHEST WIND SPEED    13   HIGHEST WIND DIRECTION    NE (60)
  HIGHEST GUST SPEED    16   HIGHEST GUST DIRECTION     E (70)
  AVERAGE WIND SPEED     3.2


SKY COVER
  AVERAGE SKY COVER 0.1


WEATHER CONDITIONS
 THE FOLLOWING WEATHER WAS RECORDED YESTERDAY.
  FOG


RELATIVE HUMIDITY (PERCENT)
 HIGHEST   100           500 AM
 LOWEST     41           300 PM
 AVERAGE    71

..........................................................


THE TERRE HAUTE IN CLIMATE NORMALS FOR TODAY
                         NORMAL
 MAXIMUM TEMPERATURE (F)   77
 MINIMUM TEMPERATURE (F)   52


SUNRISE AND SUNSET
SEPTEMBER 19 2014.....SUNRISE   734 AM EDT   SUNSET   751 PM EDT
SEPTEMBER 20 2014.....SUNRISE   735 AM EDT   SUNSET   750 PM EDT


-  INDICATES NEGATIVE NUMBERS.
R  INDICATES RECORD WAS SET OR TIED.
MM INDICATES DATA IS MISSING.
T  INDICATES TRACE AMOUNT.




$$
