000
CDUS43 KIND 290531
CLIHUF


CLIMATE REPORT
NATIONAL WEATHER SERVICE INDIANAPOLIS IN
130 AM EDT TUE JUL 29 2014


...................................

...THE TERRE HAUTE IN CLIMATE SUMMARY FOR JULY 28 2014...

CLIMATE NORMAL PERIOD 1981 TO 2010
CLIMATE RECORD PERIOD 9999 TO 9999


WEATHER ITEM   OBSERVED TIME   NORMAL DEPARTURE LAST
                VALUE   (LST)  VALUE  FROM      YEAR
                                      NORMAL
......................................................
TEMPERATURE (F)
 YESTERDAY
  MAXIMUM         75    246 PM  85    -10       76
  MINIMUM         53   1159 PM  64    -11       49
  AVERAGE         64            74    -10       63

PRECIPITATION (IN)
  YESTERDAY        0.00          0.13  -0.13     0.00
  MONTH TO DATE    2.41          4.42  -2.01     1.89
  SINCE JUN 1     10.33          8.86   1.47    10.68
  SINCE JAN 1     25.34         27.30  -1.96    31.71

DEGREE DAYS
 HEATING
  YESTERDAY        1             0      1        2
  MONTH TO DATE    7             0      7        2
  SINCE JUN 1      9            13     -4        9
  SINCE JUL 1      7             0      7        2

 COOLING
  YESTERDAY        0             9     -9        0
  MONTH TO DATE  161           283   -122      260
  SINCE JUN 1    448           518    -70      489
  SINCE JAN 1    575           604    -29      603
......................................................


WIND (MPH)
  HIGHEST WIND SPEED    18   HIGHEST WIND DIRECTION     N (10)
  HIGHEST GUST SPEED    24   HIGHEST GUST DIRECTION     N (20)
  AVERAGE WIND SPEED     9.0


SKY COVER
  AVERAGE SKY COVER 0.2


WEATHER CONDITIONS
 THE FOLLOWING WEATHER WAS RECORDED YESTERDAY.
  NO SIGNIFICANT WEATHER WAS OBSERVED.


RELATIVE HUMIDITY (PERCENT)
 HIGHEST    90           400 AM
 LOWEST     53           200 PM
 AVERAGE    72

..........................................................


THE TERRE HAUTE IN CLIMATE NORMALS FOR TODAY
                         NORMAL
 MAXIMUM TEMPERATURE (F)   85
 MINIMUM TEMPERATURE (F)   64


SUNRISE AND SUNSET
JULY 29 2014..........SUNRISE   646 AM EDT   SUNSET   905 PM EDT
JULY 30 2014..........SUNRISE   647 AM EDT   SUNSET   904 PM EDT


-  INDICATES NEGATIVE NUMBERS.
R  INDICATES RECORD WAS SET OR TIED.
MM INDICATES DATA IS MISSING.
T  INDICATES TRACE AMOUNT.




$$
