000
CDUS41 KCAR 260526
CLIHUL


CLIMATE REPORT
NATIONAL WEATHER SERVICE CARIBOU, ME
126 AM EDT SAT JUL 26 2014


...................................

...THE HOULTON ME CLIMATE SUMMARY FOR JULY 25 2014...

CLIMATE NORMAL PERIOD 1981 TO 2010
CLIMATE RECORD PERIOD 1948 TO 2014


WEATHER ITEM   OBSERVED TIME   RECORD YEAR NORMAL DEPARTURE LAST
                VALUE   (LST)  VALUE       VALUE  FROM      YEAR
                                                  NORMAL
..................................................................
TEMPERATURE (F)
 YESTERDAY
  MAXIMUM         80    209 PM  96    1970  78      2       72
  MINIMUM         44    401 AM  38    2002  54    -10       48
  AVERAGE         62                        66     -4       60

PRECIPITATION (IN)
  YESTERDAY        0.00          1.45 1990   0.11  -0.11     0.00
  MONTH TO DATE    5.89                      2.93   2.96     4.47
  SINCE JUN 1     10.15                      6.58   3.57     9.55
  SINCE JAN 1     24.85                     21.21   3.64    20.78

SNOWFALL (IN)
  YESTERDAY       MM             0.0  2003   0.0   MM       MM
  MONTH TO DATE   MM                         0.0   MM       MM
  SINCE JUN 1     MM                         0.0   MM       MM
  SINCE JUL 1     MM                         0.0   MM       MM
  SNOW DEPTH      MM

DEGREE DAYS
 HEATING
  YESTERDAY        3                         2      1        5
  MONTH TO DATE   30                        53    -23       32
  SINCE JUN 1    159                       234    -75      229
  SINCE JUL 1     30                        53    -23       32

 COOLING
  YESTERDAY        0                         3     -3        0
  MONTH TO DATE  118                        73     45      106
  SINCE JUN 1    143                       108     35      142
  SINCE JAN 1    144                       112     32      146
..................................................................


WIND (MPH)
  HIGHEST WIND SPEED    14   HIGHEST WIND DIRECTION     W (270)
  HIGHEST GUST SPEED    22   HIGHEST GUST DIRECTION    SW (210)
  AVERAGE WIND SPEED     4.3


SKY COVER
  POSSIBLE SUNSHINE  MM
  AVERAGE SKY COVER 0.1


WEATHER CONDITIONS
 THE FOLLOWING WEATHER WAS RECORDED YESTERDAY.
  HAZE


RELATIVE HUMIDITY (PERCENT)
 HIGHEST   100           400 AM
 LOWEST     35           200 PM
 AVERAGE    68

..........................................................


THE HOULTON ME CLIMATE NORMALS FOR TODAY
                         NORMAL    RECORD    YEAR
 MAXIMUM TEMPERATURE (F)   78        93      1939
 MINIMUM TEMPERATURE (F)   54        40      1993


SUNRISE AND SUNSET
JULY 26 2014..........SUNRISE   506 AM EDT   SUNSET   808 PM EDT
JULY 27 2014..........SUNRISE   507 AM EDT   SUNSET   807 PM EDT


-  INDICATES NEGATIVE NUMBERS.
R  INDICATES RECORD WAS SET OR TIED.
MM INDICATES DATA IS MISSING.
T  INDICATES TRACE AMOUNT.




$$
