000
CDUS41 KCAR 050529
CLIHUL


CLIMATE REPORT
NATIONAL WEATHER SERVICE CARIBOU, ME
129 AM EDT WED AUG 5 2015


...................................

...THE HOULTON ME CLIMATE SUMMARY FOR AUGUST 4 2015...

CLIMATE NORMAL PERIOD 1981 TO 2010
CLIMATE RECORD PERIOD 1948 TO 2015


WEATHER ITEM   OBSERVED TIME   RECORD YEAR NORMAL DEPARTURE LAST
                VALUE   (LST)  VALUE       VALUE  FROM      YEAR
                                                  NORMAL
..................................................................
TEMPERATURE (F)
 YESTERDAY
  MAXIMUM         81    206 PM  93    1944  78      3       80
  MINIMUM         56    940 PM  38    1987  53      3       61
  AVERAGE         69                        66      3       71

PRECIPITATION (IN)
  YESTERDAY        0.06          1.99 1954   0.14  -0.08     0.37
  MONTH TO DATE    0.09                      0.54  -0.45     0.37
  SINCE JUN 1      5.71                      7.85  -2.14    11.06
  SINCE JAN 1     15.06                     22.48  -7.42    25.76

SNOWFALL (IN)
  YESTERDAY       MM             0.0  2003   0.0   MM       MM
  MONTH TO DATE   MM                         0.0   MM       MM
  SINCE JUN 1     MM                         0.0   MM       MM
  SINCE JUL 1     MM                         0.0   MM       MM
  SNOW DEPTH      MM

DEGREE DAYS
 HEATING
  YESTERDAY        0                         2     -2        0
  MONTH TO DATE    0                         8     -8        0
  SINCE JUN 1    300                       249     51      166
  SINCE JUL 1     63                        68     -5       37

 COOLING
  YESTERDAY        4                         2      2        6
  MONTH TO DATE   14                        10      4       16
  SINCE JUN 1     67                       126    -59      171
  SINCE JAN 1     92                       130    -38      172
..................................................................


WIND (MPH)
  HIGHEST WIND SPEED    16   HIGHEST WIND DIRECTION     W (270)
  HIGHEST GUST SPEED    23   HIGHEST GUST DIRECTION     W (270)
  AVERAGE WIND SPEED     5.2


SKY COVER
  POSSIBLE SUNSHINE  MM
  AVERAGE SKY COVER 0.4


WEATHER CONDITIONS
 THE FOLLOWING WEATHER WAS RECORDED YESTERDAY.
  THUNDERSTORM
  LIGHT RAIN
  FOG
  HAZE


RELATIVE HUMIDITY (PERCENT)
 HIGHEST   100           900 PM
 LOWEST     54           200 PM
 AVERAGE    77

..........................................................


THE HOULTON ME CLIMATE NORMALS FOR TODAY
                         NORMAL    RECORD    YEAR
 MAXIMUM TEMPERATURE (F)   78        93      1944
 MINIMUM TEMPERATURE (F)   53        39      1972


SUNRISE AND SUNSET
AUGUST  5 2015........SUNRISE   518 AM EDT   SUNSET   756 PM EDT
AUGUST  6 2015........SUNRISE   519 AM EDT   SUNSET   754 PM EDT


-  INDICATES NEGATIVE NUMBERS.
R  INDICATES RECORD WAS SET OR TIED.
MM INDICATES DATA IS MISSING.
T  INDICATES TRACE AMOUNT.




$$
