000
CDUS41 KCAR 292027
CLIHUL


CLIMATE REPORT
NATIONAL WEATHER SERVICE CARIBOU, ME
426 PM EDT MON AUG 29 2016


...................................

...THE HOULTON ME CLIMATE SUMMARY FOR AUGUST 29 2016...
VALID TODAY AS OF 0400 PM LOCAL TIME.

CLIMATE NORMAL PERIOD 1981 TO 2010
CLIMATE RECORD PERIOD 1948 TO 2016


WEATHER ITEM   OBSERVED TIME   RECORD YEAR NORMAL DEPARTURE LAST
                VALUE   (LST)  VALUE       VALUE  FROM      YEAR
                                                  NORMAL
..................................................................
TEMPERATURE (F)
 TODAY
  MAXIMUM         75   1111 AM  91    1977  74      1       75
  MINIMUM         63    221 AM  33    1982  49     14       47
  AVERAGE         69                        61      8       61

PRECIPITATION (IN)
  TODAY            T             1.44 1967   0.10  -0.10     0.00
  MONTH TO DATE    6.20                      3.49   2.71     3.79
  SINCE JUN 1     12.48                     10.80   1.68     9.41
  SINCE JAN 1     26.86                     25.43   1.43    18.76

SNOWFALL (IN)
  TODAY           MM             0.0  2003   0.0   MM       MM
  MONTH TO DATE   MM                         0.0   MM       MM
  SINCE JUN 1     MM                         0.0   MM       MM
  SINCE JUL 1     MM                         0.0   MM       MM
  SNOW DEPTH      MM

DEGREE DAYS
 HEATING
  TODAY            0                         5     -5        4
  MONTH TO DATE   47                        86    -39       24
  SINCE JUN 1    265                       327    -62      324
  SINCE JUL 1     90                       146    -56       87

 COOLING
  TODAY            4                         1      3        0
  MONTH TO DATE   69                        53     16      106
  SINCE JUN 1    201                       169     32      159
  SINCE JAN 1    208                       173     35      184
..................................................................


WIND (MPH)
  HIGHEST WIND SPEED    22   HIGHEST WIND DIRECTION     W (270)
  HIGHEST GUST SPEED    30   HIGHEST GUST DIRECTION    NW (330)
  AVERAGE WIND SPEED    11.4


SKY COVER
  POSSIBLE SUNSHINE  MM
  AVERAGE SKY COVER 0.8


WEATHER CONDITIONS
 THE FOLLOWING WEATHER WAS RECORDED TODAY.
  NO SIGNIFICANT WEATHER WAS OBSERVED.


RELATIVE HUMIDITY (PERCENT)
 HIGHEST   100           600 AM
 LOWEST     57          1100 AM
 AVERAGE    79

..........................................................


THE HOULTON ME CLIMATE NORMALS FOR TOMORROW
                         NORMAL    RECORD    YEAR
 MAXIMUM TEMPERATURE (F)   73        91      2010
 MINIMUM TEMPERATURE (F)   49        32      1982


SUNRISE AND SUNSET
AUGUST 29 2016........SUNRISE   549 AM EDT   SUNSET   714 PM EDT
AUGUST 30 2016........SUNRISE   550 AM EDT   SUNSET   713 PM EDT


-  INDICATES NEGATIVE NUMBERS.
R  INDICATES RECORD WAS SET OR TIED.
MM INDICATES DATA IS MISSING.
T  INDICATES TRACE AMOUNT.




$$
