000
CDUS41 KCAR 250537
CLIHUL


CLIMATE REPORT
NATIONAL WEATHER SERVICE CARIBOU, ME
1229 AM EST THU DEC 25 2014


...................................

...THE HOULTON ME CLIMATE SUMMARY FOR DECEMBER 24 2014...

CLIMATE NORMAL PERIOD 1981 TO 2010
CLIMATE RECORD PERIOD 1948 TO 2014


WEATHER ITEM   OBSERVED TIME   RECORD YEAR NORMAL DEPARTURE LAST
                VALUE   (LST)  VALUE       VALUE  FROM      YEAR
                                                  NORMAL
..................................................................
TEMPERATURE (F)
 YESTERDAY
  MAXIMUM         40   1159 PM  54    2004  26     14       24
  MINIMUM         30    847 AM -30    1975   6     24       13
  AVERAGE         35                        16     19       19

PRECIPITATION (IN)
  YESTERDAY        0.53          0.91 1952   0.10   0.43      T
  MONTH TO DATE    4.84                      2.65   2.19     1.93
  SINCE DEC 1      4.84                      2.65   2.19     1.93
  SINCE JAN 1     41.68                     39.34   2.34    41.88

SNOWFALL (IN)
  YESTERDAY       MM            10.9  1970   0.5   MM       MM
  MONTH TO DATE   MM                        11.9   MM       MM
  SINCE DEC 1     MM                        11.9   MM       MM
  SINCE JUL 1     MM                        20.0   MM       MM
  SNOW DEPTH      MM

DEGREE DAYS
 HEATING
  YESTERDAY       30                        49    -19       46
  MONTH TO DATE  966                      1061    -95     1151
  SINCE DEC 1    966                      1061    -95     1151
  SINCE JUL 1   2863                      3169   -306     3152

 COOLING
  YESTERDAY        0                         0      0        0
  MONTH TO DATE    0                         0      0        0
  SINCE DEC 1      0                         0      0        0
  SINCE JAN 1    233                       191     42      198
..................................................................


WIND (MPH)
  HIGHEST WIND SPEED    12   HIGHEST WIND DIRECTION    SE (120)
  HIGHEST GUST SPEED    16   HIGHEST GUST DIRECTION    SE (140)
  AVERAGE WIND SPEED     4.0


SKY COVER
  POSSIBLE SUNSHINE  MM
  AVERAGE SKY COVER 1.0


WEATHER CONDITIONS
 THE FOLLOWING WEATHER WAS RECORDED YESTERDAY.
  RAIN
  LIGHT RAIN
  FOG


RELATIVE HUMIDITY (PERCENT)
 HIGHEST   100           800 PM
 LOWEST     85           100 AM
 AVERAGE    93

..........................................................


THE HOULTON ME CLIMATE NORMALS FOR TODAY
                         NORMAL    RECORD    YEAR
 MAXIMUM TEMPERATURE (F)   26        53      2003
 MINIMUM TEMPERATURE (F)    6       -32      1975


SUNRISE AND SUNSET
DECEMBER 25 2014......SUNRISE   712 AM EST   SUNSET   350 PM EST
DECEMBER 26 2014......SUNRISE   713 AM EST   SUNSET   351 PM EST


-  INDICATES NEGATIVE NUMBERS.
R  INDICATES RECORD WAS SET OR TIED.
MM INDICATES DATA IS MISSING.
T  INDICATES TRACE AMOUNT.




$$
