000
CDUS41 KCAR 230527
CLIHUL


CLIMATE REPORT
NATIONAL WEATHER SERVICE CARIBOU, ME
127 AM EDT WED APR 23 2014


...................................

...THE HOULTON ME CLIMATE SUMMARY FOR APRIL 22 2014...

CLIMATE NORMAL PERIOD 1981 TO 2010
CLIMATE RECORD PERIOD 1948 TO 2014


WEATHER ITEM   OBSERVED TIME   RECORD YEAR NORMAL DEPARTURE LAST
                VALUE   (LST)  VALUE       VALUE  FROM      YEAR
                                                  NORMAL
..................................................................
TEMPERATURE (F)
 YESTERDAY
  MAXIMUM         55    215 PM  72    1954  54      1       53
  MINIMUM         30    118 AM  18    2013  31     -1       18
                                      1985
  AVERAGE         43                        42      1       36

PRECIPITATION (IN)
  YESTERDAY        0.13          1.35 1958   0.12   0.01     0.00
  MONTH TO DATE    2.42                      2.80  -0.38     1.30
  SINCE MAR 1      4.90                      5.39  -0.49     3.07
  SINCE JAN 1     10.48                     10.25   0.23     5.47

SNOWFALL (IN)
  YESTERDAY       MM             8.3  1989   0.1   MM       MM
  MONTH TO DATE    0.0                       5.3   -5.3     MM
  SINCE MAR 1      0.0                      23.1  -23.1     MM
  SINCE JUL 1      0.0                      88.7  -88.7     MM
  SNOW DEPTH      MM

DEGREE DAYS
 HEATING
  YESTERDAY       22                        23     -1       29
  MONTH TO DATE  600                       611    -11      643
  SINCE MAR 1   2101                      1834    267     1718
  SINCE JUL 1   8691                      8407    284     7823

 COOLING
  YESTERDAY        0                         0      0        0
  MONTH TO DATE    0                         0      0        0
  SINCE MAR 1      0                         0      0        0
  SINCE JAN 1      0                         0      0        0
..................................................................


WIND (MPH)
  HIGHEST WIND SPEED    15   HIGHEST WIND DIRECTION    SE (120)
  HIGHEST GUST SPEED    23   HIGHEST GUST DIRECTION     E (100)
  AVERAGE WIND SPEED     4.8


SKY COVER
  POSSIBLE SUNSHINE  MM
  AVERAGE SKY COVER 0.7


WEATHER CONDITIONS
 THE FOLLOWING WEATHER WAS RECORDED YESTERDAY.
  LIGHT RAIN
  FOG


RELATIVE HUMIDITY (PERCENT)
 HIGHEST    86          1100 PM
 LOWEST     64           100 PM
 AVERAGE    75

..........................................................


THE HOULTON ME CLIMATE NORMALS FOR TODAY
                         NORMAL    RECORD    YEAR
 MAXIMUM TEMPERATURE (F)   54        79      2007
 MINIMUM TEMPERATURE (F)   31        20      1985


SUNRISE AND SUNSET
APRIL 23 2014.........SUNRISE   531 AM EDT   SUNSET   729 PM EDT
APRIL 24 2014.........SUNRISE   529 AM EDT   SUNSET   730 PM EDT


-  INDICATES NEGATIVE NUMBERS.
R  INDICATES RECORD WAS SET OR TIED.
MM INDICATES DATA IS MISSING.
T  INDICATES TRACE AMOUNT.




$$
