000
CDUS41 KCAR 220630
CLIHUL


CLIMATE REPORT
NATIONAL WEATHER SERVICE CARIBOU, ME
228 AM EDT WED OCT 22 2014


...................................

...THE HOULTON ME CLIMATE SUMMARY FOR OCTOBER 21 2014...

CLIMATE NORMAL PERIOD 1981 TO 2010
CLIMATE RECORD PERIOD 1948 TO 2014


WEATHER ITEM   OBSERVED TIME   RECORD YEAR NORMAL DEPARTURE LAST
                VALUE   (LST)  VALUE       VALUE  FROM      YEAR
                                                  NORMAL
..................................................................
TEMPERATURE (F)
 YESTERDAY
  MAXIMUM         47    235 PM  72    1979  52     -5       55
  MINIMUM         24    502 AM  10    1972  32     -8       35
  AVERAGE         36                        42     -6       45

PRECIPITATION (IN)
  YESTERDAY        T             2.33 1964   0.11  -0.11     0.00
  MONTH TO DATE    4.01                      2.45   1.56     1.61
  SINCE SEP 1      5.31                      5.85  -0.54     7.67
  SINCE JAN 1     32.97                     31.47   1.50    35.20

SNOWFALL (IN)
  YESTERDAY       MM             0.2  1969   0.0   MM       MM
  MONTH TO DATE   MM                         0.3   MM       MM
  SINCE SEP 1     MM                         0.4   MM       MM
  SINCE JUL 1     MM                         0.4   MM       MM
  SNOW DEPTH      MM

DEGREE DAYS
 HEATING
  YESTERDAY       29                        23      6       20
  MONTH TO DATE  316                       418   -102      321
  SINCE SEP 1    607                       730   -123      598
  SINCE JUL 1    692                       886   -194      731

 COOLING
  YESTERDAY        0                         0      0        0
  MONTH TO DATE    3                         0      3        0
  SINCE SEP 1     30                        13     17       19
  SINCE JAN 1    233                       191     42      198
..................................................................


WIND (MPH)
  HIGHEST WIND SPEED     8   HIGHEST WIND DIRECTION    NE (30)
  HIGHEST GUST SPEED     9   HIGHEST GUST DIRECTION    NE (30)
  AVERAGE WIND SPEED     2.1


SKY COVER
  POSSIBLE SUNSHINE  MM
  AVERAGE SKY COVER 0.7


WEATHER CONDITIONS
 THE FOLLOWING WEATHER WAS RECORDED YESTERDAY.
  NO SIGNIFICANT WEATHER WAS OBSERVED.


RELATIVE HUMIDITY (PERCENT)
 HIGHEST    92          1200 AM
 LOWEST     49          1100 AM
 AVERAGE    71

..........................................................


THE HOULTON ME CLIMATE NORMALS FOR TODAY
                         NORMAL    RECORD    YEAR
 MAXIMUM TEMPERATURE (F)   52        78      1979
 MINIMUM TEMPERATURE (F)   31        15      1959


SUNRISE AND SUNSET
OCTOBER 22 2014.......SUNRISE   658 AM EDT   SUNSET   533 PM EDT
OCTOBER 23 2014.......SUNRISE   659 AM EDT   SUNSET   531 PM EDT


-  INDICATES NEGATIVE NUMBERS.
R  INDICATES RECORD WAS SET OR TIED.
MM INDICATES DATA IS MISSING.
T  INDICATES TRACE AMOUNT.




$$
