457
CDUS41 KCAR 190533
CLIHUL


CLIMATE REPORT
NATIONAL WEATHER SERVICE CARIBOU, ME
133 AM EDT SAT AUG 19 2017


...................................

...THE HOULTON ME CLIMATE SUMMARY FOR AUGUST 18 2017...

CLIMATE NORMAL PERIOD 1981 TO 2010
CLIMATE RECORD PERIOD 1948 TO 2017


WEATHER ITEM   OBSERVED TIME   RECORD YEAR NORMAL DEPARTURE LAST
                VALUE   (LST)  VALUE       VALUE  FROM      YEAR
                                                  NORMAL
..................................................................
TEMPERATURE (F)
 YESTERDAY
  MAXIMUM         72    126 PM  92    1940  76     -4       82
  MINIMUM         45   1237 AM  39    1985  52     -7       54
  AVERAGE         59                        64     -5       68

PRECIPITATION (IN)
  YESTERDAY        0.04          1.90 1958   0.12  -0.08     0.00
  MONTH TO DATE    2.71                      2.28   0.43     4.83
  SINCE JUN 1      7.42                      9.59  -2.17    11.11
  SINCE JAN 1     22.17                     24.22  -2.05    25.49

SNOWFALL (IN)
  YESTERDAY       MM             0.0  2003   0.0   MM       MM
  MONTH TO DATE   MM                         0.0   MM       MM
  SINCE JUN 1     MM                         0.0   MM       MM
  SINCE JUL 1     MM                         0.0   MM       MM
  SNOW DEPTH      MM

DEGREE DAYS
 HEATING
  YESTERDAY        6                         3      3        0
  MONTH TO DATE   36                        42     -6       28
  SINCE JUN 1    247                       283    -36      246
  SINCE JUL 1     87                       102    -15       71

 COOLING
  YESTERDAY        0                         2     -2        3
  MONTH TO DATE   33                        38     -5       40
  SINCE JUN 1    151                       154     -3      172
  SINCE JAN 1    157                       158     -1      179
..................................................................


WIND (MPH)
  HIGHEST WIND SPEED    12   HIGHEST WIND DIRECTION     S (200)
  HIGHEST GUST SPEED    18   HIGHEST GUST DIRECTION    SW (220)
  AVERAGE WIND SPEED     3.6


SKY COVER
  POSSIBLE SUNSHINE  MM
  AVERAGE SKY COVER 0.4


WEATHER CONDITIONS
 THE FOLLOWING WEATHER WAS RECORDED YESTERDAY.
  LIGHT RAIN
  FOG


RELATIVE HUMIDITY (PERCENT)
 HIGHEST   100          1200 AM
 LOWEST     57           100 PM
 AVERAGE    79

..........................................................


THE HOULTON ME CLIMATE NORMALS FOR TODAY
                         NORMAL    RECORD    YEAR
 MAXIMUM TEMPERATURE (F)   76        92      1960
 MINIMUM TEMPERATURE (F)   51        34      2005


SUNRISE AND SUNSET
AUGUST 19 2017........SUNRISE   536 AM EDT   SUNSET   733 PM EDT
AUGUST 20 2017........SUNRISE   537 AM EDT   SUNSET   731 PM EDT


-  INDICATES NEGATIVE NUMBERS.
R  INDICATES RECORD WAS SET OR TIED.
MM INDICATES DATA IS MISSING.
T  INDICATES TRACE AMOUNT.




$$
