000
CDUS41 KCAR 220526
CLIHUL


CLIMATE REPORT
NATIONAL WEATHER SERVICE CARIBOU, ME
126 AM EDT SUN OCT 22 2017


...................................

...THE HOULTON ME CLIMATE SUMMARY FOR OCTOBER 21 2017...

CLIMATE NORMAL PERIOD 1981 TO 2010
CLIMATE RECORD PERIOD 1948 TO 2017


WEATHER ITEM   OBSERVED TIME   RECORD YEAR NORMAL DEPARTURE LAST
                VALUE   (LST)  VALUE       VALUE  FROM      YEAR
                                                  NORMAL
..................................................................
TEMPERATURE (F)
 YESTERDAY
  MAXIMUM         59    312 PM  72    1979  52      7       64
  MINIMUM         30   1050 PM  10    1972  32     -2       48
  AVERAGE         45                        42      3       56

PRECIPITATION (IN)
  YESTERDAY        0.00          2.33 1964   0.11  -0.11     0.39
  MONTH TO DATE    1.51                      2.45  -0.94     0.66
  SINCE SEP 1      4.10                      5.85  -1.75     1.65
  SINCE JAN 1     26.44                     31.47  -5.03    28.51

SNOWFALL (IN)
  YESTERDAY       MM             0.2  1969   0.0   MM       MM
  MONTH TO DATE   MM                         0.3   MM       MM
  SINCE SEP 1     MM                         0.4   MM       MM
  SINCE JUL 1     MM                         0.4   MM       MM
  SNOW DEPTH      MM

DEGREE DAYS
 HEATING
  YESTERDAY       20                        23     -3        9
  MONTH TO DATE  304                       418   -114      337
  SINCE SEP 1    464                       730   -266      579
  SINCE JUL 1    612                       886   -274      673

 COOLING
  YESTERDAY        0                         0      0        0
  MONTH TO DATE    0                         0      0        0
  SINCE SEP 1     35                        13     22       23
  SINCE JAN 1    211                       191     20      229
..................................................................


WIND (MPH)
  HIGHEST WIND SPEED    14   HIGHEST WIND DIRECTION     N (360)
  HIGHEST GUST SPEED    21   HIGHEST GUST DIRECTION     N (10)
  AVERAGE WIND SPEED     3.2


SKY COVER
  POSSIBLE SUNSHINE  MM
  AVERAGE SKY COVER 0.0


WEATHER CONDITIONS
 THE FOLLOWING WEATHER WAS RECORDED YESTERDAY.
  NO SIGNIFICANT WEATHER WAS OBSERVED.


RELATIVE HUMIDITY (PERCENT)
 HIGHEST    96           600 AM
 LOWEST     30           200 PM
 AVERAGE    63

..........................................................


THE HOULTON ME CLIMATE NORMALS FOR TODAY
                         NORMAL    RECORD    YEAR
 MAXIMUM TEMPERATURE (F)   52        78      1979
 MINIMUM TEMPERATURE (F)   31        15      1959


SUNRISE AND SUNSET
OCTOBER 22 2017.......SUNRISE   658 AM EDT   SUNSET   532 PM EDT
OCTOBER 23 2017.......SUNRISE   659 AM EDT   SUNSET   531 PM EDT


-  INDICATES NEGATIVE NUMBERS.
R  INDICATES RECORD WAS SET OR TIED.
MM INDICATES DATA IS MISSING.
T  INDICATES TRACE AMOUNT.




$$
