000
CDUS41 KCAR 272032
CLIHUL


CLIMATE REPORT
NATIONAL WEATHER SERVICE CARIBOU, ME
429 PM EDT FRI MAY 27 2016


...................................

...THE HOULTON ME CLIMATE SUMMARY FOR MAY 27 2016...
VALID TODAY AS OF 0400 PM LOCAL TIME.

CLIMATE NORMAL PERIOD 1981 TO 2010
CLIMATE RECORD PERIOD 1948 TO 2016


WEATHER ITEM   OBSERVED TIME   RECORD YEAR NORMAL DEPARTURE LAST
                VALUE   (LST)  VALUE       VALUE  FROM      YEAR
                                                  NORMAL
..................................................................
TEMPERATURE (F)
 TODAY
  MAXIMUM         59    205 PM  89    1972  67     -8       87
  MINIMUM         45    850 AM  27    1977  42      3       58
  AVERAGE         52                        54     -2       73

PRECIPITATION (IN)
  TODAY            0.15          3.50 1961   0.11   0.04     0.68
  MONTH TO DATE    2.35                      2.87  -0.52     2.98
  SINCE MAR 1      9.11                      9.34  -0.23     6.32
  SINCE JAN 1     14.07                     14.20  -0.13     8.42

SNOWFALL (IN)
  TODAY           MM             0.0  2003   0.0   MM       MM
  MONTH TO DATE   MM                         0.1   MM       MM
  SINCE MAR 1     MM                        23.9   MM       MM
  SINCE JUL 1     MM                        89.5   MM       MM
  SNOW DEPTH      MM

DEGREE DAYS
 HEATING
  TODAY           13                        11      2        0
  MONTH TO DATE  350                       394    -44      305
  SINCE MAR 1   2378                      2394    -16     2540
  SINCE JUL 1   7996                      8967   -971     9108

 COOLING
  TODAY            0                         0      0        8
  MONTH TO DATE    3                         0      3       15
  SINCE MAR 1      3                         0      3       15
  SINCE JAN 1      3                         0      3       15
..................................................................


WIND (MPH)
  HIGHEST WIND SPEED    16   HIGHEST WIND DIRECTION    SE (150)
  HIGHEST GUST SPEED    22   HIGHEST GUST DIRECTION     S (200)
  AVERAGE WIND SPEED     7.5


SKY COVER
  POSSIBLE SUNSHINE  MM
  AVERAGE SKY COVER 1.0


WEATHER CONDITIONS
 THE FOLLOWING WEATHER WAS RECORDED TODAY.
  HEAVY RAIN
  RAIN
  LIGHT RAIN
  FOG


RELATIVE HUMIDITY (PERCENT)
 HIGHEST    92           800 AM
 LOWEST     77          1200 PM
 AVERAGE    85

..........................................................


THE HOULTON ME CLIMATE NORMALS FOR TOMORROW
                         NORMAL    RECORD    YEAR
 MAXIMUM TEMPERATURE (F)   68        92      1978
 MINIMUM TEMPERATURE (F)   42        26      1977


SUNRISE AND SUNSET
MAY 27 2016...........SUNRISE   447 AM EDT   SUNSET   811 PM EDT
MAY 28 2016...........SUNRISE   446 AM EDT   SUNSET   812 PM EDT


-  INDICATES NEGATIVE NUMBERS.
R  INDICATES RECORD WAS SET OR TIED.
MM INDICATES DATA IS MISSING.
T  INDICATES TRACE AMOUNT.




$$
