000
CDUS41 KCAR 282028
CLIHUL


CLIMATE REPORT
NATIONAL WEATHER SERVICE CARIBOU, ME
426 PM EDT FRI AUG 28 2015


...................................

...THE HOULTON ME CLIMATE SUMMARY FOR AUGUST 28 2015...
VALID TODAY AS OF 0400 PM LOCAL TIME.

CLIMATE NORMAL PERIOD 1981 TO 2010
CLIMATE RECORD PERIOD 1948 TO 2015


WEATHER ITEM   OBSERVED TIME   RECORD YEAR NORMAL DEPARTURE LAST
                VALUE   (LST)  VALUE       VALUE  FROM      YEAR
                                                  NORMAL
..................................................................
TEMPERATURE (F)
 TODAY
  MAXIMUM         74    158 PM  94    1952  74      0       73
  MINIMUM         47    457 AM  30    1978  49     -2       55
  AVERAGE         61                        62     -1       64

PRECIPITATION (IN)
  TODAY            0.00          1.95 2011   0.10  -0.10     0.03
  MONTH TO DATE    3.79                      3.39   0.40     2.25
  SINCE JUN 1      9.41                     10.70  -1.29    12.94
  SINCE JAN 1     18.76                     25.33  -6.57    27.64

SNOWFALL (IN)
  TODAY           MM             0.0  2003   0.0   MM       MM
  MONTH TO DATE    0.0                       0.0    0.0     MM
  SINCE JUN 1      0.0                       0.0    0.0     MM
  SINCE JUL 1      0.0                       0.0    0.0     MM
  SNOW DEPTH      MM

DEGREE DAYS
 HEATING
  TODAY            4                         5     -1        1
  MONTH TO DATE   20                        81    -61       38
  SINCE JUN 1    320                       322     -2      204
  SINCE JUL 1     83                       141    -58       75

 COOLING
  TODAY            0                         1     -1        0
  MONTH TO DATE  106                        52     54       45
  SINCE JUN 1    159                       168     -9      200
  SINCE JAN 1    184                       172     12      201
..................................................................


WIND (MPH)
  HIGHEST WIND SPEED    13   HIGHEST WIND DIRECTION     W (260)
  HIGHEST GUST SPEED    18   HIGHEST GUST DIRECTION     N (340)
  AVERAGE WIND SPEED     4.8


SKY COVER
  POSSIBLE SUNSHINE  MM
  AVERAGE SKY COVER 0.1


WEATHER CONDITIONS
 THE FOLLOWING WEATHER WAS RECORDED TODAY.
  NO SIGNIFICANT WEATHER WAS OBSERVED.


RELATIVE HUMIDITY (PERCENT)
 HIGHEST    96           400 AM
 LOWEST     49          1200 PM
 AVERAGE    73

..........................................................


THE HOULTON ME CLIMATE NORMALS FOR TOMORROW
                         NORMAL    RECORD    YEAR
 MAXIMUM TEMPERATURE (F)   74        91      1977
 MINIMUM TEMPERATURE (F)   49        33      1982


SUNRISE AND SUNSET
AUGUST 28 2015........SUNRISE   546 AM EDT   SUNSET   718 PM EDT
AUGUST 29 2015........SUNRISE   548 AM EDT   SUNSET   716 PM EDT


-  INDICATES NEGATIVE NUMBERS.
R  INDICATES RECORD WAS SET OR TIED.
MM INDICATES DATA IS MISSING.
T  INDICATES TRACE AMOUNT.




$$
