000
CDUS41 KCAR 230528
CLIHUL


CLIMATE REPORT
NATIONAL WEATHER SERVICE CARIBOU, ME
127 AM EDT SAT AUG 23 2014


...................................

...THE HOULTON ME CLIMATE SUMMARY FOR AUGUST 22 2014...

CLIMATE NORMAL PERIOD 1981 TO 2010
CLIMATE RECORD PERIOD 1948 TO 2014


WEATHER ITEM   OBSERVED TIME   RECORD YEAR NORMAL DEPARTURE LAST
                VALUE   (LST)  VALUE       VALUE  FROM      YEAR
                                                  NORMAL
..................................................................
TEMPERATURE (F)
 YESTERDAY
  MAXIMUM         71   1016 AM  95    1976  75     -4       84
  MINIMUM         57    357 AM  35    1982  51      6       61
  AVERAGE         64                        63      1       73

PRECIPITATION (IN)
  YESTERDAY        0.01          1.33 1955   0.11  -0.10     0.52
  MONTH TO DATE    2.22                      2.75  -0.53     4.09
  SINCE JUN 1     12.62                     10.06   2.56    15.72
  SINCE JAN 1     27.32                     24.69   2.63    26.95

SNOWFALL (IN)
  YESTERDAY       MM             0.0  2003   0.0   MM       MM
  MONTH TO DATE   MM                         0.0   MM       MM
  SINCE JUN 1     MM                         0.0   MM       MM
  SINCE JUL 1     MM                         0.0   MM       MM
  SNOW DEPTH      MM

DEGREE DAYS
 HEATING
  YESTERDAY        1                         4     -3        0
  MONTH TO DATE   36                        55    -19       51
  SINCE JUN 1    202                       296    -94      285
  SINCE JUL 1     73                       115    -42       88

 COOLING
  YESTERDAY        0                         2     -2        8
  MONTH TO DATE   24                        46    -22       27
  SINCE JUN 1    179                       162     17      170
  SINCE JAN 1    180                       166     14      174
..................................................................


WIND (MPH)
  HIGHEST WIND SPEED     9   HIGHEST WIND DIRECTION    SE (120)
  HIGHEST GUST SPEED    13   HIGHEST GUST DIRECTION     E (90)
  AVERAGE WIND SPEED     2.5


SKY COVER
  POSSIBLE SUNSHINE  MM
  AVERAGE SKY COVER 0.9


WEATHER CONDITIONS
 THE FOLLOWING WEATHER WAS RECORDED YESTERDAY.
  LIGHT RAIN


RELATIVE HUMIDITY (PERCENT)
 HIGHEST    97           900 PM
 LOWEST     59          1100 AM
 AVERAGE    78

..........................................................


THE HOULTON ME CLIMATE NORMALS FOR TODAY
                         NORMAL    RECORD    YEAR
 MAXIMUM TEMPERATURE (F)   75        89      1947
 MINIMUM TEMPERATURE (F)   51        34      1988


SUNRISE AND SUNSET
AUGUST 23 2014........SUNRISE   540 AM EDT   SUNSET   726 PM EDT
AUGUST 24 2014........SUNRISE   542 AM EDT   SUNSET   724 PM EDT


-  INDICATES NEGATIVE NUMBERS.
R  INDICATES RECORD WAS SET OR TIED.
MM INDICATES DATA IS MISSING.
T  INDICATES TRACE AMOUNT.




$$
