000
CDUS45 KTFX 051020
CLIHVR


CLIMATE REPORT
NATIONAL WEATHER SERVICE GREAT FALLS MT
419 AM MDT WED AUG 5 2015


...................................

...THE HAVRE MT CLIMATE SUMMARY FOR AUGUST 4 2015...

CLIMATE NORMAL PERIOD 1981 TO 2010
CLIMATE RECORD PERIOD 1880 TO 2015


WEATHER ITEM   OBSERVED TIME   RECORD YEAR NORMAL DEPARTURE LAST
                VALUE   (LST)  VALUE       VALUE  FROM      YEAR
                                                  NORMAL
..................................................................
TEMPERATURE (F)
 YESTERDAY
  MAXIMUM         83   1237 PM 103    1961  87     -4       90
  MINIMUM         61    536 AM  41    1978  55      6       53
  AVERAGE         72                        71      1       72

PRECIPITATION (IN)
  YESTERDAY        T             1.36 1922   0.04  -0.04     0.00
  MONTH TO DATE    T                         0.14  -0.14     0.03
  SINCE OCT 1      9.40                      9.11   0.29     8.68
  SINCE JAN 1      7.83                      7.70   0.13     6.67

SNOWFALL (IN)
  YESTERDAY        0.0           0.0  1999   0.0    0.0      0.0
                                      2001
                                      1998
  MONTH TO DATE    0.0                       0.0    0.0      0.0
  SINCE JUN 1      T                         0.0    0.0      0.0
  SINCE JUL 1      T                         0.0    0.0      0.0
  SNOW DEPTH       0

DEGREE DAYS
 HEATING
  YESTERDAY        0                         1     -1        0
  MONTH TO DATE    0                         2     -2        0
  SINCE JUN 1     82                       165    -83      175
  SINCE JUL 1     25                        32     -7        0

 COOLING
  YESTERDAY        7                         7      0        7
  MONTH TO DATE   37                        28      9       32
  SINCE JUN 1    300                       238     62      239
  SINCE JAN 1    300                       249     51      246
..................................................................


WIND (MPH)
  HIGHEST WIND SPEED    17   HIGHEST WIND DIRECTION     E (100)
  HIGHEST GUST SPEED    29   HIGHEST GUST DIRECTION     E (100)
  AVERAGE WIND SPEED     8.5


SKY COVER
  AVERAGE SKY COVER 0.1


WEATHER CONDITIONS
 THE FOLLOWING WEATHER WAS RECORDED YESTERDAY.
  LIGHT RAIN
  HAZE


RELATIVE HUMIDITY (PERCENT)
 HIGHEST    72           500 AM
 LOWEST     35           100 PM
 AVERAGE    54

..........................................................


THE HAVRE MT CLIMATE NORMALS FOR TODAY
                         NORMAL    RECORD    YEAR
 MAXIMUM TEMPERATURE (F)   87       111      1961
 MINIMUM TEMPERATURE (F)   55        40      1977


SUNRISE AND SUNSET
AUGUST  5 2015........SUNRISE   559 AM MDT   SUNSET   851 PM MDT
AUGUST  6 2015........SUNRISE   600 AM MDT   SUNSET   849 PM MDT


-  INDICATES NEGATIVE NUMBERS.
R  INDICATES RECORD WAS SET OR TIED.
MM INDICATES DATA IS MISSING.
T  INDICATES TRACE AMOUNT.




$$
