000
CDUS45 KTFX 011024
CLIHVR


CLIMATE REPORT
NATIONAL WEATHER SERVICE GREAT FALLS MT
423 AM MDT WED JUL 1 2015


...................................

...THE HAVRE MT CLIMATE SUMMARY FOR JUNE 30 2015...

CLIMATE NORMAL PERIOD 1981 TO 2010
CLIMATE RECORD PERIOD 1880 TO 2015


WEATHER ITEM   OBSERVED TIME   RECORD YEAR NORMAL DEPARTURE LAST
                VALUE   (LST)  VALUE       VALUE  FROM      YEAR
                                                  NORMAL
..................................................................
TEMPERATURE (F)
 YESTERDAY
  MAXIMUM         92   1204 PM 102    1990  80     12       73
  MINIMUM         61    406 AM  41    1977  51     10       53
                                      1968
  AVERAGE         77                        66     11       63

PRECIPITATION (IN)
  YESTERDAY        0.00          0.76 1910   0.07  -0.07     0.27
  MONTH TO DATE    0.43                      2.19  -1.76     2.69
  SINCE OCT 1      6.07                      7.33  -1.26     8.39
  SINCE JAN 1      4.50                      5.92  -1.42     6.38

SNOWFALL (IN)
  YESTERDAY        0.0           T    1910   0.0    0.0      0.0
                                      1998
  MONTH TO DATE    0.0                       0.0    0.0      0.0
  SINCE JUN 1      0.0                       0.0    0.0      0.0
  SINCE JUL 1     20.8                      39.0  -18.2     44.4
  SNOW DEPTH       0

DEGREE DAYS
 HEATING
  YESTERDAY        0                         2     -2        2
  MONTH TO DATE   57                       134    -77      175
  SINCE JUN 1     57                       133    -76      175
  SINCE JUL 1   7461                      8221   -760     8555

 COOLING
  YESTERDAY       12                         3      9        0
  MONTH TO DATE  110                        48     62        6
  SINCE JUN 1    110                        48     62        6
  SINCE JAN 1    110                        59     51       13
..................................................................


WIND (MPH)
  HIGHEST WIND SPEED    30   HIGHEST WIND DIRECTION    NW (310)
  HIGHEST GUST SPEED    41   HIGHEST GUST DIRECTION    NW (310)
  AVERAGE WIND SPEED    13.1


SKY COVER
  AVERAGE SKY COVER 0.1


WEATHER CONDITIONS
 THE FOLLOWING WEATHER WAS RECORDED YESTERDAY.
  HAZE


RELATIVE HUMIDITY (PERCENT)
 HIGHEST    76           500 AM
 LOWEST     20          1200 PM
 AVERAGE    48

..........................................................


THE HAVRE MT CLIMATE NORMALS FOR TODAY
                         NORMAL    RECORD    YEAR
 MAXIMUM TEMPERATURE (F)   81       102      1990
 MINIMUM TEMPERATURE (F)   51        40      1963


SUNRISE AND SUNSET
JULY  1 2015..........SUNRISE   521 AM MDT   SUNSET   925 PM MDT
JULY  2 2015..........SUNRISE   522 AM MDT   SUNSET   924 PM MDT


-  INDICATES NEGATIVE NUMBERS.
R  INDICATES RECORD WAS SET OR TIED.
MM INDICATES DATA IS MISSING.
T  INDICATES TRACE AMOUNT.




$$
