000
CDUS45 KTFX 010940
CLIHVR


CLIMATE REPORT
NATIONAL WEATHER SERVICE GREAT FALLS MT
339 AM MDT MON SEP 1 2014


...................................

...THE HAVRE MT CLIMATE SUMMARY FOR AUGUST 31 2014...

CLIMATE NORMAL PERIOD 1981 TO 2010
CLIMATE RECORD PERIOD 1880 TO 2014


WEATHER ITEM   OBSERVED TIME   RECORD YEAR NORMAL DEPARTURE LAST
                VALUE   (LST)  VALUE       VALUE  FROM      YEAR
                                                  NORMAL
..................................................................
TEMPERATURE (F)
 YESTERDAY
  MAXIMUM         76    302 PM 102    1991  78     -2       78
  MINIMUM         49    113 AM  35    1952  47      2       48
  AVERAGE         63                        63      0       63

PRECIPITATION (IN)
  YESTERDAY        T             1.62 1887   0.03  -0.03     0.00
  MONTH TO DATE    2.66                      1.11   1.55     1.14
  SINCE OCT 1     11.31                     10.08   1.23    17.58
  SINCE JAN 1      9.30                      8.67   0.63    15.10

SNOWFALL (IN)
  YESTERDAY        0.0           0.0  1999   0.0    0.0      0.0
                                      2001
                                      1998
  MONTH TO DATE    0.0                       0.0    0.0      0.0
  SINCE JUN 1      0.0                       0.0    0.0      0.0
  SINCE JUL 1      0.0                       0.0    0.0      0.0
  SNOW DEPTH       0

DEGREE DAYS
 HEATING
  YESTERDAY        2                         4     -2        2
  MONTH TO DATE   44                        54    -10       10
  SINCE JUN 1    219                       216      3      131
  SINCE JUL 1     44                        83    -39       18

 COOLING
  YESTERDAY        0                         2     -2        0
  MONTH TO DATE  176                       146     30      179
  SINCE JUN 1    383                       356     27      368
  SINCE JAN 1    390                       367     23      375
..................................................................


WIND (MPH)
  HIGHEST WIND SPEED    28   HIGHEST WIND DIRECTION    NW (300)
  HIGHEST GUST SPEED    37   HIGHEST GUST DIRECTION    NW (310)
  AVERAGE WIND SPEED    11.9


SKY COVER
  AVERAGE SKY COVER 0.4


WEATHER CONDITIONS
 THE FOLLOWING WEATHER WAS RECORDED YESTERDAY.
  LIGHT RAIN


RELATIVE HUMIDITY (PERCENT)
 HIGHEST    93           100 AM
 LOWEST     23           300 PM
 AVERAGE    58

..........................................................


THE HAVRE MT CLIMATE NORMALS FOR TODAY
                         NORMAL    RECORD    YEAR
 MAXIMUM TEMPERATURE (F)   78        99      1983
 MINIMUM TEMPERATURE (F)   47        35      1999
                                             1930
                                             1917


SUNRISE AND SUNSET
SEPTEMBER  1 2014.....SUNRISE   636 AM MDT   SUNSET   801 PM MDT
SEPTEMBER  2 2014.....SUNRISE   638 AM MDT   SUNSET   759 PM MDT


-  INDICATES NEGATIVE NUMBERS.
R  INDICATES RECORD WAS SET OR TIED.
MM INDICATES DATA IS MISSING.
T  INDICATES TRACE AMOUNT.




$$
