000
CDUS45 KTFX 052230
CLIHVR


CLIMATE REPORT
NATIONAL WEATHER SERVICE GREAT FALLS MT
430 PM MDT THU MAY 5 2016


...................................

...THE HAVRE MT CLIMATE SUMMARY FOR MAY 5 2016...
VALID TODAY AS OF 0400 PM LOCAL TIME.

CLIMATE NORMAL PERIOD 1981 TO 2010
CLIMATE RECORD PERIOD 1880 TO 2016


WEATHER ITEM   OBSERVED TIME   RECORD YEAR NORMAL DEPARTURE LAST
                VALUE   (LST)  VALUE       VALUE  FROM      YEAR
                                                  NORMAL
..................................................................
TEMPERATURE (F)
 TODAY
  MAXIMUM         82    242 PM  91    1911  65     17       80
  MINIMUM         44    432 AM  24    1967  36      8       38
  AVERAGE         63                        50     13       59

PRECIPITATION (IN)
  TODAY            0.00          0.57 2002   0.04  -0.04     0.01
                                      1940
  MONTH TO DATE    0.00                      0.21  -0.21     0.01
  SINCE OCT 1      6.34                      3.61   2.73     4.07
  SINCE JAN 1      4.41                      2.20   2.21     2.50

SNOWFALL (IN)
  TODAY            0.0           1.0  2010   0.1   -0.1      0.0
  MONTH TO DATE    0.0                       0.3   -0.3      0.0
  SINCE MAR 1      3.0                       9.6   -6.6      0.2
  SINCE JUL 1     17.3                      37.5  -20.2     20.8

DEGREE DAYS
 HEATING
  TODAY            2                        15    -13        6
  MONTH TO DATE   33                        77    -44       52
  SINCE MAR 1   1327                      1694   -367     1392
  SINCE JUL 1   6752                      7814  -1062     7060

 COOLING
  TODAY            0                         0      0        0
  MONTH TO DATE    0                         0      0        0
  SINCE MAR 1      0                         1     -1        0
  SINCE JAN 1      0                         1     -1        0
..................................................................


WIND (MPH)
  HIGHEST WIND SPEED    14   HIGHEST WIND DIRECTION    NW (320)
  HIGHEST GUST SPEED    22   HIGHEST GUST DIRECTION    NW (310)
  AVERAGE WIND SPEED     6.8


SKY COVER
  AVERAGE SKY COVER 0.0


WEATHER CONDITIONS
 THE FOLLOWING WEATHER WAS RECORDED TODAY.
  NO SIGNIFICANT WEATHER WAS OBSERVED.


RELATIVE HUMIDITY (PERCENT)
 HIGHEST    89           400 AM
 LOWEST     24           200 PM
 AVERAGE    57

..........................................................


THE HAVRE MT CLIMATE NORMALS FOR TOMORROW
                         NORMAL    RECORD    YEAR
 MAXIMUM TEMPERATURE (F)   65        92      1928
                                             1891
 MINIMUM TEMPERATURE (F)   37        24      1929
                                             1892


SUNRISE AND SUNSET
MAY  5 2016...........SUNRISE   552 AM MDT   SUNSET   840 PM MDT
MAY  6 2016...........SUNRISE   550 AM MDT   SUNSET   842 PM MDT


-  INDICATES NEGATIVE NUMBERS.
R  INDICATES RECORD WAS SET OR TIED.
MM INDICATES DATA IS MISSING.
T  INDICATES TRACE AMOUNT.




$$
