000
CDUS43 KUNR 220831
CLIICR


CLIMATE REPORT
NATIONAL WEATHER SERVICE RAPID CITY SD
131 AM MST WED FEB 22 2017


...................................

...THE WINNER REGIONAL AIRPORT SD CLIMATE SUMMARY FOR FEBRUARY 21 2017...

CLIMATE NORMAL PERIOD 1981 TO 2010
CLIMATE RECORD PERIOD 9999 TO 9999


WEATHER ITEM   OBSERVED TIME   NORMAL DEPARTURE LAST
                VALUE   (LST)  VALUE  FROM      YEAR
                                      NORMAL
......................................................
TEMPERATURE (F)
 YESTERDAY
  MAXIMUM         77    357 PM  39     38       42
  MINIMUM         45    751 AM  18     27       30
  AVERAGE         61            29     32       36

PRECIPITATION (IN)
  YESTERDAY        0.00          0.02  -0.02     0.01
  MONTH TO DATE    0.09          0.39  -0.30     0.26
  SINCE DEC 1      1.72          0.98   0.74     1.78
  SINCE JAN 1      1.17          0.64   0.53     0.33

DEGREE DAYS
 HEATING
  YESTERDAY        4            36    -32       29
  MONTH TO DATE  598           809   -211      621
  SINCE DEC 1   3050          3293   -243     2996
  SINCE JUL 1   3920          4764   -844     4091

 COOLING
  YESTERDAY        0             0      0        0
  MONTH TO DATE    0             0      0        0
  SINCE DEC 1      0             0      0        0
  SINCE JAN 1      0             0      0        0
......................................................


WIND (MPH)
  HIGHEST WIND SPEED    26   HIGHEST WIND DIRECTION     W (280)
  HIGHEST GUST SPEED    35   HIGHEST GUST DIRECTION     W (270)
  AVERAGE WIND SPEED    14.4


SKY COVER
  AVERAGE SKY COVER 0.0


WEATHER CONDITIONS
 THE FOLLOWING WEATHER WAS RECORDED YESTERDAY.
  NO SIGNIFICANT WEATHER WAS OBSERVED.


RELATIVE HUMIDITY (PERCENT)
 HIGHEST    49          1200 AM
 LOWEST     20           400 PM
 AVERAGE    35

..........................................................




SUNRISE AND SUNSET
FEBRUARY 22 2017......SUNRISE   726 AM CST   SUNSET   620 PM CST
FEBRUARY 23 2017......SUNRISE   725 AM CST   SUNSET   621 PM CST


-  INDICATES NEGATIVE NUMBERS.
R  INDICATES RECORD WAS SET OR TIED.
MM INDICATES DATA IS MISSING.
T  INDICATES TRACE AMOUNT.




$$
