000
CDUS43 KUNR 230837
CLIICR


CLIMATE REPORT
NATIONAL WEATHER SERVICE RAPID CITY SD
235 AM MDT SAT JUL 23 2016


...................................

...THE WINNER REGIONAL AIRPORT SD CLIMATE SUMMARY FOR JULY 22 2016...

CLIMATE NORMAL PERIOD 1981 TO 2010
CLIMATE RECORD PERIOD 9999 TO 9999


WEATHER ITEM   OBSERVED TIME   NORMAL DEPARTURE LAST
                VALUE   (LST)  VALUE  FROM      YEAR
                                      NORMAL
......................................................
TEMPERATURE (F)
 YESTERDAY
  MAXIMUM         99    324 PM  89     10       88
  MINIMUM         74    538 AM  64     10       70
  AVERAGE         87            76     11       79

PRECIPITATION (IN)
  YESTERDAY        0.00          0.07  -0.07     0.01
  MONTH TO DATE    1.22          2.08  -0.86     1.15
  SINCE JUN 1      2.27          5.73  -3.46     5.17
  SINCE JAN 1     11.62         13.80  -2.18     8.84

DEGREE DAYS
 HEATING
  YESTERDAY        0             0      0        0
  MONTH TO DATE    1             0      1        0
  SINCE JUN 1      4            54    -50        3
  SINCE JUL 1      1             0      1        0

 COOLING
  YESTERDAY       22            12     10       14
  MONTH TO DATE  274           224     50      244
  SINCE JUN 1    560           369    191      462
  SINCE JAN 1    607           399    208      497
......................................................


WIND (MPH)
  HIGHEST WIND SPEED    20   HIGHEST WIND DIRECTION     E (110)
  HIGHEST GUST SPEED    25   HIGHEST GUST DIRECTION     E (110)
  AVERAGE WIND SPEED     7.7


SKY COVER
  AVERAGE SKY COVER 0.3


WEATHER CONDITIONS
 THE FOLLOWING WEATHER WAS RECORDED YESTERDAY.
  FOG
  FOG W/VISIBILITY <= 1/4 MILE


RELATIVE HUMIDITY (PERCENT)
 HIGHEST    97           900 AM
 LOWEST     42           200 PM
 AVERAGE    70

..........................................................




SUNRISE AND SUNSET
JULY 23 2016..........SUNRISE   620 AM CDT   SUNSET   911 PM CDT
JULY 24 2016..........SUNRISE   621 AM CDT   SUNSET   910 PM CDT


-  INDICATES NEGATIVE NUMBERS.
R  INDICATES RECORD WAS SET OR TIED.
MM INDICATES DATA IS MISSING.
T  INDICATES TRACE AMOUNT.




$$
