000
CDUS43 KUNR 290831
CLIICR


CLIMATE REPORT
NATIONAL WEATHER SERVICE RAPID CITY SD
231 AM MDT THU JUN 29 2017


...................................

...THE WINNER REGIONAL AIRPORT SD CLIMATE SUMMARY FOR JUNE 28 2017...

CLIMATE NORMAL PERIOD 1981 TO 2010
CLIMATE RECORD PERIOD 9999 TO 9999


WEATHER ITEM   OBSERVED TIME   NORMAL DEPARTURE LAST
                VALUE   (LST)  VALUE  FROM      YEAR
                                      NORMAL
......................................................
TEMPERATURE (F)
 YESTERDAY
  MAXIMUM         92    338 PM  85      7       91
  MINIMUM         64   1159 PM  60      4       57
  AVERAGE         78            72      6       74

PRECIPITATION (IN)
  YESTERDAY        0.03          0.08  -0.05     0.00
  MONTH TO DATE    0.25          3.51  -3.26     0.76
  SINCE JUN 1      0.25          3.51  -3.26     0.76
  SINCE JAN 1      7.34         11.58  -4.24    10.11

DEGREE DAYS
 HEATING
  YESTERDAY        0             1     -1        0
  MONTH TO DATE    8            55    -47        3
  SINCE JUN 1      8            55    -47        3
  SINCE JUL 1   5553          6700  -1147     5573

 COOLING
  YESTERDAY       13             8      5        9
  MONTH TO DATE  218           128     90      270
  SINCE JUN 1    218           128     90      270
  SINCE JAN 1    246           158     88      317
......................................................


WIND (MPH)
  HIGHEST WIND SPEED    22   HIGHEST WIND DIRECTION    NW (320)
  HIGHEST GUST SPEED    28   HIGHEST GUST DIRECTION     W (290)
  AVERAGE WIND SPEED    10.9


SKY COVER
  AVERAGE SKY COVER 0.1


WEATHER CONDITIONS
 THE FOLLOWING WEATHER WAS RECORDED YESTERDAY.
  NO SIGNIFICANT WEATHER WAS OBSERVED.


RELATIVE HUMIDITY (PERCENT)
 HIGHEST    73           500 AM
 LOWEST     24           500 PM
 AVERAGE    49

..........................................................




SUNRISE AND SUNSET
JUNE 29 2017..........SUNRISE   602 AM CDT   SUNSET   924 PM CDT
JUNE 30 2017..........SUNRISE   602 AM CDT   SUNSET   924 PM CDT


-  INDICATES NEGATIVE NUMBERS.
R  INDICATES RECORD WAS SET OR TIED.
MM INDICATES DATA IS MISSING.
T  INDICATES TRACE AMOUNT.




$$
