000
CDUS43 KUNR 110831
CLIICR


CLIMATE REPORT
NATIONAL WEATHER SERVICE RAPID CITY SD
130 AM MST MON DEC 11 2017


...................................

...THE WINNER REGIONAL AIRPORT SD CLIMATE SUMMARY FOR DECEMBER 10 2017...

CLIMATE NORMAL PERIOD 1981 TO 2010
CLIMATE RECORD PERIOD 9999 TO 9999


WEATHER ITEM   OBSERVED TIME   NORMAL DEPARTURE LAST
                VALUE   (LST)  VALUE  FROM      YEAR
                                      NORMAL
......................................................
TEMPERATURE (F)
 YESTERDAY
  MAXIMUM         62    348 PM  35     27       23
  MINIMUM         38    825 AM  16     22        4
  AVERAGE         50            26     24       14

PRECIPITATION (IN)
  YESTERDAY        0.00          0.01  -0.01      T
  MONTH TO DATE    0.07          0.17  -0.10      T
  SINCE DEC 1      0.07          0.17  -0.10      T
  SINCE JAN 1     19.29         21.42  -2.13    18.47

DEGREE DAYS
 HEATING
  YESTERDAY       15            40    -25       51
  MONTH TO DATE  284           384   -100      430
  SINCE DEC 1    284           384   -100      430
  SINCE JUL 1   1508          1855   -347     1300

 COOLING
  YESTERDAY        0             0      0        0
  MONTH TO DATE    0             0      0        0
  SINCE DEC 1      0             0      0        0
  SINCE JAN 1   1113           916    197     1193
......................................................


WIND (MPH)
  HIGHEST WIND SPEED    26   HIGHEST WIND DIRECTION    NW (310)
  HIGHEST GUST SPEED    31   HIGHEST GUST DIRECTION    NW (310)
  AVERAGE WIND SPEED    14.2


SKY COVER
  AVERAGE SKY COVER 0.0


WEATHER CONDITIONS
 THE FOLLOWING WEATHER WAS RECORDED YESTERDAY.
  NO SIGNIFICANT WEATHER WAS OBSERVED.


RELATIVE HUMIDITY (PERCENT)
 HIGHEST    39           200 AM
 LOWEST     19           200 PM
 AVERAGE    29

..........................................................




SUNRISE AND SUNSET
DECEMBER 11 2017......SUNRISE   802 AM CST   SUNSET   503 PM CST
DECEMBER 12 2017......SUNRISE   803 AM CST   SUNSET   504 PM CST


-  INDICATES NEGATIVE NUMBERS.
R  INDICATES RECORD WAS SET OR TIED.
MM INDICATES DATA IS MISSING.
T  INDICATES TRACE AMOUNT.




$$
