000
CDUS43 KUNR 190834
CLIICR


CLIMATE REPORT
NATIONAL WEATHER SERVICE RAPID CITY SD
232 AM MDT FRI SEP 19 2014


...................................

...THE WINNER REGIONAL AIRPORT SD CLIMATE SUMMARY FOR SEPTEMBER 18 2014...

CLIMATE NORMAL PERIOD 1981 TO 2010
CLIMATE RECORD PERIOD 9999 TO 9999


WEATHER ITEM   OBSERVED TIME   NORMAL DEPARTURE LAST
                VALUE   (LST)  VALUE  FROM      YEAR
                                      NORMAL
......................................................
TEMPERATURE (F)
 YESTERDAY
  MAXIMUM         84    347 PM  76      8       98
  MINIMUM         58    656 AM  50      8       67
  AVERAGE         71            63      8       83

PRECIPITATION (IN)
  YESTERDAY        0.00          0.07  -0.07     0.00
  MONTH TO DATE    0.83          1.20  -0.37     0.32
  SINCE SEP 1      0.83          1.20  -0.37     0.32
  SINCE JAN 1     13.90         18.20  -4.30    16.31

DEGREE DAYS
 HEATING
  YESTERDAY        0             4     -4        0
  MONTH TO DATE   98            50     48       14
  SINCE SEP 1     98            50     48       14
  SINCE JUL 1    111            64     47       21

 COOLING
  YESTERDAY        6             2      4       18
  MONTH TO DATE   53            83    -30      183
  SINCE SEP 1     53            83    -30      183
  SINCE JAN 1    783           889   -106      974
......................................................


WIND (MPH)
  HIGHEST WIND SPEED    26   HIGHEST WIND DIRECTION     S (180)
  HIGHEST GUST SPEED    35   HIGHEST GUST DIRECTION     S (180)
  AVERAGE WIND SPEED    15.0


SKY COVER
  AVERAGE SKY COVER 0.0


WEATHER CONDITIONS
 THE FOLLOWING WEATHER WAS RECORDED YESTERDAY.
  NO SIGNIFICANT WEATHER WAS OBSERVED.


RELATIVE HUMIDITY (PERCENT)
 HIGHEST    93           600 AM
 LOWEST     40           300 PM
 AVERAGE    67

..........................................................




SUNRISE AND SUNSET
SEPTEMBER 19 2014.....SUNRISE   723 AM CDT   SUNSET   742 PM CDT
SEPTEMBER 20 2014.....SUNRISE   724 AM CDT   SUNSET   740 PM CDT


-  INDICATES NEGATIVE NUMBERS.
R  INDICATES RECORD WAS SET OR TIED.
MM INDICATES DATA IS MISSING.
T  INDICATES TRACE AMOUNT.




$$
