000
CDUS43 KUNR 250832
CLIICR


CLIMATE REPORT
NATIONAL WEATHER SERVICE RAPID CITY SD
231 AM MDT TUE APR 25 2017


...................................

...THE WINNER REGIONAL AIRPORT SD CLIMATE SUMMARY FOR APRIL 24 2017...

CLIMATE NORMAL PERIOD 1981 TO 2010
CLIMATE RECORD PERIOD 9999 TO 9999


WEATHER ITEM   OBSERVED TIME   NORMAL DEPARTURE LAST
                VALUE   (LST)  VALUE  FROM      YEAR
                                      NORMAL
......................................................
TEMPERATURE (F)
 YESTERDAY
  MAXIMUM         62   1207 AM  63     -1       77
  MINIMUM         37   1159 PM  39     -2       50
  AVERAGE         50            51     -1       64

PRECIPITATION (IN)
  YESTERDAY        T             0.11  -0.11      T
  MONTH TO DATE    2.09          1.85   0.24     2.12
  SINCE MAR 1      2.41          3.23  -0.82     2.89
  SINCE JAN 1      4.05          3.99   0.06     3.28

DEGREE DAYS
 HEATING
  YESTERDAY       15            14      1        1
  MONTH TO DATE  312           440   -128      332
  SINCE MAR 1   1046          1316   -270      973
  SINCE JUL 1   5198          6325  -1127     5266

 COOLING
  YESTERDAY        0             0      0        0
  MONTH TO DATE    2             0      2        8
  SINCE MAR 1      2             0      2        9
  SINCE JAN 1      2             0      2        9
......................................................


WIND (MPH)
  HIGHEST WIND SPEED    25   HIGHEST WIND DIRECTION     S (180)
  HIGHEST GUST SPEED    32   HIGHEST GUST DIRECTION     S (190)
  AVERAGE WIND SPEED    14.9


SKY COVER
  AVERAGE SKY COVER 0.1


WEATHER CONDITIONS
 THE FOLLOWING WEATHER WAS RECORDED YESTERDAY.
  LIGHT RAIN


RELATIVE HUMIDITY (PERCENT)
 HIGHEST    86          1000 PM
 LOWEST     30          1200 AM
 AVERAGE    58

..........................................................




SUNRISE AND SUNSET
APRIL 25 2017.........SUNRISE   641 AM CDT   SUNSET   835 PM CDT
APRIL 26 2017.........SUNRISE   639 AM CDT   SUNSET   836 PM CDT


-  INDICATES NEGATIVE NUMBERS.
R  INDICATES RECORD WAS SET OR TIED.
MM INDICATES DATA IS MISSING.
T  INDICATES TRACE AMOUNT.




$$
