000
CDUS43 KUNR 220831
CLIICR


CLIMATE REPORT
NATIONAL WEATHER SERVICE RAPID CITY SD
231 AM MDT WED OCT 22 2014


...................................

...THE WINNER REGIONAL AIRPORT SD CLIMATE SUMMARY FOR OCTOBER 21 2014...

CLIMATE NORMAL PERIOD 1981 TO 2010
CLIMATE RECORD PERIOD 9999 TO 9999


WEATHER ITEM   OBSERVED TIME   NORMAL DEPARTURE LAST
                VALUE   (LST)  VALUE  FROM      YEAR
                                      NORMAL
......................................................
TEMPERATURE (F)
 YESTERDAY
  MAXIMUM         82    306 PM  60     22       49
  MINIMUM         58    746 AM  37     21       33
  AVERAGE         70            49     21       41

PRECIPITATION (IN)
  YESTERDAY        0.00          0.05  -0.05     0.02
  MONTH TO DATE    0.17          1.20  -1.03     3.95
  SINCE SEP 1      1.21          3.19  -1.98     4.69
  SINCE JAN 1     14.28         20.19  -5.91    20.68

DEGREE DAYS
 HEATING
  YESTERDAY        0            17    -17       24
  MONTH TO DATE  187           268    -81      306
  SINCE SEP 1    294           396   -102      354
  SINCE JUL 1    307           410   -103      361

 COOLING
  YESTERDAY        5             0      5        0
  MONTH TO DATE    5             9     -4        2
  SINCE SEP 1    129           109     20      223
  SINCE JAN 1    859           915    -56     1014
......................................................


WIND (MPH)
  HIGHEST WIND SPEED    33   HIGHEST WIND DIRECTION     S (170)
  HIGHEST GUST SPEED    41   HIGHEST GUST DIRECTION     S (170)
  AVERAGE WIND SPEED    22.0


SKY COVER
  AVERAGE SKY COVER 0.0


WEATHER CONDITIONS
 THE FOLLOWING WEATHER WAS RECORDED YESTERDAY.
  NO SIGNIFICANT WEATHER WAS OBSERVED.


RELATIVE HUMIDITY (PERCENT)
 HIGHEST    58          1000 PM
 LOWEST     16           300 PM
 AVERAGE    37

..........................................................




SUNRISE AND SUNSET
OCTOBER 22 2014.......SUNRISE   802 AM CDT   SUNSET   645 PM CDT
OCTOBER 23 2014.......SUNRISE   803 AM CDT   SUNSET   644 PM CDT


-  INDICATES NEGATIVE NUMBERS.
R  INDICATES RECORD WAS SET OR TIED.
MM INDICATES DATA IS MISSING.
T  INDICATES TRACE AMOUNT.




$$
