000
CDUS43 KICT 010657
CLIICT


CLIMATE REPORT
NATIONAL WEATHER SERVICE WICHITA KS
156 AM CDT MON SEP 1 2014


...................................

...THE WICHITA MID CONTINENT KS CLIMATE SUMMARY FOR AUGUST 31 2014...

CLIMATE NORMAL PERIOD 1981 TO 2010
CLIMATE RECORD PERIOD 1888 TO 2014


WEATHER ITEM   OBSERVED TIME   RECORD YEAR NORMAL DEPARTURE LAST
                VALUE   (LST)  VALUE       VALUE  FROM      YEAR
                                                  NORMAL
..................................................................
TEMPERATURE (F)
 YESTERDAY
  MAXIMUM         99    334 PM 108    2011  89     10      103
  MINIMUM         71    633 AM  49    1915  66      5       70
  AVERAGE         85                        77      8       87

PRECIPITATION (IN)
  YESTERDAY        T             2.52 1910   0.13  -0.13     0.00
  MONTH TO DATE    2.38                      3.71  -1.33    10.63
  SINCE JUN 1     15.91                     12.23   3.68    20.15
  SINCE JAN 1     21.98                     24.09  -2.11    34.17

SNOWFALL (IN)
  YESTERDAY        0.0           0.0  2007   0.0    0.0      0.0
  MONTH TO DATE    0.0                       0.0    0.0      0.0
  SINCE JUN 1      0.0                       0.0    0.0      0.0
  SINCE JUL 1      0.0                       0.0    0.0      0.0
  SNOW DEPTH       0

DEGREE DAYS
 HEATING
  YESTERDAY        0                         0      0        0
  MONTH TO DATE    0                         0      0        0
  SINCE JUN 1      1                         7     -6        4
  SINCE JUL 1      1                         1      0        1

 COOLING
  YESTERDAY       20                        12      8       22
  MONTH TO DATE  504                       465     39      414
  SINCE JUN 1   1229                      1291    -62     1275
  SINCE JAN 1   1496                      1427     69     1413
..................................................................


WIND (MPH)
  HIGHEST WIND SPEED    38   HIGHEST WIND DIRECTION     S (170)
  HIGHEST GUST SPEED    46   HIGHEST GUST DIRECTION     S (190)
  AVERAGE WIND SPEED    18.5


SKY COVER
  POSSIBLE SUNSHINE   0 PERCENT
  AVERAGE SKY COVER 0.0


WEATHER CONDITIONS
 THE FOLLOWING WEATHER WAS RECORDED YESTERDAY.
  NO SIGNIFICANT WEATHER WAS OBSERVED.


RELATIVE HUMIDITY (PERCENT)
 HIGHEST     0          1200 AM
 LOWEST      0          1200 AM
 AVERAGE     0

..........................................................


THE WICHITA MID CONTINENT KS CLIMATE NORMALS FOR TODAY
                         NORMAL    RECORD    YEAR
 MAXIMUM TEMPERATURE (F)   88       107      1990
 MINIMUM TEMPERATURE (F)   66        50      1956


SUNRISE AND SUNSET
SEPTEMBER  1 2014.....SUNRISE   700 AM CDT   SUNSET   759 PM CDT
SEPTEMBER  2 2014.....SUNRISE   701 AM CDT   SUNSET   757 PM CDT


-  INDICATES NEGATIVE NUMBERS.
R  INDICATES RECORD WAS SET OR TIED.
MM INDICATES DATA IS MISSING.
T  INDICATES TRACE AMOUNT.




$$
