000
CDUS45 KPIH 092331
CLIIDA


CLIMATE REPORT
NATIONAL WEATHER SERVICE POCATELLO ID
430 PM MST TUE FEB 9 2016


...................................

...THE IDAHO FALLS ID CLIMATE SUMMARY FOR FEBRUARY 9 2016...
VALID TODAY AS OF 0400 PM LOCAL TIME.

CLIMATE NORMAL PERIOD 1981 TO 2010
CLIMATE RECORD PERIOD 1948 TO 2016


WEATHER ITEM   OBSERVED TIME   RECORD YEAR NORMAL DEPARTURE LAST
                VALUE   (LST)  VALUE       VALUE  FROM      YEAR
                                                  NORMAL
..................................................................
TEMPERATURE (F)
 TODAY
  MAXIMUM         29    314 PM  53    2015  32     -3       53
  MINIMUM          4    657 AM -16    1982  13     -9       34
  AVERAGE         17                        22     -5       44

PRECIPITATION (IN)
  TODAY            0.00          0.76 1978   0.03  -0.03      T
  MONTH TO DATE    0.07                      0.19  -0.12     0.17
  SINCE OCT 1      3.34                      3.45  -0.11     1.91
  SINCE JAN 1      1.02                      0.88   0.14     0.45

SNOWFALL (IN)
  TODAY           MM
  MONTH TO DATE   MM
  SINCE DEC 1     MM
  SINCE JUL 1     MM
  SNOW DEPTH      MM

DEGREE DAYS
 HEATING
  TODAY           48                        43      5       21
  MONTH TO DATE  450                       391     59      213
  SINCE DEC 1   3186                      3151     35     2560
  SINCE JUL 1   4886                      5054   -168     4249

 COOLING
  TODAY            0                         0      0        0
  MONTH TO DATE    0                         0      0        0
  SINCE DEC 1      0                         0      0        0
  SINCE JAN 1      0                         0      0        0
..................................................................


WIND (MPH)
  HIGHEST WIND SPEED    14   HIGHEST WIND DIRECTION     N (20)
  HIGHEST GUST SPEED    17   HIGHEST GUST DIRECTION     N (360)
  AVERAGE WIND SPEED     5.3


SKY COVER
  POSSIBLE SUNSHINE  MM
  AVERAGE SKY COVER 0.9


WEATHER CONDITIONS
 THE FOLLOWING WEATHER WAS RECORDED TODAY.
  FOG
  FOG W/VISIBILITY <= 1/4 MILE
  HAZE


RELATIVE HUMIDITY (PERCENT)
 HIGHEST   100          1000 AM
 LOWEST     80           600 AM
 AVERAGE    90

..........................................................


THE IDAHO FALLS ID CLIMATE NORMALS FOR TOMORROW
                         NORMAL    RECORD    YEAR
 MAXIMUM TEMPERATURE (F)   32        52      1961
 MINIMUM TEMPERATURE (F)   13       -16      1982


SUNRISE AND SUNSET
FEBRUARY  9 2016......SUNRISE   735 AM MST   SUNSET   550 PM MST
FEBRUARY 10 2016......SUNRISE   734 AM MST   SUNSET   551 PM MST


-  INDICATES NEGATIVE NUMBERS.
R  INDICATES RECORD WAS SET OR TIED.
MM INDICATES DATA IS MISSING.
T  INDICATES TRACE AMOUNT.




$$
