000
CDUS45 KPIH 282327
CLIIDA


CLIMATE REPORT
NATIONAL WEATHER SERVICE POCATELLO ID
523 PM MDT SAT MAR 28 2015


...................................

...THE IDAHO FALLS ID CLIMATE SUMMARY FOR MARCH 28 2015...
VALID TODAY AS OF 0500 PM LOCAL TIME.

CLIMATE NORMAL PERIOD 1981 TO 2010
CLIMATE RECORD PERIOD 1948 TO 2015


WEATHER ITEM   OBSERVED TIME   RECORD YEAR NORMAL DEPARTURE LAST
                VALUE   (LST)  VALUE       VALUE  FROM      YEAR
                                                  NORMAL
..................................................................
TEMPERATURE (F)
 TODAY
  MAXIMUM         64   1243 PM  73    1986  52     12       51
  MINIMUM         35    625 AM   6    1964  29      6       31
  AVERAGE         50                        40     10       41

PRECIPITATION (IN)
  TODAY            0.00          0.30 1974   0.02  -0.02     0.00
  MONTH TO DATE    0.07                      0.77  -0.70     0.55
  SINCE OCT 1      1.98                      4.69  -2.71     2.74
  SINCE JAN 1      0.52                      2.12  -1.60     1.44

SNOWFALL (IN)
  TODAY           MM
  MONTH TO DATE   MM
  SINCE MAR 1     MM
  SINCE JUL 1     MM
  SNOW DEPTH      MM

DEGREE DAYS
 HEATING
  TODAY           15                        25    -10       24
  MONTH TO DATE  640                       829   -189      716
  SINCE MAR 1    640                       829   -189      716
  SINCE JUL 1   5458                      6631  -1173     6233

 COOLING
  TODAY            0                         0      0        0
  MONTH TO DATE    0                         0      0        0
  SINCE MAR 1      0                         0      0        0
  SINCE JAN 1      0                         0      0        0
..................................................................


WIND (MPH)
  HIGHEST WIND SPEED    43   HIGHEST WIND DIRECTION    SW (220)
  HIGHEST GUST SPEED    55   HIGHEST GUST DIRECTION    SW (230)
  AVERAGE WIND SPEED    17.9


SKY COVER
  POSSIBLE SUNSHINE  MM
  AVERAGE SKY COVER 0.2


WEATHER CONDITIONS
 THE FOLLOWING WEATHER WAS RECORDED TODAY.
  HAZE
  SANDSTORM


RELATIVE HUMIDITY (PERCENT)
 HIGHEST    82           500 AM
 LOWEST     19           200 PM
 AVERAGE    51

..........................................................


THE IDAHO FALLS ID CLIMATE NORMALS FOR TOMORROW
                         NORMAL    RECORD    YEAR
 MAXIMUM TEMPERATURE (F)   52        70      1986
 MINIMUM TEMPERATURE (F)   29         8      1987


SUNRISE AND SUNSET
MARCH 28 2015.........SUNRISE   717 AM MDT   SUNSET   750 PM MDT
MARCH 29 2015.........SUNRISE   716 AM MDT   SUNSET   751 PM MDT


-  INDICATES NEGATIVE NUMBERS.
R  INDICATES RECORD WAS SET OR TIED.
MM INDICATES DATA IS MISSING.
T  INDICATES TRACE AMOUNT.




$$
