000
CDUS45 KPIH 072325
CLIIDA


CLIMATE REPORT
NATIONAL WEATHER SERVICE POCATELLO ID
523 PM MDT TUE JUL 7 2015


...................................

...THE IDAHO FALLS ID CLIMATE SUMMARY FOR JULY 7 2015...
VALID TODAY AS OF 0500 PM LOCAL TIME.

CLIMATE NORMAL PERIOD 1981 TO 2010
CLIMATE RECORD PERIOD 1948 TO 2015


WEATHER ITEM   OBSERVED TIME   RECORD YEAR NORMAL DEPARTURE LAST
                VALUE   (LST)  VALUE       VALUE  FROM      YEAR
                                                  NORMAL
..................................................................
TEMPERATURE (F)
 TODAY
  MAXIMUM         84    350 PM  96    1983  84      0       92
  MINIMUM         54    603 AM  38    1988  49      5       52
  AVERAGE         69                        67      2       72

PRECIPITATION (IN)
  TODAY            0.00          0.07 1960   0.01  -0.01     0.00
  MONTH TO DATE    0.17                      0.10   0.07      T
  SINCE OCT 1      7.04                      8.61  -1.57     5.14
  SINCE JAN 1      5.58                      6.04  -0.46     3.84

SNOWFALL (IN)
  TODAY           MM
  MONTH TO DATE   MM
  SINCE JUN 1     MM
  SINCE JUL 1     MM
  SNOW DEPTH      MM

DEGREE DAYS
 HEATING
  TODAY            0                         1     -1        0
  MONTH TO DATE    0                        11    -11        2
  SINCE JUN 1     46                       164   -118      130
  SINCE JUL 1      0                        11    -11        2

 COOLING
  TODAY            4                         3      1        7
  MONTH TO DATE   55                        20     35       39
  SINCE JUN 1    151                        50    101       48
  SINCE JAN 1    152                        52    100       49
..................................................................


WIND (MPH)
  HIGHEST WIND SPEED     9   HIGHEST WIND DIRECTION     N (340)
  HIGHEST GUST SPEED    11   HIGHEST GUST DIRECTION    NW (330)
  AVERAGE WIND SPEED     4.6


SKY COVER
  POSSIBLE SUNSHINE  MM
  AVERAGE SKY COVER 0.3


WEATHER CONDITIONS
 THE FOLLOWING WEATHER WAS RECORDED TODAY.
  HAZE


RELATIVE HUMIDITY (PERCENT)
 HIGHEST    93           400 AM
 LOWEST     24           400 PM
 AVERAGE    59

..........................................................


THE IDAHO FALLS ID CLIMATE NORMALS FOR TOMORROW
                         NORMAL    RECORD    YEAR
 MAXIMUM TEMPERATURE (F)   85        95      1975
 MINIMUM TEMPERATURE (F)   50        35      1981


SUNRISE AND SUNSET
JULY  7 2015..........SUNRISE   555 AM MDT   SUNSET   911 PM MDT
JULY  8 2015..........SUNRISE   555 AM MDT   SUNSET   911 PM MDT


-  INDICATES NEGATIVE NUMBERS.
R  INDICATES RECORD WAS SET OR TIED.
MM INDICATES DATA IS MISSING.
T  INDICATES TRACE AMOUNT.




$$
