000
CDUS45 KPIH 050750
CLIIDA


CLIMATE REPORT
NATIONAL WEATHER SERVICE POCATELLO ID
1247 AM MST MON DEC 5 2016


...................................

...THE IDAHO FALLS ID CLIMATE SUMMARY FOR DECEMBER 4 2016...

CLIMATE NORMAL PERIOD 1981 TO 2010
CLIMATE RECORD PERIOD 1948 TO 2016


WEATHER ITEM   OBSERVED TIME   RECORD YEAR NORMAL DEPARTURE LAST
                VALUE   (LST)  VALUE       VALUE  FROM      YEAR
                                                  NORMAL
..................................................................
TEMPERATURE (F)
 YESTERDAY
  MAXIMUM         38    124 PM  53    2007  32      6       39
  MINIMUM         28   1227 AM -19    1992  15     13       17
  AVERAGE         33                        23     10       28

PRECIPITATION (IN)
  YESTERDAY        T             0.35 1983   0.03  -0.03     0.00
  MONTH TO DATE    0.03                      0.13  -0.10     0.00
  SINCE OCT 1      2.98                      1.83   1.15     1.93
  SINCE JAN 1     10.20                      9.65   0.55    10.01

SNOWFALL (IN)
  YESTERDAY       MM
  MONTH TO DATE   MM
  SINCE DEC 1     MM
  SINCE JUL 1     MM
  SNOW DEPTH      MM

DEGREE DAYS
 HEATING
  YESTERDAY       32                        42    -10       37
  MONTH TO DATE  159                       164     -5      184
  SINCE DEC 1    159                       164     -5      184
  SINCE JUL 1   1777                      2067   -290     1884

 COOLING
  YESTERDAY        0                         0      0        0
  MONTH TO DATE    0                         0      0        0
  SINCE DEC 1      0                         0      0        0
  SINCE JAN 1    260                       264     -4      326
..................................................................


WIND (MPH)
  HIGHEST WIND SPEED    35   HIGHEST WIND DIRECTION    SW (210)
  HIGHEST GUST SPEED    45   HIGHEST GUST DIRECTION    SW (210)
  AVERAGE WIND SPEED    21.4


SKY COVER
  POSSIBLE SUNSHINE  MM
  AVERAGE SKY COVER 1.0


WEATHER CONDITIONS
 THE FOLLOWING WEATHER WAS RECORDED YESTERDAY.
  LIGHT SNOW
  FOG
  HAZE


RELATIVE HUMIDITY (PERCENT)
 HIGHEST    89           800 PM
 LOWEST     54           100 PM
 AVERAGE    72

..........................................................


THE IDAHO FALLS ID CLIMATE NORMALS FOR TODAY
                         NORMAL    RECORD    YEAR
 MAXIMUM TEMPERATURE (F)   32        49      1987
 MINIMUM TEMPERATURE (F)   14       -31      1972


SUNRISE AND SUNSET
DECEMBER  5 2016......SUNRISE   746 AM MST   SUNSET   452 PM MST
DECEMBER  6 2016......SUNRISE   747 AM MST   SUNSET   452 PM MST


-  INDICATES NEGATIVE NUMBERS.
R  INDICATES RECORD WAS SET OR TIED.
MM INDICATES DATA IS MISSING.
T  INDICATES TRACE AMOUNT.




$$
