000
CDUS45 KPIH 260738
CLIIDA


CLIMATE REPORT
NATIONAL WEATHER SERVICE POCATELLO ID
1235 AM MST MON JAN 26 2015


...................................

...THE IDAHO FALLS ID CLIMATE SUMMARY FOR JANUARY 25 2015...

CLIMATE NORMAL PERIOD 1981 TO 2010
CLIMATE RECORD PERIOD 1948 TO 2015


WEATHER ITEM   OBSERVED TIME   RECORD YEAR NORMAL DEPARTURE LAST
                VALUE   (LST)  VALUE       VALUE  FROM      YEAR
                                                  NORMAL
..................................................................
TEMPERATURE (F)
 YESTERDAY
  MAXIMUM         32    520 PM  53    1953  29      3       36
  MINIMUM         26   1159 PM -25    1949  12     14       11
  AVERAGE         29                        20      9       24

PRECIPITATION (IN)
  YESTERDAY        0.00          0.16 2000   0.02  -0.02     0.00
  MONTH TO DATE    0.22                      0.57  -0.35     0.19
  SINCE OCT 1      1.68                      3.14  -1.46     1.49
  SINCE JAN 1      0.22                      0.57  -0.35     0.19

SNOWFALL (IN)
  YESTERDAY       MM
  MONTH TO DATE   MM
  SINCE DEC 1     MM
  SINCE JUL 1     MM
  SNOW DEPTH      MM

DEGREE DAYS
 HEATING
  YESTERDAY       36                        45     -9       41
  MONTH TO DATE 1036                      1125    -89     1015
  SINCE DEC 1   2157                      2495   -338     2556
  SINCE JUL 1   3846                      4398   -552     4280

 COOLING
  YESTERDAY        0                         0      0        0
  MONTH TO DATE    0                         0      0        0
  SINCE DEC 1      0                         0      0        0
  SINCE JAN 1      0                         0      0        0
..................................................................


WIND (MPH)
  HIGHEST WIND SPEED    10   HIGHEST WIND DIRECTION     N (10)
  HIGHEST GUST SPEED    15   HIGHEST GUST DIRECTION     N (350)
  AVERAGE WIND SPEED     5.8


SKY COVER
  POSSIBLE SUNSHINE  MM
  AVERAGE SKY COVER 1.0


WEATHER CONDITIONS
 THE FOLLOWING WEATHER WAS RECORDED YESTERDAY.
  FOG
  FOG W/VISIBILITY <= 1/4 MILE


RELATIVE HUMIDITY (PERCENT)
 HIGHEST   100           600 PM
 LOWEST     92          1200 AM
 AVERAGE    96

..........................................................


THE IDAHO FALLS ID CLIMATE NORMALS FOR TODAY
                         NORMAL    RECORD    YEAR
 MAXIMUM TEMPERATURE (F)   29        44      1987
 MINIMUM TEMPERATURE (F)   12       -18      2009


SUNRISE AND SUNSET
JANUARY 26 2015.......SUNRISE   751 AM MST   SUNSET   531 PM MST
JANUARY 27 2015.......SUNRISE   750 AM MST   SUNSET   533 PM MST


-  INDICATES NEGATIVE NUMBERS.
R  INDICATES RECORD WAS SET OR TIED.
MM INDICATES DATA IS MISSING.
T  INDICATES TRACE AMOUNT.




$$
