000
CDUS45 KPIH 170731
CLIIDA


CLIMATE REPORT
NATIONAL WEATHER SERVICE POCATELLO ID
130 AM MDT TUE OCT 17 2017


...................................

...THE IDAHO FALLS ID CLIMATE SUMMARY FOR OCTOBER 16 2017...

CLIMATE NORMAL PERIOD 1981 TO 2010
CLIMATE RECORD PERIOD 1948 TO 2017


WEATHER ITEM   OBSERVED TIME   RECORD YEAR NORMAL DEPARTURE LAST
                VALUE   (LST)  VALUE       VALUE  FROM      YEAR
                                                  NORMAL
..................................................................
TEMPERATURE (F)
 YESTERDAY
  MAXIMUM         59    408 PM  78    1955  60     -1       55
  MINIMUM         25    624 AM  17    1966  31     -6       38
  AVERAGE         42                        45     -3       47

PRECIPITATION (IN)
  YESTERDAY        0.00          0.33 2006   0.03  -0.03     0.28
  MONTH TO DATE    0.84                      0.44   0.40     1.47
  SINCE OCT 1      0.84                      0.44   0.40     1.47
  SINCE JAN 1      9.83                      8.26   1.57     8.69

SNOWFALL (IN)
  YESTERDAY       MM
  MONTH TO DATE   MM
  SINCE SEP 1     MM
  SINCE JUL 1     MM
  SNOW DEPTH      MM

DEGREE DAYS
 HEATING
  YESTERDAY       23                        20      3       18
  MONTH TO DATE  379                       273    106      263
  SINCE SEP 1    654                       516    138      503
  SINCE JUL 1    663                       581     82      580

 COOLING
  YESTERDAY        0                         0      0        0
  MONTH TO DATE    0                         0      0        0
  SINCE SEP 1     40                        12     28       16
  SINCE JAN 1    362                       264     98      260
..................................................................


WIND (MPH)
  HIGHEST WIND SPEED    14   HIGHEST WIND DIRECTION    SW (210)
  HIGHEST GUST SPEED    17   HIGHEST GUST DIRECTION     S (200)
  AVERAGE WIND SPEED     4.4


SKY COVER
  POSSIBLE SUNSHINE  MM
  AVERAGE SKY COVER 0.1


WEATHER CONDITIONS
 THE FOLLOWING WEATHER WAS RECORDED YESTERDAY.
  FOG
  HAZE


RELATIVE HUMIDITY (PERCENT)
 HIGHEST    92           300 AM
 LOWEST     23           300 PM
 AVERAGE    58

..........................................................


THE IDAHO FALLS ID CLIMATE NORMALS FOR TODAY
                         NORMAL    RECORD    YEAR
 MAXIMUM TEMPERATURE (F)   59        77      1958
 MINIMUM TEMPERATURE (F)   31        15      1999


SUNRISE AND SUNSET
OCTOBER 17 2017.......SUNRISE   745 AM MDT   SUNSET   641 PM MDT
OCTOBER 18 2017.......SUNRISE   746 AM MDT   SUNSET   640 PM MDT


-  INDICATES NEGATIVE NUMBERS.
R  INDICATES RECORD WAS SET OR TIED.
MM INDICATES DATA IS MISSING.
T  INDICATES TRACE AMOUNT.




$$
