000
CDUS45 KPIH 210735
CLIIDA


CLIMATE REPORT
NATIONAL WEATHER SERVICE POCATELLO ID
131 AM MDT MON AUG 21 2017


...................................

...THE IDAHO FALLS ID CLIMATE SUMMARY FOR AUGUST 20 2017...

CLIMATE NORMAL PERIOD 1981 TO 2010
CLIMATE RECORD PERIOD 1948 TO 2017


WEATHER ITEM   OBSERVED TIME   RECORD YEAR NORMAL DEPARTURE LAST
                VALUE   (LST)  VALUE       VALUE  FROM      YEAR
                                                  NORMAL
..................................................................
TEMPERATURE (F)
 YESTERDAY
  MAXIMUM         84    523 PM  94    2013  85     -1       84
  MINIMUM         47    613 AM  34    1964  48     -1       39
  AVERAGE         66                        66      0       62

PRECIPITATION (IN)
  YESTERDAY        0.00          0.54 1968   0.02  -0.02     0.00
  MONTH TO DATE    0.03                      0.31  -0.28     0.09
  SINCE OCT 1     10.37                      9.32   1.05     7.76
  SINCE JAN 1      6.09                      6.75  -0.66     5.44

SNOWFALL (IN)
  YESTERDAY       MM
  MONTH TO DATE   MM
  SINCE JUN 1     MM
  SINCE JUL 1     MM
  SNOW DEPTH      MM

DEGREE DAYS
 HEATING
  YESTERDAY        0                         1     -1        3
  MONTH TO DATE    9                        12     -3       18
  SINCE JUN 1    117                       192    -75      125
  SINCE JUL 1      9                        39    -30       51

 COOLING
  YESTERDAY        1                         3     -2        0
  MONTH TO DATE   55                        73    -18       51
  SINCE JUN 1    289                       226     63      227
  SINCE JAN 1    291                       228     63      227
..................................................................


WIND (MPH)
  HIGHEST WIND SPEED    15   HIGHEST WIND DIRECTION     S (180)
  HIGHEST GUST SPEED    22   HIGHEST GUST DIRECTION     S (200)
  AVERAGE WIND SPEED    10.2


SKY COVER
  POSSIBLE SUNSHINE  MM
  AVERAGE SKY COVER 0.1


WEATHER CONDITIONS
 THE FOLLOWING WEATHER WAS RECORDED YESTERDAY.
  NO SIGNIFICANT WEATHER WAS OBSERVED.


RELATIVE HUMIDITY (PERCENT)
 HIGHEST    59           500 AM
 LOWEST     16           300 PM
 AVERAGE    38

..........................................................


THE IDAHO FALLS ID CLIMATE NORMALS FOR TODAY
                         NORMAL    RECORD    YEAR
 MAXIMUM TEMPERATURE (F)   85        96      2009
 MINIMUM TEMPERATURE (F)   48        35      1964


SUNRISE AND SUNSET
AUGUST 21 2017........SUNRISE   640 AM MDT   SUNSET   822 PM MDT
AUGUST 22 2017........SUNRISE   641 AM MDT   SUNSET   820 PM MDT


-  INDICATES NEGATIVE NUMBERS.
R  INDICATES RECORD WAS SET OR TIED.
MM INDICATES DATA IS MISSING.
T  INDICATES TRACE AMOUNT.




$$
