000
CDUS43 KUNR 180832
CLIIEN


CLIMATE REPORT
NATIONAL WEATHER SERVICE RAPID CITY SD
132 AM MST MON DEC 18 2017


...................................

...THE PINE RIDGE SD CLIMATE SUMMARY FOR DECEMBER 17 2017...

CLIMATE NORMAL PERIOD 1981 TO 2010
CLIMATE RECORD PERIOD 9999 TO 9999


WEATHER ITEM   OBSERVED TIME   NORMAL DEPARTURE LAST
                VALUE   (LST)  VALUE  FROM      YEAR
                                      NORMAL
......................................................
TEMPERATURE (F)
 YESTERDAY
  MAXIMUM         43    310 PM  35      8       -5
  MINIMUM         23    731 PM   9     14      -32
  AVERAGE         33            22     11      -18

PRECIPITATION (IN)
  YESTERDAY        0.00          0.01  -0.01      T
  MONTH TO DATE    0.19          0.19   0.00     0.50
  SINCE DEC 1      0.19          0.19   0.00     0.50
  SINCE JAN 1     15.38         17.36  -1.98    15.06

DEGREE DAYS
 HEATING
  YESTERDAY       32            43    -11       83
  MONTH TO DATE  541           701   -160      914
  SINCE DEC 1    541           701   -160      914
  SINCE JUL 1   2038          2391   -353     2087

 COOLING
  YESTERDAY        0             0      0        0
  MONTH TO DATE    0             0      0        0
  SINCE DEC 1      0             0      0        0
  SINCE JAN 1    780           717     63      774
......................................................


WIND (MPH)
  HIGHEST WIND SPEED    14   HIGHEST WIND DIRECTION    SW (230)
  HIGHEST GUST SPEED    17   HIGHEST GUST DIRECTION    SW (210)
  AVERAGE WIND SPEED     5.0


SKY COVER
  AVERAGE SKY COVER 0.6


WEATHER CONDITIONS
 THE FOLLOWING WEATHER WAS RECORDED YESTERDAY.
  NO SIGNIFICANT WEATHER WAS OBSERVED.


RELATIVE HUMIDITY (PERCENT)
 HIGHEST    92          1200 AM
 LOWEST     57           200 PM
 AVERAGE    75

..........................................................




SUNRISE AND SUNSET
DECEMBER 18 2017......SUNRISE   717 AM MST   SUNSET   417 PM MST
DECEMBER 19 2017......SUNRISE   717 AM MST   SUNSET   417 PM MST


-  INDICATES NEGATIVE NUMBERS.
R  INDICATES RECORD WAS SET OR TIED.
MM INDICATES DATA IS MISSING.
T  INDICATES TRACE AMOUNT.




$$
