000
CDUS43 KUNR 200835
CLIIEN


CLIMATE REPORT
NATIONAL WEATHER SERVICE RAPID CITY SD
234 AM MDT SAT SEP 20 2014


...................................

...THE PINE RIDGE SD CLIMATE SUMMARY FOR SEPTEMBER 19 2014...

CLIMATE NORMAL PERIOD 1981 TO 2010
CLIMATE RECORD PERIOD 9999 TO 9999


WEATHER ITEM   OBSERVED TIME   NORMAL DEPARTURE LAST
                VALUE   (LST)  VALUE  FROM      YEAR
                                      NORMAL
......................................................
TEMPERATURE (F)
 YESTERDAY
  MAXIMUM         86    252 PM  76     10       71
  MINIMUM         51   1159 PM  43      8       34
  AVERAGE         69            60      9       53

PRECIPITATION (IN)
  YESTERDAY        0.00          0.06  -0.06     0.00
  MONTH TO DATE    0.41          1.06  -0.65     0.06
  SINCE SEP 1      0.41          1.06  -0.65     0.06
  SINCE JAN 1     18.64         14.85   3.79    14.33

DEGREE DAYS
 HEATING
  YESTERDAY        0             7     -7       12
  MONTH TO DATE  139            85     54       28
  SINCE SEP 1    139            85     54       28
  SINCE JUL 1    183           122     61       30

 COOLING
  YESTERDAY        4             1      3        0
  MONTH TO DATE   32            58    -26      134
  SINCE SEP 1     32            58    -26      134
  SINCE JAN 1    450           706   -256      786
......................................................


WIND (MPH)
  HIGHEST WIND SPEED    21   HIGHEST WIND DIRECTION     S (190)
  HIGHEST GUST SPEED    27   HIGHEST GUST DIRECTION     S (190)
  AVERAGE WIND SPEED     6.1


SKY COVER
  AVERAGE SKY COVER 0.0


WEATHER CONDITIONS
 THE FOLLOWING WEATHER WAS RECORDED YESTERDAY.
  NO SIGNIFICANT WEATHER WAS OBSERVED.


RELATIVE HUMIDITY (PERCENT)
 HIGHEST   100           600 AM
 LOWEST     30           300 PM
 AVERAGE    65

..........................................................




SUNRISE AND SUNSET
SEPTEMBER 20 2014.....SUNRISE   635 AM MDT   SUNSET   651 PM MDT
SEPTEMBER 21 2014.....SUNRISE   636 AM MDT   SUNSET   649 PM MDT


-  INDICATES NEGATIVE NUMBERS.
R  INDICATES RECORD WAS SET OR TIED.
MM INDICATES DATA IS MISSING.
T  INDICATES TRACE AMOUNT.




$$
