000
CDUS43 KUNR 290832
CLIIEN


CLIMATE REPORT
NATIONAL WEATHER SERVICE RAPID CITY SD
231 AM MDT SAT APR 29 2017


...................................

...THE PINE RIDGE SD CLIMATE SUMMARY FOR APRIL 28 2017...

CLIMATE NORMAL PERIOD 1981 TO 2010
CLIMATE RECORD PERIOD 9999 TO 9999


WEATHER ITEM   OBSERVED TIME   NORMAL DEPARTURE LAST
                VALUE   (LST)  VALUE  FROM      YEAR
                                      NORMAL
......................................................
TEMPERATURE (F)
 YESTERDAY
  MAXIMUM         45    509 PM  64    -19       43
  MINIMUM         30   1159 PM  35     -5       31
  AVERAGE         38            49    -11       37

PRECIPITATION (IN)
  YESTERDAY        0.20          0.08   0.12     0.02
  MONTH TO DATE    2.41          1.76   0.65     3.06
  SINCE MAR 1      4.26          2.63   1.63     4.44
  SINCE JAN 1      5.40          3.42   1.98     4.94

DEGREE DAYS
 HEATING
  YESTERDAY       27            16     11       28
  MONTH TO DATE  462           553    -91      477
  SINCE MAR 1   1153          1441   -288     1214
  SINCE JUL 1   6319          6791   -472     6083

 COOLING
  YESTERDAY        0             0      0        0
  MONTH TO DATE    1             0      1        1
  SINCE MAR 1      1             0      1        1
  SINCE JAN 1      1             0      1        1
......................................................


WIND (MPH)
  HIGHEST WIND SPEED    21   HIGHEST WIND DIRECTION     E (70)
  HIGHEST GUST SPEED    27   HIGHEST GUST DIRECTION     E (80)
  AVERAGE WIND SPEED    12.7


SKY COVER
  AVERAGE SKY COVER 0.9


WEATHER CONDITIONS
 THE FOLLOWING WEATHER WAS RECORDED YESTERDAY.
  LIGHT RAIN
  LIGHT SNOW
  FOG


RELATIVE HUMIDITY (PERCENT)
 HIGHEST   100          1200 AM
 LOWEST     49           600 PM
 AVERAGE    75

..........................................................




SUNRISE AND SUNSET
APRIL 29 2017.........SUNRISE   546 AM MDT   SUNSET   749 PM MDT
APRIL 30 2017.........SUNRISE   545 AM MDT   SUNSET   750 PM MDT


-  INDICATES NEGATIVE NUMBERS.
R  INDICATES RECORD WAS SET OR TIED.
MM INDICATES DATA IS MISSING.
T  INDICATES TRACE AMOUNT.




$$
