000
CDUS43 KUNR 260832
CLIIEN


CLIMATE REPORT
NATIONAL WEATHER SERVICE RAPID CITY SD
231 AM MDT MON SEP 26 2016


...................................

...THE PINE RIDGE SD CLIMATE SUMMARY FOR SEPTEMBER 25 2016...

CLIMATE NORMAL PERIOD 1981 TO 2010
CLIMATE RECORD PERIOD 9999 TO 9999


WEATHER ITEM   OBSERVED TIME   NORMAL DEPARTURE LAST
                VALUE   (LST)  VALUE  FROM      YEAR
                                      NORMAL
......................................................
TEMPERATURE (F)
 YESTERDAY
  MAXIMUM         67    323 PM  73     -6       79
  MINIMUM         32   1149 PM  40     -8       41
  AVERAGE         50            57     -7       60

PRECIPITATION (IN)
  YESTERDAY        0.00          0.05  -0.05     0.00
  MONTH TO DATE    0.68          1.39  -0.71     0.37
  SINCE SEP 1      0.68          1.39  -0.71     0.37
  SINCE JAN 1     13.60         15.18  -1.58    16.68

DEGREE DAYS
 HEATING
  YESTERDAY       15             9      6        5
  MONTH TO DATE  107           134    -27       77
  SINCE SEP 1    107           134    -27       77
  SINCE JUL 1    140           171    -31      127

 COOLING
  YESTERDAY        0             1     -1        0
  MONTH TO DATE   52            64    -12      100
  SINCE SEP 1     52            64    -12      100
  SINCE JAN 1    764           712     52      605
......................................................


WIND (MPH)
  HIGHEST WIND SPEED    24   HIGHEST WIND DIRECTION    NW (300)
  HIGHEST GUST SPEED    33   HIGHEST GUST DIRECTION    NW (310)
  AVERAGE WIND SPEED     9.9


SKY COVER
  AVERAGE SKY COVER 0.1


WEATHER CONDITIONS
 THE FOLLOWING WEATHER WAS RECORDED YESTERDAY.
  HAZE


RELATIVE HUMIDITY (PERCENT)
 HIGHEST    92           600 AM
 LOWEST     18           200 PM
 AVERAGE    55

..........................................................




SUNRISE AND SUNSET
SEPTEMBER 26 2016.....SUNRISE   642 AM MDT   SUNSET   639 PM MDT
SEPTEMBER 27 2016.....SUNRISE   643 AM MDT   SUNSET   637 PM MDT


-  INDICATES NEGATIVE NUMBERS.
R  INDICATES RECORD WAS SET OR TIED.
MM INDICATES DATA IS MISSING.
T  INDICATES TRACE AMOUNT.




$$
