000
CDUS43 KUNR 270832
CLIIEN


CLIMATE REPORT
NATIONAL WEATHER SERVICE RAPID CITY SD
232 AM MDT FRI MAY 27 2016


...................................

...THE PINE RIDGE SD CLIMATE SUMMARY FOR MAY 26 2016...

CLIMATE NORMAL PERIOD 1981 TO 2010
CLIMATE RECORD PERIOD 9999 TO 9999


WEATHER ITEM   OBSERVED TIME   NORMAL DEPARTURE LAST
                VALUE   (LST)  VALUE  FROM      YEAR
                                      NORMAL
......................................................
TEMPERATURE (F)
 YESTERDAY
  MAXIMUM         74    202 PM  73      1       69
  MINIMUM         36    428 AM  45     -9       51
  AVERAGE         55            59     -4       60

PRECIPITATION (IN)
  YESTERDAY        0.00          0.08  -0.08     0.00
  MONTH TO DATE    0.53          2.11  -1.58     6.75
  SINCE MAR 1      5.38          4.89   0.49     8.81
  SINCE JAN 1      5.88          5.68   0.20     9.27

DEGREE DAYS
 HEATING
  YESTERDAY       10             7      3        5
  MONTH TO DATE  313           275     38      356
  SINCE MAR 1   1576          1745   -169     1616
  SINCE JUL 1   6445          7095   -650     6826

 COOLING
  YESTERDAY        0             1     -1        0
  MONTH TO DATE    6             9     -3        0
  SINCE MAR 1      7             9     -2        0
  SINCE JAN 1      7             9     -2        0
......................................................


WIND (MPH)
  HIGHEST WIND SPEED    15   HIGHEST WIND DIRECTION    SW (210)
  HIGHEST GUST SPEED    18   HIGHEST GUST DIRECTION    SW (210)
  AVERAGE WIND SPEED     5.8


SKY COVER
  AVERAGE SKY COVER 0.1


WEATHER CONDITIONS
 THE FOLLOWING WEATHER WAS RECORDED YESTERDAY.
  NO SIGNIFICANT WEATHER WAS OBSERVED.


RELATIVE HUMIDITY (PERCENT)
 HIGHEST    92           200 AM
 LOWEST     35           100 PM
 AVERAGE    64

..........................................................




SUNRISE AND SUNSET
MAY 27 2016...........SUNRISE   516 AM MDT   SUNSET   819 PM MDT
MAY 28 2016...........SUNRISE   516 AM MDT   SUNSET   820 PM MDT


-  INDICATES NEGATIVE NUMBERS.
R  INDICATES RECORD WAS SET OR TIED.
MM INDICATES DATA IS MISSING.
T  INDICATES TRACE AMOUNT.




$$
