000
CDUS43 KUNR 230830
CLIIEN


CLIMATE REPORT
NATIONAL WEATHER SERVICE RAPID CITY SD
230 AM MDT THU OCT 23 2014


...................................

...THE PINE RIDGE SD CLIMATE SUMMARY FOR OCTOBER 22 2014...

CLIMATE NORMAL PERIOD 1981 TO 2010
CLIMATE RECORD PERIOD 9999 TO 9999


WEATHER ITEM   OBSERVED TIME   NORMAL DEPARTURE LAST
                VALUE   (LST)  VALUE  FROM      YEAR
                                      NORMAL
......................................................
TEMPERATURE (F)
 YESTERDAY
  MAXIMUM         64    227 PM  61      3       52
  MINIMUM         30   1118 PM  30      0       38
  AVERAGE         47            46      1       45

PRECIPITATION (IN)
  YESTERDAY        0.03          0.05  -0.02      T
  MONTH TO DATE    0.55          0.90  -0.35     3.12
  SINCE SEP 1      3.16          2.51   0.65     4.68
  SINCE JAN 1     21.39         16.30   5.09    18.95

DEGREE DAYS
 HEATING
  YESTERDAY       18            19     -1       20
  MONTH TO DATE  294           338    -44      459
  SINCE SEP 1    472           523    -51      564
  SINCE JUL 1    516           560    -44      566

 COOLING
  YESTERDAY        0             0      0        0
  MONTH TO DATE    3             0      3        0
  SINCE SEP 1     64            66     -2      152
  SINCE JAN 1    482           714   -232      804
......................................................


WIND (MPH)
  HIGHEST WIND SPEED    18   HIGHEST WIND DIRECTION     W (290)
  HIGHEST GUST SPEED    27   HIGHEST GUST DIRECTION     W (290)
  AVERAGE WIND SPEED     4.6


SKY COVER
  AVERAGE SKY COVER 0.3


WEATHER CONDITIONS
 THE FOLLOWING WEATHER WAS RECORDED YESTERDAY.
  LIGHT RAIN
  FOG


RELATIVE HUMIDITY (PERCENT)
 HIGHEST    92          1100 PM
 LOWEST     30           300 PM
 AVERAGE    61

..........................................................




SUNRISE AND SUNSET
OCTOBER 23 2014.......SUNRISE   713 AM MDT   SUNSET   555 PM MDT
OCTOBER 24 2014.......SUNRISE   715 AM MDT   SUNSET   553 PM MDT


-  INDICATES NEGATIVE NUMBERS.
R  INDICATES RECORD WAS SET OR TIED.
MM INDICATES DATA IS MISSING.
T  INDICATES TRACE AMOUNT.




$$
