000
CDUS45 KVEF 240830
CLIIGM


CLIMATE REPORT
NATIONAL WEATHER SERVICE LAS VEGAS, NV
127 AM PDT TUE MAY 24 2016


...................................

...THE KINGMAN AZ CLIMATE SUMMARY FOR MAY 23 2016...

CLIMATE NORMAL PERIOD 1981 TO 2010
CLIMATE RECORD PERIOD 1901 TO 2016


WEATHER ITEM   OBSERVED TIME   RECORD YEAR NORMAL DEPARTURE LAST
                VALUE   (LST)  VALUE       VALUE  FROM      YEAR
                                                  NORMAL
..................................................................
TEMPERATURE (F)
 YESTERDAY
  MAXIMUM         80    236 PM 100    2005  87     -7       75
  MINIMUM         47    510 AM  38    1932  55     -8       44
  AVERAGE         64                        71     -7       60

PRECIPITATION (IN)
  YESTERDAY        0.00          0.16 1941   0.01  -0.01     0.00
  MONTH TO DATE    0.38                      0.11   0.27     0.18
  SINCE OCT 1      4.61                      5.54  -0.93     5.12
  SINCE JAN 1      3.09                      3.44  -0.35     2.99

DEGREE DAYS
 HEATING
  YESTERDAY        1                         1      0        5
  MONTH TO DATE   40                        48     -8       87
  SINCE MAR 1    469                       681   -212      549
  SINCE JUL 1   2821                      3094   -273     2529

 COOLING
  YESTERDAY        0                         7     -7        0
  MONTH TO DATE   83                       105    -22       27
  SINCE MAR 1    103                       136    -33       45
  SINCE JAN 1    103                       136    -33       45
..................................................................


WIND (MPH)
  RESULTANT WIND SPEED  12   RESULTANT WIND DIRECTION  SW (210)
  HIGHEST WIND SPEED    29   HIGHEST WIND DIRECTION    SW (220)
  HIGHEST GUST SPEED    35   HIGHEST GUST DIRECTION     W (250)
  AVERAGE WIND SPEED    13.2


SKY COVER
  POSSIBLE SUNSHINE  MM
  AVERAGE SKY COVER 0.0


WEATHER CONDITIONS
 THE FOLLOWING WEATHER WAS RECORDED YESTERDAY.
  NO SIGNIFICANT WEATHER WAS OBSERVED.


RELATIVE HUMIDITY (PERCENT)
 HIGHEST    29           500 AM
 LOWEST      8           500 PM
 AVERAGE    19

..........................................................


THE KINGMAN AZ CLIMATE NORMALS FOR TODAY
                         NORMAL    RECORD    YEAR
 MAXIMUM TEMPERATURE (F)   88       101      2001
 MINIMUM TEMPERATURE (F)   55        34      1909


SUNRISE AND SUNSET
MAY 24 2016...........SUNRISE   525 AM MST   SUNSET   740 PM MST
MAY 25 2016...........SUNRISE   525 AM MST   SUNSET   741 PM MST


-  INDICATES NEGATIVE NUMBERS.
R  INDICATES RECORD WAS SET OR TIED.
MM INDICATES DATA IS MISSING.
T  INDICATES TRACE AMOUNT.




$$
