000
CDUS45 KVEF 290826
CLIIGM


CLIMATE REPORT
NATIONAL WEATHER SERVICE LAS VEGAS, NV
126 AM PDT WED MAR 29 2017


...................................

...THE KINGMAN AZ CLIMATE SUMMARY FOR MARCH 28 2017...

CLIMATE NORMAL PERIOD 1981 TO 2010
CLIMATE RECORD PERIOD 1901 TO 2017


WEATHER ITEM   OBSERVED TIME   RECORD YEAR NORMAL DEPARTURE LAST
                VALUE   (LST)  VALUE       VALUE  FROM      YEAR
                                                  NORMAL
..................................................................
TEMPERATURE (F)
 YESTERDAY
  MAXIMUM         66    349 PM  85    2015  68     -2       72
  MINIMUM         42   1033 PM  20    1975  39      3       49
  AVERAGE         54                        54      0       61

PRECIPITATION (IN)
  YESTERDAY        0.00          0.71 1988   0.02  -0.02     0.00
  MONTH TO DATE    0.24                      0.70  -0.46     0.16
  SINCE OCT 1      6.26                      4.96   1.30     2.86
  SINCE JAN 1      2.70                      2.86  -0.16     1.34

DEGREE DAYS
 HEATING
  YESTERDAY       11                        11      0        4
  MONTH TO DATE  207                       386   -179      225
  SINCE MAR 1    207                       386   -179      225
  SINCE JUL 1   2204                      2799   -595     2577

 COOLING
  YESTERDAY        0                         0      0        0
  MONTH TO DATE    6                         0      6        2
  SINCE MAR 1      6                         0      6        2
  SINCE JAN 1      6                         0      6        2
..................................................................


WIND (MPH)
  RESULTANT WIND SPEED  12   RESULTANT WIND DIRECTION   N (350)
  HIGHEST WIND SPEED    25   HIGHEST WIND DIRECTION    NW (330)
  HIGHEST GUST SPEED    31   HIGHEST GUST DIRECTION    NW (330)
  AVERAGE WIND SPEED    13.3


SKY COVER
  POSSIBLE SUNSHINE  MM
  AVERAGE SKY COVER 0.0


WEATHER CONDITIONS
 THE FOLLOWING WEATHER WAS RECORDED YESTERDAY.
  NO SIGNIFICANT WEATHER WAS OBSERVED.


RELATIVE HUMIDITY (PERCENT)
 HIGHEST    49           100 AM
 LOWEST      8           600 PM
 AVERAGE    29

..........................................................


THE KINGMAN AZ CLIMATE NORMALS FOR TODAY
                         NORMAL    RECORD    YEAR
 MAXIMUM TEMPERATURE (F)   69        86      1934
 MINIMUM TEMPERATURE (F)   40        23      1975


SUNRISE AND SUNSET
MARCH 29 2017.........SUNRISE   626 AM MST   SUNSET   655 PM MST
MARCH 30 2017.........SUNRISE   625 AM MST   SUNSET   656 PM MST


-  INDICATES NEGATIVE NUMBERS.
R  INDICATES RECORD WAS SET OR TIED.
MM INDICATES DATA IS MISSING.
T  INDICATES TRACE AMOUNT.




$$
