000
CDUS45 KVEF 160838
CLIIGM


CLIMATE REPORT
NATIONAL WEATHER SERVICE LAS VEGAS, NV
1238 AM PST MON JAN 16 2017


...................................

...THE KINGMAN AZ CLIMATE SUMMARY FOR JANUARY 15 2017...

CLIMATE NORMAL PERIOD 1981 TO 2010
CLIMATE RECORD PERIOD 1901 TO 2017


WEATHER ITEM   OBSERVED TIME   RECORD YEAR NORMAL DEPARTURE LAST
                VALUE   (LST)  VALUE       VALUE  FROM      YEAR
                                                  NORMAL
..................................................................
TEMPERATURE (F)
 YESTERDAY
  MAXIMUM         54    253 PM  72    2000  56     -2       53
  MINIMUM         34   1146 PM  11    2013  31      3       30
  AVERAGE         44                        44      0       42

PRECIPITATION (IN)
  YESTERDAY        0.00          0.50 1935   0.04  -0.04     0.00
  MONTH TO DATE    0.42                      0.45  -0.03     0.61
  SINCE OCT 1      3.98                      2.55   1.43     2.13
  SINCE JAN 1      0.42                      0.45  -0.03     0.61

DEGREE DAYS
 HEATING
  YESTERDAY       21                        21      0       23
  MONTH TO DATE  272                       328    -56      357
  SINCE DEC 1    913                      1011    -98     1087
  SINCE JUL 1   1235                      1577   -342     1663

 COOLING
  YESTERDAY        0                         0      0        0
  MONTH TO DATE    0                         0      0        0
  SINCE DEC 1      0                         0      0        0
  SINCE JAN 1      0                         0      0        0
..................................................................


WIND (MPH)
  RESULTANT WIND SPEED   5   RESULTANT WIND DIRECTION  NE (60)
  HIGHEST WIND SPEED    12   HIGHEST WIND DIRECTION     E (100)
  HIGHEST GUST SPEED    15   HIGHEST GUST DIRECTION     E (80)
  AVERAGE WIND SPEED     6.1


SKY COVER
  POSSIBLE SUNSHINE  MM
  AVERAGE SKY COVER 0.4


WEATHER CONDITIONS
 THE FOLLOWING WEATHER WAS RECORDED YESTERDAY.
  NO SIGNIFICANT WEATHER WAS OBSERVED.


RELATIVE HUMIDITY (PERCENT)
 HIGHEST    92           100 AM
 LOWEST     46           300 PM
 AVERAGE    69

..........................................................


THE KINGMAN AZ CLIMATE NORMALS FOR TODAY
                         NORMAL    RECORD    YEAR
 MAXIMUM TEMPERATURE (F)   57        72      1902
 MINIMUM TEMPERATURE (F)   31        17      2007


SUNRISE AND SUNSET
JANUARY 16 2017.......SUNRISE   744 AM MST   SUNSET   548 PM MST
JANUARY 17 2017.......SUNRISE   743 AM MST   SUNSET   549 PM MST


-  INDICATES NEGATIVE NUMBERS.
R  INDICATES RECORD WAS SET OR TIED.
MM INDICATES DATA IS MISSING.
T  INDICATES TRACE AMOUNT.




$$
