000
CDUS45 KVEF 020841
CLIIGM


CLIMATE REPORT
NATIONAL WEATHER SERVICE LAS VEGAS, NV
1241 AM PST MON MAR 2 2015


...................................

...THE KINGMAN AZ CLIMATE SUMMARY FOR MARCH 1 2015...

CLIMATE NORMAL PERIOD 1981 TO 2010
CLIMATE RECORD PERIOD 1901 TO 2015


WEATHER ITEM   OBSERVED TIME   RECORD YEAR NORMAL DEPARTURE LAST
                VALUE   (LST)  VALUE       VALUE  FROM      YEAR
                                                  NORMAL
..................................................................
TEMPERATURE (F)
 YESTERDAY
  MAXIMUM         53   1201 PM  82    1921  62     -9       56
  MINIMUM         41   1159 PM  19    2007  36      5       45
  AVERAGE         47                        49     -2       51

PRECIPITATION (IN)
  YESTERDAY        0.55          0.90 1941   0.04   0.51     0.11
  MONTH TO DATE    0.55                      0.04   0.51     0.11
  SINCE OCT 1      4.11                      4.30  -0.19     1.43
  SINCE JAN 1      1.98                      2.20  -0.22     0.55

DEGREE DAYS
 HEATING
  YESTERDAY       18                        16      2       14
  MONTH TO DATE   18                        16      2       14
  SINCE MAR 1     18                        16      2       14
  SINCE JUL 1   1998                      2429   -431     2336

 COOLING
  YESTERDAY        0                         0      0        0
  MONTH TO DATE    0                         0      0        0
  SINCE MAR 1      0                         0      0        0
  SINCE JAN 1      0                         0      0        0
..................................................................


WIND (MPH)
  RESULTANT WIND SPEED   2   RESULTANT WIND DIRECTION   E (100)
  HIGHEST WIND SPEED    20   HIGHEST WIND DIRECTION     S (200)
  HIGHEST GUST SPEED    23   HIGHEST GUST DIRECTION    SW (210)
  AVERAGE WIND SPEED     6.5


SKY COVER
  POSSIBLE SUNSHINE  MM
  AVERAGE SKY COVER 0.9


WEATHER CONDITIONS
 THE FOLLOWING WEATHER WAS RECORDED YESTERDAY.
  RAIN
  LIGHT RAIN
  FOG


RELATIVE HUMIDITY (PERCENT)
 HIGHEST    93          1000 PM
 LOWEST     54          1200 AM
 AVERAGE    74

..........................................................


THE KINGMAN AZ CLIMATE NORMALS FOR TODAY
                         NORMAL    RECORD    YEAR
 MAXIMUM TEMPERATURE (F)   62        86      1910
 MINIMUM TEMPERATURE (F)   36        20      2007


SUNRISE AND SUNSET
MARCH  2 2015.........SUNRISE   704 AM MST   SUNSET   632 PM MST
MARCH  3 2015.........SUNRISE   703 AM MST   SUNSET   633 PM MST


-  INDICATES NEGATIVE NUMBERS.
R  INDICATES RECORD WAS SET OR TIED.
MM INDICATES DATA IS MISSING.
T  INDICATES TRACE AMOUNT.




$$
