671
CDUS45 KVEF 200828
CLIIGM


CLIMATE REPORT
NATIONAL WEATHER SERVICE LAS VEGAS, NV
127 AM PDT WED SEP 20 2017


...................................

...THE KINGMAN AZ CLIMATE SUMMARY FOR SEPTEMBER 19 2017...

CLIMATE NORMAL PERIOD 1981 TO 2010
CLIMATE RECORD PERIOD 1901 TO 2017


WEATHER ITEM   OBSERVED TIME   RECORD YEAR NORMAL DEPARTURE LAST
                VALUE   (LST)  VALUE       VALUE  FROM      YEAR
                                                  NORMAL
..................................................................
TEMPERATURE (F)
 YESTERDAY
  MAXIMUM         86    306 PM 104    1922  89     -3       97
  MINIMUM         64    928 PM  40    1955  60      4       57
  AVERAGE         75                        75      0       77

PRECIPITATION (IN)
  YESTERDAY        0.00          0.47 1972   0.03  -0.03     0.00
  MONTH TO DATE    1.65                      0.81   0.84      T
  SINCE OCT 1     11.53                      8.18   3.35     8.66
  SINCE JAN 1      7.97                      6.08   1.89     7.14

DEGREE DAYS
 HEATING
  YESTERDAY        0                         0      0        0
  MONTH TO DATE    0                         0      0        0
  SINCE SEP 1      0                         0      0        0
  SINCE JUL 1      0                         0      0        0

 COOLING
  YESTERDAY       10                        10      0       12
  MONTH TO DATE  249                       243      6      205
  SINCE SEP 1    249                       243      6      205
  SINCE JAN 1   2119                      1944    175     2081
..................................................................


WIND (MPH)
  RESULTANT WIND SPEED  14   RESULTANT WIND DIRECTION   S (200)
  HIGHEST WIND SPEED    26   HIGHEST WIND DIRECTION     S (190)
  HIGHEST GUST SPEED    33   HIGHEST GUST DIRECTION     S (200)
  AVERAGE WIND SPEED    14.8


SKY COVER
  POSSIBLE SUNSHINE  MM
  AVERAGE SKY COVER 0.0


WEATHER CONDITIONS
 THE FOLLOWING WEATHER WAS RECORDED YESTERDAY.
  NO SIGNIFICANT WEATHER WAS OBSERVED.


RELATIVE HUMIDITY (PERCENT)
 HIGHEST    48           500 AM
 LOWEST     17           100 PM
 AVERAGE    33

..........................................................


THE KINGMAN AZ CLIMATE NORMALS FOR TODAY
                         NORMAL    RECORD    YEAR
 MAXIMUM TEMPERATURE (F)   89       102      1928
 MINIMUM TEMPERATURE (F)   60        38      1965


SUNRISE AND SUNSET
SEPTEMBER 20 2017.....SUNRISE   623 AM MST   SUNSET   635 PM MST
SEPTEMBER 21 2017.....SUNRISE   623 AM MST   SUNSET   634 PM MST


-  INDICATES NEGATIVE NUMBERS.
R  INDICATES RECORD WAS SET OR TIED.
MM INDICATES DATA IS MISSING.
T  INDICATES TRACE AMOUNT.




$$
