000
CDUS45 KVEF 280828
CLIIGM


CLIMATE REPORT
NATIONAL WEATHER SERVICE LAS VEGAS, NV
126 AM PDT TUE JUL 28 2015


...................................

...THE KINGMAN AZ CLIMATE SUMMARY FOR JULY 27 2015...

CLIMATE NORMAL PERIOD 1981 TO 2010
CLIMATE RECORD PERIOD 1901 TO 2015


WEATHER ITEM   OBSERVED TIME   RECORD YEAR NORMAL DEPARTURE LAST
                VALUE   (LST)  VALUE       VALUE  FROM      YEAR
                                                  NORMAL
..................................................................
TEMPERATURE (F)
 YESTERDAY
  MAXIMUM         97    329 PM 108    1934  97      0       95
  MINIMUM         62    604 AM  49    1907  71     -9       75
  AVERAGE         80                        84     -4       85

PRECIPITATION (IN)
  YESTERDAY        0.00          1.10 2013   0.03  -0.03     0.00
  MONTH TO DATE    0.92                      0.64   0.28     1.24
  SINCE OCT 1      7.53                      6.29   1.24     2.91
  SINCE JAN 1      5.40                      4.19   1.21     2.03

DEGREE DAYS
 HEATING
  YESTERDAY        0                         0      0        0
  MONTH TO DATE    0                         0      0        0
  SINCE JUN 1      0                         3     -3        0
  SINCE JUL 1      0                         0      0        0

 COOLING
  YESTERDAY       15                        19     -4       20
  MONTH TO DATE  439                       499    -60      505
  SINCE JUN 1    916                       884     32      945
  SINCE JAN 1   1022                      1082    -60     1170
..................................................................


WIND (MPH)
  RESULTANT WIND SPEED  11   RESULTANT WIND DIRECTION   S (200)
  HIGHEST WIND SPEED    25   HIGHEST WIND DIRECTION    SW (220)
  HIGHEST GUST SPEED    33   HIGHEST GUST DIRECTION     S (180)
  AVERAGE WIND SPEED    13.1


SKY COVER
  POSSIBLE SUNSHINE  MM
  AVERAGE SKY COVER 0.0


WEATHER CONDITIONS
 THE FOLLOWING WEATHER WAS RECORDED YESTERDAY.
  NO SIGNIFICANT WEATHER WAS OBSERVED.


RELATIVE HUMIDITY (PERCENT)
 HIGHEST    24           600 AM
 LOWEST      5           400 PM
 AVERAGE    15

..........................................................


THE KINGMAN AZ CLIMATE NORMALS FOR TODAY
                         NORMAL    RECORD    YEAR
 MAXIMUM TEMPERATURE (F)   97       107      1972
 MINIMUM TEMPERATURE (F)   71        54      1907


SUNRISE AND SUNSET
JULY 28 2015..........SUNRISE   542 AM MST   SUNSET   743 PM MST
JULY 29 2015..........SUNRISE   542 AM MST   SUNSET   742 PM MST


-  INDICATES NEGATIVE NUMBERS.
R  INDICATES RECORD WAS SET OR TIED.
MM INDICATES DATA IS MISSING.
T  INDICATES TRACE AMOUNT.




$$
