000
CDUS41 KPHI 272127
CLIILG


CLIMATE REPORT
NATIONAL WEATHER SERVICE MOUNT HOLLY NJ
427 PM EST SAT DEC 27 2014


...................................

...THE WILMINGTON DE CLIMATE SUMMARY FOR DECEMBER 27 2014...
VALID TODAY AS OF 0400 PM LOCAL TIME.

CLIMATE NORMAL PERIOD 1981 TO 2010
CLIMATE RECORD PERIOD 1894 TO 2014


WEATHER ITEM   OBSERVED TIME   RECORD YEAR NORMAL DEPARTURE LAST
                VALUE   (LST)  VALUE       VALUE  FROM      YEAR
                                                  NORMAL
..................................................................
TEMPERATURE (F)
 TODAY
  MAXIMUM         56    210 PM  65    1973  42     14       47
  MINIMUM         30    728 AM   6    1950  26      4       23
  AVERAGE         43                        34      9       35

PRECIPITATION (IN)
  TODAY            0.00          1.76 1930   0.10  -0.10     0.00
  MONTH TO DATE    2.95                      3.12  -0.17     3.85
  SINCE DEC 1      2.95                      3.12  -0.17     3.85
  SINCE JAN 1     50.85                     42.72   8.13    46.98

SNOWFALL (IN)
  TODAY            0.0           5.4  1990   0.1   -0.1      0.0
  MONTH TO DATE    0.2                       2.9   -2.7     11.9
  SINCE DEC 1      0.2                       2.9   -2.7     11.9
  SINCE JUL 1      0.5                       3.3   -2.8     11.9
  SNOW DEPTH       0

DEGREE DAYS
 HEATING
  TODAY           22                        31     -9       30
  MONTH TO DATE  652                       752   -100      736
  SINCE DEC 1    652                       752   -100      736
  SINCE JUL 1   1541                      1650   -109     1657

 COOLING
  TODAY            0                         0      0        0
  MONTH TO DATE    0                         0      0        0
  SINCE DEC 1      0                         0      0        0
  SINCE JAN 1   1073                      1145    -72     1241
..................................................................


WIND (MPH)
  HIGHEST WIND SPEED     9   HIGHEST WIND DIRECTION     S (160)
  HIGHEST GUST SPEED    10   HIGHEST GUST DIRECTION     S (160)
  AVERAGE WIND SPEED     2.0


SKY COVER
  POSSIBLE SUNSHINE  MM
  AVERAGE SKY COVER 0.0


WEATHER CONDITIONS
 THE FOLLOWING WEATHER WAS RECORDED TODAY.
  FOG


RELATIVE HUMIDITY (PERCENT)
 HIGHEST    92           400 AM
 LOWEST     38           400 PM
 AVERAGE    65

..........................................................


THE WILMINGTON DE CLIMATE NORMALS FOR TOMORROW
                         NORMAL    RECORD    YEAR
 MAXIMUM TEMPERATURE (F)   41        67      1982
 MINIMUM TEMPERATURE (F)   26         6      1933


SUNRISE AND SUNSET
DECEMBER 27 2014......SUNRISE   722 AM EST   SUNSET   445 PM EST
DECEMBER 28 2014......SUNRISE   722 AM EST   SUNSET   446 PM EST


-  INDICATES NEGATIVE NUMBERS.
R  INDICATES RECORD WAS SET OR TIED.
MM INDICATES DATA IS MISSING.
T  INDICATES TRACE AMOUNT.




$$
