000
CDUS41 KPHI 300628
CLIILG


CLIMATE REPORT
NATIONAL WEATHER SERVICE MOUNT HOLLY NJ
227 AM EDT SAT MAY 30 2015


...................................

...THE WILMINGTON DE CLIMATE SUMMARY FOR MAY 29 2015...

CLIMATE NORMAL PERIOD 1981 TO 2010
CLIMATE RECORD PERIOD 1894 TO 2015


WEATHER ITEM   OBSERVED TIME   RECORD YEAR NORMAL DEPARTURE LAST
                VALUE   (LST)  VALUE       VALUE  FROM      YEAR
                                                  NORMAL
..................................................................
TEMPERATURE (F)
 YESTERDAY
  MAXIMUM         83    238 PM  93    1991  77      6       57
                                      1955
                                      1941
  MINIMUM         66    426 AM  40    1936  57      9       54
  AVERAGE         75                        67      8       56

PRECIPITATION (IN)
  YESTERDAY        0.00          2.72 1990   0.13  -0.13     0.01
  MONTH TO DATE    2.39                      3.67  -1.28     3.08
  SINCE MAR 1     12.07                     11.09   0.98    13.74
  SINCE JAN 1     18.68                     16.78   1.90    22.32

SNOWFALL (IN)
  YESTERDAY        0.0           0.0  1894   0.0    0.0      0.0
  MONTH TO DATE    0.0                       0.0    0.0      0.0
  SINCE MAR 1      8.6                       2.2    6.4      7.7
  SINCE JUL 1     23.4                      20.2    3.2     56.1
  SNOW DEPTH       0

DEGREE DAYS
 HEATING
  YESTERDAY        0                         2     -2        9
  MONTH TO DATE   56                       130    -74       76
  SINCE MAR 1   1218                      1176     42     1270
  SINCE JUL 1   5057                      4799    258     5125

 COOLING
  YESTERDAY       10                         4      6        0
  MONTH TO DATE  139                        59     80       58
  SINCE MAR 1    143                        71     72       65
  SINCE JAN 1    143                        71     72       65
..................................................................


WIND (MPH)
  HIGHEST WIND SPEED    20   HIGHEST WIND DIRECTION     S (170)
  HIGHEST GUST SPEED    22   HIGHEST GUST DIRECTION     S (170)
  AVERAGE WIND SPEED     9.4


SKY COVER
  POSSIBLE SUNSHINE  MM
  AVERAGE SKY COVER 0.3


WEATHER CONDITIONS
 THE FOLLOWING WEATHER WAS RECORDED YESTERDAY.
  NO SIGNIFICANT WEATHER WAS OBSERVED.


RELATIVE HUMIDITY (PERCENT)
 HIGHEST    84          1100 PM
 LOWEST     53           100 AM
 AVERAGE    69

..........................................................


THE WILMINGTON DE CLIMATE NORMALS FOR TODAY
                         NORMAL    RECORD    YEAR
 MAXIMUM TEMPERATURE (F)   77        98      1895
 MINIMUM TEMPERATURE (F)   57        41      1961


SUNRISE AND SUNSET
MAY 30 2015...........SUNRISE   538 AM EDT   SUNSET   823 PM EDT
MAY 31 2015...........SUNRISE   537 AM EDT   SUNSET   823 PM EDT


-  INDICATES NEGATIVE NUMBERS.
R  INDICATES RECORD WAS SET OR TIED.
MM INDICATES DATA IS MISSING.
T  INDICATES TRACE AMOUNT.




$$
