000
CDUS41 KPHI 070629
CLIILG


CLIMATE REPORT
NATIONAL WEATHER SERVICE MOUNT HOLLY NJ
128 AM EST SUN FEB 7 2016


...................................

...THE WILMINGTON DE CLIMATE SUMMARY FOR FEBRUARY 6 2016...

CLIMATE NORMAL PERIOD 1981 TO 2010
CLIMATE RECORD PERIOD 1894 TO 2016


WEATHER ITEM   OBSERVED TIME   RECORD YEAR NORMAL DEPARTURE LAST
                VALUE   (LST)  VALUE       VALUE  FROM      YEAR
                                                  NORMAL
..................................................................
TEMPERATURE (F)
 YESTERDAY
  MAXIMUM         43    345 PM  71    2008  42      1       32
  MINIMUM         23    649 AM  -3    1918  26     -3       12
  AVERAGE         33                        34     -1       22

PRECIPITATION (IN)
  YESTERDAY        0.00          2.67 1896   0.10  -0.10     0.00
  MONTH TO DATE    1.24                      0.59   0.65     0.85
  SINCE DEC 1      8.75                      7.08   1.67     8.31
  SINCE JAN 1      3.54                      3.60  -0.06     5.30

SNOWFALL (IN)
  YESTERDAY        0.0          19.4  2010   0.3   -0.3      0.0
  MONTH TO DATE    1.5                       2.0   -0.5      0.2
  SINCE DEC 1     18.4                      11.3    7.1      4.1
  SINCE JUL 1     18.4                      11.7    6.7      4.4
  SNOW DEPTH       0

DEGREE DAYS
 HEATING
  YESTERDAY       32                        31      1       43
  MONTH TO DATE  142                       191    -49      217
  SINCE DEC 1   1628                      2080   -452     2048
  SINCE JUL 1   2332                      2978   -646     2937

 COOLING
  YESTERDAY        0                         0      0        0
  MONTH TO DATE    0                         0      0        0
  SINCE DEC 1      1                         0      1        0
  SINCE JAN 1      0                         0      0        0
..................................................................


WIND (MPH)
  HIGHEST WIND SPEED    14   HIGHEST WIND DIRECTION     S (180)
  HIGHEST GUST SPEED    18   HIGHEST GUST DIRECTION    SW (210)
  AVERAGE WIND SPEED     5.1


SKY COVER
  POSSIBLE SUNSHINE  MM
  AVERAGE SKY COVER 0.0


WEATHER CONDITIONS
 THE FOLLOWING WEATHER WAS RECORDED YESTERDAY.
  NO SIGNIFICANT WEATHER WAS OBSERVED.


RELATIVE HUMIDITY (PERCENT)
 HIGHEST    82           700 PM
 LOWEST     40          1200 PM
 AVERAGE    61

..........................................................


THE WILMINGTON DE CLIMATE NORMALS FOR TODAY
                         NORMAL    RECORD    YEAR
 MAXIMUM TEMPERATURE (F)   42        67      2008
 MINIMUM TEMPERATURE (F)   26         2      1948


SUNRISE AND SUNSET
FEBRUARY  7 2016......SUNRISE   705 AM EST   SUNSET   529 PM EST
FEBRUARY  8 2016......SUNRISE   704 AM EST   SUNSET   530 PM EST


-  INDICATES NEGATIVE NUMBERS.
R  INDICATES RECORD WAS SET OR TIED.
MM INDICATES DATA IS MISSING.
T  INDICATES TRACE AMOUNT.




$$
