000
CDUS41 KPHI 170628
CLIILG


CLIMATE REPORT
NATIONAL WEATHER SERVICE MOUNT HOLLY NJ
127 AM EST TUE JAN 17 2017


...................................

...THE WILMINGTON DE CLIMATE SUMMARY FOR JANUARY 16 2017...

CLIMATE NORMAL PERIOD 1981 TO 2010
CLIMATE RECORD PERIOD 1894 TO 2017


WEATHER ITEM   OBSERVED TIME   RECORD YEAR NORMAL DEPARTURE LAST
                VALUE   (LST)  VALUE       VALUE  FROM      YEAR
                                                  NORMAL
..................................................................
TEMPERATURE (F)
 YESTERDAY
  MAXIMUM         40   1246 PM  69    1932  40      0       54
  MINIMUM         22    348 AM   1    1977  24     -2       36
  AVERAGE         31                        32     -1       45

PRECIPITATION (IN)
  YESTERDAY        T             1.32 1945   0.10  -0.10     0.13
  MONTH TO DATE    1.64                      1.55   0.09     1.06
  SINCE DEC 1      4.23                      5.03  -0.80     6.27
  SINCE JAN 1      1.64                      1.55   0.09     1.06

SNOWFALL (IN)
  YESTERDAY        0.0           4.0  1945   0.2   -0.2      0.0
  MONTH TO DATE    4.0                       2.5    1.5       T
  SINCE DEC 1      4.0                       5.9   -1.9       T
  SINCE JUL 1      4.0                       6.3   -2.3       T
  SNOW DEPTH       0

DEGREE DAYS
 HEATING
  YESTERDAY       34                        33      1       20
  MONTH TO DATE  484                       522    -38      471
  SINCE DEC 1   1315                      1401    -86      948
  SINCE JUL 1   2039                      2299   -260     1652

 COOLING
  YESTERDAY        0                         0      0        0
  MONTH TO DATE    0                         0      0        0
  SINCE DEC 1      0                         0      0        1
  SINCE JAN 1      0                         0      0        0
..................................................................


WIND (MPH)
  HIGHEST WIND SPEED     7   HIGHEST WIND DIRECTION     S (160)
  HIGHEST GUST SPEED     9   HIGHEST GUST DIRECTION     S (160)
  AVERAGE WIND SPEED     2.7


SKY COVER
  POSSIBLE SUNSHINE  MM
  AVERAGE SKY COVER 0.5


WEATHER CONDITIONS
 THE FOLLOWING WEATHER WAS RECORDED YESTERDAY.
  LIGHT RAIN


RELATIVE HUMIDITY (PERCENT)
 HIGHEST    88           400 AM
 LOWEST     50           300 PM
 AVERAGE    69

..........................................................


THE WILMINGTON DE CLIMATE NORMALS FOR TODAY
                         NORMAL    RECORD    YEAR
 MAXIMUM TEMPERATURE (F)   40        63      1913
 MINIMUM TEMPERATURE (F)   24       -10      1982


SUNRISE AND SUNSET
JANUARY 17 2017.......SUNRISE   720 AM EST   SUNSET   505 PM EST
JANUARY 18 2017.......SUNRISE   720 AM EST   SUNSET   506 PM EST


-  INDICATES NEGATIVE NUMBERS.
R  INDICATES RECORD WAS SET OR TIED.
MM INDICATES DATA IS MISSING.
T  INDICATES TRACE AMOUNT.




$$
