471
CDUS41 KPHI 280628
CLIILG


CLIMATE REPORT
NATIONAL WEATHER SERVICE MOUNT HOLLY NJ
228 AM EDT SAT MAY 28 2016


...................................

...THE WILMINGTON DE CLIMATE SUMMARY FOR MAY 27 2016...

CLIMATE NORMAL PERIOD 1981 TO 2010
CLIMATE RECORD PERIOD 1894 TO 2016


WEATHER ITEM   OBSERVED TIME   RECORD YEAR NORMAL DEPARTURE LAST
                VALUE   (LST)  VALUE       VALUE  FROM      YEAR
                                                  NORMAL
..................................................................
TEMPERATURE (F)
 YESTERDAY
  MAXIMUM         88    339 PM  98    1914  76     12       87
  MINIMUM         67    503 AM  39    1925  56     11       70
  AVERAGE         78                        66     12       79

PRECIPITATION (IN)
  YESTERDAY        0.00          1.37 1946   0.13  -0.13     0.00
  MONTH TO DATE    5.55                      3.41   2.14     1.84
  SINCE MAR 1      9.19                     10.83  -1.64    11.52
  SINCE JAN 1     15.92                     16.52  -0.60    18.13

SNOWFALL (IN)
  YESTERDAY        0.0           0.0  1894   0.0    0.0      0.0
  MONTH TO DATE    0.0                       0.0    0.0      0.0
  SINCE MAR 1      2.7                       2.2    0.5      8.6
  SINCE JUL 1     25.4                      20.2    5.2     23.4
  SNOW DEPTH       0

DEGREE DAYS
 HEATING
  YESTERDAY        0                         2     -2        0
  MONTH TO DATE  171                       126     45       56
  SINCE MAR 1   1052                      1172   -120     1218
  SINCE JUL 1   4060                      4795   -735     5057

 COOLING
  YESTERDAY       13                         4      9       14
  MONTH TO DATE   33                        51    -18      116
  SINCE MAR 1     47                        63    -16      120
  SINCE JAN 1     47                        63    -16      120
..................................................................


WIND (MPH)
  HIGHEST WIND SPEED    17   HIGHEST WIND DIRECTION    SW (210)
  HIGHEST GUST SPEED    21   HIGHEST GUST DIRECTION    SW (210)
  AVERAGE WIND SPEED     7.3


SKY COVER
  POSSIBLE SUNSHINE  MM
  AVERAGE SKY COVER 0.0


WEATHER CONDITIONS
 THE FOLLOWING WEATHER WAS RECORDED YESTERDAY.
  NO SIGNIFICANT WEATHER WAS OBSERVED.


RELATIVE HUMIDITY (PERCENT)
 HIGHEST    84           600 AM
 LOWEST     50           200 PM
 AVERAGE    67

..........................................................


THE WILMINGTON DE CLIMATE NORMALS FOR TODAY
                         NORMAL    RECORD    YEAR
 MAXIMUM TEMPERATURE (F)   76        93      1941
 MINIMUM TEMPERATURE (F)   57        41      1997


SUNRISE AND SUNSET
MAY 28 2016...........SUNRISE   538 AM EDT   SUNSET   822 PM EDT
MAY 29 2016...........SUNRISE   538 AM EDT   SUNSET   822 PM EDT


-  INDICATES NEGATIVE NUMBERS.
R  INDICATES RECORD WAS SET OR TIED.
MM INDICATES DATA IS MISSING.
T  INDICATES TRACE AMOUNT.




$$
