000
CDUS41 KPHI 062135
CLIILG


CLIMATE REPORT
NATIONAL WEATHER SERVICE MOUNT HOLLY NJ
429 PM EST FRI MAR 6 2015


...................................

...THE WILMINGTON DE CLIMATE SUMMARY FOR MARCH 6 2015...
VALID TODAY AS OF 0400 PM LOCAL TIME.

CLIMATE NORMAL PERIOD 1981 TO 2010
CLIMATE RECORD PERIOD 1894 TO 2015


WEATHER ITEM   OBSERVED TIME   RECORD YEAR NORMAL DEPARTURE LAST
                VALUE   (LST)  VALUE       VALUE  FROM      YEAR
                                                  NORMAL
..................................................................
TEMPERATURE (F)
 TODAY
  MAXIMUM         26    249 PM  71    1935  49    -23       33
  MINIMUM          5R   546 AM  11    1926  31    -26       22
                                      1920
  AVERAGE         16                        40    -24       28

PRECIPITATION (IN)
  TODAY            0.00          1.26 1932   0.11  -0.11     0.00
  MONTH TO DATE    2.33                      0.63   1.70     0.35
  SINCE MAR 1      2.33                      0.63   1.70     0.35
  SINCE JAN 1      8.94                      6.32   2.62     8.93

SNOWFALL (IN)
  TODAY            0.0           4.3  1962   0.1   -0.1      0.0
                                      2001
  MONTH TO DATE    7.3                       0.7    6.6      4.5
  SINCE MAR 1      7.3                       0.7    6.6      4.5
  SINCE JUL 1     22.1                      18.7    3.4     52.9
  SNOW DEPTH       6

DEGREE DAYS
 HEATING
  TODAY           49                        25     24       37
  MONTH TO DATE  220                       156     64      228
  SINCE MAR 1    220                       156     64      228
  SINCE JUL 1   4059                      3779    280     4083

 COOLING
  TODAY            0                         0      0        0
  MONTH TO DATE    0                         0      0        0
  SINCE MAR 1      0                         0      0        0
  SINCE JAN 1      0                         0      0        0
..................................................................


WIND (MPH)
  HIGHEST WIND SPEED    14   HIGHEST WIND DIRECTION     N (20)
  HIGHEST GUST SPEED    17   HIGHEST GUST DIRECTION     N (20)
  AVERAGE WIND SPEED     6.9


SKY COVER
  POSSIBLE SUNSHINE  MM
  AVERAGE SKY COVER 0.0


WEATHER CONDITIONS
 THE FOLLOWING WEATHER WAS RECORDED TODAY.
  NO SIGNIFICANT WEATHER WAS OBSERVED.


RELATIVE HUMIDITY (PERCENT)
 HIGHEST    69           600 AM
 LOWEST     42           200 PM
 AVERAGE    56

..........................................................


THE WILMINGTON DE CLIMATE NORMALS FOR TOMORROW
                         NORMAL    RECORD    YEAR
 MAXIMUM TEMPERATURE (F)   49        73      2009
 MINIMUM TEMPERATURE (F)   31        11      1960


SUNRISE AND SUNSET
MARCH  6 2015.........SUNRISE   628 AM EST   SUNSET   600 PM EST
MARCH  7 2015.........SUNRISE   627 AM EST   SUNSET   601 PM EST


-  INDICATES NEGATIVE NUMBERS.
R  INDICATES RECORD WAS SET OR TIED.
MM INDICATES DATA IS MISSING.
T  INDICATES TRACE AMOUNT.




$$
