675
CDUS41 KPHI 232133
CLIILG


CLIMATE REPORT
NATIONAL WEATHER SERVICE MOUNT HOLLY NJ
533 PM EDT THU MAR 23 2017


...................................

...THE WILMINGTON DE CLIMATE SUMMARY FOR MARCH 23 2017...
VALID TODAY AS OF 0500 PM LOCAL TIME.

CLIMATE NORMAL PERIOD 1981 TO 2010
CLIMATE RECORD PERIOD 1894 TO 2017


WEATHER ITEM   OBSERVED TIME   RECORD YEAR NORMAL DEPARTURE LAST
                VALUE   (LST)  VALUE       VALUE  FROM      YEAR
                                                  NORMAL
..................................................................
TEMPERATURE (F)
 TODAY
  MAXIMUM         46    332 PM  81    2012  55     -9       72
  MINIMUM         20    606 AM  14    1934  36    -16       42
  AVERAGE         33                        45    -12       57

PRECIPITATION (IN)
  TODAY            0.00          2.05 1903   0.14  -0.14     0.00
  MONTH TO DATE    2.66                      2.83  -0.17     1.37
  SINCE MAR 1      2.66                      2.83  -0.17     1.37
  SINCE JAN 1      6.68                      8.52  -1.84     8.10

SNOWFALL (IN)
  TODAY            0.0           3.5  1896   0.0    0.0      0.0
  MONTH TO DATE    3.4                       1.7    1.7      2.7
  SINCE MAR 1      3.4                       1.7    1.7      2.7
  SINCE JUL 1      9.0                      19.7  -10.7     25.4
  SNOW DEPTH       0

DEGREE DAYS
 HEATING
  TODAY           32                        20     12        8
  MONTH TO DATE  595                       536     59      401
  SINCE MAR 1    595                       536     59      401
  SINCE JUL 1   3597                      4159   -562     3409

 COOLING
  TODAY            0                         0      0        0
  MONTH TO DATE    0                         0      0        2
  SINCE MAR 1      0                         0      0        2
  SINCE JAN 1      0                         0      0        2
..................................................................


WIND (MPH)
  HIGHEST WIND SPEED    15   HIGHEST WIND DIRECTION     N (350)
  HIGHEST GUST SPEED    19   HIGHEST GUST DIRECTION     N (360)
  AVERAGE WIND SPEED     7.4


SKY COVER
  POSSIBLE SUNSHINE  MM
  AVERAGE SKY COVER 0.0


WEATHER CONDITIONS
 THE FOLLOWING WEATHER WAS RECORDED TODAY.
  NO SIGNIFICANT WEATHER WAS OBSERVED.


RELATIVE HUMIDITY (PERCENT)
 HIGHEST    52           500 AM
 LOWEST     20           400 PM
 AVERAGE    36

..........................................................


THE WILMINGTON DE CLIMATE NORMALS FOR TOMORROW
                         NORMAL    RECORD    YEAR
 MAXIMUM TEMPERATURE (F)   55        79      1929
 MINIMUM TEMPERATURE (F)   36        15      1940


SUNRISE AND SUNSET
MARCH 23 2017.........SUNRISE   701 AM EDT   SUNSET   718 PM EDT
MARCH 24 2017.........SUNRISE   659 AM EDT   SUNSET   719 PM EDT


-  INDICATES NEGATIVE NUMBERS.
R  INDICATES RECORD WAS SET OR TIED.
MM INDICATES DATA IS MISSING.
T  INDICATES TRACE AMOUNT.




$$
