000
CDUS42 KILM 170900
CLIILM


CLIMATE REPORT
NATIONAL WEATHER SERVICE WILMINGTON NC
500 AM EDT WED SEP 17 2014


...................................

...THE WILMINGTON NC CLIMATE SUMMARY FOR SEPTEMBER 16 2014...

CLIMATE NORMAL PERIOD 1981 TO 2010
CLIMATE RECORD PERIOD 1871 TO 2014


WEATHER ITEM   OBSERVED TIME   RECORD YEAR NORMAL DEPARTURE LAST
                VALUE   (LST)  VALUE       VALUE  FROM      YEAR
                                                  NORMAL
..................................................................
TEMPERATURE (F)
 YESTERDAY
  MAXIMUM         84    127 PM  95    1956  84      0       89
  MINIMUM         70   1251 AM  55    1902  66      4       67
  AVERAGE         77                        75      2       78

PRECIPITATION (IN)
  YESTERDAY        T             4.42 1924   0.28  -0.28     0.12
  MONTH TO DATE    5.07                      4.37   0.70     0.23
  SINCE SEP 1      5.07                      4.37   0.70     0.23
  SINCE JAN 1     47.58                     43.34   4.24    42.72

DEGREE DAYS
 HEATING
  YESTERDAY        0                         0      0        0
  MONTH TO DATE    0                         0      0        0
  SINCE SEP 1      0                         0      0        0
  SINCE JUL 1      0                         0      0        0

 COOLING
  YESTERDAY       12                        10      2       13
  MONTH TO DATE  219                       186     33      217
  SINCE SEP 1    219                       186     33      217
  SINCE JAN 1   1976                      1809    167     1707
..................................................................


WIND (MPH)
  HIGHEST WIND SPEED    12   HIGHEST WIND DIRECTION    SE (130)
  HIGHEST GUST SPEED    14   HIGHEST GUST DIRECTION    SE (130)
  AVERAGE WIND SPEED     3.9


SKY COVER
  POSSIBLE SUNSHINE  MM
  AVERAGE SKY COVER 0.6


WEATHER CONDITIONS
 THE FOLLOWING WEATHER WAS RECORDED YESTERDAY.
  LIGHT RAIN


RELATIVE HUMIDITY (PERCENT)
 HIGHEST   100           700 AM
 LOWEST     69          1200 PM
 AVERAGE    85

..........................................................


THE WILMINGTON NC CLIMATE NORMALS FOR TODAY
                         NORMAL    RECORD    YEAR
 MAXIMUM TEMPERATURE (F)   84        95      1931
 MINIMUM TEMPERATURE (F)   65        53      2001
                                             1961


SUNRISE AND SUNSET
SEPTEMBER 17 2014.....SUNRISE   656 AM EDT   SUNSET   715 PM EDT
SEPTEMBER 18 2014.....SUNRISE   657 AM EDT   SUNSET   714 PM EDT


-  INDICATES NEGATIVE NUMBERS.
R  INDICATES RECORD WAS SET OR TIED.
MM INDICATES DATA IS MISSING.
T  INDICATES TRACE AMOUNT.




$$
