000
CDUS42 KILM 222143
CLIILM


CLIMATE REPORT
NATIONAL WEATHER SERVICE WILMINGTON NC
442 PM EST MON DEC 22 2014


...................................

...THE WILMINGTON NC CLIMATE SUMMARY FOR DECEMBER 22 2014...
VALID TODAY AS OF 0400 PM LOCAL TIME.

CLIMATE NORMAL PERIOD 1981 TO 2010
CLIMATE RECORD PERIOD 1871 TO 2014


WEATHER ITEM   OBSERVED TIME   RECORD YEAR NORMAL DEPARTURE LAST
                VALUE   (LST)  VALUE       VALUE  FROM      YEAR
                                                  NORMAL
..................................................................
TEMPERATURE (F)
 TODAY
  MAXIMUM         47    236 PM  80    2013  58    -11       80
                                      1998
  MINIMUM         44   1130 AM  16    1901  37      7       69
  AVERAGE         46                        47     -1       75

PRECIPITATION (IN)
  TODAY            0.23          1.64 1920   0.12   0.11      T
  MONTH TO DATE    0.69                      2.58  -1.89     1.21
  SINCE DEC 1      0.69                      2.58  -1.89     1.21
  SINCE JAN 1     55.47                     56.57  -1.10    50.62

SNOWFALL (IN)
  TODAY            0.0           1.0  1989   0.0    0.0      0.0
  MONTH TO DATE    0.0                       0.5   -0.5      0.0
  SINCE DEC 1      0.0                       0.5   -0.5      0.0
  SINCE JUL 1      0.0                       0.5   -0.5       T
  SNOW DEPTH       0

DEGREE DAYS
 HEATING
  TODAY           19                        18      1        0
  MONTH TO DATE  343                       345     -2      259
  SINCE DEC 1    343                       345     -2      259
  SINCE JUL 1    796                       714     82      661

 COOLING
  TODAY            0                         0      0       10
  MONTH TO DATE    0                         0      0       19
  SINCE DEC 1      0                         0      0       19
  SINCE JAN 1   2190                      2037    153     1911
..................................................................


WIND (MPH)
  HIGHEST WIND SPEED    14   HIGHEST WIND DIRECTION     N (340)
  HIGHEST GUST SPEED    17   HIGHEST GUST DIRECTION    NW (330)
  AVERAGE WIND SPEED     8.2


SKY COVER
  POSSIBLE SUNSHINE  MM
  AVERAGE SKY COVER 1.0


WEATHER CONDITIONS
 THE FOLLOWING WEATHER WAS RECORDED TODAY.
  RAIN
  LIGHT RAIN
  FOG


RELATIVE HUMIDITY (PERCENT)
 HIGHEST   100           200 AM
 LOWEST     92          1200 AM
 AVERAGE    96

..........................................................


THE WILMINGTON NC CLIMATE NORMALS FOR TOMORROW
                         NORMAL    RECORD    YEAR
 MAXIMUM TEMPERATURE (F)   57        78      1990
 MINIMUM TEMPERATURE (F)   36        15      1989


SUNRISE AND SUNSET
DECEMBER 22 2014......SUNRISE   714 AM EST   SUNSET   506 PM EST
DECEMBER 23 2014......SUNRISE   715 AM EST   SUNSET   507 PM EST


-  INDICATES NEGATIVE NUMBERS.
R  INDICATES RECORD WAS SET OR TIED.
MM INDICATES DATA IS MISSING.
T  INDICATES TRACE AMOUNT.




$$
