000
CDUS42 KILM 312044
CLIILM


CLIMATE REPORT
NATIONAL WEATHER SERVICE WILMINGTON NC
443 PM EDT WED AUG 31 2016


...................................

...THE WILMINGTON NC CLIMATE SUMMARY FOR AUGUST 31 2016...
VALID TODAY AS OF 0400 PM LOCAL TIME.

CLIMATE NORMAL PERIOD 1981 TO 2010
CLIMATE RECORD PERIOD 1871 TO 2016


WEATHER ITEM   OBSERVED TIME   RECORD YEAR NORMAL DEPARTURE LAST
                VALUE   (LST)  VALUE       VALUE  FROM      YEAR
                                                  NORMAL
..................................................................
TEMPERATURE (F)
 TODAY
  MAXIMUM         81   1254 PM  96    1970  87     -6       81
  MINIMUM         73    604 AM  56    1887  70      3       73
  AVERAGE         77                        78     -1       77

PRECIPITATION (IN)
  TODAY            0.01          9.56 2006   0.25  -0.24     1.35
  MONTH TO DATE    7.76                      7.41   0.35     8.95
  SINCE JUN 1     19.10                     20.07  -0.97    19.37
  SINCE JAN 1     41.79                     38.97   2.82    39.94

DEGREE DAYS
 HEATING
  TODAY            0                         0      0        0
  MONTH TO DATE    0                         0      0        0
  SINCE JUN 1      0                         2     -2        0
  SINCE JUL 1      0                         0      0        0

 COOLING
  TODAY           12                        13     -1       12
  MONTH TO DATE  530                       456     74      447
  SINCE JUN 1   1535                      1342    193     1492
  SINCE JAN 1   1870                      1623    247     1785
..................................................................


WIND (MPH)
  HIGHEST WIND SPEED     7   HIGHEST WIND DIRECTION    SE (130)
  HIGHEST GUST SPEED     8   HIGHEST GUST DIRECTION     N (20)
  AVERAGE WIND SPEED     1.8


SKY COVER
  POSSIBLE SUNSHINE  MM
  AVERAGE SKY COVER 0.4


WEATHER CONDITIONS
 THE FOLLOWING WEATHER WAS RECORDED TODAY.
  FOG


RELATIVE HUMIDITY (PERCENT)
 HIGHEST   100           100 AM
 LOWEST     79          1100 AM
 AVERAGE    90

..........................................................


THE WILMINGTON NC CLIMATE NORMALS FOR TOMORROW
                         NORMAL    RECORD    YEAR
 MAXIMUM TEMPERATURE (F)   87        96      2012
                                             1993
                                             1912
 MINIMUM TEMPERATURE (F)   70        56      1887


SUNRISE AND SUNSET
AUGUST 31 2016........SUNRISE   645 AM EDT   SUNSET   738 PM EDT
SEPTEMBER  1 2016.....SUNRISE   645 AM EDT   SUNSET   737 PM EDT


-  INDICATES NEGATIVE NUMBERS.
R  INDICATES RECORD WAS SET OR TIED.
MM INDICATES DATA IS MISSING.
T  INDICATES TRACE AMOUNT.




$$
