000
CDUS42 KILM 272042
CLIILM


CLIMATE REPORT
NATIONAL WEATHER SERVICE WILMINGTON NC
441 PM EDT THU APR 27 2017


...................................

...THE WILMINGTON NC CLIMATE SUMMARY FOR APRIL 27 2017...
VALID TODAY AS OF 0400 PM LOCAL TIME.

CLIMATE NORMAL PERIOD 1981 TO 2010
CLIMATE RECORD PERIOD 1871 TO 2017


WEATHER ITEM   OBSERVED TIME   RECORD YEAR NORMAL DEPARTURE LAST
                VALUE   (LST)  VALUE       VALUE  FROM      YEAR
                                                  NORMAL
..................................................................
TEMPERATURE (F)
 TODAY
  MAXIMUM         83   1257 PM  94    1990  77      6       85
  MINIMUM         62    541 AM  39    2001  55      7       66
                                      1972
  AVERAGE         73                        66      7       76

PRECIPITATION (IN)
  TODAY            0.00          1.53 1973   0.10  -0.10     0.00
  MONTH TO DATE    7.05                      2.54   4.51     1.89
  SINCE MAR 1      9.76                      6.75   3.01     4.72
  SINCE JAN 1     15.31                     14.13   1.18    16.79

SNOWFALL (IN)
  TODAY            0.0          MM      MM   0.0    0.0      0.0
  MONTH TO DATE    0.0                       0.0    0.0      0.0
  SINCE MAR 1      1.1                       0.2    0.9      0.0
  SINCE JUL 1      1.1                       1.7   -0.6       T
  SNOW DEPTH       0

DEGREE DAYS
 HEATING
  TODAY            0                         3     -3        0
  MONTH TO DATE   44                       125    -81      126
  SINCE MAR 1    417                       448    -31      299
  SINCE JUL 1   1932                      2377   -445     1786

 COOLING
  TODAY            8                         3      5       11
  MONTH TO DATE   99                        56     43       51
  SINCE MAR 1    123                        72     51      123
  SINCE JAN 1    129                        77     52      126
..................................................................


WIND (MPH)
  HIGHEST WIND SPEED    22   HIGHEST WIND DIRECTION    SW (230)
  HIGHEST GUST SPEED    31   HIGHEST GUST DIRECTION    SW (230)
  AVERAGE WIND SPEED    10.1


SKY COVER
  POSSIBLE SUNSHINE  MM
  AVERAGE SKY COVER 0.2


WEATHER CONDITIONS
 THE FOLLOWING WEATHER WAS RECORDED TODAY.
  FOG


RELATIVE HUMIDITY (PERCENT)
 HIGHEST   100           400 AM
 LOWEST     42          1100 AM
 AVERAGE    71

..........................................................


THE WILMINGTON NC CLIMATE NORMALS FOR TOMORROW
                         NORMAL    RECORD    YEAR
 MAXIMUM TEMPERATURE (F)   77        90      1981
 MINIMUM TEMPERATURE (F)   55        40      1993
                                             1898


SUNRISE AND SUNSET
APRIL 27 2017.........SUNRISE   626 AM EDT   SUNSET   753 PM EDT
APRIL 28 2017.........SUNRISE   625 AM EDT   SUNSET   754 PM EDT


-  INDICATES NEGATIVE NUMBERS.
R  INDICATES RECORD WAS SET OR TIED.
MM INDICATES DATA IS MISSING.
T  INDICATES TRACE AMOUNT.




$$
