000
CDUS42 KILM 122201
CLIILM


CLIMATE REPORT
NATIONAL WEATHER SERVICE WILMINGTON NC
444 PM EST FRI FEB 12 2016


...................................

...THE WILMINGTON NC CLIMATE SUMMARY FOR FEBRUARY 12 2016...
VALID TODAY AS OF 0400 PM LOCAL TIME.

CLIMATE NORMAL PERIOD 1981 TO 2010
CLIMATE RECORD PERIOD 1871 TO 2016


WEATHER ITEM   OBSERVED TIME   RECORD YEAR NORMAL DEPARTURE LAST
                VALUE   (LST)  VALUE       VALUE  FROM      YEAR
                                                  NORMAL
..................................................................
TEMPERATURE (F)
 TODAY
  MAXIMUM         37    202 PM  78    1965  59    -22       65
  MINIMUM         28    153 AM  14    1899  37     -9       31
  AVERAGE         33                        48    -15       48

PRECIPITATION (IN)
  TODAY            0.06          1.41 1982   0.12  -0.06     0.00
  MONTH TO DATE    6.21                      1.51   4.70     1.18
  SINCE DEC 1     16.16                      8.89   7.27    11.15
  SINCE JAN 1     10.66                      5.27   5.39     6.16

SNOWFALL (IN)
  TODAY            0.0           1.0  2010   0.0    0.0      0.0
                                      1962
  MONTH TO DATE    T                         0.1   -0.1      0.0
  SINCE DEC 1      T                         1.3   -1.3      0.0
  SINCE JUL 1      T                         1.3   -1.3      0.0
  SNOW DEPTH       0

DEGREE DAYS
 HEATING
  TODAY           32                        17     15       17
  MONTH TO DATE  209                       209      0      230
  SINCE DEC 1   1012                      1315   -303     1288
  SINCE JUL 1   1242                      1684   -442     1741

 COOLING
  TODAY            0                         0      0        0
  MONTH TO DATE    0                         0      0        0
  SINCE DEC 1     76                         7     69        6
  SINCE JAN 1      0                         2     -2        6
..................................................................


WIND (MPH)
  HIGHEST WIND SPEED    15   HIGHEST WIND DIRECTION     N (340)
  HIGHEST GUST SPEED    20   HIGHEST GUST DIRECTION     N (340)
  AVERAGE WIND SPEED     8.0


SKY COVER
  POSSIBLE SUNSHINE  MM
  AVERAGE SKY COVER 0.8


WEATHER CONDITIONS
 THE FOLLOWING WEATHER WAS RECORDED TODAY.
  LIGHT RAIN


RELATIVE HUMIDITY (PERCENT)
 HIGHEST    85          1200 AM
 LOWEST     44           500 AM
 AVERAGE    65

..........................................................


THE WILMINGTON NC CLIMATE NORMALS FOR TOMORROW
                         NORMAL    RECORD    YEAR
 MAXIMUM TEMPERATURE (F)   60        78      1927
 MINIMUM TEMPERATURE (F)   38        10      1899


SUNRISE AND SUNSET
FEBRUARY 12 2016......SUNRISE   700 AM EST   SUNSET   552 PM EST
FEBRUARY 13 2016......SUNRISE   659 AM EST   SUNSET   553 PM EST


-  INDICATES NEGATIVE NUMBERS.
R  INDICATES RECORD WAS SET OR TIED.
MM INDICATES DATA IS MISSING.
T  INDICATES TRACE AMOUNT.




$$
