000
CDUS43 KILX 290632
CLIILX


CLIMATE REPORT
NATIONAL WEATHER SERVICE LINCOLN IL
131 AM CDT SUN MAR 29 2015


...................................

...THE LINCOLN IL CLIMATE SUMMARY FOR MARCH 28 2015...

CLIMATE NORMAL PERIOD 1981 TO 2010
CLIMATE RECORD PERIOD 1905 TO 2015


WEATHER ITEM   OBSERVED TIME   RECORD YEAR NORMAL DEPARTURE LAST
                VALUE   (LST)  VALUE       VALUE  FROM      YEAR
                                                  NORMAL
..................................................................
TEMPERATURE (F)
 YESTERDAY
  MAXIMUM         41        MM  81    1910  56    -15       48
  MINIMUM         17        MM   5    1934  35    -18       39
  AVERAGE         29                        46    -17       44

PRECIPITATION (IN)
  YESTERDAY        0.00          1.19 2009   0.09  -0.09     0.00
  MONTH TO DATE    1.49                      2.32  -0.83     1.89
  SINCE MAR 1      1.49                      2.32  -0.83     1.89
  SINCE JAN 1      4.25                      6.07  -1.82     6.55

SNOWFALL (IN)
  YESTERDAY        0.0           0.5  1970   0.0    0.0      0.0
  MONTH TO DATE    3.7                       1.6    2.1      4.7
  SINCE MAR 1      3.7                       1.6    2.1      4.7
  SINCE JUL 1     21.9                      20.1    1.8     46.3
  SNOW DEPTH       0

DEGREE DAYS
 HEATING
  YESTERDAY       36                        20     16       21
  MONTH TO DATE  780                       685     95      871
  SINCE MAR 1    780                       685     95      871
  SINCE JUL 1   5717                      5108    609     6115

 COOLING
  YESTERDAY        0                         0      0        0
  MONTH TO DATE    0                         0      0        0
  SINCE MAR 1      0                         0      0        0
  SINCE JAN 1      0                         0      0        0
..................................................................


WIND (MPH)
  HIGHEST WIND SPEED    MM   HIGHEST WIND DIRECTION    MM
  HIGHEST GUST SPEED    MM   HIGHEST GUST DIRECTION    MM
  AVERAGE WIND SPEED    MM


SKY COVER
  POSSIBLE SUNSHINE  MM


WEATHER CONDITIONS
 THE FOLLOWING WEATHER WAS RECORDED YESTERDAY.
  NO SIGNIFICANT WEATHER WAS OBSERVED.


..........................................................


THE LINCOLN IL CLIMATE NORMALS FOR TODAY
                         NORMAL    RECORD    YEAR
 MAXIMUM TEMPERATURE (F)   57        86      1985
 MINIMUM TEMPERATURE (F)   35        16      1915


SUNRISE AND SUNSET
MARCH 29 2015.........SUNRISE   647 AM CDT   SUNSET   718 PM CDT
MARCH 30 2015.........SUNRISE   645 AM CDT   SUNSET   719 PM CDT


-  INDICATES NEGATIVE NUMBERS.
R  INDICATES RECORD WAS SET OR TIED.
MM INDICATES DATA IS MISSING.
T  INDICATES TRACE AMOUNT.




$$
