000
CDUS43 KILX 170634
CLIILX

CLIMATE REPORT
NATIONAL WEATHER SERVICE LINCOLN IL
133 AM CDT THU APR 17 2014

...................................

...THE LINCOLN IL CLIMATE SUMMARY FOR APRIL 16 2014...

CLIMATE NORMAL PERIOD 1981 TO 2010
CLIMATE RECORD PERIOD 1905 TO 2014

WEATHER ITEM   OBSERVED TIME   RECORD YEAR NORMAL DEPARTURE LAST
                VALUE   (LST)  VALUE       VALUE  FROM      YEAR
                                                  NORMAL
..................................................................
TEMPERATURE (F)
 YESTERDAY
  MAXIMUM         55    317 PM  87    2002  64     -9       53
  MINIMUM         29   1203 AM  25    1962  41    -12       42
  AVERAGE         42                        53    -11       48

PRECIPITATION (IN)
  YESTERDAY        0.00          1.29 1999   0.13  -0.13     0.33
  MONTH TO DATE    2.02                      1.79   0.23     3.02
  SINCE MAR 1      3.91                      4.39  -0.48     5.75
  SINCE JAN 1      8.57                      8.14   0.43    10.61

SNOWFALL (IN)
  YESTERDAY        0.0           0.1  2001   0.0    0.0      0.0
  MONTH TO DATE    T                         0.2   -0.2      0.0
  SINCE MAR 1      4.7                       1.9    2.8     12.7
  SINCE JUL 1     46.3                      20.4   25.9     23.0
  SNOW DEPTH       0

DEGREE DAYS
 HEATING
  YESTERDAY       23                        13     10       17
  MONTH TO DATE  253                       248      5      248
  SINCE MAR 1   1185                       989    196     1190
  SINCE JUL 1   6429                      5412   1017     5452

 COOLING
  YESTERDAY        0                         0      0        0
  MONTH TO DATE    1                         0      1        3
  SINCE MAR 1      1                         2     -1        3
  SINCE JAN 1      1                         2     -1        3
..................................................................

WIND (MPH)
  HIGHEST WIND SPEED    MM   HIGHEST WIND DIRECTION    MM
  HIGHEST GUST SPEED    MM   HIGHEST GUST DIRECTION    MM
  AVERAGE WIND SPEED    MM

SKY COVER
  POSSIBLE SUNSHINE  MM

WEATHER CONDITIONS
 THE FOLLOWING WEATHER WAS RECORDED YESTERDAY.
  NO SIGNIFICANT WEATHER WAS OBSERVED.

..........................................................

THE LINCOLN IL CLIMATE NORMALS FOR TODAY
                         NORMAL    RECORD    YEAR
 MAXIMUM TEMPERATURE (F)   65        88      2004
 MINIMUM TEMPERATURE (F)   41        27      1951

SUNRISE AND SUNSET
APRIL 17 2014.........SUNRISE   616 AM CDT   SUNSET   738 PM CDT
APRIL 18 2014.........SUNRISE   615 AM CDT   SUNSET   739 PM CDT

-  INDICATES NEGATIVE NUMBERS.
R  INDICATES RECORD WAS SET OR TIED.
MM INDICATES DATA IS MISSING.
T  INDICATES TRACE AMOUNT.

$$
GEELHART
