000
CDUS43 KILX 280629
CLIILX


CLIMATE REPORT
NATIONAL WEATHER SERVICE LINCOLN IL
129 AM CDT THU APR 28 2016


...................................

...THE LINCOLN IL CLIMATE SUMMARY FOR APRIL 27 2016...

CLIMATE NORMAL PERIOD 1981 TO 2010
CLIMATE RECORD PERIOD 1905 TO 2016


WEATHER ITEM   OBSERVED TIME   RECORD YEAR NORMAL DEPARTURE LAST
                VALUE   (LST)  VALUE       VALUE  FROM      YEAR
                                                  NORMAL
..................................................................
TEMPERATURE (F)
 YESTERDAY
  MAXIMUM         60        MM  90    1986  68     -8       64
  MINIMUM         49        MM  24    1928  45      4       34
  AVERAGE         55                        57     -2       49

PRECIPITATION (IN)
  YESTERDAY        0.19          2.14 2002   0.13   0.06     0.00
  MONTH TO DATE    1.72                      3.21  -1.49     2.24
  SINCE MAR 1      5.59                      5.81  -0.22     3.79
  SINCE JAN 1      7.83                      9.56  -1.73     6.55

SNOWFALL (IN)
  YESTERDAY        0.0           T    1908   0.0    0.0      0.0
  MONTH TO DATE    T                         0.3   -0.3      0.0
  SINCE MAR 1      T                         2.0   -2.0      3.7
  SINCE JUL 1     12.3                      20.5   -8.2     21.9
  SNOW DEPTH       0

DEGREE DAYS
 HEATING
  YESTERDAY       10                         9      1       16
  MONTH TO DATE  346                       366    -20      289
  SINCE MAR 1    897                      1107   -210     1114
  SINCE JUL 1   4692                      5530   -838     6051

 COOLING
  YESTERDAY        0                         1     -1        0
  MONTH TO DATE    8                        10     -2        1
  SINCE MAR 1      8                        12     -4        1
  SINCE JAN 1      8                        12     -4        1
..................................................................


WIND (MPH)
  HIGHEST WIND SPEED    MM   HIGHEST WIND DIRECTION    MM
  HIGHEST GUST SPEED    MM   HIGHEST GUST DIRECTION    MM
  AVERAGE WIND SPEED    MM


SKY COVER
  POSSIBLE SUNSHINE  MM


WEATHER CONDITIONS
 THE FOLLOWING WEATHER WAS RECORDED YESTERDAY.
  THUNDERSTORM
  RAIN
  LIGHT RAIN


..........................................................


THE LINCOLN IL CLIMATE NORMALS FOR TODAY
                         NORMAL    RECORD    YEAR
 MAXIMUM TEMPERATURE (F)   69        87      1986
 MINIMUM TEMPERATURE (F)   46        23      1928


SUNRISE AND SUNSET
APRIL 28 2016.........SUNRISE   600 AM CDT   SUNSET   750 PM CDT
APRIL 29 2016.........SUNRISE   559 AM CDT   SUNSET   751 PM CDT


-  INDICATES NEGATIVE NUMBERS.
R  INDICATES RECORD WAS SET OR TIED.
MM INDICATES DATA IS MISSING.
T  INDICATES TRACE AMOUNT.




$$
