000
CDUS43 KIND 260532
CLIIND


CLIMATE REPORT
NATIONAL WEATHER SERVICE INDIANAPOLIS IN
132 AM EDT MON JUN 26 2017


...................................

...THE INDIANAPOLIS IN CLIMATE SUMMARY FOR JUNE 25 2017...

CLIMATE NORMAL PERIOD 1981 TO 2010
CLIMATE RECORD PERIOD 1871 TO 2017


WEATHER ITEM   OBSERVED TIME   RECORD YEAR NORMAL DEPARTURE LAST
                VALUE   (LST)  VALUE       VALUE  FROM      YEAR
                                                  NORMAL
..................................................................
TEMPERATURE (F)
 YESTERDAY
  MAXIMUM         76    438 PM 102    1988  84     -8       87
  MINIMUM         54    529 AM  46    1972  65    -11       67
  AVERAGE         65                        74     -9       77

PRECIPITATION (IN)
  YESTERDAY        0.00          3.73 1975   0.15  -0.15     0.00
  MONTH TO DATE    4.38                      3.54   0.84     4.32
  SINCE JUN 1      4.38                      3.54   0.84     4.32
  SINCE JAN 1     28.66                     20.94   7.72    21.83

SNOWFALL (IN)
  YESTERDAY        0.0           0.0    MM   0.0    0.0      0.0
  MONTH TO DATE    0.0                       0.0    0.0      0.0
  SINCE JUN 1      0.0                       0.0    0.0      0.0
  SINCE JUL 1      9.7                      25.9  -16.2     13.3
  SNOW DEPTH       0

DEGREE DAYS
 HEATING
  YESTERDAY        0                         0      0        0
  MONTH TO DATE    0                        13    -13        1
  SINCE JUN 1      0                        13    -13        1
  SINCE JUL 1   4272                      5375  -1103     4445

 COOLING
  YESTERDAY        0                        10    -10       12
  MONTH TO DATE  193                       177     16      251
  SINCE JUN 1    193                       177     16      251
  SINCE JAN 1    299                       261     38      352
..................................................................


WIND (MPH)
  HIGHEST WIND SPEED    26   HIGHEST WIND DIRECTION     W (260)
  HIGHEST GUST SPEED    32   HIGHEST GUST DIRECTION     W (270)
  AVERAGE WIND SPEED    11.2


SKY COVER
  AVERAGE SKY COVER 0.2


WEATHER CONDITIONS
 THE FOLLOWING WEATHER WAS RECORDED YESTERDAY.
  NO SIGNIFICANT WEATHER WAS OBSERVED.


RELATIVE HUMIDITY (PERCENT)
 HIGHEST    83           200 AM
 LOWEST     35           600 PM
 AVERAGE    59

..........................................................


THE INDIANAPOLIS IN CLIMATE NORMALS FOR TODAY
                         NORMAL    RECORD    YEAR
 MAXIMUM TEMPERATURE (F)   85       102      1954
 MINIMUM TEMPERATURE (F)   65        49      1979


SUNRISE AND SUNSET
JUNE 26 2017..........SUNRISE   619 AM EDT   SUNSET   917 PM EDT
JUNE 27 2017..........SUNRISE   619 AM EDT   SUNSET   917 PM EDT


-  INDICATES NEGATIVE NUMBERS.
R  INDICATES RECORD WAS SET OR TIED.
MM INDICATES DATA IS MISSING.
T  INDICATES TRACE AMOUNT.




$$
