000
CDUS43 KIND 210552
CLIIND


CLIMATE REPORT
NATIONAL WEATHER SERVICE INDIANAPOLIS IN
1242 AM EST SUN JAN 21 2018


...................................

...THE INDIANAPOLIS IN CLIMATE SUMMARY FOR JANUARY 20 2018...

CLIMATE NORMAL PERIOD 1981 TO 2010
CLIMATE RECORD PERIOD 1871 TO 2018


WEATHER ITEM   OBSERVED TIME   RECORD YEAR NORMAL DEPARTURE LAST
                VALUE   (LST)  VALUE       VALUE  FROM      YEAR
                                                  NORMAL
..................................................................
TEMPERATURE (F)
 YESTERDAY
  MAXIMUM         45    123 PM  70    1906  36      9       55
  MINIMUM         32    905 AM -22    1985  20     12       44
  AVERAGE         39                        28     11       50

PRECIPITATION (IN)
  YESTERDAY        0.02          1.26 1913   0.08  -0.06     0.61
  MONTH TO DATE    1.14                      1.79  -0.65     4.32
  SINCE DEC 1      2.26                      4.96  -2.70     5.84
  SINCE JAN 1      1.14                      1.79  -0.65     4.32

SNOWFALL (IN)
  YESTERDAY       MM             6.2  1897   0.3   MM        0.0
  MONTH TO DATE    3.6                       5.5   -1.9      1.2
  SINCE DEC 1      7.5                      12.4   -4.9      6.1
  SINCE JUL 1      7.5                      13.5   -6.0      6.1
  SNOW DEPTH       2

DEGREE DAYS
 HEATING
  YESTERDAY       26                        37    -11       15
  MONTH TO DATE  926                       740    186      637
  SINCE DEC 1   1995                      1774    221     1704
  SINCE JUL 1   2899                      2816     83     2397

 COOLING
  YESTERDAY        0                         0      0        0
  MONTH TO DATE    0                         0      0        0
  SINCE DEC 1      0                         0      0        0
  SINCE JAN 1      0                         0      0        0
..................................................................


WIND (MPH)
  HIGHEST WIND SPEED    21   HIGHEST WIND DIRECTION    SW (230)
  HIGHEST GUST SPEED    27   HIGHEST GUST DIRECTION    SW (230)
  AVERAGE WIND SPEED    11.5


SKY COVER
  AVERAGE SKY COVER 0.8


WEATHER CONDITIONS
 THE FOLLOWING WEATHER WAS RECORDED YESTERDAY.
  LIGHT RAIN
  FOG
  FOG W/VISIBILITY <= 1/4 MILE


RELATIVE HUMIDITY (PERCENT)
 HIGHEST   100          1100 PM
 LOWEST     56           100 AM
 AVERAGE    78

..........................................................


THE INDIANAPOLIS IN CLIMATE NORMALS FOR TODAY
                         NORMAL    RECORD    YEAR
 MAXIMUM TEMPERATURE (F)   36        68      1906
 MINIMUM TEMPERATURE (F)   20       -21      1984


SUNRISE AND SUNSET
JANUARY 21 2018.......SUNRISE   801 AM EST   SUNSET   552 PM EST
JANUARY 22 2018.......SUNRISE   801 AM EST   SUNSET   553 PM EST


-  INDICATES NEGATIVE NUMBERS.
R  INDICATES RECORD WAS SET OR TIED.
MM INDICATES DATA IS MISSING.
T  INDICATES TRACE AMOUNT.




$$
