000
CDUS43 KIND 220533
CLIIND


CLIMATE REPORT
NATIONAL WEATHER SERVICE INDIANAPOLIS IN
133 AM EDT TUE JUL 22 2014


...................................

...THE INDIANAPOLIS IN CLIMATE SUMMARY FOR JULY 21 2014...

CLIMATE NORMAL PERIOD 1981 TO 2010
CLIMATE RECORD PERIOD 1871 TO 2014


WEATHER ITEM   OBSERVED TIME   RECORD YEAR NORMAL DEPARTURE LAST
                VALUE   (LST)  VALUE       VALUE  FROM      YEAR
                                                  NORMAL
..................................................................
TEMPERATURE (F)
 YESTERDAY
  MAXIMUM         85    509 PM 106    1934  85      0       83
  MINIMUM         62    547 AM  46    1944  66     -4       66
  AVERAGE         74                        75     -1       75

PRECIPITATION (IN)
  YESTERDAY        0.00          1.89 1973   0.14  -0.14     0.00
  MONTH TO DATE    0.94                      3.25  -2.31     2.14
  SINCE JUN 1      7.98                      7.50   0.48     5.80
  SINCE JAN 1     25.41                     24.90   0.51    27.63

SNOWFALL (IN)
  YESTERDAY        0.0           0.0    MM   0.0    0.0      0.0
  MONTH TO DATE    0.0                       0.0    0.0      0.0
  SINCE JUN 1      0.0                       0.0    0.0      0.0
  SINCE JUL 1      0.0                       0.0    0.0      0.0
  SNOW DEPTH       0

DEGREE DAYS
 HEATING
  YESTERDAY        0                         0      0        0
  MONTH TO DATE    3                         0      3        0
  SINCE JUN 1      5                        16    -11        9
  SINCE JUL 1      3                         0      3        0

 COOLING
  YESTERDAY        9                        10     -1       10
  MONTH TO DATE  124                       225   -101      234
  SINCE JUN 1    362                       451    -89      460
  SINCE JAN 1    466                       535    -69      589
..................................................................


WIND (MPH)
  HIGHEST WIND SPEED    10   HIGHEST WIND DIRECTION     S (180)
  HIGHEST GUST SPEED    14   HIGHEST GUST DIRECTION     S (170)
  AVERAGE WIND SPEED     2.4


SKY COVER
  AVERAGE SKY COVER 0.3


WEATHER CONDITIONS
 THE FOLLOWING WEATHER WAS RECORDED YESTERDAY.
  FOG
  HAZE


RELATIVE HUMIDITY (PERCENT)
 HIGHEST    93           200 AM
 LOWEST     44           200 PM
 AVERAGE    69

..........................................................


THE INDIANAPOLIS IN CLIMATE NORMALS FOR TODAY
                         NORMAL    RECORD    YEAR
 MAXIMUM TEMPERATURE (F)   85       106      1901
 MINIMUM TEMPERATURE (F)   66        49      1947


SUNRISE AND SUNSET
JULY 22 2014..........SUNRISE   635 AM EDT   SUNSET   907 PM EDT
JULY 23 2014..........SUNRISE   636 AM EDT   SUNSET   907 PM EDT


-  INDICATES NEGATIVE NUMBERS.
R  INDICATES RECORD WAS SET OR TIED.
MM INDICATES DATA IS MISSING.
T  INDICATES TRACE AMOUNT.




$$
