000
CDUS43 KIND 040531
CLIIND


CLIMATE REPORT
NATIONAL WEATHER SERVICE INDIANAPOLIS IN
130 AM EDT TUE AUG 4 2015


...................................

...THE INDIANAPOLIS IN CLIMATE SUMMARY FOR AUGUST 3 2015...

CLIMATE NORMAL PERIOD 1981 TO 2010
CLIMATE RECORD PERIOD 1871 TO 2015


WEATHER ITEM   OBSERVED TIME   RECORD YEAR NORMAL DEPARTURE LAST
                VALUE   (LST)  VALUE       VALUE  FROM      YEAR
                                                  NORMAL
..................................................................
TEMPERATURE (F)
 YESTERDAY
  MAXIMUM         89    255 PM  98    1897  84      5       84
  MINIMUM         69   1159 PM  50    1965  65      4       61
  AVERAGE         79                        75      4       73

PRECIPITATION (IN)
  YESTERDAY        T             1.72 1925   0.11  -0.11     0.00
  MONTH TO DATE    T                         0.33  -0.33     0.01
  SINCE JUN 1     21.50                      9.13  12.37    10.15
  SINCE JAN 1     34.63                     26.53   8.10    27.58

SNOWFALL (IN)
  YESTERDAY        0.0           0.0    MM   0.0    0.0      0.0
  MONTH TO DATE    0.0                       0.0    0.0      0.0
  SINCE JUN 1      T                         0.0    0.0      0.0
  SINCE JUL 1      0.0                       0.0    0.0      0.0
  SNOW DEPTH       0

DEGREE DAYS
 HEATING
  YESTERDAY        0                         0      0        0
  MONTH TO DATE    0                         0      0        0
  SINCE JUN 1     16                        17     -1        6
  SINCE JUL 1      0                         1     -1        4

 COOLING
  YESTERDAY       14                        10      4        8
  MONTH TO DATE   34                        30      4       23
  SINCE JUN 1    589                       579     10      433
  SINCE JAN 1    737                       663     74      537
..................................................................


WIND (MPH)
  HIGHEST WIND SPEED    24   HIGHEST WIND DIRECTION     N (350)
  HIGHEST GUST SPEED    30   HIGHEST GUST DIRECTION     N (350)
  AVERAGE WIND SPEED    11.8


SKY COVER
  AVERAGE SKY COVER 0.6


WEATHER CONDITIONS
 THE FOLLOWING WEATHER WAS RECORDED YESTERDAY.
  THUNDERSTORM
  LIGHT RAIN


RELATIVE HUMIDITY (PERCENT)
 HIGHEST    78           600 AM
 LOWEST     44           300 PM
 AVERAGE    61

..........................................................


THE INDIANAPOLIS IN CLIMATE NORMALS FOR TODAY
                         NORMAL    RECORD    YEAR
 MAXIMUM TEMPERATURE (F)   84        99      1887
 MINIMUM TEMPERATURE (F)   65        49      1912


SUNRISE AND SUNSET
AUGUST  4 2015........SUNRISE   647 AM EDT   SUNSET   855 PM EDT
AUGUST  5 2015........SUNRISE   648 AM EDT   SUNSET   854 PM EDT


-  INDICATES NEGATIVE NUMBERS.
R  INDICATES RECORD WAS SET OR TIED.
MM INDICATES DATA IS MISSING.
T  INDICATES TRACE AMOUNT.




$$
