000
CDUS43 KIND 300533
CLIIND


CLIMATE REPORT
NATIONAL WEATHER SERVICE INDIANAPOLIS IN
133 AM EDT MON MAR 30 2015


...................................

...THE INDIANAPOLIS IN CLIMATE SUMMARY FOR MARCH 29 2015...

CLIMATE NORMAL PERIOD 1981 TO 2010
CLIMATE RECORD PERIOD 1871 TO 2015


WEATHER ITEM   OBSERVED TIME   RECORD YEAR NORMAL DEPARTURE LAST
                VALUE   (LST)  VALUE       VALUE  FROM      YEAR
                                                  NORMAL
..................................................................
TEMPERATURE (F)
 YESTERDAY
  MAXIMUM         51    430 PM  82    1895  57     -6       38
  MINIMUM         24    522 AM  16    1887  37    -13       32
  AVERAGE         38                        47     -9       35

PRECIPITATION (IN)
  YESTERDAY        0.06          1.46 1928   0.13  -0.07     0.55
  MONTH TO DATE    3.53                      3.30   0.23     2.38
  SINCE MAR 1      3.53                      3.30   0.23     2.38
  SINCE JAN 1      6.68                      8.28  -1.60     7.17

SNOWFALL (IN)
  YESTERDAY        0.0           0.5  1885   0.0    0.0       T
  MONTH TO DATE    5.9                       2.5    3.4      3.1
  SINCE MAR 1      5.9                       2.5    3.4      3.1
  SINCE JUL 1     25.6                      25.6    0.0     55.4
  SNOW DEPTH       0

DEGREE DAYS
 HEATING
  YESTERDAY       27                        18      9       30
  MONTH TO DATE  763                       671     92      860
  SINCE MAR 1    763                       671     92      860
  SINCE JUL 1   5489                      4814    675     5657

 COOLING
  YESTERDAY        0                         0      0        0
  MONTH TO DATE    0                         0      0        0
  SINCE MAR 1      0                         0      0        0
  SINCE JAN 1      0                         0      0        0
..................................................................


WIND (MPH)
  HIGHEST WIND SPEED    28   HIGHEST WIND DIRECTION     S (190)
  HIGHEST GUST SPEED    36   HIGHEST GUST DIRECTION     S (170)
  AVERAGE WIND SPEED    13.6


SKY COVER
  AVERAGE SKY COVER 0.6


WEATHER CONDITIONS
 THE FOLLOWING WEATHER WAS RECORDED YESTERDAY.
  RAIN
  LIGHT RAIN


RELATIVE HUMIDITY (PERCENT)
 HIGHEST    76           900 PM
 LOWEST     23           100 PM
 AVERAGE    50

..........................................................


THE INDIANAPOLIS IN CLIMATE NORMALS FOR TODAY
                         NORMAL    RECORD    YEAR
 MAXIMUM TEMPERATURE (F)   58        82      1986
 MINIMUM TEMPERATURE (F)   37        17      1923


SUNRISE AND SUNSET
MARCH 30 2015.........SUNRISE   733 AM EDT   SUNSET   807 PM EDT
MARCH 31 2015.........SUNRISE   731 AM EDT   SUNSET   808 PM EDT


-  INDICATES NEGATIVE NUMBERS.
R  INDICATES RECORD WAS SET OR TIED.
MM INDICATES DATA IS MISSING.
T  INDICATES TRACE AMOUNT.




$$
