000
CDUS43 KIND 302331
CLIIND


CLIMATE REPORT
NATIONAL WEATHER SERVICE INDIANAPOLIS IN
731 PM EDT SUN APR 30 2017


...................................

...THE INDIANAPOLIS IN CLIMATE SUMMARY FOR APRIL 30 2017...
VALID AS OF 0700 PM LOCAL TIME.

CLIMATE NORMAL PERIOD 1981 TO 2010
CLIMATE RECORD PERIOD 1871 TO 2017


WEATHER ITEM   OBSERVED TIME   RECORD YEAR NORMAL DEPARTURE LAST
                VALUE   (LST)  VALUE       VALUE  FROM      YEAR
                                                  NORMAL
..................................................................
TEMPERATURE (F)
 TODAY
  MAXIMUM         70   1000 AM  90    1942  68      2       63
  MINIMUM         57    600 AM  31    1963  48      9       50
                                      1948
  AVERAGE         64                        58      6       57

PRECIPITATION (IN)
  TODAY            0.56          1.66 1986   0.14   0.42     0.93
  MONTH TO DATE    5.40                      3.81   1.59     5.86
  SINCE MAR 1     10.12                      7.37   2.75    10.06
  SINCE JAN 1     15.57                     12.35   3.22    13.77

SNOWFALL (IN)
  TODAY            0.0           0.0    MM   0.0    0.0      0.0
  MONTH TO DATE    0.0                       0.2   -0.2       T
  SINCE MAR 1      1.0                       2.8   -1.8      1.2
  SINCE JUL 1      9.7                      25.9  -16.2     13.3
  SNOW DEPTH      MM

..................................................................


WIND (MPH)
  HIGHEST WIND SPEED    29   HIGHEST WIND DIRECTION     S (200)
  HIGHEST GUST SPEED    34   HIGHEST GUST DIRECTION     S (200)
  AVERAGE WIND SPEED    11.2


SKY COVER
  AVERAGE SKY COVER 0.9


WEATHER CONDITIONS
 THE FOLLOWING WEATHER WAS RECORDED TODAY.
  THUNDERSTORM
  HEAVY RAIN
  RAIN
  LIGHT RAIN
  FOG


RELATIVE HUMIDITY (PERCENT)
 HIGHEST   100           200 AM
 LOWEST     78          1000 AM

..........................................................


THE INDIANAPOLIS IN CLIMATE NORMALS FOR TOMORROW
                         NORMAL    RECORD    YEAR
 MAXIMUM TEMPERATURE (F)   68        89      1942
 MINIMUM TEMPERATURE (F)   48        29      1963


SUNRISE AND SUNSET
APRIL 30 2017.........SUNRISE   647 AM EDT   SUNSET   839 PM EDT
MAY  1 2017...........SUNRISE   645 AM EDT   SUNSET   840 PM EDT


-  INDICATES NEGATIVE NUMBERS.
R  INDICATES RECORD WAS SET OR TIED.
MM INDICATES DATA IS MISSING.
T  INDICATES TRACE AMOUNT.




$$
