000
CDUS43 KIND 280546
CLIIND


CLIMATE REPORT
NATIONAL WEATHER SERVICE INDIANAPOLIS IN
146 AM EDT THU MAY 28 2015


...................................

...THE INDIANAPOLIS IN CLIMATE SUMMARY FOR MAY 27 2015...

CLIMATE NORMAL PERIOD 1981 TO 2010
CLIMATE RECORD PERIOD 1871 TO 2015


WEATHER ITEM   OBSERVED TIME   RECORD YEAR NORMAL DEPARTURE LAST
                VALUE   (LST)  VALUE       VALUE  FROM      YEAR
                                                  NORMAL
..................................................................
TEMPERATURE (F)
 YESTERDAY
  MAXIMUM         82   1155 AM  94    1911  76      6       85
  MINIMUM         63    602 AM  31    1961  56      7       66
  AVERAGE         73                        66      7       76

PRECIPITATION (IN)
  YESTERDAY        0.07          1.62 2000   0.15  -0.08     0.00
  MONTH TO DATE    1.09                      4.42  -3.33     4.85
  SINCE MAR 1      8.62                     11.79  -3.17    12.62
  SINCE JAN 1     11.77                     16.77  -5.00    17.41

SNOWFALL (IN)
  YESTERDAY        0.0           T    2001   0.0    0.0      0.0
  MONTH TO DATE    0.0                       0.0    0.0       T
  SINCE MAR 1      5.9                       2.8    3.1      3.4
  SINCE JUL 1     25.6                      25.9   -0.3     55.7
  SNOW DEPTH       0

DEGREE DAYS
 HEATING
  YESTERDAY        0                         3     -3        0
  MONTH TO DATE   75                       133    -58      153
  SINCE MAR 1   1178                      1212    -34     1409
  SINCE JUL 1   5904                      5355    549     6206

 COOLING
  YESTERDAY        8                         4      4       11
  MONTH TO DATE  115                        53     62       65
  SINCE MAR 1    121                        68     53       69
  SINCE JAN 1    121                        68     53       69
..................................................................


WIND (MPH)
  HIGHEST WIND SPEED    25   HIGHEST WIND DIRECTION     S (190)
  HIGHEST GUST SPEED    30   HIGHEST GUST DIRECTION     S (200)
  AVERAGE WIND SPEED    12.0


SKY COVER
  AVERAGE SKY COVER 0.6


WEATHER CONDITIONS
 THE FOLLOWING WEATHER WAS RECORDED YESTERDAY.
  THUNDERSTORM
  LIGHT RAIN
  FOG


RELATIVE HUMIDITY (PERCENT)
 HIGHEST    93           600 AM
 LOWEST     47          1200 PM
 AVERAGE    70

..........................................................


THE INDIANAPOLIS IN CLIMATE NORMALS FOR TODAY
                         NORMAL    RECORD    YEAR
 MAXIMUM TEMPERATURE (F)   76        96      1911
 MINIMUM TEMPERATURE (F)   57        39      1907


SUNRISE AND SUNSET
MAY 28 2015...........SUNRISE   621 AM EDT   SUNSET   904 PM EDT
MAY 29 2015...........SUNRISE   621 AM EDT   SUNSET   905 PM EDT


-  INDICATES NEGATIVE NUMBERS.
R  INDICATES RECORD WAS SET OR TIED.
MM INDICATES DATA IS MISSING.
T  INDICATES TRACE AMOUNT.




$$
