957
CDUS43 KIND 060531
CLIIND


CLIMATE REPORT
NATIONAL WEATHER SERVICE INDIANAPOLIS IN
1231 AM EST SAT FEB 6 2016


...................................

...THE INDIANAPOLIS IN CLIMATE SUMMARY FOR FEBRUARY 5 2016...

CLIMATE NORMAL PERIOD 1981 TO 2010
CLIMATE RECORD PERIOD 1871 TO 2016


WEATHER ITEM   OBSERVED TIME   RECORD YEAR NORMAL DEPARTURE LAST
                VALUE   (LST)  VALUE       VALUE  FROM      YEAR
                                                  NORMAL
..................................................................
TEMPERATURE (F)
 YESTERDAY
  MAXIMUM         41    314 PM  66    1927  37      4       24
  MINIMUM         20    805 AM -16    1979  22     -2        5
  AVERAGE         31                        30      1       15

PRECIPITATION (IN)
  YESTERDAY        0.00          1.83 2008   0.09  -0.09     0.00
  MONTH TO DATE    0.30                      0.42  -0.12     0.37
  SINCE DEC 1      7.35                      6.25   1.10     4.73
  SINCE JAN 1      1.76                      3.08  -1.32     2.18

SNOWFALL (IN)
  YESTERDAY        0.0           5.3  2010   0.3   -0.3      0.0
  MONTH TO DATE    T                         1.4   -1.4      2.6
  SINCE DEC 1      6.4                      16.9  -10.5      5.8
  SINCE JUL 1      7.7                      18.0  -10.3      8.5
  SNOW DEPTH       0

DEGREE DAYS
 HEATING
  YESTERDAY       34                        35     -1       50
  MONTH TO DATE  133                       179    -46      205
  SINCE DEC 1   1930                      2358   -428     2403
  SINCE JUL 1   2717                      3400   -683     3682

 COOLING
  YESTERDAY        0                         0      0        0
  MONTH TO DATE    0                         0      0        0
  SINCE DEC 1      0                         0      0        0
  SINCE JAN 1      0                         0      0        0
..................................................................


WIND (MPH)
  HIGHEST WIND SPEED    17   HIGHEST WIND DIRECTION     W (260)
  HIGHEST GUST SPEED    21   HIGHEST GUST DIRECTION    SW (230)
  AVERAGE WIND SPEED     7.2


SKY COVER
  AVERAGE SKY COVER 0.2


WEATHER CONDITIONS
 THE FOLLOWING WEATHER WAS RECORDED YESTERDAY.
  NO SIGNIFICANT WEATHER WAS OBSERVED.


RELATIVE HUMIDITY (PERCENT)
 HIGHEST    84           700 AM
 LOWEST     44           100 PM
 AVERAGE    64

..........................................................


THE INDIANAPOLIS IN CLIMATE NORMALS FOR TODAY
                         NORMAL    RECORD    YEAR
 MAXIMUM TEMPERATURE (F)   38        64      1925
 MINIMUM TEMPERATURE (F)   22       -12      1977


SUNRISE AND SUNSET
FEBRUARY  6 2016......SUNRISE   749 AM EST   SUNSET   610 PM EST
FEBRUARY  7 2016......SUNRISE   747 AM EST   SUNSET   611 PM EST


-  INDICATES NEGATIVE NUMBERS.
R  INDICATES RECORD WAS SET OR TIED.
MM INDICATES DATA IS MISSING.
T  INDICATES TRACE AMOUNT.




$$
