000
CDUS43 KDLH 120638
CLIINL


CLIMATE REPORT
NATIONAL WEATHER SERVICE DULUTH MN
137 AM CDT SAT JUL 12 2014


...................................

...THE INTERNATIONAL FALLS MN CLIMATE SUMMARY FOR JULY 11 2014...

CLIMATE NORMAL PERIOD 1981 TO 2010
CLIMATE RECORD PERIOD 1895 TO 2014


WEATHER ITEM   OBSERVED TIME   RECORD YEAR NORMAL DEPARTURE LAST
                VALUE   (LST)  VALUE       VALUE  FROM      YEAR
                                                  NORMAL
..................................................................
TEMPERATURE (F)
 YESTERDAY
  MAXIMUM         82    233 PM  94    1921  78      4       81
  MINIMUM         54   1159 PM  32    1911  53      1       45
  AVERAGE         68                        65      3       63

PRECIPITATION (IN)
  YESTERDAY        0.25          2.04 2008   0.12   0.13     0.00
  MONTH TO DATE    1.18                      1.55  -0.37     1.62
  SINCE JUN 1     11.42                      5.47   5.95     3.22
  SINCE JAN 1     20.24                     12.00   8.24    15.60

SNOWFALL (IN)
  YESTERDAY        0.0           0.0  2002   0.0    0.0      0.0
                                      2001
  MONTH TO DATE    0.0                       0.0    0.0      0.0
  SINCE JUN 1      0.0                       0.0    0.0      0.0
  SINCE JUL 1      0.0                       0.0    0.0      0.0
  SNOW DEPTH       0

DEGREE DAYS
 HEATING
  YESTERDAY        0                         2     -2        2
  MONTH TO DATE   42                        29     13        2
  SINCE JUN 1    171                       193    -22      171
  SINCE JUL 1     42                        29     13        2

 COOLING
  YESTERDAY        3                         3      0        0
  MONTH TO DATE   18                        24     -6       30
  SINCE JUN 1     47                        62    -15       64
  SINCE JAN 1     70                        71     -1       67
..................................................................


WIND (MPH)
  HIGHEST WIND SPEED    22   HIGHEST WIND DIRECTION    NW (310)
  HIGHEST GUST SPEED    44   HIGHEST GUST DIRECTION     W (290)
  AVERAGE WIND SPEED     6.6


SKY COVER
  AVERAGE SKY COVER 0.5


WEATHER CONDITIONS
 THE FOLLOWING WEATHER WAS RECORDED YESTERDAY.
  THUNDERSTORM
  HEAVY RAIN
  LIGHT RAIN
  FOG
  HAZE


RELATIVE HUMIDITY (PERCENT)
 HIGHEST    93           300 AM
 LOWEST     45           600 PM
 AVERAGE    69

..........................................................


THE INTERNATIONAL FALLS MN CLIMATE NORMALS FOR TODAY
                         NORMAL    RECORD    YEAR
 MAXIMUM TEMPERATURE (F)   78        96      1921
 MINIMUM TEMPERATURE (F)   53        35      2009


SUNRISE AND SUNSET
JULY 12 2014..........SUNRISE   524 AM CDT   SUNSET   914 PM CDT
JULY 13 2014..........SUNRISE   525 AM CDT   SUNSET   913 PM CDT


-  INDICATES NEGATIVE NUMBERS.
R  INDICATES RECORD WAS SET OR TIED.
MM INDICATES DATA IS MISSING.
T  INDICATES TRACE AMOUNT.




$$
