000
CDUS43 KDLH 192234
CLIINL


CLIMATE REPORT
NATIONAL WEATHER SERVICE DULUTH MN
527 PM CDT TUE SEP 19 2017


...................................

...THE INTERNATIONAL FALLS MN CLIMATE SUMMARY FOR SEPTEMBER 19 2017...
VALID TODAY AS OF 0500 PM LOCAL TIME.

CLIMATE NORMAL PERIOD 1981 TO 2010
CLIMATE RECORD PERIOD 1895 TO 2017


WEATHER ITEM   OBSERVED TIME   RECORD YEAR NORMAL DEPARTURE LAST
                VALUE   (LST)  VALUE       VALUE  FROM      YEAR
                                                  NORMAL
..................................................................
TEMPERATURE (F)
 TODAY
  MAXIMUM         72    136 PM  86    1970  64      8       69
                                      1914
  MINIMUM         53    551 AM  27    1992  40     13       45
  AVERAGE         63                        52     11       57

PRECIPITATION (IN)
  TODAY            0.00                      0.10  -0.10     0.00
  MONTH TO DATE    1.35                      1.94  -0.59     1.85
  SINCE SEP 1      1.35                      1.94  -0.59     1.85
  SINCE JAN 1     18.09                     18.90  -0.81    22.41

SNOWFALL (IN)
  TODAY            0.0                       0.0    0.0      0.0
  MONTH TO DATE    0.0                       0.0    0.0      0.0
  SINCE JUL 1      0.0                       0.0    0.0      0.0
  SNOW DEPTH       0

DEGREE DAYS
 HEATING
  TODAY            2                        13    -11        8
  MONTH TO DATE  159                       182    -23      114
  SINCE SEP 1    159                       182    -23      114
  SINCE JUL 1    370                       363      7      231

 COOLING
  TODAY            0                         0      0        0
  MONTH TO DATE    4                         9     -5        7
  SINCE SEP 1      4                         9     -5        7
  SINCE JAN 1     83                       190   -107      155
..................................................................


WIND (MPH)
  HIGHEST WIND SPEED    16   HIGHEST WIND DIRECTION    SE (140)
  HIGHEST GUST SPEED    21   HIGHEST GUST DIRECTION    SE (140)


SKY COVER
  AVERAGE SKY COVER 0.9


WEATHER CONDITIONS
 THE FOLLOWING WEATHER WAS RECORDED TODAY.
  FOG


RELATIVE HUMIDITY (PERCENT)
 HIGHEST    93           100 AM
 LOWEST     61           200 PM
 AVERAGE    77

..........................................................


THE INTERNATIONAL FALLS MN CLIMATE NORMALS FOR TOMORROW
                         NORMAL    RECORD    YEAR
 MAXIMUM TEMPERATURE (F)   63        85      1914
 MINIMUM TEMPERATURE (F)   40        20      1956


SUNRISE AND SUNSET
SEPTEMBER 19 2017.....SUNRISE   656 AM CDT   SUNSET   717 PM CDT
SEPTEMBER 20 2017.....SUNRISE   658 AM CDT   SUNSET   715 PM CDT


-  INDICATES NEGATIVE NUMBERS.
R  INDICATES RECORD WAS SET OR TIED.
MM INDICATES DATA IS MISSING.
T  INDICATES TRACE AMOUNT.




$$
