000
CDUS43 KDLH 270624
CLIINL


CLIMATE REPORT
NATIONAL WEATHER SERVICE DULUTH MN
1222 AM CST MON FEB 27 2017


...................................

...THE INTERNATIONAL FALLS MN CLIMATE SUMMARY FOR FEBRUARY 26 2017...

CLIMATE NORMAL PERIOD 1981 TO 2010
CLIMATE RECORD PERIOD 1895 TO 2017


WEATHER ITEM   OBSERVED TIME   RECORD YEAR NORMAL DEPARTURE LAST
                VALUE   (LST)  VALUE       VALUE  FROM      YEAR
                                                  NORMAL
..................................................................
TEMPERATURE (F)
 YESTERDAY
  MAXIMUM         19    517 PM  53    1958  26     -7       43
  MINIMUM          7   1159 PM -32    2015   3      4        7
                                      2011
  AVERAGE         13                        15     -2       25

PRECIPITATION (IN)
  YESTERDAY        0.02          0.37 1949   0.03  -0.01     0.00
  MONTH TO DATE    1.46                      0.52   0.94     0.68
  SINCE DEC 1      4.92                      1.95   2.97     2.34
  SINCE JAN 1      2.73                      1.14   1.59     1.27

SNOWFALL (IN)
  YESTERDAY        0.2           5.1  2012   0.4   -0.2      0.0
  MONTH TO DATE   12.2                      10.0    2.2      8.3
  SINCE DEC 1     54.6                      40.0   14.6     26.6
  SINCE JUL 1     63.0                      56.0    7.0     30.4
  SNOW DEPTH      10

DEGREE DAYS
 HEATING
  YESTERDAY       52                        50      2       40
  MONTH TO DATE 1237                      1431   -194     1383
  SINCE DEC 1   4575                      5023   -448     4392
  SINCE JUL 1   6381                      7484  -1103     6398

 COOLING
  YESTERDAY        0                         0      0        0
  MONTH TO DATE    0                         0      0        0
  SINCE DEC 1      0                         0      0        0
  SINCE JAN 1      0                         0      0        0
..................................................................


WIND (MPH)
  HIGHEST WIND SPEED    17   HIGHEST WIND DIRECTION     W (280)
  HIGHEST GUST SPEED    22   HIGHEST GUST DIRECTION     W (280)
  AVERAGE WIND SPEED     7.7


SKY COVER
  AVERAGE SKY COVER 0.4


WEATHER CONDITIONS
 THE FOLLOWING WEATHER WAS RECORDED YESTERDAY.
  LIGHT SNOW
  FOG
  HAZE


RELATIVE HUMIDITY (PERCENT)
 HIGHEST    83           100 AM
 LOWEST     43           500 PM
 AVERAGE    63

..........................................................


THE INTERNATIONAL FALLS MN CLIMATE NORMALS FOR TODAY
                         NORMAL    RECORD    YEAR
 MAXIMUM TEMPERATURE (F)   27        49      1914
 MINIMUM TEMPERATURE (F)    4       -36      2014


SUNRISE AND SUNSET
FEBRUARY 27 2017......SUNRISE   659 AM CST   SUNSET   555 PM CST
FEBRUARY 28 2017......SUNRISE   657 AM CST   SUNSET   556 PM CST


-  INDICATES NEGATIVE NUMBERS.
R  INDICATES RECORD WAS SET OR TIED.
MM INDICATES DATA IS MISSING.
T  INDICATES TRACE AMOUNT.




$$
