000
CDUS43 KDLH 180643
CLIINL


CLIMATE REPORT
NATIONAL WEATHER SERVICE DULUTH MN
1239 AM CST SAT NOV 18 2017


...................................

...THE INTERNATIONAL FALLS MN CLIMATE SUMMARY FOR NOVEMBER 17 2017...

CLIMATE NORMAL PERIOD 1981 TO 2010
CLIMATE RECORD PERIOD 1895 TO 2017


WEATHER ITEM   OBSERVED TIME   RECORD YEAR NORMAL DEPARTURE LAST
                VALUE   (LST)  VALUE       VALUE  FROM      YEAR
                                                  NORMAL
..................................................................
TEMPERATURE (F)
 YESTERDAY
  MAXIMUM         37    308 PM  68    1953  33      4       42
  MINIMUM         21   1159 PM -12    1914  17      4       29
  AVERAGE         29                        25      4       36

PRECIPITATION (IN)
  YESTERDAY        T             0.63 1958   0.04  -0.04     0.00
  MONTH TO DATE    1.03                      0.87   0.16     0.21
  SINCE SEP 1      5.61                      5.94  -0.33     5.02
  SINCE JAN 1     22.35                     22.90  -0.55    25.58

SNOWFALL (IN)
  YESTERDAY        T             4.4  1968   0.6   -0.6      0.0
  MONTH TO DATE   11.8                       6.7    5.1      0.0
  SINCE SEP 1     13.9                       9.0    4.9       T
  SINCE JUL 1     13.9                       9.0    4.9       T
  SNOW DEPTH       3

DEGREE DAYS
 HEATING
  YESTERDAY       36                        40     -4       29
  MONTH TO DATE  725                       603    122      364
  SINCE SEP 1   1643                      1699    -56     1228
  SINCE JUL 1   1854                      1880    -26     1345

 COOLING
  YESTERDAY        0                         0      0        0
  MONTH TO DATE    0                         0      0        0
  SINCE SEP 1      7                        11     -4        7
  SINCE JAN 1     86                       192   -106      155
..................................................................


WIND (MPH)
  HIGHEST WIND SPEED    22   HIGHEST WIND DIRECTION     S (160)
  HIGHEST GUST SPEED    36   HIGHEST GUST DIRECTION     S (160)
  AVERAGE WIND SPEED     8.3


SKY COVER
  AVERAGE SKY COVER 0.7


WEATHER CONDITIONS
 THE FOLLOWING WEATHER WAS RECORDED YESTERDAY.
  LIGHT SNOW
  HAZE


RELATIVE HUMIDITY (PERCENT)
 HIGHEST    82          1000 AM
 LOWEST     69           100 AM
 AVERAGE    76

..........................................................


THE INTERNATIONAL FALLS MN CLIMATE NORMALS FOR TODAY
                         NORMAL    RECORD    YEAR
 MAXIMUM TEMPERATURE (F)   32        54      2015
                                             2012
                                             2001
 MINIMUM TEMPERATURE (F)   16       -10      1911


SUNRISE AND SUNSET
NOVEMBER 18 2017......SUNRISE   727 AM CST   SUNSET   430 PM CST
NOVEMBER 19 2017......SUNRISE   728 AM CST   SUNSET   429 PM CST


-  INDICATES NEGATIVE NUMBERS.
R  INDICATES RECORD WAS SET OR TIED.
MM INDICATES DATA IS MISSING.
T  INDICATES TRACE AMOUNT.




$$
