000
CDUS43 KDLH 280634
CLIINL


CLIMATE REPORT
NATIONAL WEATHER SERVICE DULUTH MN
133 AM CDT TUE MAR 28 2017


...................................

...THE INTERNATIONAL FALLS MN CLIMATE SUMMARY FOR MARCH 27 2017...

CLIMATE NORMAL PERIOD 1981 TO 2010
CLIMATE RECORD PERIOD 1895 TO 2017


WEATHER ITEM   OBSERVED TIME   RECORD YEAR NORMAL DEPARTURE LAST
                VALUE   (LST)  VALUE       VALUE  FROM      YEAR
                                                  NORMAL
..................................................................
TEMPERATURE (F)
 YESTERDAY
  MAXIMUM         54    426 PM  60    1993  40     14       50
  MINIMUM         25    635 AM -15    1955  18      7       12
  AVERAGE         40                        29     11       31

PRECIPITATION (IN)
  YESTERDAY        0.00          0.50 1975   0.04  -0.04     0.00
  MONTH TO DATE    0.68                      0.80  -0.12     2.57
  SINCE MAR 1      0.68                      0.80  -0.12     2.57
  SINCE JAN 1      3.43                      1.99   1.44     3.94

SNOWFALL (IN)
  YESTERDAY        0.0           6.6  1975   0.2   -0.2      0.0
  MONTH TO DATE    4.5                       6.7   -2.2      9.3
  SINCE MAR 1      4.5                       6.7   -2.2      9.3
  SINCE JUL 1     67.8                      63.5    4.3     42.8
  SNOW DEPTH       2

DEGREE DAYS
 HEATING
  YESTERDAY       25                        36    -11       34
  MONTH TO DATE 1166                      1142     24     1003
  SINCE MAR 1   1166                      1142     24     1003
  SINCE JUL 1   7640                      8725  -1085     7535

 COOLING
  YESTERDAY        0                         0      0        0
  MONTH TO DATE    0                         0      0        0
  SINCE MAR 1      0                         0      0        0
  SINCE JAN 1      0                         0      0        0
..................................................................


WIND (MPH)
  HIGHEST WIND SPEED     9   HIGHEST WIND DIRECTION     N (350)
  HIGHEST GUST SPEED    12   HIGHEST GUST DIRECTION     N (350)
  AVERAGE WIND SPEED     2.2


SKY COVER
  AVERAGE SKY COVER 0.2


WEATHER CONDITIONS
 THE FOLLOWING WEATHER WAS RECORDED YESTERDAY.
  NO SIGNIFICANT WEATHER WAS OBSERVED.


RELATIVE HUMIDITY (PERCENT)
 HIGHEST    92          1200 AM
 LOWEST     30           600 PM
 AVERAGE    61

..........................................................


THE INTERNATIONAL FALLS MN CLIMATE NORMALS FOR TODAY
                         NORMAL    RECORD    YEAR
 MAXIMUM TEMPERATURE (F)   41        61      1998
 MINIMUM TEMPERATURE (F)   19       -11      1970


SUNRISE AND SUNSET
MARCH 28 2017.........SUNRISE   659 AM CDT   SUNSET   739 PM CDT
MARCH 29 2017.........SUNRISE   657 AM CDT   SUNSET   740 PM CDT


-  INDICATES NEGATIVE NUMBERS.
R  INDICATES RECORD WAS SET OR TIED.
MM INDICATES DATA IS MISSING.
T  INDICATES TRACE AMOUNT.




$$
