000
CDUS43 KDLH 312223
CLIINL


CLIMATE REPORT
NATIONAL WEATHER SERVICE DULUTH MN
520 PM CDT TUE MAY 31 2016


...................................

...THE INTERNATIONAL FALLS MN CLIMATE SUMMARY FOR MAY 31 2016...
VALID TODAY AS OF 0500 PM LOCAL TIME.

CLIMATE NORMAL PERIOD 1981 TO 2010
CLIMATE RECORD PERIOD 1895 TO 2016


WEATHER ITEM   OBSERVED TIME   RECORD YEAR NORMAL DEPARTURE LAST
                VALUE   (LST)  VALUE       VALUE  FROM      YEAR
                                                  NORMAL
..................................................................
TEMPERATURE (F)
 TODAY
  MAXIMUM         57   1214 AM  90    1988  69    -12       63
  MINIMUM         48    943 AM  29    2012  44      4       31
                                      1910
  AVERAGE         53                        56     -3       47

PRECIPITATION (IN)
  TODAY            0.73                      0.11   0.62     0.00
  MONTH TO DATE    1.61                      2.86  -1.25     4.79
  SINCE MAR 1      6.43                      5.34   1.09     6.15
  SINCE JAN 1      7.80                      6.53   1.27     8.17

SNOWFALL (IN)
  TODAY           MM                         0.0   MM        0.0
  MONTH TO DATE    T                         0.2   -0.2       T
  SINCE JUL 1     47.7                      71.0  -23.3     64.5
  SNOW DEPTH       0

DEGREE DAYS
 HEATING
  TODAY           12                         9      3       18
  MONTH TO DATE  367                       419    -52      452
  SINCE MAR 1   2296                      2474   -178     2380
  SINCE JUL 1   8828                     10057  -1229    10134

 COOLING
  TODAY            0                         1     -1        0
  MONTH TO DATE    2                         8     -6        0
  SINCE MAR 1      2                         9     -7        0
  SINCE JAN 1      2                         9     -7        0
..................................................................


WIND (MPH)
  HIGHEST WIND SPEED    22   HIGHEST WIND DIRECTION    SE (120)
  HIGHEST GUST SPEED    30   HIGHEST GUST DIRECTION    SE (120)


SKY COVER
  AVERAGE SKY COVER 0.9


WEATHER CONDITIONS
 THE FOLLOWING WEATHER WAS RECORDED TODAY.
  HEAVY RAIN
  RAIN
  LIGHT RAIN
  FOG


RELATIVE HUMIDITY (PERCENT)
 HIGHEST    96           300 PM
 LOWEST     72          1200 AM
 AVERAGE    84

..........................................................


THE INTERNATIONAL FALLS MN CLIMATE NORMALS FOR TOMORROW
                         NORMAL    RECORD    YEAR
 MAXIMUM TEMPERATURE (F)   70        91      1988
 MINIMUM TEMPERATURE (F)   44        23      1964


SUNRISE AND SUNSET
MAY 31 2016...........SUNRISE   516 AM CDT   SUNSET   907 PM CDT
JUNE  1 2016..........SUNRISE   515 AM CDT   SUNSET   908 PM CDT


-  INDICATES NEGATIVE NUMBERS.
R  INDICATES RECORD WAS SET OR TIED.
MM INDICATES DATA IS MISSING.
T  INDICATES TRACE AMOUNT.




$$
