000
CDUS45 KFGZ 240753
CLIINW
CLIMATE REPORT
NATIONAL WEATHER SERVICE FLAGSTAFF, AZ
1250 AM MST SUN MAY 24 2015


...................................

...THE WINSLOW AZ AIRPORT CLIMATE SUMMARY FOR MAY 23 2015...

CLIMATE NORMAL PERIOD 1981 TO 2010
CLIMATE RECORD PERIOD 1915 TO 2015


WEATHER ITEM   OBSERVED TIME   RECORD YEAR NORMAL DEPARTURE LAST
                VALUE   (LST)  VALUE       VALUE  FROM      YEAR
                                                  NORMAL
..................................................................
TEMPERATURE (F)
 YESTERDAY
  MAXIMUM         70    355 PM  99    2000  84    -14       77
  MINIMUM         37    315 AM  28    1930  47    -10       51
  AVERAGE         54                        66    -12       64

PRECIPITATION (IN)
  YESTERDAY        0.00          0.16 1992   0.01  -0.01     0.00
  MONTH TO DATE    0.72                      0.25   0.47      T
  SINCE SEP 1      6.16                      4.51   1.65     4.99
  SINCE JAN 1      3.31                      2.03   1.28     1.18

DEGREE DAYS
 HEATING
  YESTERDAY       11                         2      9        1
  MONTH TO DATE  142                        94     48      121
  SINCE JUL 1   3816                      4473   -657     4289

 COOLING
  YESTERDAY        0                         3     -3        0
  MONTH TO DATE    3                        36    -33       16
  SINCE JAN 1      3                        40    -37       17
..................................................................


WIND (MPH)
  HIGHEST WIND SPEED    23   HIGHEST WIND DIRECTION     W (270)
  HIGHEST GUST SPEED    31   HIGHEST GUST DIRECTION    SW (240)
  AVERAGE WIND SPEED     8.6


SKY COVER
  POSSIBLE SUNSHINE  MM
  AVERAGE SKY COVER 0.5


WEATHER CONDITIONS
 THE FOLLOWING WEATHER WAS RECORDED YESTERDAY.
  NO SIGNIFICANT WEATHER WAS OBSERVED.


RELATIVE HUMIDITY (PERCENT)
 HIGHEST    70           200 AM
 LOWEST     23           400 PM
 AVERAGE    47

..........................................................


THE WINSLOW AZ AIRPORT CLIMATE NORMALS FOR TODAY
                         NORMAL    RECORD    YEAR
 MAXIMUM TEMPERATURE (F)   84        96      2000
 MINIMUM TEMPERATURE (F)   47        32      1930


SUNRISE AND SUNSET
MAY 24 2015...........SUNRISE   514 AM MST   SUNSET   726 PM MST
MAY 25 2015...........SUNRISE   513 AM MST   SUNSET   727 PM MST


-  INDICATES NEGATIVE NUMBERS.
R  INDICATES RECORD WAS SET OR TIED.
MM INDICATES DATA IS MISSING.
T  INDICATES TRACE AMOUNT.




$$
