000
CDUS45 KFGZ 080747
CLIINW
CLIMATE REPORT
NATIONAL WEATHER SERVICE FLAGSTAFF, AZ
1246 AM MST MON FEB 8 2016


...................................

...THE WINSLOW AZ AIRPORT CLIMATE SUMMARY FOR FEBRUARY 7 2016...

CLIMATE NORMAL PERIOD 1981 TO 2010
CLIMATE RECORD PERIOD 1915 TO 2016


WEATHER ITEM   OBSERVED TIME   RECORD YEAR NORMAL DEPARTURE LAST
                VALUE   (LST)  VALUE       VALUE  FROM      YEAR
                                                  NORMAL
..................................................................
TEMPERATURE (F)
 YESTERDAY
  MAXIMUM         56    433 PM  74    2015  54      2       74
  MINIMUM         15    725 AM   5    1989  23     -8       28
  AVERAGE         36                        38     -2       51

PRECIPITATION (IN)
  YESTERDAY        0.00          0.33 1937   0.02  -0.02     0.00
  MONTH TO DATE    0.22                      0.12   0.10     0.00
  SINCE SEP 1      4.59                      3.12   1.47     4.48
  SINCE JAN 1      0.57                      0.64  -0.07     1.63

DEGREE DAYS
 HEATING
  YESTERDAY       29                        26      3       14
  MONTH TO DATE  245                       189     56      121
  SINCE JUL 1   2933                      2992    -59     2558

 COOLING
  YESTERDAY        0                         0      0        0
  MONTH TO DATE    0                         0      0        0
  SINCE JAN 1      0                         0      0        0
..................................................................


WIND (MPH)
  HIGHEST WIND SPEED    13   HIGHEST WIND DIRECTION     W (290)
  HIGHEST GUST SPEED    15   HIGHEST GUST DIRECTION     W (290)
  AVERAGE WIND SPEED     5.1


SKY COVER
  POSSIBLE SUNSHINE  MM
  AVERAGE SKY COVER 0.0


WEATHER CONDITIONS
 THE FOLLOWING WEATHER WAS RECORDED YESTERDAY.
  NO SIGNIFICANT WEATHER WAS OBSERVED.


RELATIVE HUMIDITY (PERCENT)
 HIGHEST    88           700 AM
 LOWEST     22           400 PM
 AVERAGE    55

..........................................................


THE WINSLOW AZ AIRPORT CLIMATE NORMALS FOR TODAY
                         NORMAL    RECORD    YEAR
 MAXIMUM TEMPERATURE (F)   54        71      1963
 MINIMUM TEMPERATURE (F)   23        -2      1929


SUNRISE AND SUNSET
FEBRUARY  8 2016......SUNRISE   716 AM MST   SUNSET   558 PM MST
FEBRUARY  9 2016......SUNRISE   715 AM MST   SUNSET   559 PM MST


-  INDICATES NEGATIVE NUMBERS.
R  INDICATES RECORD WAS SET OR TIED.
MM INDICATES DATA IS MISSING.
T  INDICATES TRACE AMOUNT.




$$
