000
CDUS45 KFGZ 300052
CLIINW
CLIMATE REPORT
NATIONAL WEATHER SERVICE FLAGSTAFF, AZ
551 PM MST SAT APR 29 2017


...................................

...THE WINSLOW AZ AIRPORT CLIMATE SUMMARY FOR APRIL 29 2017...
VALID TODAY AS OF 0500 PM LOCAL TIME.

CLIMATE NORMAL PERIOD 1981 TO 2010
CLIMATE RECORD PERIOD 1915 TO 2017


WEATHER ITEM   OBSERVED TIME   RECORD YEAR NORMAL DEPARTURE LAST
                VALUE   (LST)  VALUE       VALUE  FROM      YEAR
                                                  NORMAL
..................................................................
TEMPERATURE (F)
 TODAY
  MAXIMUM         62    340 PM  89    2013  76    -14       66
  MINIMUM         28    536 AM  21    1996  41    -13       35
  AVERAGE         45                        58    -13       51

PRECIPITATION (IN)
  TODAY            0.00          0.39 1926   0.00   0.00      T
  MONTH TO DATE    0.11                      0.25  -0.14     0.22
  SINCE SEP 1      4.82                      4.25   0.57     4.85
  SINCE JAN 1      1.74                      1.77  -0.03     0.83

DEGREE DAYS
 HEATING
  TODAY           20                         7     13       14
  MONTH TO DATE  281                       320    -39      313
  SINCE JUL 1   3487                      4373   -886     4109

 COOLING
  TODAY            0                         0      0        0
  MONTH TO DATE    0                         0      0        0
  SINCE JAN 1      0                         0      0        0
..................................................................


WIND (MPH)
  HIGHEST WIND SPEED    26   HIGHEST WIND DIRECTION    NW (320)
  HIGHEST GUST SPEED    43   HIGHEST GUST DIRECTION    NW (330)
  AVERAGE WIND SPEED    12.9


SKY COVER
  POSSIBLE SUNSHINE  MM
  AVERAGE SKY COVER 0.2


WEATHER CONDITIONS
 THE FOLLOWING WEATHER WAS RECORDED TODAY.
  NO SIGNIFICANT WEATHER WAS OBSERVED.


RELATIVE HUMIDITY (PERCENT)
 HIGHEST    53           600 AM
 LOWEST     17           300 PM
 AVERAGE    35

..........................................................


THE WINSLOW AZ AIRPORT CLIMATE NORMALS FOR TOMORROW
                         NORMAL    RECORD    YEAR
 MAXIMUM TEMPERATURE (F)   76        92      1943
 MINIMUM TEMPERATURE (F)   41        23      2010


SUNRISE AND SUNSET
APRIL 29 2017.........SUNRISE   534 AM MST   SUNSET   707 PM MST
APRIL 30 2017.........SUNRISE   533 AM MST   SUNSET   708 PM MST


-  INDICATES NEGATIVE NUMBERS.
R  INDICATES RECORD WAS SET OR TIED.
MM INDICATES DATA IS MISSING.
T  INDICATES TRACE AMOUNT.




$$
