000
CDUS45 KFGZ 220051
CLIINW
CLIMATE REPORT
NATIONAL WEATHER SERVICE FLAGSTAFF, AZ
550 PM MST TUE OCT 21 2014


...................................

...THE WINSLOW AZ AIRPORT CLIMATE SUMMARY FOR OCTOBER 21 2014...
VALID TODAY AS OF 0500 PM LOCAL TIME.

CLIMATE NORMAL PERIOD 1981 TO 2010
CLIMATE RECORD PERIOD 1898 TO 2014


WEATHER ITEM   OBSERVED TIME   RECORD YEAR NORMAL DEPARTURE LAST
                VALUE   (LST)  VALUE       VALUE  FROM      YEAR
                                                  NORMAL
..................................................................
TEMPERATURE (F)
 TODAY
  MAXIMUM         76    404 PM  85    1921  72      4       71
  MINIMUM         44    620 AM  24    1996  37      7       32
  AVERAGE         60                        54      6       52

PRECIPITATION (IN)
  TODAY            0.00          0.87 1932   0.02  -0.02     0.00
  MONTH TO DATE    0.32                      0.37  -0.05     0.25
  SINCE SEP 1      1.66                      1.25   0.41     1.18
  SINCE JAN 1      5.84                      5.78   0.06     6.88

DEGREE DAYS
 HEATING
  TODAY            5                        11     -6       13
  MONTH TO DATE   89                       148    -59      245
  SINCE JUL 1    102                       179    -77      278

 COOLING
  TODAY            0                         0      0        0
  MONTH TO DATE    1                         6     -5        0
  SINCE JAN 1   1327                      1207    120     1380
..................................................................


WIND (MPH)
  HIGHEST WIND SPEED    10   HIGHEST WIND DIRECTION     E (110)
  HIGHEST GUST SPEED    14   HIGHEST GUST DIRECTION     E (80)
  AVERAGE WIND SPEED     5.5


SKY COVER
  POSSIBLE SUNSHINE  MM
  AVERAGE SKY COVER 0.0


WEATHER CONDITIONS
 THE FOLLOWING WEATHER WAS RECORDED TODAY.
  NO SIGNIFICANT WEATHER WAS OBSERVED.


RELATIVE HUMIDITY (PERCENT)
 HIGHEST    89           600 AM
 LOWEST     27           300 PM
 AVERAGE    58

..........................................................


THE WINSLOW AZ AIRPORT CLIMATE NORMALS FOR TOMORROW
                         NORMAL    RECORD    YEAR
 MAXIMUM TEMPERATURE (F)   71        85      1921
 MINIMUM TEMPERATURE (F)   37        18      1996


SUNRISE AND SUNSET
OCTOBER 21 2014.......SUNRISE   634 AM MST   SUNSET   541 PM MST
OCTOBER 22 2014.......SUNRISE   635 AM MST   SUNSET   539 PM MST


-  INDICATES NEGATIVE NUMBERS.
R  INDICATES RECORD WAS SET OR TIED.
MM INDICATES DATA IS MISSING.
T  INDICATES TRACE AMOUNT.




$$
