000
CDUS45 KFGZ 010056
CLIINW
CLIMATE REPORT
NATIONAL WEATHER SERVICE FLAGSTAFF, AZ
554 PM MST SAT FEB 28 2015


...................................

...THE WINSLOW AZ AIRPORT CLIMATE SUMMARY FOR FEBRUARY 28 2015...
VALID TODAY AS OF 0500 PM LOCAL TIME.

CLIMATE NORMAL PERIOD 1981 TO 2010
CLIMATE RECORD PERIOD 1915 TO 2015


WEATHER ITEM   OBSERVED TIME   RECORD YEAR NORMAL DEPARTURE LAST
                VALUE   (LST)  VALUE       VALUE  FROM      YEAR
                                                  NORMAL
..................................................................
TEMPERATURE (F)
 TODAY
  MAXIMUM         56    352 PM  76    1940  59     -3       66
  MINIMUM         34    207 AM   8    1962  28      6       37
  AVERAGE         45                        44      1       52

PRECIPITATION (IN)
  TODAY            0.03          0.27 1934   0.02   0.01     0.00
  MONTH TO DATE    0.44                      0.46  -0.02     0.02
  SINCE SEP 1      4.92                      3.46   1.46     3.83
  SINCE JAN 1      2.07                      0.98   1.09     0.02

DEGREE DAYS
 HEATING
  TODAY           20                        21     -1       13
  MONTH TO DATE  502                       690   -188      547
  SINCE JUL 1   2939                      3495   -556     3367

 COOLING
  TODAY            0                         0      0        0
  MONTH TO DATE    0                         0      0        0
  SINCE JAN 1      0                         0      0        0
..................................................................


WIND (MPH)
  HIGHEST WIND SPEED    40   HIGHEST WIND DIRECTION    SW (230)
  HIGHEST GUST SPEED    50   HIGHEST GUST DIRECTION    SW (230)
  AVERAGE WIND SPEED    14.9


SKY COVER
  POSSIBLE SUNSHINE  MM
  AVERAGE SKY COVER 0.7


WEATHER CONDITIONS
 THE FOLLOWING WEATHER WAS RECORDED TODAY.
  LIGHT RAIN


RELATIVE HUMIDITY (PERCENT)
 HIGHEST    96           200 AM
 LOWEST     41           400 PM
 AVERAGE    69

..........................................................


THE WINSLOW AZ AIRPORT CLIMATE NORMALS FOR TOMORROW
                         NORMAL    RECORD    YEAR
 MAXIMUM TEMPERATURE (F)   60        73      2008
                                             1986
 MINIMUM TEMPERATURE (F)   28        10      1929
                                             1925


SUNRISE AND SUNSET
FEBRUARY 28 2015......SUNRISE   654 AM MST   SUNSET   618 PM MST
MARCH  1 2015.........SUNRISE   653 AM MST   SUNSET   618 PM MST


-  INDICATES NEGATIVE NUMBERS.
R  INDICATES RECORD WAS SET OR TIED.
MM INDICATES DATA IS MISSING.
T  INDICATES TRACE AMOUNT.




$$
