000
CDUS45 KFGZ 220727
CLIINW
CLIMATE REPORT
NATIONAL WEATHER SERVICE FLAGSTAFF, AZ
1226 AM MST SAT NOV 22 2014


...................................

...THE WINSLOW AZ AIRPORT CLIMATE SUMMARY FOR NOVEMBER 21 2014...

CLIMATE NORMAL PERIOD 1981 TO 2010
CLIMATE RECORD PERIOD 1898 TO 2014


WEATHER ITEM   OBSERVED TIME   RECORD YEAR NORMAL DEPARTURE LAST
                VALUE   (LST)  VALUE       VALUE  FROM      YEAR
                                                  NORMAL
..................................................................
TEMPERATURE (F)
 YESTERDAY
  MAXIMUM         57    426 PM  74    1927  57      0       58
  MINIMUM         28   1141 PM   7    1956  26      2       40
  AVERAGE         43                        42      1       49

PRECIPITATION (IN)
  YESTERDAY        0.00          0.35 2004   0.01  -0.01     0.19
  MONTH TO DATE    T                         0.35  -0.35     0.23
  SINCE SEP 1      1.73                      1.76  -0.03     1.45
  SINCE JAN 1      5.91                      6.29  -0.38     7.15

DEGREE DAYS
 HEATING
  YESTERDAY       22                        23     -1       16
  MONTH TO DATE  381                       401    -20      365
  SINCE JUL 1    539                       707   -168      778

 COOLING
  YESTERDAY        0                         0      0        0
  MONTH TO DATE    0                         0      0        0
  SINCE JAN 1   1327                      1208    119     1380
..................................................................


WIND (MPH)
  HIGHEST WIND SPEED    14   HIGHEST WIND DIRECTION     E (110)
  HIGHEST GUST SPEED    17   HIGHEST GUST DIRECTION     E (110)
  AVERAGE WIND SPEED     4.4


SKY COVER
  POSSIBLE SUNSHINE  MM
  AVERAGE SKY COVER 0.0


WEATHER CONDITIONS
 THE FOLLOWING WEATHER WAS RECORDED YESTERDAY.
  NO SIGNIFICANT WEATHER WAS OBSERVED.


RELATIVE HUMIDITY (PERCENT)
 HIGHEST    49          1000 PM
 LOWEST     19           200 PM
 AVERAGE    34

..........................................................


THE WINSLOW AZ AIRPORT CLIMATE NORMALS FOR TODAY
                         NORMAL    RECORD    YEAR
 MAXIMUM TEMPERATURE (F)   57        76      1927
 MINIMUM TEMPERATURE (F)   26         5      1929


SUNRISE AND SUNSET
NOVEMBER 22 2014......SUNRISE   704 AM MST   SUNSET   514 PM MST
NOVEMBER 23 2014......SUNRISE   705 AM MST   SUNSET   513 PM MST


-  INDICATES NEGATIVE NUMBERS.
R  INDICATES RECORD WAS SET OR TIED.
MM INDICATES DATA IS MISSING.
T  INDICATES TRACE AMOUNT.




$$
