000
CDUS45 KFGZ 220956
CLIINW
CLIMATE REPORT
NATIONAL WEATHER SERVICE FLAGSTAFF, AZ
255 AM MST WED MAR 22 2017


...................................

...THE WINSLOW AZ AIRPORT CLIMATE SUMMARY FOR MARCH 21 2017...

CLIMATE NORMAL PERIOD 1981 TO 2010
CLIMATE RECORD PERIOD 1915 TO 2017


WEATHER ITEM   OBSERVED TIME   RECORD YEAR NORMAL DEPARTURE LAST
                VALUE   (LST)  VALUE       VALUE  FROM      YEAR
                                                  NORMAL
..................................................................
TEMPERATURE (F)
 YESTERDAY
  MAXIMUM         81    326 PM  83    2004  65     16       79
  MINIMUM         44    459 AM  13    1955  31     13       37
  AVERAGE         63                        48     15       58

PRECIPITATION (IN)
  YESTERDAY        0.00          0.16 1916   0.02  -0.02     0.00
  MONTH TO DATE    0.00                      0.36  -0.36      T
  SINCE SEP 1      4.61                      3.82   0.79     4.59
  SINCE JAN 1      1.53                      1.34   0.19     0.57

DEGREE DAYS
 HEATING
  YESTERDAY        2                        17    -15        7
  MONTH TO DATE  260                       400   -140      280
  SINCE JUL 1   3066                      3895   -829     3614

 COOLING
  YESTERDAY        0                         0      0        0
  MONTH TO DATE    0                         0      0        0
  SINCE JAN 1      0                         0      0        0
..................................................................


WIND (MPH)
  HIGHEST WIND SPEED    24   HIGHEST WIND DIRECTION    SW (230)
  HIGHEST GUST SPEED    31   HIGHEST GUST DIRECTION    SW (230)
  AVERAGE WIND SPEED     9.1


SKY COVER
  POSSIBLE SUNSHINE  MM
  AVERAGE SKY COVER 0.0


WEATHER CONDITIONS
 THE FOLLOWING WEATHER WAS RECORDED YESTERDAY.
  NO SIGNIFICANT WEATHER WAS OBSERVED.


RELATIVE HUMIDITY (PERCENT)
 HIGHEST    58           500 AM
 LOWEST     10           200 PM
 AVERAGE    34

..........................................................


THE WINSLOW AZ AIRPORT CLIMATE NORMALS FOR TODAY
                         NORMAL    RECORD    YEAR
 MAXIMUM TEMPERATURE (F)   65        80      2004
 MINIMUM TEMPERATURE (F)   31        15      1955


SUNRISE AND SUNSET
MARCH 22 2017.........SUNRISE   623 AM MST   SUNSET   637 PM MST
MARCH 23 2017.........SUNRISE   622 AM MST   SUNSET   637 PM MST


-  INDICATES NEGATIVE NUMBERS.
R  INDICATES RECORD WAS SET OR TIED.
MM INDICATES DATA IS MISSING.
T  INDICATES TRACE AMOUNT.




$$
