000
CDUS45 KFGZ 120054
CLIINW
CLIMATE REPORT
NATIONAL WEATHER SERVICE FLAGSTAFF, AZ
553 PM MST MON DEC 11 2017


...................................

...THE WINSLOW AZ AIRPORT CLIMATE SUMMARY FOR DECEMBER 11 2017...
VALID TODAY AS OF 0500 PM LOCAL TIME.

CLIMATE NORMAL PERIOD 1981 TO 2010
CLIMATE RECORD PERIOD 1915 TO 2017


WEATHER ITEM   OBSERVED TIME   RECORD YEAR NORMAL DEPARTURE LAST
                VALUE   (LST)  VALUE       VALUE  FROM      YEAR
                                                  NORMAL
..................................................................
TEMPERATURE (F)
 TODAY
  MAXIMUM         46    414 PM  71    1939  49     -3       64
  MINIMUM          9    619 AM  -6    1961  21    -12       34
  AVERAGE         28                        35     -7       49

PRECIPITATION (IN)
  TODAY            0.00          0.86 1923   0.02  -0.02     0.00
  MONTH TO DATE    0.01                      0.20  -0.19     0.00
  SINCE SEP 1      0.23                      2.12  -1.89     2.02
  SINCE JAN 1      4.26                      6.65  -2.39     5.64

DEGREE DAYS
 HEATING
  TODAY           37                        30      7       16
  MONTH TO DATE  294                       317    -23      288
  SINCE JUL 1    976                      1253   -277      979

 COOLING
  TODAY            0                         0      0        0
  MONTH TO DATE    0                         0      0        0
  SINCE JAN 1   1443                      1208    235     1278
..................................................................


WIND (MPH)
  HIGHEST WIND SPEED     7   HIGHEST WIND DIRECTION    SW (230)
  HIGHEST GUST SPEED     8   HIGHEST GUST DIRECTION     W (290)
  AVERAGE WIND SPEED     2.3


SKY COVER
  POSSIBLE SUNSHINE  MM
  AVERAGE SKY COVER 0.0


WEATHER CONDITIONS
 THE FOLLOWING WEATHER WAS RECORDED TODAY.
  NO SIGNIFICANT WEATHER WAS OBSERVED.


RELATIVE HUMIDITY (PERCENT)
 HIGHEST    46           700 AM
 LOWEST     14           400 PM
 AVERAGE    30

..........................................................


THE WINSLOW AZ AIRPORT CLIMATE NORMALS FOR TOMORROW
                         NORMAL    RECORD    YEAR
 MAXIMUM TEMPERATURE (F)   49        69      1995
 MINIMUM TEMPERATURE (F)   21       -11      1961


SUNRISE AND SUNSET
DECEMBER 11 2017......SUNRISE   721 AM MST   SUNSET   512 PM MST
DECEMBER 12 2017......SUNRISE   722 AM MST   SUNSET   512 PM MST


-  INDICATES NEGATIVE NUMBERS.
R  INDICATES RECORD WAS SET OR TIED.
MM INDICATES DATA IS MISSING.
T  INDICATES TRACE AMOUNT.




$$
