000
CDUS45 KFGZ 280056
CLIINW
CLIMATE REPORT
NATIONAL WEATHER SERVICE FLAGSTAFF, AZ
555 PM MST FRI MAR 27 2015


...................................

...THE WINSLOW AZ AIRPORT CLIMATE SUMMARY FOR MARCH 27 2015...
VALID TODAY AS OF 0500 PM LOCAL TIME.

CLIMATE NORMAL PERIOD 1981 TO 2010
CLIMATE RECORD PERIOD 1915 TO 2015


WEATHER ITEM   OBSERVED TIME   RECORD YEAR NORMAL DEPARTURE LAST
                VALUE   (LST)  VALUE       VALUE  FROM      YEAR
                                                  NORMAL
..................................................................
TEMPERATURE (F)
 TODAY
  MAXIMUM         81R   419 PM  81    1971  66     15       63
  MINIMUM         28    632 AM  16    1942  32     -4       37
  AVERAGE         55                        49      6       50

PRECIPITATION (IN)
  TODAY            0.00          0.44 1991   0.02  -0.02     0.00
  MONTH TO DATE    0.22                      0.47  -0.25     1.00
  SINCE SEP 1      5.14                      3.93   1.21     4.83
  SINCE JAN 1      2.29                      1.45   0.84     1.02

DEGREE DAYS
 HEATING
  TODAY           10                        16     -6       15
  MONTH TO DATE  406                       498    -92      438
  SINCE JUL 1   3345                      3993   -648     3805

 COOLING
  TODAY            0                         0      0        0
  MONTH TO DATE    0                         0      0        0
  SINCE JAN 1      0                         0      0        0
..................................................................


WIND (MPH)
  HIGHEST WIND SPEED    10   HIGHEST WIND DIRECTION    NW (320)
  HIGHEST GUST SPEED    13   HIGHEST GUST DIRECTION    NE (30)
  AVERAGE WIND SPEED     3.5


SKY COVER
  POSSIBLE SUNSHINE  MM
  AVERAGE SKY COVER 0.0


WEATHER CONDITIONS
 THE FOLLOWING WEATHER WAS RECORDED TODAY.
  NO SIGNIFICANT WEATHER WAS OBSERVED.


RELATIVE HUMIDITY (PERCENT)
 HIGHEST    53           600 AM
 LOWEST      7           300 PM
 AVERAGE    30

..........................................................


THE WINSLOW AZ AIRPORT CLIMATE NORMALS FOR TOMORROW
                         NORMAL    RECORD    YEAR
 MAXIMUM TEMPERATURE (F)   67        80      1943
 MINIMUM TEMPERATURE (F)   32        15      1975


SUNRISE AND SUNSET
MARCH 27 2015.........SUNRISE   617 AM MST   SUNSET   640 PM MST
MARCH 28 2015.........SUNRISE   616 AM MST   SUNSET   641 PM MST


-  INDICATES NEGATIVE NUMBERS.
R  INDICATES RECORD WAS SET OR TIED.
MM INDICATES DATA IS MISSING.
T  INDICATES TRACE AMOUNT.




$$
