000
CDUS43 KDVN 272122
CLIIOW


CLIMATE REPORT
NATIONAL WEATHER SERVICE QUAD CITIES IA IL
421 PM CDT MON JUL 27 2015


...................................

...THE IOWA CITY IA CLIMATE SUMMARY FOR JULY 27 2015...
VALID TODAY AS OF 0400 PM LOCAL TIME.

CLIMATE NORMAL PERIOD 1981 TO 2010
CLIMATE RECORD PERIOD 9999 TO 9999


WEATHER ITEM   OBSERVED TIME   RECORD YEAR NORMAL DEPARTURE LAST
                VALUE   (LST)  VALUE       VALUE  FROM      YEAR
                                                  NORMAL
..................................................................
TEMPERATURE (F)
 TODAY
  MAXIMUM         86    111 PM  MM      MM  84      2       79
  MINIMUM         69    541 AM  MM      MM  65      4       66
  AVERAGE         78                        75      3       73

PRECIPITATION (IN)
  TODAY            0.00         MM      MM   0.11  -0.11      T
  MONTH TO DATE    1.55                      4.45  -2.90     2.96
  SINCE JUN 1      7.43                      9.06  -1.63    12.76
  SINCE JAN 1     17.28                     21.15  -3.87    23.81

DEGREE DAYS
 HEATING
  TODAY            0                         0      0        0
  MONTH TO DATE    2                         0      2       12
  SINCE JUN 1      9                        17     -8       16
  SINCE JUL 1      2                         0      2       12

 COOLING
  TODAY           13                        10      3        8
  MONTH TO DATE  238                       270    -32      150
  SINCE JUN 1    438                       481    -43      364
  SINCE JAN 1    501                       542    -41      453
..................................................................


WIND (MPH)
  HIGHEST WIND SPEED    12   HIGHEST WIND DIRECTION     E (110)
  HIGHEST GUST SPEED    15   HIGHEST GUST DIRECTION    SE (120)
  AVERAGE WIND SPEED     6.0


SKY COVER
  POSSIBLE SUNSHINE  MM
  AVERAGE SKY COVER 0.2


WEATHER CONDITIONS
 THE FOLLOWING WEATHER WAS RECORDED TODAY.
  NO SIGNIFICANT WEATHER WAS OBSERVED.


RELATIVE HUMIDITY (PERCENT)
 HIGHEST    97           500 AM
 LOWEST     65           200 PM
 AVERAGE    81

..........................................................


THE IOWA CITY IA CLIMATE NORMALS FOR TOMORROW
                         NORMAL    RECORD    YEAR
 MAXIMUM TEMPERATURE (F)   84        MM        MM
 MINIMUM TEMPERATURE (F)   65        MM        MM


SUNRISE AND SUNSET
JULY 27 2015..........SUNRISE   556 AM CDT   SUNSET   829 PM CDT
JULY 28 2015..........SUNRISE   556 AM CDT   SUNSET   828 PM CDT


-  INDICATES NEGATIVE NUMBERS.
R  INDICATES RECORD WAS SET OR TIED.
MM INDICATES DATA IS MISSING.
T  INDICATES TRACE AMOUNT.




$$
