000
CDUS43 KDVN 292137
CLIIOW


CLIMATE REPORT
NATIONAL WEATHER SERVICE QUAD CITIES IA IL
436 PM CDT MON SEP 29 2014


...................................

...THE IOWA CITY IA CLIMATE SUMMARY FOR SEPTEMBER 29 2014...
VALID TODAY AS OF 0400 PM LOCAL TIME.

CLIMATE NORMAL PERIOD 1981 TO 2010
CLIMATE RECORD PERIOD 9999 TO 9999


WEATHER ITEM   OBSERVED TIME   RECORD YEAR NORMAL DEPARTURE LAST
                VALUE   (LST)  VALUE       VALUE  FROM      YEAR
                                                  NORMAL
..................................................................
TEMPERATURE (F)
 TODAY
  MAXIMUM         83    329 PM  MM      MM  71     12       72
  MINIMUM         54    545 AM  MM      MM  47      7       43
  AVERAGE         69                        58     11       58

PRECIPITATION (IN)
  TODAY            0.00         MM      MM   0.09  -0.09     0.00
  MONTH TO DATE    5.87                      3.30   2.57     1.93
  SINCE SEP 1      5.87                      3.30   2.57     1.93
  SINCE JAN 1     33.30                     29.45   3.85    30.19

DEGREE DAYS
 HEATING
  TODAY            0                         8     -8        7
  MONTH TO DATE  117                        97     20       53
  SINCE SEP 1    117                        97     20       53
  SINCE JUL 1    129                       105     24       62

 COOLING
  TODAY            4                         1      3        0
  MONTH TO DATE   62                        77    -15      173
  SINCE SEP 1     62                        77    -15      173
  SINCE JAN 1    778                       899   -121     1041
..................................................................


WIND (MPH)
  HIGHEST WIND SPEED    12   HIGHEST WIND DIRECTION     W (270)
  HIGHEST GUST SPEED    15   HIGHEST GUST DIRECTION     W (270)
  AVERAGE WIND SPEED     2.2


SKY COVER
  POSSIBLE SUNSHINE  MM
  AVERAGE SKY COVER 0.1


WEATHER CONDITIONS
 THE FOLLOWING WEATHER WAS RECORDED TODAY.
  FOG
  HAZE


RELATIVE HUMIDITY (PERCENT)
 HIGHEST   100          1200 AM
 LOWEST     43           200 PM
 AVERAGE    72

..........................................................


THE IOWA CITY IA CLIMATE NORMALS FOR TOMORROW
                         NORMAL    RECORD    YEAR
 MAXIMUM TEMPERATURE (F)   70        MM        MM
 MINIMUM TEMPERATURE (F)   46        MM        MM


SUNRISE AND SUNSET
SEPTEMBER 29 2014.....SUNRISE   701 AM CDT   SUNSET   651 PM CDT
SEPTEMBER 30 2014.....SUNRISE   702 AM CDT   SUNSET   650 PM CDT


-  INDICATES NEGATIVE NUMBERS.
R  INDICATES RECORD WAS SET OR TIED.
MM INDICATES DATA IS MISSING.
T  INDICATES TRACE AMOUNT.




$$
