000
CDUS43 KDVN 190922
CLIIOW


CLIMATE REPORT
NATIONAL WEATHER SERVICE QUAD CITIES IA IL
421 AM CDT SAT APR 19 2014


...................................

...THE IOWA CITY IA CLIMATE SUMMARY FOR APRIL 18 2014...

CLIMATE NORMAL PERIOD 1981 TO 2010
CLIMATE RECORD PERIOD 9999 TO 9999


WEATHER ITEM   OBSERVED TIME   RECORD YEAR NORMAL DEPARTURE LAST
                VALUE   (LST)  VALUE       VALUE  FROM      YEAR
                                                  NORMAL
..................................................................
TEMPERATURE (F)
 YESTERDAY
  MAXIMUM         62    527 PM  MM      MM  63     -1       60
  MINIMUM         31    527 AM  MM      MM  41    -10       36
  AVERAGE         47                        52     -5       48

PRECIPITATION (IN)
  YESTERDAY        0.00         MM      MM   0.12  -0.12     0.81
  MONTH TO DATE    2.25                      1.77   0.48     8.30
  SINCE MAR 1      2.88                      3.99  -1.11    10.73
  SINCE JAN 1      4.71                      6.15  -1.44    13.18

DEGREE DAYS
 HEATING
  YESTERDAY       18                        13      5       17
  MONTH TO DATE  342                       291     51      347
  SINCE MAR 1   1385                      1108    277     1401
  SINCE JUL 1   7178                      6058   1120     6087

 COOLING
  YESTERDAY        0                         0      0        0
  MONTH TO DATE    2                         0      2        0
  SINCE MAR 1      2                         0      2        0
  SINCE JAN 1      2                         0      2        0
..................................................................


WIND (MPH)
  HIGHEST WIND SPEED    12   HIGHEST WIND DIRECTION     N (10)
  HIGHEST GUST SPEED    15   HIGHEST GUST DIRECTION     N (10)
  AVERAGE WIND SPEED     4.7


SKY COVER
  POSSIBLE SUNSHINE  MM
  AVERAGE SKY COVER 0.0


WEATHER CONDITIONS
 THE FOLLOWING WEATHER WAS RECORDED YESTERDAY.
  FOG
  HAZE


RELATIVE HUMIDITY (PERCENT)
 HIGHEST    92           500 AM
 LOWEST     27           400 PM
 AVERAGE    60

..........................................................


THE IOWA CITY IA CLIMATE NORMALS FOR TODAY
                         NORMAL    RECORD    YEAR
 MAXIMUM TEMPERATURE (F)   63        MM        MM
 MINIMUM TEMPERATURE (F)   41        MM        MM


SUNRISE AND SUNSET
APRIL 19 2014.........SUNRISE   620 AM CDT   SUNSET   751 PM CDT
APRIL 20 2014.........SUNRISE   619 AM CDT   SUNSET   752 PM CDT


-  INDICATES NEGATIVE NUMBERS.
R  INDICATES RECORD WAS SET OR TIED.
MM INDICATES DATA IS MISSING.
T  INDICATES TRACE AMOUNT.




$$
