000
CDUS43 KDVN 290921
CLIIOW


CLIMATE REPORT
NATIONAL WEATHER SERVICE QUAD CITIES IA IL
420 AM CDT FRI MAY 29 2015


...................................

...THE IOWA CITY IA CLIMATE SUMMARY FOR MAY 28 2015...

CLIMATE NORMAL PERIOD 1981 TO 2010
CLIMATE RECORD PERIOD 9999 TO 9999


WEATHER ITEM   OBSERVED TIME   RECORD YEAR NORMAL DEPARTURE LAST
                VALUE   (LST)  VALUE       VALUE  FROM      YEAR
                                                  NORMAL
..................................................................
TEMPERATURE (F)
 YESTERDAY
  MAXIMUM         81    318 PM  MM      MM  76      5       81
  MINIMUM         57    521 AM  MM      MM  56      1       66
  AVERAGE         69                        66      3       74

PRECIPITATION (IN)
  YESTERDAY        0.00         MM      MM   0.11  -0.11      T
  MONTH TO DATE    4.59                      3.84   0.75     2.77
  SINCE MAR 1      8.22                      9.56  -1.34     9.22
  SINCE JAN 1      9.80                     11.72  -1.92    11.05

DEGREE DAYS
 HEATING
  YESTERDAY        0                         2     -2        0
  MONTH TO DATE  117                       162    -45      170
  SINCE MAR 1   1345                      1405    -60     1689
  SINCE JUL 1   6710                      6355    355     7482

 COOLING
  YESTERDAY        4                         3      1        9
  MONTH TO DATE   56                        45     11       56
  SINCE MAR 1     56                        49      7       59
  SINCE JAN 1     56                        49      7       59
..................................................................


WIND (MPH)
  HIGHEST WIND SPEED    22   HIGHEST WIND DIRECTION    SW (210)
  HIGHEST GUST SPEED    29   HIGHEST GUST DIRECTION     S (200)
  AVERAGE WIND SPEED     7.3


SKY COVER
  POSSIBLE SUNSHINE  MM
  AVERAGE SKY COVER 0.1


WEATHER CONDITIONS
 THE FOLLOWING WEATHER WAS RECORDED YESTERDAY.
  FOG


RELATIVE HUMIDITY (PERCENT)
 HIGHEST    97           600 AM
 LOWEST     39           300 PM
 AVERAGE    68

..........................................................


THE IOWA CITY IA CLIMATE NORMALS FOR TODAY
                         NORMAL    RECORD    YEAR
 MAXIMUM TEMPERATURE (F)   77        MM        MM
 MINIMUM TEMPERATURE (F)   56        MM        MM


SUNRISE AND SUNSET
MAY 29 2015...........SUNRISE   536 AM CDT   SUNSET   832 PM CDT
MAY 30 2015...........SUNRISE   535 AM CDT   SUNSET   832 PM CDT


-  INDICATES NEGATIVE NUMBERS.
R  INDICATES RECORD WAS SET OR TIED.
MM INDICATES DATA IS MISSING.
T  INDICATES TRACE AMOUNT.




$$
