077
CDUS41 KCTP 220612
CLIIPT


CLIMATE REPORT
NATIONAL WEATHER SERVICE STATE COLLEGE PA
211 AM EDT FRI MAY 22 2015


...................................

...THE WILLIAMSPORT PA CLIMATE SUMMARY FOR MAY 21 2015...

CLIMATE NORMAL PERIOD 1981 TO 2010
CLIMATE RECORD PERIOD 1895 TO 2015


WEATHER ITEM   OBSERVED TIME   RECORD YEAR NORMAL DEPARTURE LAST
                VALUE   (LST)  VALUE       VALUE  FROM      YEAR
                                                  NORMAL
..................................................................
TEMPERATURE (F)
 YESTERDAY
  MAXIMUM         57   1233 PM  95    1941  73    -16       62
  MINIMUM         47    430 AM  32    2002  49     -2       55
  AVERAGE         52                        61     -9       59

PRECIPITATION (IN)
  YESTERDAY        0.03          3.53 1919   0.12  -0.09     0.13
  MONTH TO DATE    1.65                      2.44  -0.79     3.37
  SINCE MAR 1      8.21                      8.65  -0.44     9.13
  SINCE JAN 1     11.00                     13.69  -2.69    12.93

SNOWFALL (IN)
  YESTERDAY        0.0           T    2002   0.0    0.0      0.0
  MONTH TO DATE    0.0                       0.0    0.0      0.0
  SINCE MAR 1     11.4                       8.0    3.4      0.1
  SINCE JUL 1     44.4                      36.0    8.4     45.9
  SNOW DEPTH       0

DEGREE DAYS
 HEATING
  YESTERDAY       13                         5      8        6
  MONTH TO DATE   73                       161    -88      131
  SINCE MAR 1   1497                      1449     48     1614
  SINCE JUL 1   6134                      5916    218     6446

 COOLING
  YESTERDAY        0                         1     -1        0
  MONTH TO DATE   75                        16     59       24
  SINCE MAR 1     75                        21     54       33
  SINCE JAN 1     75                        21     54       33
..................................................................


WIND (MPH)
  HIGHEST WIND SPEED    12   HIGHEST WIND DIRECTION     W (270)
  HIGHEST GUST SPEED    17   HIGHEST GUST DIRECTION     W (260)
  AVERAGE WIND SPEED     4.0


SKY COVER
  POSSIBLE SUNSHINE  MM
  AVERAGE SKY COVER 0.9


WEATHER CONDITIONS
 THE FOLLOWING WEATHER WAS RECORDED YESTERDAY.
  LIGHT RAIN


RELATIVE HUMIDITY (PERCENT)
 HIGHEST    86           800 AM
 LOWEST     55           100 PM
 AVERAGE    71

..........................................................


THE WILLIAMSPORT PA CLIMATE NORMALS FOR TODAY
                         NORMAL    RECORD    YEAR
 MAXIMUM TEMPERATURE (F)   73        95      1941
 MINIMUM TEMPERATURE (F)   50        32      2002


SUNRISE AND SUNSET
MAY 22 2015...........SUNRISE   543 AM EDT   SUNSET   826 PM EDT
MAY 23 2015...........SUNRISE   543 AM EDT   SUNSET   827 PM EDT


-  INDICATES NEGATIVE NUMBERS.
R  INDICATES RECORD WAS SET OR TIED.
MM INDICATES DATA IS MISSING.
T  INDICATES TRACE AMOUNT.




$$
