000
CDUS41 KCTP 062220
CLIIPT


CLIMATE REPORT
NATIONAL WEATHER SERVICE STATE COLLEGE PA
520 PM EST FRI MAR 6 2015


...................................

...THE WILLIAMSPORT PA CLIMATE SUMMARY FOR MARCH 6 2015...
VALID TODAY AS OF 0500 PM LOCAL TIME.

CLIMATE NORMAL PERIOD 1981 TO 2010
CLIMATE RECORD PERIOD 1895 TO 2015


WEATHER ITEM   OBSERVED TIME   RECORD YEAR NORMAL DEPARTURE LAST
                VALUE   (LST)  VALUE       VALUE  FROM      YEAR
                                                  NORMAL
..................................................................
TEMPERATURE (F)
 TODAY
  MAXIMUM         24    438 PM  68    1946  44    -20       30
  MINIMUM          1    625 AM  -1    1978  25    -24        7
  AVERAGE         13                        35    -22       19

PRECIPITATION (IN)
  TODAY            0.00          1.78 2011   0.08  -0.08     0.00
  MONTH TO DATE    0.65                      0.50   0.15      T
  SINCE MAR 1      0.65                      0.50   0.15      T
  SINCE JAN 1      3.44                      5.54  -2.10     3.80

SNOWFALL (IN)
  TODAY            0.0           6.0  2011   0.3   -0.3      0.0
  MONTH TO DATE    3.3                       1.8    1.5      0.1
  SINCE MAR 1      3.3                       1.8    1.5      0.1
  SINCE JUL 1     36.3                      29.8    6.5     45.9
  SNOW DEPTH       5

DEGREE DAYS
 HEATING
  TODAY           52                        30     22       46
  MONTH TO DATE  253                       187     66      267
  SINCE MAR 1    253                       187     66      267
  SINCE JUL 1   4890                      4654    236     5099

 COOLING
  TODAY            0                         0      0        0
  MONTH TO DATE    0                         0      0        0
  SINCE MAR 1      0                         0      0        0
  SINCE JAN 1      0                         0      0        0
..................................................................


WIND (MPH)
  HIGHEST WIND SPEED    12   HIGHEST WIND DIRECTION     W (270)
  HIGHEST GUST SPEED    15   HIGHEST GUST DIRECTION    NW (330)
  AVERAGE WIND SPEED     6.5


SKY COVER
  POSSIBLE SUNSHINE  MM
  AVERAGE SKY COVER 0.0


WEATHER CONDITIONS
 THE FOLLOWING WEATHER WAS RECORDED TODAY.
  NO SIGNIFICANT WEATHER WAS OBSERVED.


RELATIVE HUMIDITY (PERCENT)
 HIGHEST    75           700 AM
 LOWEST     36           200 PM
 AVERAGE    56

..........................................................


THE WILLIAMSPORT PA CLIMATE NORMALS FOR TOMORROW
                         NORMAL    RECORD    YEAR
 MAXIMUM TEMPERATURE (F)   44        71      1987
 MINIMUM TEMPERATURE (F)   26         1      2003


SUNRISE AND SUNSET
MARCH  6 2015.........SUNRISE   635 AM EST   SUNSET   604 PM EST
MARCH  7 2015.........SUNRISE   633 AM EST   SUNSET   605 PM EST


-  INDICATES NEGATIVE NUMBERS.
R  INDICATES RECORD WAS SET OR TIED.
MM INDICATES DATA IS MISSING.
T  INDICATES TRACE AMOUNT.




$$
