000
CDUS41 KCTP 220642
CLIIPT


CLIMATE REPORT
NATIONAL WEATHER SERVICE STATE COLLEGE PA
141 AM EST WED NOV 22 2017


...................................

...THE WILLIAMSPORT PA CLIMATE SUMMARY FOR NOVEMBER 21 2017...

CLIMATE NORMAL PERIOD 1981 TO 2010
CLIMATE RECORD PERIOD 1895 TO 2017


WEATHER ITEM   OBSERVED TIME   RECORD YEAR NORMAL DEPARTURE LAST
                VALUE   (LST)  VALUE       VALUE  FROM      YEAR
                                                  NORMAL
..................................................................
TEMPERATURE (F)
 YESTERDAY
  MAXIMUM         57    226 PM  79    1900  47     10       42
  MINIMUM         24    603 AM  12    1951  32     -8       34
  AVERAGE         41                        40      1       38

PRECIPITATION (IN)
  YESTERDAY        0.00          1.62 1952   0.14  -0.14      T
  MONTH TO DATE    1.21                      2.55  -1.34     0.42
  SINCE SEP 1      9.15                     10.13  -0.98     7.32
  SINCE JAN 1     45.18                     37.16   8.02    30.75

SNOWFALL (IN)
  YESTERDAY        0.0           1.0  1978   0.1   -0.1       T
  MONTH TO DATE    0.1                       0.9   -0.8      0.1
  SINCE SEP 1      0.1                       1.0   -0.9      0.1
  SINCE JUL 1      0.1                       1.0   -0.9      0.1
  SNOW DEPTH       0

DEGREE DAYS
 HEATING
  YESTERDAY       24                        25     -1       27
  MONTH TO DATE  476                       457     19      392
  SINCE SEP 1    760                       986   -226      726
  SINCE JUL 1    762                      1000   -238      726

 COOLING
  YESTERDAY        0                         0      0        0
  MONTH TO DATE    0                         0      0        0
  SINCE SEP 1    187                        68    119      175
  SINCE JAN 1    929                       702    227     1148
..................................................................


WIND (MPH)
  HIGHEST WIND SPEED    23   HIGHEST WIND DIRECTION     S (170)
  HIGHEST GUST SPEED    32   HIGHEST GUST DIRECTION     S (160)
  AVERAGE WIND SPEED     5.0


SKY COVER
  POSSIBLE SUNSHINE  MM
  AVERAGE SKY COVER 0.0


WEATHER CONDITIONS
 THE FOLLOWING WEATHER WAS RECORDED YESTERDAY.
  NO SIGNIFICANT WEATHER WAS OBSERVED.


RELATIVE HUMIDITY (PERCENT)
 HIGHEST    92           400 AM
 LOWEST     35           200 PM
 AVERAGE    64

..........................................................


THE WILLIAMSPORT PA CLIMATE NORMALS FOR TODAY
                         NORMAL    RECORD    YEAR
 MAXIMUM TEMPERATURE (F)   47        70      1931
 MINIMUM TEMPERATURE (F)   32        13      2014


SUNRISE AND SUNSET
NOVEMBER 22 2017......SUNRISE   704 AM EST   SUNSET   443 PM EST
NOVEMBER 23 2017......SUNRISE   705 AM EST   SUNSET   443 PM EST


-  INDICATES NEGATIVE NUMBERS.
R  INDICATES RECORD WAS SET OR TIED.
MM INDICATES DATA IS MISSING.
T  INDICATES TRACE AMOUNT.




$$
