000
CDUS41 KCTP 230631
CLIIPT


CLIMATE REPORT
NATIONAL WEATHER SERVICE STATE COLLEGE PA
230 AM EDT SUN JUL 23 2017


...................................

...THE WILLIAMSPORT PA CLIMATE SUMMARY FOR JULY 22 2017...

CLIMATE NORMAL PERIOD 1981 TO 2010
CLIMATE RECORD PERIOD 1895 TO 2017


WEATHER ITEM   OBSERVED TIME   RECORD YEAR NORMAL DEPARTURE LAST
                VALUE   (LST)  VALUE       VALUE  FROM      YEAR
                                                  NORMAL
..................................................................
TEMPERATURE (F)
 YESTERDAY
  MAXIMUM         85    108 PM 103    2011  84      1       97
  MINIMUM         67    345 AM  48    1929  62      5       64
  AVERAGE         76                        73      3       81

PRECIPITATION (IN)
  YESTERDAY        0.22          1.54 1925   0.15   0.07     0.00
  MONTH TO DATE    3.95                      3.02   0.93     1.19
  SINCE JUN 1      7.65                      6.94   0.71     5.64
  SINCE JAN 1     26.77                     21.85   4.92    16.98

DEGREE DAYS
 HEATING
  YESTERDAY        0                         0      0        0
  MONTH TO DATE    0                         0      0        0
  SINCE JUN 1     21                        37    -16        9
  SINCE JUL 1      0                         0      0        0

 COOLING
  YESTERDAY       11                         8      3       16
  MONTH TO DATE  249                       173     76      239
  SINCE JUN 1    428                       319    109      411
  SINCE JAN 1    478                       362    116      484
..................................................................


WIND (MPH)
  HIGHEST WIND SPEED     8   HIGHEST WIND DIRECTION     N (360)
  HIGHEST GUST SPEED    12   HIGHEST GUST DIRECTION     S (200)
  AVERAGE WIND SPEED     2.6


SKY COVER
  POSSIBLE SUNSHINE  MM
  AVERAGE SKY COVER 0.6


WEATHER CONDITIONS
 THE FOLLOWING WEATHER WAS RECORDED YESTERDAY.
  RAIN
  LIGHT RAIN
  FOG


RELATIVE HUMIDITY (PERCENT)
 HIGHEST   100           500 PM
 LOWEST     61          1100 AM
 AVERAGE    81

..........................................................


THE WILLIAMSPORT PA CLIMATE NORMALS FOR TODAY
                         NORMAL    RECORD    YEAR
 MAXIMUM TEMPERATURE (F)   84        99      2016
                                             1955
 MINIMUM TEMPERATURE (F)   62        47      1983


SUNRISE AND SUNSET
JULY 23 2017..........SUNRISE   555 AM EDT   SUNSET   833 PM EDT
JULY 24 2017..........SUNRISE   556 AM EDT   SUNSET   832 PM EDT


-  INDICATES NEGATIVE NUMBERS.
R  INDICATES RECORD WAS SET OR TIED.
MM INDICATES DATA IS MISSING.
T  INDICATES TRACE AMOUNT.




$$
