000
CDUS41 KCTP 110607
CLIIPT


CLIMATE REPORT
NATIONAL WEATHER SERVICE STATE COLLEGE PA
207 AM EDT FRI JUL 11 2014


...................................

...THE WILLIAMSPORT PA CLIMATE SUMMARY FOR JULY 10 2014...

CLIMATE NORMAL PERIOD 1981 TO 2010
CLIMATE RECORD PERIOD 1895 TO 2014


WEATHER ITEM   OBSERVED TIME   RECORD YEAR NORMAL DEPARTURE LAST
                VALUE   (LST)  VALUE       VALUE  FROM      YEAR
                                                  NORMAL
..................................................................
TEMPERATURE (F)
 YESTERDAY
  MAXIMUM         80    308 PM 104    1936  84     -4       87
  MINIMUM         63   1159 PM  44    1941  62      1       68
  AVERAGE         72                        73     -1       78

PRECIPITATION (IN)
  YESTERDAY        0.00          1.33 1904   0.14  -0.14     0.13
  MONTH TO DATE    2.43                      1.29   1.14     1.71
  SINCE JUN 1      5.89                      5.21   0.68     5.88
  SINCE JAN 1     20.64                     20.12   0.52    18.45

DEGREE DAYS
 HEATING
  YESTERDAY        0                         0      0        0
  MONTH TO DATE    0                         0      0        0
  SINCE JUN 1      8                        37    -29        9
  SINCE JUL 1      0                         0      0        0

 COOLING
  YESTERDAY        7                         8     -1       13
  MONTH TO DATE   98                        77     21      134
  SINCE JUN 1    267                       223     44      294
  SINCE JAN 1    319                       266     53      365
..................................................................


WIND (MPH)
  HIGHEST WIND SPEED    12   HIGHEST WIND DIRECTION     N (20)
  HIGHEST GUST SPEED    14   HIGHEST GUST DIRECTION     N (20)
  AVERAGE WIND SPEED     3.3


SKY COVER
  POSSIBLE SUNSHINE  MM
  AVERAGE SKY COVER 0.7


WEATHER CONDITIONS
 THE FOLLOWING WEATHER WAS RECORDED YESTERDAY.
  NO SIGNIFICANT WEATHER WAS OBSERVED.


RELATIVE HUMIDITY (PERCENT)
 HIGHEST    93          1200 AM
 LOWEST     48           100 PM
 AVERAGE    71

..........................................................


THE WILLIAMSPORT PA CLIMATE NORMALS FOR TODAY
                         NORMAL    RECORD    YEAR
 MAXIMUM TEMPERATURE (F)   84       101      1936
 MINIMUM TEMPERATURE (F)   62        47      1898


SUNRISE AND SUNSET
JULY 11 2014..........SUNRISE   545 AM EDT   SUNSET   841 PM EDT
JULY 12 2014..........SUNRISE   545 AM EDT   SUNSET   841 PM EDT


-  INDICATES NEGATIVE NUMBERS.
R  INDICATES RECORD WAS SET OR TIED.
MM INDICATES DATA IS MISSING.
T  INDICATES TRACE AMOUNT.




$$
