000
CDUS41 KCTP 282117
CLIIPT


CLIMATE REPORT
NATIONAL WEATHER SERVICE STATE COLLEGE PA
516 PM EDT SAT MAY 28 2016


...................................

...THE WILLIAMSPORT PA CLIMATE SUMMARY FOR MAY 28 2016...
VALID TODAY AS OF 0500 PM LOCAL TIME.

CLIMATE NORMAL PERIOD 1981 TO 2010
CLIMATE RECORD PERIOD 1895 TO 2016


WEATHER ITEM   OBSERVED TIME   RECORD YEAR NORMAL DEPARTURE LAST
                VALUE   (LST)  VALUE       VALUE  FROM      YEAR
                                                  NORMAL
..................................................................
TEMPERATURE (F)
 TODAY
  MAXIMUM         91    158 PM  94    1941  75     16       85
  MINIMUM         64    401 AM  34    1983  52     12       59
  AVERAGE         78                        63     15       72

PRECIPITATION (IN)
  TODAY            0.00          1.22 1968   0.11  -0.11     0.00
  MONTH TO DATE    2.22                      3.29  -1.07     1.99
  SINCE MAR 1      4.92                      9.50  -4.58     8.55
  SINCE JAN 1     11.34                     14.54  -3.20    11.34

SNOWFALL (IN)
  TODAY            0.0           0.0  2002   0.0    0.0      0.0
                                      2001
  MONTH TO DATE    T                         0.0    0.0      0.0
  SINCE MAR 1      2.0                       8.0   -6.0     11.4
  SINCE JUL 1      7.7                      36.0  -28.3     44.4
  SNOW DEPTH       0

DEGREE DAYS
 HEATING
  TODAY            0                         4     -4        0
  MONTH TO DATE  207                       193     14       93
  SINCE MAR 1   1264                      1481   -217     1517
  SINCE JUL 1   4907                      5948  -1041     6154

 COOLING
  TODAY           13                         2     11        7
  MONTH TO DATE   40                        30     10      107
  SINCE MAR 1     40                        35      5      107
  SINCE JAN 1     40                        35      5      107
..................................................................


WIND (MPH)
  HIGHEST WIND SPEED    12   HIGHEST WIND DIRECTION    SW (210)
  HIGHEST GUST SPEED    16   HIGHEST GUST DIRECTION    SE (150)
  AVERAGE WIND SPEED     2.3


SKY COVER
  POSSIBLE SUNSHINE  MM
  AVERAGE SKY COVER 0.3


WEATHER CONDITIONS
 THE FOLLOWING WEATHER WAS RECORDED TODAY.
  FOG
  FOG W/VISIBILITY <= 1/4 MILE


RELATIVE HUMIDITY (PERCENT)
 HIGHEST    93           100 AM
 LOWEST     38           200 PM
 AVERAGE    66

..........................................................


THE WILLIAMSPORT PA CLIMATE NORMALS FOR TOMORROW
                         NORMAL    RECORD    YEAR
 MAXIMUM TEMPERATURE (F)   75        95      1969
                                             1919
 MINIMUM TEMPERATURE (F)   52        35      1936


SUNRISE AND SUNSET
MAY 28 2016...........SUNRISE   539 AM EDT   SUNSET   832 PM EDT
MAY 29 2016...........SUNRISE   538 AM EDT   SUNSET   832 PM EDT


-  INDICATES NEGATIVE NUMBERS.
R  INDICATES RECORD WAS SET OR TIED.
MM INDICATES DATA IS MISSING.
T  INDICATES TRACE AMOUNT.




$$
