381
CDUS41 KCTP 080631
CLIIPT


CLIMATE REPORT
NATIONAL WEATHER SERVICE STATE COLLEGE PA
131 AM EST THU DEC 8 2016


...................................

...THE WILLIAMSPORT PA CLIMATE SUMMARY FOR DECEMBER 7 2016...

CLIMATE NORMAL PERIOD 1981 TO 2010
CLIMATE RECORD PERIOD 1895 TO 2016


WEATHER ITEM   OBSERVED TIME   RECORD YEAR NORMAL DEPARTURE LAST
                VALUE   (LST)  VALUE       VALUE  FROM      YEAR
                                                  NORMAL
..................................................................
TEMPERATURE (F)
 YESTERDAY
  MAXIMUM         47   1222 PM  69    1998  41      6       43
  MINIMUM         35   1044 PM  -5    1926  27      8       30
  AVERAGE         41                        34      7       37

PRECIPITATION (IN)
  YESTERDAY        0.02          1.55 2011   0.11  -0.09     0.00
  MONTH TO DATE    0.76                      0.80  -0.04     1.13
  SINCE DEC 1      0.76                      0.80  -0.04     1.13
  SINCE JAN 1     32.29                     39.15  -6.86    38.33

SNOWFALL (IN)
  YESTERDAY        0.0           3.6  1969   0.2   -0.2      0.0
  MONTH TO DATE    0.4                       1.2   -0.8      0.0
  SINCE DEC 1      0.4                       1.2   -0.8      0.0
  SINCE JUL 1      0.5                       3.0   -2.5       T
  SNOW DEPTH       T

DEGREE DAYS
 HEATING
  YESTERDAY       24                        31     -7       28
  MONTH TO DATE  159                       210    -51      178
  SINCE DEC 1    159                       210    -51      178
  SINCE JUL 1   1093                      1455   -362     1105

 COOLING
  YESTERDAY        0                         0      0        0
  MONTH TO DATE    0                         0      0        0
  SINCE DEC 1      0                         0      0        0
  SINCE JAN 1   1148                       702    446      937
..................................................................


WIND (MPH)
  HIGHEST WIND SPEED    15   HIGHEST WIND DIRECTION     W (260)
  HIGHEST GUST SPEED    20   HIGHEST GUST DIRECTION     W (250)
  AVERAGE WIND SPEED     3.1


SKY COVER
  POSSIBLE SUNSHINE  MM
  AVERAGE SKY COVER 0.5


WEATHER CONDITIONS
 THE FOLLOWING WEATHER WAS RECORDED YESTERDAY.
  LIGHT RAIN
  FOG
  HAZE


RELATIVE HUMIDITY (PERCENT)
 HIGHEST    92           900 AM
 LOWEST     53           300 PM
 AVERAGE    73

..........................................................


THE WILLIAMSPORT PA CLIMATE NORMALS FOR TODAY
                         NORMAL    RECORD    YEAR
 MAXIMUM TEMPERATURE (F)   40        64      1980
 MINIMUM TEMPERATURE (F)   27         3      1901


SUNRISE AND SUNSET
DECEMBER  8 2016......SUNRISE   721 AM EST   SUNSET   438 PM EST
DECEMBER  9 2016......SUNRISE   722 AM EST   SUNSET   439 PM EST


-  INDICATES NEGATIVE NUMBERS.
R  INDICATES RECORD WAS SET OR TIED.
MM INDICATES DATA IS MISSING.
T  INDICATES TRACE AMOUNT.




$$
