023
CDUS41 KCTP 220646
CLIIPT


CLIMATE REPORT
NATIONAL WEATHER SERVICE STATE COLLEGE PA
146 AM EST THU FEB 22 2018


...................................

...THE WILLIAMSPORT PA CLIMATE SUMMARY FOR FEBRUARY 21 2018...

CLIMATE NORMAL PERIOD 1981 TO 2010
CLIMATE RECORD PERIOD 1895 TO 2018


WEATHER ITEM   OBSERVED TIME   RECORD YEAR NORMAL DEPARTURE LAST
                VALUE   (LST)  VALUE       VALUE  FROM      YEAR
                                                  NORMAL
..................................................................
TEMPERATURE (F)
 YESTERDAY
  MAXIMUM         69R   248 PM  69    1930  40     29       50
  MINIMUM         37    440 AM  -2    1936  22     15       27
  AVERAGE         53                        31     22       39

PRECIPITATION (IN)
  YESTERDAY        T             1.18 1954   0.08  -0.08     0.00
  MONTH TO DATE    2.36                      1.74   0.62     1.50
  SINCE DEC 1      7.20                      7.37  -0.17     7.89
  SINCE JAN 1      6.01                      4.44   1.57     4.93

SNOWFALL (IN)
  YESTERDAY        0.0           7.4  2011   0.3   -0.3      0.0
  MONTH TO DATE    7.9                       6.6    1.3      6.2
  SINCE DEC 1     18.9                      24.0   -5.1     18.4
  SINCE JUL 1     19.0                      25.8   -6.8     18.5
  SNOW DEPTH       0

DEGREE DAYS
 HEATING
  YESTERDAY       12                        34    -22       26
  MONTH TO DATE  671                       756    -85      616
  SINCE DEC 1   2908                      2990    -82     2572
  SINCE JUL 1   3892                      4235   -343     3506

 COOLING
  YESTERDAY        0                         0      0        0
  MONTH TO DATE    0                         0      0        0
  SINCE DEC 1      0                         0      0        0
  SINCE JAN 1      0                         0      0        0
..................................................................


WIND (MPH)
  HIGHEST WIND SPEED    18   HIGHEST WIND DIRECTION     N (10)
  HIGHEST GUST SPEED    24   HIGHEST GUST DIRECTION     N (350)
  AVERAGE WIND SPEED     5.1


SKY COVER
  POSSIBLE SUNSHINE  MM
  AVERAGE SKY COVER 0.9


WEATHER CONDITIONS
 THE FOLLOWING WEATHER WAS RECORDED YESTERDAY.
  LIGHT RAIN
  FOG
  FOG W/VISIBILITY <= 1/4 MILE


RELATIVE HUMIDITY (PERCENT)
 HIGHEST   100          1200 AM
 LOWEST     49          1100 PM
 AVERAGE    75

..........................................................


THE WILLIAMSPORT PA CLIMATE NORMALS FOR TODAY
                         NORMAL    RECORD    YEAR
 MAXIMUM TEMPERATURE (F)   40        66      1974
 MINIMUM TEMPERATURE (F)   23         1      1946


SUNRISE AND SUNSET
FEBRUARY 22 2018......SUNRISE   653 AM EST   SUNSET   550 PM EST
FEBRUARY 23 2018......SUNRISE   651 AM EST   SUNSET   551 PM EST


-  INDICATES NEGATIVE NUMBERS.
R  INDICATES RECORD WAS SET OR TIED.
MM INDICATES DATA IS MISSING.
T  INDICATES TRACE AMOUNT.




$$
