000
CDUS43 KEAX 170033
CLIIRK


CLIMATE REPORT
NATIONAL WEATHER SERVICE KANSAS CITY/PLEASANT HILL MO
633 PM CST SAT DEC 16 2017


...................................

...THE KIRKSVILLE MO CLIMATE SUMMARY FOR DECEMBER 16 2017...
VALID TODAY AS OF 0600 PM LOCAL TIME.

CLIMATE NORMAL PERIOD 1981 TO 2010
CLIMATE RECORD PERIOD 9999 TO 9999


WEATHER ITEM   OBSERVED TIME   NORMAL DEPARTURE LAST
                VALUE   (LST)  VALUE  FROM      YEAR
                                      NORMAL
......................................................
TEMPERATURE (F)
 TODAY
  MAXIMUM         55    404 PM  37     18       27
  MINIMUM         36    759 AM  20     16       17
  AVERAGE         46            28     18       22

PRECIPITATION (IN)
  TODAY            0.00          0.05  -0.05     0.06
  MONTH TO DATE    0.58          0.99  -0.41     0.62
  SINCE DEC 1      0.58          0.99  -0.41     0.62
  SINCE JAN 1     32.14         38.55  -6.41    30.34

DEGREE DAYS
 HEATING
  TODAY           19            37    -18       43
  MONTH TO DATE  452           552   -100      615
  SINCE DEC 1    452           552   -100      615
  SINCE JUL 1   1471          1773   -302     1337

 COOLING
  TODAY            0             0      0        0
  MONTH TO DATE    0             0      0        0
  SINCE DEC 1      0             0      0        0
  SINCE JAN 1   1121           939    182     1313
......................................................


WIND (MPH)
  HIGHEST WIND SPEED    20   HIGHEST WIND DIRECTION    SW (220)
  HIGHEST GUST SPEED    25   HIGHEST GUST DIRECTION    SW (220)
  AVERAGE WIND SPEED    12.7


SKY COVER
  AVERAGE SKY COVER 0.0


WEATHER CONDITIONS
 THE FOLLOWING WEATHER WAS RECORDED TODAY.
  NO SIGNIFICANT WEATHER WAS OBSERVED.


RELATIVE HUMIDITY (PERCENT)
 HIGHEST    75           800 AM
 LOWEST     38           200 PM
 AVERAGE    57

..........................................................


THE KIRKSVILLE MO CLIMATE NORMALS FOR TOMORROW
                         NORMAL
 MAXIMUM TEMPERATURE (F)   36
 MINIMUM TEMPERATURE (F)   20


SUNRISE AND SUNSET
DECEMBER 16 2017......SUNRISE   726 AM CST   SUNSET   446 PM CST
DECEMBER 17 2017......SUNRISE   727 AM CST   SUNSET   446 PM CST


-  INDICATES NEGATIVE NUMBERS.
R  INDICATES RECORD WAS SET OR TIED.
MM INDICATES DATA IS MISSING.
T  INDICATES TRACE AMOUNT.




$$
