000
CDUS43 KEAX 310633
CLIIRK


CLIMATE REPORT
NATIONAL WEATHER SERVICE KANSAS CITY/PLEASANT HILL MO
133 AM CDT TUE MAY 31 2016


...................................

...THE KIRKSVILLE MO CLIMATE SUMMARY FOR MAY 30 2016...

CLIMATE NORMAL PERIOD 1981 TO 2010
CLIMATE RECORD PERIOD 9999 TO 9999


WEATHER ITEM   OBSERVED TIME   NORMAL DEPARTURE LAST
                VALUE   (LST)  VALUE  FROM      YEAR
                                      NORMAL
......................................................
TEMPERATURE (F)
 YESTERDAY
  MAXIMUM         85    203 PM  77      8       66
  MINIMUM         60    454 AM  56      4       53
  AVERAGE         73            67      6       60

PRECIPITATION (IN)
  YESTERDAY        0.00          0.17  -0.17     0.10
  MONTH TO DATE    4.72          4.80  -0.08     4.18
  SINCE MAR 1      9.70         11.19  -1.49     8.71
  SINCE JAN 1     12.29         13.99  -1.70    10.76

DEGREE DAYS
 HEATING
  YESTERDAY        0             2     -2        5
  MONTH TO DATE  170           149     21      111
  SINCE MAR 1   1031          1306   -275     1079
  SINCE JUL 1   4738          5839  -1101     5758

 COOLING
  YESTERDAY        8             3      5        0
  MONTH TO DATE   58            52      6       65
  SINCE MAR 1     66            59      7       68
  SINCE JAN 1     66            59      7       68
......................................................


WIND (MPH)
  HIGHEST WIND SPEED    20   HIGHEST WIND DIRECTION    SW (220)
  HIGHEST GUST SPEED    30   HIGHEST GUST DIRECTION    SW (220)
  AVERAGE WIND SPEED     5.6


SKY COVER
  AVERAGE SKY COVER 0.0


WEATHER CONDITIONS
 THE FOLLOWING WEATHER WAS RECORDED YESTERDAY.
  NO SIGNIFICANT WEATHER WAS OBSERVED.


RELATIVE HUMIDITY (PERCENT)
 HIGHEST    97           500 AM
 LOWEST     51          1200 PM
 AVERAGE    74

..........................................................


THE KIRKSVILLE MO CLIMATE NORMALS FOR TODAY
                         NORMAL
 MAXIMUM TEMPERATURE (F)   77
 MINIMUM TEMPERATURE (F)   57


SUNRISE AND SUNSET
MAY 31 2016...........SUNRISE   543 AM CDT   SUNSET   833 PM CDT
JUNE  1 2016..........SUNRISE   543 AM CDT   SUNSET   834 PM CDT


-  INDICATES NEGATIVE NUMBERS.
R  INDICATES RECORD WAS SET OR TIED.
MM INDICATES DATA IS MISSING.
T  INDICATES TRACE AMOUNT.




$$
