000
CDUS43 KEAX 240636
CLIIRK


CLIMATE REPORT
NATIONAL WEATHER SERVICE KANSAS CITY/PLEASANT HILL MO
135 AM CDT THU APR 24 2014


...................................

...THE KIRKSVILLE MO CLIMATE SUMMARY FOR APRIL 23 2014...

CLIMATE NORMAL PERIOD 1981 TO 2010
CLIMATE RECORD PERIOD 9999 TO 9999


WEATHER ITEM   OBSERVED TIME   NORMAL DEPARTURE LAST
                VALUE   (LST)  VALUE  FROM      YEAR
                                      NORMAL
......................................................
TEMPERATURE (F)
 YESTERDAY
  MAXIMUM         61    307 PM  65     -4       51
  MINIMUM         44    449 AM  43      1       33
  AVERAGE         53            54     -1       42

PRECIPITATION (IN)
  YESTERDAY        T             0.15  -0.15     0.29
  MONTH TO DATE    1.33          2.66  -1.33     6.79
  SINCE MAR 1      2.40          5.21  -2.81    10.13
  SINCE JAN 1      5.95          8.01  -2.06    15.58

DEGREE DAYS
 HEATING
  YESTERDAY       12            11      1       23
  MONTH TO DATE  344           334     10      404
  SINCE MAR 1   1246          1088    158     1386
  SINCE JUL 1   6216          5621    595     5766

 COOLING
  YESTERDAY        0             0      0        0
  MONTH TO DATE    1             0      1        3
  SINCE MAR 1      1             0      1        3
  SINCE JAN 1      1             0      1        3
......................................................


WIND (MPH)
  HIGHEST WIND SPEED    23   HIGHEST WIND DIRECTION    SE (120)
  HIGHEST GUST SPEED    29   HIGHEST GUST DIRECTION    SE (130)
  AVERAGE WIND SPEED    13.8


SKY COVER
  AVERAGE SKY COVER 0.4


WEATHER CONDITIONS
 THE FOLLOWING WEATHER WAS RECORDED YESTERDAY.
  LIGHT RAIN


RELATIVE HUMIDITY (PERCENT)
 HIGHEST    65           800 AM
 LOWEST     42           300 PM
 AVERAGE    54

..........................................................


THE KIRKSVILLE MO CLIMATE NORMALS FOR TODAY
                         NORMAL
 MAXIMUM TEMPERATURE (F)   65
 MINIMUM TEMPERATURE (F)   44


SUNRISE AND SUNSET
APRIL 24 2014.........SUNRISE   619 AM CDT   SUNSET   758 PM CDT
APRIL 25 2014.........SUNRISE   618 AM CDT   SUNSET   759 PM CDT


-  INDICATES NEGATIVE NUMBERS.
R  INDICATES RECORD WAS SET OR TIED.
MM INDICATES DATA IS MISSING.
T  INDICATES TRACE AMOUNT.




$$
