000
CDUS43 KEAX 260636
CLIIRK


CLIMATE REPORT
NATIONAL WEATHER SERVICE KANSAS CITY/PLEASANT HILL MO
136 AM CDT TUE JUL 26 2016


...................................

...THE KIRKSVILLE MO CLIMATE SUMMARY FOR JULY 25 2016...

CLIMATE NORMAL PERIOD 1981 TO 2010
CLIMATE RECORD PERIOD 9999 TO 9999


WEATHER ITEM   OBSERVED TIME   NORMAL DEPARTURE LAST
                VALUE   (LST)  VALUE  FROM      YEAR
                                      NORMAL
......................................................
TEMPERATURE (F)
 YESTERDAY
  MAXIMUM         87    345 PM  86      1       89
  MINIMUM         65   1159 PM  65      0       72
  AVERAGE         76            76      0       81

PRECIPITATION (IN)
  YESTERDAY        0.00          0.17  -0.17     0.21
  MONTH TO DATE    2.12          3.70  -1.58     5.05
  SINCE JUN 1      3.61          8.48  -4.87    16.24
  SINCE JAN 1     15.90         22.63  -6.73    27.00

DEGREE DAYS
 HEATING
  YESTERDAY        0             0      0        0
  MONTH TO DATE    6             0      6        5
  SINCE JUN 1      6            16    -10       20
  SINCE JUL 1      6             0      6        5

 COOLING
  YESTERDAY       11            11      0       16
  MONTH TO DATE  301           250     51      253
  SINCE JUN 1    624           442    182      495
  SINCE JAN 1    696           504    192      563
......................................................


WIND (MPH)
  HIGHEST WIND SPEED    15   HIGHEST WIND DIRECTION     N (20)
  HIGHEST GUST SPEED    19   HIGHEST GUST DIRECTION    NE (50)
  AVERAGE WIND SPEED     6.6


SKY COVER
  AVERAGE SKY COVER 0.2


WEATHER CONDITIONS
 THE FOLLOWING WEATHER WAS RECORDED YESTERDAY.
  FOG


RELATIVE HUMIDITY (PERCENT)
 HIGHEST   100          1100 PM
 LOWEST     48           400 PM
 AVERAGE    74

..........................................................


THE KIRKSVILLE MO CLIMATE NORMALS FOR TODAY
                         NORMAL
 MAXIMUM TEMPERATURE (F)   86
 MINIMUM TEMPERATURE (F)   65


SUNRISE AND SUNSET
JULY 26 2016..........SUNRISE   603 AM CDT   SUNSET   829 PM CDT
JULY 27 2016..........SUNRISE   604 AM CDT   SUNSET   829 PM CDT


-  INDICATES NEGATIVE NUMBERS.
R  INDICATES RECORD WAS SET OR TIED.
MM INDICATES DATA IS MISSING.
T  INDICATES TRACE AMOUNT.




$$
