000
CDUS43 KEAX 220031
CLIIRK


CLIMATE REPORT
NATIONAL WEATHER SERVICE KANSAS CITY/PLEASANT HILL MO
730 PM CDT MON AUG 21 2017


...................................

...THE KIRKSVILLE MO CLIMATE SUMMARY FOR AUGUST 21 2017...
VALID TODAY AS OF 0700 PM LOCAL TIME.

CLIMATE NORMAL PERIOD 1981 TO 2010
CLIMATE RECORD PERIOD 9999 TO 9999


WEATHER ITEM   OBSERVED TIME   NORMAL DEPARTURE LAST
                VALUE   (LST)  VALUE  FROM      YEAR
                                      NORMAL
......................................................
TEMPERATURE (F)
 TODAY
  MAXIMUM         79    248 PM  84     -5       79
  MINIMUM         68    310 AM  63      5       54
  AVERAGE         74            73      1       67

PRECIPITATION (IN)
  TODAY            1.11          0.12   0.99     0.00
  MONTH TO DATE    1.87          2.41  -0.54     3.07
  SINCE JUN 1      7.79         11.85  -4.06     6.78
  SINCE JAN 1     21.21         26.00  -4.79    19.07

DEGREE DAYS
 HEATING
  TODAY            0             0      0        0
  MONTH TO DATE    1             0      1        0
  SINCE JUN 1      8            17     -9        6
  SINCE JUL 1      1             1      0        6

 COOLING
  TODAY            9             8      1        2
  MONTH TO DATE  146           203    -57      234
  SINCE JUN 1    799           708     91      916
  SINCE JAN 1    891           770    121      988
......................................................


WIND (MPH)
  HIGHEST WIND SPEED    14   HIGHEST WIND DIRECTION    SE (130)
  HIGHEST GUST SPEED    17   HIGHEST GUST DIRECTION    SW (210)
  AVERAGE WIND SPEED     6.9


SKY COVER
  AVERAGE SKY COVER 0.4


WEATHER CONDITIONS
 THE FOLLOWING WEATHER WAS RECORDED TODAY.
  THUNDERSTORM
  HEAVY RAIN
  RAIN
  LIGHT RAIN
  FOG


RELATIVE HUMIDITY (PERCENT)
 HIGHEST    93          1200 AM
 LOWEST     79           600 AM
 AVERAGE    86

..........................................................


THE KIRKSVILLE MO CLIMATE NORMALS FOR TOMORROW
                         NORMAL
 MAXIMUM TEMPERATURE (F)   84
 MINIMUM TEMPERATURE (F)   62


SUNRISE AND SUNSET
AUGUST 21 2017........SUNRISE   628 AM CDT   SUNSET   758 PM CDT
AUGUST 22 2017........SUNRISE   629 AM CDT   SUNSET   757 PM CDT


-  INDICATES NEGATIVE NUMBERS.
R  INDICATES RECORD WAS SET OR TIED.
MM INDICATES DATA IS MISSING.
T  INDICATES TRACE AMOUNT.




$$
