000
CDUS43 KBIS 010807
CLIISN


CLIMATE REPORT
NATIONAL WEATHER SERVICE BISMARCK ND
307 AM CDT WED JUL 1 2015


...................................

...THE WILLISTON ND CLIMATE SUMMARY FOR JUNE 30 2015...

CLIMATE NORMAL PERIOD 1981 TO 2010
CLIMATE RECORD PERIOD 1894 TO 2015


WEATHER ITEM   OBSERVED TIME   RECORD YEAR NORMAL DEPARTURE LAST
                VALUE   (LST)  VALUE       VALUE  FROM      YEAR
                                                  NORMAL
..................................................................
TEMPERATURE (F)
 YESTERDAY
  MAXIMUM         83   1004 AM  98    1912  81      2       64
  MINIMUM         65    707 AM  34    1995  53     12       56
  AVERAGE         74                        67      7       60

PRECIPITATION (IN)
  YESTERDAY        0.01          1.39 1988   0.09  -0.08     0.35
  MONTH TO DATE    1.90                      2.52  -0.62     1.44
  SINCE JUN 1      1.90                      2.52  -0.62     1.44
  SINCE JAN 1      5.40                      7.13  -1.73     5.53

SNOWFALL (IN)
  YESTERDAY       MM             0.0  2002   0.0   MM       MM
                                      2001
  MONTH TO DATE   MM                         0.0   MM       MM
  SINCE JUN 1     MM                         0.0   MM       MM
  SINCE JUL 1     MM                        45.3   MM       MM
  SNOW DEPTH      MM

DEGREE DAYS
 HEATING
  YESTERDAY        0                         2     -2        5
  MONTH TO DATE   54                       120    -66      110
  SINCE JUN 1     54                       120    -66      110
  SINCE JUL 1   8412                      8994   -582     9339

 COOLING
  YESTERDAY        9                         4      5        0
  MONTH TO DATE  103                        68     35       28
  SINCE JUN 1    103                        68     35       28
  SINCE JAN 1    104                        81     23       49
..................................................................


WIND (MPH)
  HIGHEST WIND SPEED    24   HIGHEST WIND DIRECTION    SE (120)
  HIGHEST GUST SPEED    32   HIGHEST GUST DIRECTION    NE (30)
  AVERAGE WIND SPEED     9.7


SKY COVER
  POSSIBLE SUNSHINE  MM
  AVERAGE SKY COVER 0.8


WEATHER CONDITIONS
 THE FOLLOWING WEATHER WAS RECORDED YESTERDAY.
  THUNDERSTORM
  LIGHT RAIN
  FOG
  HAZE


RELATIVE HUMIDITY (PERCENT)
 HIGHEST    81           800 AM
 LOWEST     39          1100 AM
 AVERAGE    60

..........................................................


THE WILLISTON ND CLIMATE NORMALS FOR TODAY
                         NORMAL    RECORD    YEAR
 MAXIMUM TEMPERATURE (F)   81        98      2003
 MINIMUM TEMPERATURE (F)   54        42      1995
                                             1951


SUNRISE AND SUNSET
JULY  1 2015..........SUNRISE   558 AM CDT   SUNSET   958 PM CDT
JULY  2 2015..........SUNRISE   559 AM CDT   SUNSET   958 PM CDT


-  INDICATES NEGATIVE NUMBERS.
R  INDICATES RECORD WAS SET OR TIED.
MM INDICATES DATA IS MISSING.
T  INDICATES TRACE AMOUNT.




$$
