000
CDUS43 KBIS 072347
CLIISN


CLIMATE REPORT
NATIONAL WEATHER SERVICE BISMARCK ND
546 PM CST SUN FEB 7 2016


...................................

...THE WILLISTON ND CLIMATE SUMMARY FOR FEBRUARY 7 2016...
VALID TODAY AS OF 0500 PM LOCAL TIME.

CLIMATE NORMAL PERIOD 1981 TO 2010
CLIMATE RECORD PERIOD 1894 TO 2016


WEATHER ITEM   OBSERVED TIME   RECORD YEAR NORMAL DEPARTURE LAST
                VALUE   (LST)  VALUE       VALUE  FROM      YEAR
                                                  NORMAL
..................................................................
TEMPERATURE (F)
 TODAY
  MAXIMUM         37    350 PM  58    1991  25     12       49
  MINIMUM         31   1120 AM -40    1895   4     27       19
  AVERAGE         34                        14     20       34

PRECIPITATION (IN)
  TODAY            T             0.30 1952   0.02  -0.02     0.00
  MONTH TO DATE    0.04                      0.09  -0.05     0.16
  SINCE DEC 1      0.97                      1.30  -0.33     0.67
  SINCE JAN 1      0.42                      0.68  -0.26     0.64

SNOWFALL (IN)
  TODAY           MM

DEGREE DAYS
 HEATING
  TODAY           31                        51    -20       31
  MONTH TO DATE  268                       360    -92      384
  SINCE DEC 1   3097                      3619   -522     3238
  SINCE JUL 1   4847                      5781   -934     5431

 COOLING
  TODAY            0                         0      0        0
  MONTH TO DATE    0                         0      0        0
  SINCE DEC 1      0                         0      0        0
  SINCE JAN 1      0                         0      0        0
..................................................................


WIND (MPH)
  HIGHEST WIND SPEED    40   HIGHEST WIND DIRECTION    NW (320)
  HIGHEST GUST SPEED    53   HIGHEST GUST DIRECTION    NW (320)
  AVERAGE WIND SPEED    30.5


SKY COVER
  POSSIBLE SUNSHINE  MM
  AVERAGE SKY COVER 0.5


WEATHER CONDITIONS
 THE FOLLOWING WEATHER WAS RECORDED TODAY.
  LIGHT SNOW


RELATIVE HUMIDITY (PERCENT)
 HIGHEST    78           500 AM
 LOWEST     44           200 PM
 AVERAGE    61

..........................................................


THE WILLISTON ND CLIMATE NORMALS FOR TOMORROW
                         NORMAL    RECORD    YEAR
 MAXIMUM TEMPERATURE (F)   25        53      2000
 MINIMUM TEMPERATURE (F)    4       -41      1899


SUNRISE AND SUNSET
FEBRUARY  7 2016......SUNRISE   815 AM CST   SUNSET   603 PM CST
FEBRUARY  8 2016......SUNRISE   813 AM CST   SUNSET   605 PM CST


-  INDICATES NEGATIVE NUMBERS.
R  INDICATES RECORD WAS SET OR TIED.
MM INDICATES DATA IS MISSING.
T  INDICATES TRACE AMOUNT.




$$
