000
CDUS43 KBIS 230746
CLIISN


CLIMATE REPORT
NATIONAL WEATHER SERVICE BISMARCK ND
245 AM CDT TUE SEP 23 2014


...................................

...THE WILLISTON ND CLIMATE SUMMARY FOR SEPTEMBER 22 2014...

CLIMATE NORMAL PERIOD 1981 TO 2010
CLIMATE RECORD PERIOD 1894 TO 2014


WEATHER ITEM   OBSERVED TIME   RECORD YEAR NORMAL DEPARTURE LAST
                VALUE   (LST)  VALUE       VALUE  FROM      YEAR
                                                  NORMAL
..................................................................
TEMPERATURE (F)
 YESTERDAY
  MAXIMUM         85    259 PM  93    1938  68     17       74
  MINIMUM         38    650 AM  19    1983  39     -1       45
  AVERAGE         62                        54      8       60

PRECIPITATION (IN)
  YESTERDAY        0.00          1.48 1959   0.04  -0.04     0.00
  MONTH TO DATE    0.39                      0.78  -0.39     1.62
  SINCE SEP 1      0.39                      0.78  -0.39     1.62
  SINCE JAN 1      8.82                     11.90  -3.08    17.51

SNOWFALL (IN)
  YESTERDAY        0.0           0.7  1965   0.1   -0.1     MM
  MONTH TO DATE    0.0                       0.1   -0.1     MM
  SINCE SEP 1      0.0                       0.1   -0.1     MM
  SINCE JUL 1      0.0                       0.1   -0.1     MM
  SNOW DEPTH       0

DEGREE DAYS
 HEATING
  YESTERDAY        3                        12     -9        5
  MONTH TO DATE  205                       166     39       60
  SINCE SEP 1    205                       166     39       60
  SINCE JUL 1    262                       237     25      106

 COOLING
  YESTERDAY        0                         0      0        0
  MONTH TO DATE    4                        24    -20       78
  SINCE SEP 1      4                        24    -20       78
  SINCE JAN 1    395                       453    -58      405
..................................................................


WIND (MPH)
  HIGHEST WIND SPEED    18   HIGHEST WIND DIRECTION     E (110)
  HIGHEST GUST SPEED    23   HIGHEST GUST DIRECTION    SE (120)
  AVERAGE WIND SPEED     5.3


SKY COVER
  POSSIBLE SUNSHINE  MM
  AVERAGE SKY COVER 0.0


WEATHER CONDITIONS
 THE FOLLOWING WEATHER WAS RECORDED YESTERDAY.
  FOG
  HAZE


RELATIVE HUMIDITY (PERCENT)
 HIGHEST    85           600 AM
 LOWEST     23           300 PM
 AVERAGE    54

..........................................................


THE WILLISTON ND CLIMATE NORMALS FOR TODAY
                         NORMAL    RECORD    YEAR
 MAXIMUM TEMPERATURE (F)   68        93      1992
 MINIMUM TEMPERATURE (F)   39        26      1985
                                             1926


SUNRISE AND SUNSET
SEPTEMBER 23 2014.....SUNRISE   743 AM CDT   SUNSET   750 PM CDT
SEPTEMBER 24 2014.....SUNRISE   744 AM CDT   SUNSET   748 PM CDT


-  INDICATES NEGATIVE NUMBERS.
R  INDICATES RECORD WAS SET OR TIED.
MM INDICATES DATA IS MISSING.
T  INDICATES TRACE AMOUNT.




$$
