000
CDUS43 KBIS 240737
CLIISN


CLIMATE REPORT
NATIONAL WEATHER SERVICE BISMARCK ND
236 AM CDT MON JUL 24 2017


...................................

...THE WILLISTON ND CLIMATE SUMMARY FOR JULY 23 2017...

CLIMATE NORMAL PERIOD 1981 TO 2010
CLIMATE RECORD PERIOD 1894 TO 2017


WEATHER ITEM   OBSERVED TIME   RECORD YEAR NORMAL DEPARTURE LAST
                VALUE   (LST)  VALUE       VALUE  FROM      YEAR
                                                  NORMAL
..................................................................
TEMPERATURE (F)
 YESTERDAY
  MAXIMUM         94    610 PM 107    1980  86      8       83
  MINIMUM         54    552 AM  40    2004  57     -3       63
  AVERAGE         74                        71      3       73

PRECIPITATION (IN)
  YESTERDAY        0.00          1.61 2010   0.06  -0.06     0.10
  MONTH TO DATE    0.45                      2.04  -1.59     2.31
  SINCE JUN 1      1.74                      4.56  -2.82     4.15
  SINCE JAN 1      5.21                      9.17  -3.96     9.22

DEGREE DAYS
 HEATING
  YESTERDAY        0                         0      0        0
  MONTH TO DATE    0                        21    -21        1
  SINCE JUN 1     31                       141   -110       17
  SINCE JUL 1      0                        21    -21        1

 COOLING
  YESTERDAY        9                         7      2        8
  MONTH TO DATE  279                       126    153      156
  SINCE JUN 1    369                       194    175      252
  SINCE JAN 1    392                       207    185      262
..................................................................


WIND (MPH)
  HIGHEST WIND SPEED    17   HIGHEST WIND DIRECTION    SE (140)
  HIGHEST GUST SPEED    24   HIGHEST GUST DIRECTION    SE (140)
  AVERAGE WIND SPEED     5.4


SKY COVER
  POSSIBLE SUNSHINE  MM
  AVERAGE SKY COVER 0.0


WEATHER CONDITIONS
 THE FOLLOWING WEATHER WAS RECORDED YESTERDAY.
  NO SIGNIFICANT WEATHER WAS OBSERVED.


RELATIVE HUMIDITY (PERCENT)
 HIGHEST    93           600 AM
 LOWEST     22           400 PM
 AVERAGE    58

..........................................................


THE WILLISTON ND CLIMATE NORMALS FOR TODAY
                         NORMAL    RECORD    YEAR
 MAXIMUM TEMPERATURE (F)   86       107      2007
 MINIMUM TEMPERATURE (F)   57        43      1911


SUNRISE AND SUNSET
JULY 24 2017..........SUNRISE   620 AM CDT   SUNSET   941 PM CDT
JULY 25 2017..........SUNRISE   622 AM CDT   SUNSET   940 PM CDT


-  INDICATES NEGATIVE NUMBERS.
R  INDICATES RECORD WAS SET OR TIED.
MM INDICATES DATA IS MISSING.
T  INDICATES TRACE AMOUNT.




$$
