000
CDUS43 KBIS 270731
CLIISN


CLIMATE REPORT
NATIONAL WEATHER SERVICE BISMARCK ND
230 AM CDT WED MAY 27 2015


...................................

...THE WILLISTON ND CLIMATE SUMMARY FOR MAY 26 2015...

CLIMATE NORMAL PERIOD 1981 TO 2010
CLIMATE RECORD PERIOD 1894 TO 2015


WEATHER ITEM   OBSERVED TIME   RECORD YEAR NORMAL DEPARTURE LAST
                VALUE   (LST)  VALUE       VALUE  FROM      YEAR
                                                  NORMAL
..................................................................
TEMPERATURE (F)
 YESTERDAY
  MAXIMUM         82    503 PM  98    1934  71     11       81
  MINIMUM         42    410 AM  26    1907  44     -2       55
  AVERAGE         62                        57      5       68

PRECIPITATION (IN)
  YESTERDAY        T             1.46 1929   0.07  -0.07     0.13
  MONTH TO DATE    1.44                      1.54  -0.10     1.33
  SINCE MAR 1      2.18                      3.25  -1.07     3.36
  SINCE JAN 1      3.12                      4.23  -1.11     3.80

SNOWFALL (IN)
  YESTERDAY       MM             0.6  1965   0.0   MM       MM
  MONTH TO DATE   MM                         1.3   MM       MM
  SINCE MAR 1     MM                        11.2   MM       MM
  SINCE JUL 1     MM                        45.3   MM       MM
  SNOW DEPTH      MM

DEGREE DAYS
 HEATING
  YESTERDAY        3                         8     -5        0
  MONTH TO DATE  338                       311     27      345
  SINCE MAR 1   1810                      2068   -258     2274
  SINCE JUL 1   8326                      8836   -510     9223

 COOLING
  YESTERDAY        0                         1     -1        3
  MONTH TO DATE    1                         2     -1       11
  SINCE MAR 1      1                         3     -2       11
  SINCE JAN 1      1                         3     -2       11
..................................................................


WIND (MPH)
  HIGHEST WIND SPEED    14   HIGHEST WIND DIRECTION     E (100)
  HIGHEST GUST SPEED    20   HIGHEST GUST DIRECTION    SW (240)
  AVERAGE WIND SPEED     4.9


SKY COVER
  POSSIBLE SUNSHINE  MM
  AVERAGE SKY COVER 0.0


WEATHER CONDITIONS
 THE FOLLOWING WEATHER WAS RECORDED YESTERDAY.
  FOG


RELATIVE HUMIDITY (PERCENT)
 HIGHEST    93           300 AM
 LOWEST     23           600 PM
 AVERAGE    58

..........................................................


THE WILLISTON ND CLIMATE NORMALS FOR TODAY
                         NORMAL    RECORD    YEAR
 MAXIMUM TEMPERATURE (F)   71       101      1900
 MINIMUM TEMPERATURE (F)   44        28      1947


SUNRISE AND SUNSET
MAY 27 2015...........SUNRISE   602 AM CDT   SUNSET   942 PM CDT
MAY 28 2015...........SUNRISE   602 AM CDT   SUNSET   943 PM CDT


-  INDICATES NEGATIVE NUMBERS.
R  INDICATES RECORD WAS SET OR TIED.
MM INDICATES DATA IS MISSING.
T  INDICATES TRACE AMOUNT.




$$
