000
CDUS43 KBIS 040750
CLIISN


CLIMATE REPORT
NATIONAL WEATHER SERVICE BISMARCK ND
150 AM CST WED MAR 4 2015


...................................

...THE WILLISTON ND CLIMATE SUMMARY FOR MARCH 3 2015...

CLIMATE NORMAL PERIOD 1981 TO 2010
CLIMATE RECORD PERIOD 1894 TO 2015


WEATHER ITEM   OBSERVED TIME   RECORD YEAR NORMAL DEPARTURE LAST
                VALUE   (LST)  VALUE       VALUE  FROM      YEAR
                                                  NORMAL
..................................................................
TEMPERATURE (F)
 YESTERDAY
  MAXIMUM         15   1221 AM  62    1992  34    -19       13
                                      1921
  MINIMUM         -2   1159 PM -26    1917  13    -15       -1
  AVERAGE          7                        23    -16        6

PRECIPITATION (IN)
  YESTERDAY        0.01          0.35 1919   0.02  -0.01     0.06
  MONTH TO DATE    0.01                      0.06  -0.05     0.06
  SINCE MAR 1      0.01                      0.06  -0.05     0.06
  SINCE JAN 1      0.95                      1.04  -0.09     0.50

SNOWFALL (IN)
  YESTERDAY       MM             4.4  1997   0.2   MM       MM
  MONTH TO DATE   MM                         0.7   MM       MM
  SINCE MAR 1     MM                         0.7   MM       MM
  SINCE JUL 1     MM                        34.8   MM       MM
  SNOW DEPTH      MM

DEGREE DAYS
 HEATING
  YESTERDAY       58                        42     16       59
  MONTH TO DATE  153                       127     26      212
  SINCE MAR 1    153                       127     26      212
  SINCE JUL 1   6669                      6895   -226     7161

 COOLING
  YESTERDAY        0                         0      0        0
  MONTH TO DATE    0                         0      0        0
  SINCE MAR 1      0                         0      0        0
  SINCE JAN 1      0                         0      0        0
..................................................................


WIND (MPH)
  HIGHEST WIND SPEED    29   HIGHEST WIND DIRECTION    NW (310)
  HIGHEST GUST SPEED    37   HIGHEST GUST DIRECTION    NW (320)
  AVERAGE WIND SPEED    16.5


SKY COVER
  POSSIBLE SUNSHINE  MM
  AVERAGE SKY COVER 0.6


WEATHER CONDITIONS
 THE FOLLOWING WEATHER WAS RECORDED YESTERDAY.
  LIGHT SNOW
  HAZE


RELATIVE HUMIDITY (PERCENT)
 HIGHEST    79           700 AM
 LOWEST     57           100 PM
 AVERAGE    68

..........................................................


THE WILLISTON ND CLIMATE NORMALS FOR TODAY
                         NORMAL    RECORD    YEAR
 MAXIMUM TEMPERATURE (F)   34        66      1987
 MINIMUM TEMPERATURE (F)   13       -26      2003


SUNRISE AND SUNSET
MARCH  4 2015.........SUNRISE   730 AM CST   SUNSET   643 PM CST
MARCH  5 2015.........SUNRISE   728 AM CST   SUNSET   645 PM CST


-  INDICATES NEGATIVE NUMBERS.
R  INDICATES RECORD WAS SET OR TIED.
MM INDICATES DATA IS MISSING.
T  INDICATES TRACE AMOUNT.




$$
