000
CDUS43 KBIS 260743
CLIISN


CLIMATE REPORT
NATIONAL WEATHER SERVICE BISMARCK ND
141 AM CST WED NOV 26 2014


...................................

...THE WILLISTON ND CLIMATE SUMMARY FOR NOVEMBER 25 2014...

CLIMATE NORMAL PERIOD 1981 TO 2010
CLIMATE RECORD PERIOD 1894 TO 2014


WEATHER ITEM   OBSERVED TIME   RECORD YEAR NORMAL DEPARTURE LAST
                VALUE   (LST)  VALUE       VALUE  FROM      YEAR
                                                  NORMAL
..................................................................
TEMPERATURE (F)
 YESTERDAY
  MAXIMUM         37    139 PM  67    1960  32      5       33
  MINIMUM         16   1159 PM -26    1996  12      4       15
                                      1898
  AVERAGE         27                        22      5       24

PRECIPITATION (IN)
  YESTERDAY        0.11          0.50 1896   0.01   0.10     0.00
  MONTH TO DATE    0.33                      0.56  -0.23     0.35
  SINCE SEP 1      1.92                      2.54  -0.62     4.32
  SINCE JAN 1     10.35                     13.66  -3.31    20.21

SNOWFALL (IN)
  YESTERDAY       MM             5.0  1896   0.2   MM       MM
  MONTH TO DATE   MM                         4.9   MM       MM
  SINCE SEP 1     MM                         7.7   MM       MM
  SINCE JUL 1     MM                         7.7   MM       MM
  SNOW DEPTH      MM

DEGREE DAYS
 HEATING
  YESTERDAY       38                        43     -5       41
  MONTH TO DATE 1042                       912    130      957
  SINCE SEP 1   1853                      1868    -15     1820
  SINCE JUL 1   1910                      1939    -29     1866

 COOLING
  YESTERDAY        0                         0      0        0
  MONTH TO DATE    0                         0      0        0
  SINCE SEP 1     34                        27      7       78
  SINCE JAN 1    425                       456    -31      405
..................................................................


WIND (MPH)
  HIGHEST WIND SPEED    28   HIGHEST WIND DIRECTION     N (10)
  HIGHEST GUST SPEED    32   HIGHEST GUST DIRECTION     N (10)
  AVERAGE WIND SPEED     9.4


SKY COVER
  POSSIBLE SUNSHINE  MM
  AVERAGE SKY COVER 0.9


WEATHER CONDITIONS
 THE FOLLOWING WEATHER WAS RECORDED YESTERDAY.
  SNOW
  LIGHT SNOW
  FOG
  HAZE


RELATIVE HUMIDITY (PERCENT)
 HIGHEST    92          1200 AM
 LOWEST     73           900 PM
 AVERAGE    83

..........................................................


THE WILLISTON ND CLIMATE NORMALS FOR TODAY
                         NORMAL    RECORD    YEAR
 MAXIMUM TEMPERATURE (F)   32        58      1963
 MINIMUM TEMPERATURE (F)   11       -19      1985


SUNRISE AND SUNSET
NOVEMBER 26 2014......SUNRISE   817 AM CST   SUNSET   506 PM CST
NOVEMBER 27 2014......SUNRISE   819 AM CST   SUNSET   505 PM CST


-  INDICATES NEGATIVE NUMBERS.
R  INDICATES RECORD WAS SET OR TIED.
MM INDICATES DATA IS MISSING.
T  INDICATES TRACE AMOUNT.




$$
