000
CDUS43 KBIS 290726
CLIISN


CLIMATE REPORT
NATIONAL WEATHER SERVICE BISMARCK ND
225 AM CDT FRI JUL 29 2016


...................................

...THE WILLISTON ND CLIMATE SUMMARY FOR JULY 28 2016...

CLIMATE NORMAL PERIOD 1981 TO 2010
CLIMATE RECORD PERIOD 1894 TO 2016


WEATHER ITEM   OBSERVED TIME   RECORD YEAR NORMAL DEPARTURE LAST
                VALUE   (LST)  VALUE       VALUE  FROM      YEAR
                                                  NORMAL
..................................................................
TEMPERATURE (F)
 YESTERDAY
  MAXIMUM         79    404 PM 104    1975  86     -7       64
  MINIMUM         55   1146 PM  43    1971  57     -2       56
  AVERAGE         67                        72     -5       60

PRECIPITATION (IN)
  YESTERDAY        0.04          0.87 1901   0.07  -0.03     0.22
  MONTH TO DATE    2.38                      2.36   0.02     1.55
  SINCE JUN 1      4.22                      4.88  -0.66     3.45
  SINCE JAN 1      9.29                      9.49  -0.20     6.95

SNOWFALL (IN)
  YESTERDAY       MM
  SNOW DEPTH      MM

DEGREE DAYS
 HEATING
  YESTERDAY        0                         0      0        5
  MONTH TO DATE    1                        21    -20        8
  SINCE JUN 1     17                       141   -124       62
  SINCE JUL 1      1                        21    -20        8

 COOLING
  YESTERDAY        2                         7     -5        0
  MONTH TO DATE  185                       161     24      230
  SINCE JUN 1    281                       229     52      333
  SINCE JAN 1    291                       242     49      334
..................................................................


WIND (MPH)
  HIGHEST WIND SPEED    13   HIGHEST WIND DIRECTION     E (80)
  HIGHEST GUST SPEED    17   HIGHEST GUST DIRECTION     E (80)
  AVERAGE WIND SPEED     4.9


SKY COVER
  POSSIBLE SUNSHINE  MM
  AVERAGE SKY COVER 0.4


WEATHER CONDITIONS
 THE FOLLOWING WEATHER WAS RECORDED YESTERDAY.
  LIGHT RAIN
  FOG


RELATIVE HUMIDITY (PERCENT)
 HIGHEST    90           400 AM
 LOWEST     37           400 PM
 AVERAGE    64

..........................................................


THE WILLISTON ND CLIMATE NORMALS FOR TODAY
                         NORMAL    RECORD    YEAR
 MAXIMUM TEMPERATURE (F)   86       103      1984
 MINIMUM TEMPERATURE (F)   57        40      2004
                                             1899


SUNRISE AND SUNSET
JULY 29 2016..........SUNRISE   627 AM CDT   SUNSET   934 PM CDT
JULY 30 2016..........SUNRISE   628 AM CDT   SUNSET   933 PM CDT


-  INDICATES NEGATIVE NUMBERS.
R  INDICATES RECORD WAS SET OR TIED.
MM INDICATES DATA IS MISSING.
T  INDICATES TRACE AMOUNT.




$$
