000
CDUS43 KBIS 270030
CLIISN


CLIMATE REPORT
NATIONAL WEATHER SERVICE BISMARCK ND
730 PM CDT THU MAR 26 2015


...................................

...THE WILLISTON ND CLIMATE SUMMARY FOR MARCH 26 2015...
VALID TODAY AS OF 0700 PM LOCAL TIME.

CLIMATE NORMAL PERIOD 1981 TO 2010
CLIMATE RECORD PERIOD 1894 TO 2015


WEATHER ITEM   OBSERVED TIME   RECORD YEAR NORMAL DEPARTURE LAST
                VALUE   (LST)  VALUE       VALUE  FROM      YEAR
                                                  NORMAL
..................................................................
TEMPERATURE (F)
 TODAY
  MAXIMUM         46    459 PM  74    1999  46      0       41
                                      1918
  MINIMUM         27   1210 AM -15    1914  22      5       22
  AVERAGE         37                        34      3       32

PRECIPITATION (IN)
  TODAY            0.02          0.92 1910   0.02   0.00     0.00
  MONTH TO DATE    0.37                      0.58  -0.21     0.19
  SINCE MAR 1      0.37                      0.58  -0.21     0.19
  SINCE JAN 1      1.31                      1.56  -0.25     0.63

SNOWFALL (IN)
  TODAY           MM

DEGREE DAYS
 HEATING
  TODAY           28                        31     -3       33
  MONTH TO DATE  802                       960   -158     1018
  SINCE MAR 1    802                       960   -158     1018
  SINCE JUL 1   7318                      7728   -410     7967

 COOLING
  TODAY            0                         0      0        0
  MONTH TO DATE    0                         0      0        0
  SINCE MAR 1      0                         0      0        0
  SINCE JAN 1      0                         0      0        0
..................................................................


WIND (MPH)
  HIGHEST WIND SPEED    10   HIGHEST WIND DIRECTION     S (170)
  HIGHEST GUST SPEED    14   HIGHEST GUST DIRECTION    SE (130)
  AVERAGE WIND SPEED     4.3


SKY COVER
  POSSIBLE SUNSHINE  MM
  AVERAGE SKY COVER 0.5


WEATHER CONDITIONS
 THE FOLLOWING WEATHER WAS RECORDED TODAY.
  LIGHT SNOW
  FOG


RELATIVE HUMIDITY (PERCENT)
 HIGHEST    92          1200 AM
 LOWEST     45           400 PM
 AVERAGE    69

..........................................................


THE WILLISTON ND CLIMATE NORMALS FOR TOMORROW
                         NORMAL    RECORD    YEAR
 MAXIMUM TEMPERATURE (F)   47        79      1946
 MINIMUM TEMPERATURE (F)   23       -15      1898


SUNRISE AND SUNSET
MARCH 26 2015.........SUNRISE   745 AM CDT   SUNSET   816 PM CDT
MARCH 27 2015.........SUNRISE   743 AM CDT   SUNSET   817 PM CDT


-  INDICATES NEGATIVE NUMBERS.
R  INDICATES RECORD WAS SET OR TIED.
MM INDICATES DATA IS MISSING.
T  INDICATES TRACE AMOUNT.




$$
