000
CDUS43 KBIS 262235
CLIISN


CLIMATE REPORT
NATIONAL WEATHER SERVICE BISMARCK ND
535 PM CDT FRI MAY 26 2017


...................................

...THE WILLISTON ND CLIMATE SUMMARY FOR MAY 26 2017...
VALID TODAY AS OF 0500 PM LOCAL TIME.

CLIMATE NORMAL PERIOD 1981 TO 2010
CLIMATE RECORD PERIOD 1894 TO 2017


WEATHER ITEM   OBSERVED TIME   RECORD YEAR NORMAL DEPARTURE LAST
                VALUE   (LST)  VALUE       VALUE  FROM      YEAR
                                                  NORMAL
..................................................................
TEMPERATURE (F)
 TODAY
  MAXIMUM         72    320 PM  98    1934  71      1       68
  MINIMUM         50    330 AM  26    1907  44      6       44
  AVERAGE         61                        57      4       56

PRECIPITATION (IN)
  TODAY            0.00          1.46 1929   0.07  -0.07      T
  MONTH TO DATE    0.98                      1.54  -0.56     0.56
  SINCE MAR 1      2.33                      3.25  -0.92     2.69
  SINCE JAN 1      3.47                      4.23  -0.76     3.82

SNOWFALL (IN)
  TODAY           MM

DEGREE DAYS
 HEATING
  TODAY            4                         8     -4        9
  MONTH TO DATE  215                       311    -96      231
  SINCE MAR 1   1873                      2068   -195     1698
  SINCE JUL 1   7895                      8836   -941     7308

 COOLING
  TODAY            0                         1     -1        0
  MONTH TO DATE   23                         2     21       10
  SINCE MAR 1     23                         3     20       10
  SINCE JAN 1     23                         3     20       10
..................................................................


WIND (MPH)
  HIGHEST WIND SPEED    26   HIGHEST WIND DIRECTION    NW (310)
  HIGHEST GUST SPEED    34   HIGHEST GUST DIRECTION    NW (300)
  AVERAGE WIND SPEED    16.9


SKY COVER
  POSSIBLE SUNSHINE  MM
  AVERAGE SKY COVER 0.9


WEATHER CONDITIONS
 THE FOLLOWING WEATHER WAS RECORDED TODAY.
  NO SIGNIFICANT WEATHER WAS OBSERVED.


RELATIVE HUMIDITY (PERCENT)
 HIGHEST    74           100 AM
 LOWEST     26           400 PM
 AVERAGE    50

..........................................................


THE WILLISTON ND CLIMATE NORMALS FOR TOMORROW
                         NORMAL    RECORD    YEAR
 MAXIMUM TEMPERATURE (F)   71       101      1900
 MINIMUM TEMPERATURE (F)   44        28      1947


SUNRISE AND SUNSET
MAY 26 2017...........SUNRISE   603 AM CDT   SUNSET   941 PM CDT
MAY 27 2017...........SUNRISE   602 AM CDT   SUNSET   942 PM CDT


-  INDICATES NEGATIVE NUMBERS.
R  INDICATES RECORD WAS SET OR TIED.
MM INDICATES DATA IS MISSING.
T  INDICATES TRACE AMOUNT.




$$
