000
CDUS41 KOKX 030652
CLIISP


CLIMATE REPORT
NATIONAL WEATHER SERVICE NEW YORK NY
252 AM EDT THU SEP 3 2015


...................................

...THE ISLIP NY CLIMATE SUMMARY FOR SEPTEMBER 2 2015...

CLIMATE NORMAL PERIOD 1981 TO 2010
CLIMATE RECORD PERIOD 1986 TO 2015


WEATHER ITEM   OBSERVED TIME   RECORD YEAR NORMAL DEPARTURE LAST
                VALUE   (LST)  VALUE       VALUE  FROM      YEAR
                                                  NORMAL
..................................................................
TEMPERATURE (F)
 YESTERDAY
  MAXIMUM         86    108 PM  88    2014  78      8       88
                                      2005
                                      1996
  MINIMUM         66    508 AM  47    1992  63      3       74
  AVERAGE         76                        70      6       81

PRECIPITATION (IN)
  YESTERDAY        0.00          1.02 2002   0.12  -0.12     0.00
  MONTH TO DATE    0.00                      0.25  -0.25     0.00
  SINCE SEP 1      0.00                      0.25  -0.25     0.00
  SINCE JAN 1     22.36                     31.39  -9.03    40.56

SNOWFALL (IN)
  YESTERDAY        0.0          MM      MM   0.0    0.0      0.0
  MONTH TO DATE    0.0                       0.0    0.0      0.0
  SINCE OCT 1     63.7                      24.8   38.9     63.7
  SINCE JUL 1      0.0                       0.0    0.0      0.0
  SNOW DEPTH       0

DEGREE DAYS
 HEATING
  YESTERDAY        0                         0      0        0
  MONTH TO DATE    0                         0      0        0
  SINCE SEP 1      0                         0      0        0
  SINCE JUL 1      0                         5     -5        0

 COOLING
  YESTERDAY       11                         6      5       16
  MONTH TO DATE   25                        12     13       30
  SINCE SEP 1     25                        12     13       30
  SINCE JAN 1    906                       698    208      777
..................................................................


WIND (MPH)
  HIGHEST WIND SPEED    16   HIGHEST WIND DIRECTION    SW (220)
  HIGHEST GUST SPEED    20   HIGHEST GUST DIRECTION    SW (220)
  AVERAGE WIND SPEED     6.8


SKY COVER
  AVERAGE SKY COVER 0.5


WEATHER CONDITIONS
 THE FOLLOWING WEATHER WAS RECORDED YESTERDAY.
  FOG
  FOG W/VISIBILITY <= 1/4 MILE
  HAZE


RELATIVE HUMIDITY (PERCENT)
 HIGHEST    97           100 AM
 LOWEST     43           100 PM
 AVERAGE    70

..........................................................


THE ISLIP NY CLIMATE NORMALS FOR TODAY
                         NORMAL    RECORD    YEAR
 MAXIMUM TEMPERATURE (F)   78        86      1996
                                             1993
 MINIMUM TEMPERATURE (F)   62        50      1991


SUNRISE AND SUNSET
SEPTEMBER  3 2015.....SUNRISE   621 AM EDT   SUNSET   722 PM EDT
SEPTEMBER  4 2015.....SUNRISE   622 AM EDT   SUNSET   720 PM EDT


-  INDICATES NEGATIVE NUMBERS.
R  INDICATES RECORD WAS SET OR TIED.
MM INDICATES DATA IS MISSING.
T  INDICATES TRACE AMOUNT.




$$
